[INFO] cloning repository https://github.com/divyanshvn/raft-rs
[INFO] running `Command { std: "git" "-c" "credential.helper=" "-c" "credential.helper=/workspace/cargo-home/bin/git-credential-null" "clone" "--bare" "https://github.com/divyanshvn/raft-rs" "/workspace/cache/git-repos/https%3A%2F%2Fgithub.com%2Fdivyanshvn%2Fraft-rs", kill_on_drop: false }`
[INFO] [stderr] Cloning into bare repository '/workspace/cache/git-repos/https%3A%2F%2Fgithub.com%2Fdivyanshvn%2Fraft-rs'...
[INFO] running `Command { std: "git" "rev-parse" "HEAD", kill_on_drop: false }`
[INFO] [stdout] 30f1374ccb7c9b3cb2da81a91c2fb53267225944
[INFO] checking divyanshvn/raft-rs against 3154cc1a3e6424e44f438a95007d043ed5ceaaf6+rustflags=-Znext-solver=coherence for pr-133502-30
[INFO] running `Command { std: "git" "clone" "/workspace/cache/git-repos/https%3A%2F%2Fgithub.com%2Fdivyanshvn%2Fraft-rs" "/workspace/builds/worker-4-tc1/source", kill_on_drop: false }`
[INFO] [stderr] Cloning into '/workspace/builds/worker-4-tc1/source'...
[INFO] [stderr] done.
[INFO] started tweaking git repo https://github.com/divyanshvn/raft-rs
[INFO] finished tweaking git repo https://github.com/divyanshvn/raft-rs
[INFO] tweaked toml for git repo https://github.com/divyanshvn/raft-rs written to /workspace/builds/worker-4-tc1/source/Cargo.toml
[INFO] validating manifest of git repo https://github.com/divyanshvn/raft-rs on toolchain 3154cc1a3e6424e44f438a95007d043ed5ceaaf6
[INFO] running `Command { std: CARGO_HOME="/workspace/cargo-home" RUSTUP_HOME="/workspace/rustup-home" "/workspace/cargo-home/bin/cargo" "+3154cc1a3e6424e44f438a95007d043ed5ceaaf6" "metadata" "--manifest-path" "Cargo.toml" "--no-deps", kill_on_drop: false }`
[INFO] crate git repo https://github.com/divyanshvn/raft-rs already has a lockfile, it will not be regenerated
[INFO] running `Command { std: CARGO_HOME="/workspace/cargo-home" RUSTUP_HOME="/workspace/rustup-home" "/workspace/cargo-home/bin/cargo" "+3154cc1a3e6424e44f438a95007d043ed5ceaaf6" "fetch" "--manifest-path" "Cargo.toml", kill_on_drop: false }`
[INFO] [stderr]  Downloading crates ...
[INFO] [stderr]   Downloaded tarpc v0.37.0
[INFO] [stderr]   Downloaded tarpc-plugins v0.14.1
[INFO] [stderr]   Downloaded unicode-ident v1.0.19
[INFO] [stderr]   Downloaded tracing-opentelemetry v0.31.0
[INFO] running `Command { std: "docker" "create" "-v" "/var/lib/crater-agent-workspace/builds/worker-4-tc1/source:/opt/rustwide/workdir:ro,Z" "-v" "/var/lib/crater-agent-workspace/builds/worker-4-tc1/target:/opt/rustwide/target:rw,Z" "-v" "/var/lib/crater-agent-workspace/cargo-home:/opt/rustwide/cargo-home:ro,Z" "-v" "/var/lib/crater-agent-workspace/rustup-home:/opt/rustwide/rustup-home:ro,Z" "-m" "1610612736" "--network" "none" "ghcr.io/rust-lang/crates-build-env/linux@sha256:77db811e55d90add9212f6832c23229e3de5f1c1f9905e8cb07319ea15df73ac" "sleep" "infinity", kill_on_drop: false }`
[INFO] [stdout] bf5e29a56d354263bcd7274a309f7caed7b665315468622b05f80a824f165adc
[INFO] running `Command { std: "docker" "start" "bf5e29a56d354263bcd7274a309f7caed7b665315468622b05f80a824f165adc", kill_on_drop: false }`
[INFO] running `Command { std: "docker" "inspect" "bf5e29a56d354263bcd7274a309f7caed7b665315468622b05f80a824f165adc", kill_on_drop: false }`
[INFO] running `Command { std: "docker" "exec" "-e" "SOURCE_DIR=/opt/rustwide/workdir" "-e" "CARGO_HOME=/opt/rustwide/cargo-home" "-e" "RUSTUP_HOME=/opt/rustwide/rustup-home" "-e" "CARGO_TARGET_DIR=/opt/rustwide/target" "-w" "/opt/rustwide/workdir" "--user" "0:0" "bf5e29a56d354263bcd7274a309f7caed7b665315468622b05f80a824f165adc" "/opt/rustwide/cargo-home/bin/cargo" "+3154cc1a3e6424e44f438a95007d043ed5ceaaf6" "metadata" "--no-deps" "--format-version=1", kill_on_drop: false }`
[INFO] running `Command { std: "docker" "inspect" "bf5e29a56d354263bcd7274a309f7caed7b665315468622b05f80a824f165adc", kill_on_drop: false }`
[INFO] running `Command { std: "docker" "exec" "-e" "SOURCE_DIR=/opt/rustwide/workdir" "-e" "CARGO_HOME=/opt/rustwide/cargo-home" "-e" "RUSTUP_HOME=/opt/rustwide/rustup-home" "-e" "CARGO_TARGET_DIR=/opt/rustwide/target" "-e" "CARGO_INCREMENTAL=0" "-e" "RUST_BACKTRACE=full" "-e" "RUSTFLAGS=--cap-lints=forbid -Znext-solver=coherence" "-e" "RUSTDOCFLAGS=--cap-lints=forbid" "-w" "/opt/rustwide/workdir" "--user" "0:0" "bf5e29a56d354263bcd7274a309f7caed7b665315468622b05f80a824f165adc" "/opt/rustwide/cargo-home/bin/cargo" "+3154cc1a3e6424e44f438a95007d043ed5ceaaf6" "check" "--frozen" "--all" "--all-targets" "--message-format=json", kill_on_drop: false }`
[INFO] [stderr]    Compiling proc-macro2 v1.0.101
[INFO] [stderr]    Compiling unicode-ident v1.0.19
[INFO] [stderr]    Compiling libc v0.2.186
[INFO] [stderr]    Compiling zerocopy v0.8.48
[INFO] [stderr]     Checking futures-core v0.3.32
[INFO] [stderr]     Checking futures-sink v0.3.32
[INFO] [stderr]     Checking log v0.4.29
[INFO] [stderr]     Checking memchr v2.7.6
[INFO] [stderr]     Checking smallvec v1.15.1
[INFO] [stderr]    Compiling thiserror v2.0.18
[INFO] [stderr]     Checking futures-task v0.3.32
[INFO] [stderr]     Checking futures-io v0.3.32
[INFO] [stderr]     Checking regex-automata v0.4.15
[INFO] [stderr]    Compiling serde_core v1.0.228
[INFO] [stderr]     Checking thread_local v1.1.9
[INFO] [stderr]     Checking bytes v1.11.1
[INFO] [stderr]    Compiling getrandom v0.4.2
[INFO] [stderr]    Compiling anyhow v1.0.100
[INFO] [stderr]    Compiling serde_json v1.0.145
[INFO] [stderr]     Checking futures-channel v0.3.32
[INFO] [stderr]     Checking cpufeatures v0.3.0
[INFO] [stderr]     Checking tracing-log v0.2.0
[INFO] [stderr]    Compiling serde v1.0.228
[INFO] [stderr]     Checking chacha20 v0.10.0
[INFO] [stderr]     Checking humantime v2.3.0
[INFO] [stderr]     Checking opentelemetry-semantic-conventions v0.30.0
[INFO] [stderr]    Compiling quote v1.0.40
[INFO] [stderr]    Compiling syn v2.0.106
[INFO] [stderr]     Checking getrandom v0.3.4
[INFO] [stderr]     Checking getrandom v0.2.17
[INFO] [stderr]     Checking parking_lot_core v0.9.12
[INFO] [stderr]     Checking errno v0.3.14
[INFO] [stderr]     Checking mio v1.2.0
[INFO] [stderr]     Checking socket2 v0.6.3
[INFO] [stderr]     Checking signal-hook-registry v1.4.8
[INFO] [stderr]     Checking rand v0.10.1
[INFO] [stderr]     Checking rand_core v0.9.5
[INFO] [stderr]     Checking parking_lot v0.12.5
[INFO] [stderr]     Checking rand_core v0.6.4
[INFO] [stderr]     Checking matchers v0.2.0
[INFO] [stderr]     Checking ppv-lite86 v0.2.21
[INFO] [stderr]     Checking rand_chacha v0.9.0
[INFO] [stderr]     Checking rand_chacha v0.3.1
[INFO] [stderr]     Checking rand v0.9.4
[INFO] [stderr]     Checking rand v0.8.6
[INFO] [stderr]    Compiling futures-macro v0.3.32
[INFO] [stderr]    Compiling tracing-attributes v0.1.31
[INFO] [stderr]    Compiling thiserror-impl v2.0.18
[INFO] [stderr]    Compiling tokio-macros v2.7.0
[INFO] [stderr]    Compiling pin-project-internal v1.1.13
[INFO] [stderr]    Compiling tarpc-plugins v0.14.1
[INFO] [stderr]    Compiling serde_derive v1.0.228
[INFO] [stderr]    Compiling async-recursion v1.1.1
[INFO] [stderr]     Checking tokio v1.52.3
[INFO] [stderr]     Checking futures-util v0.3.32
[INFO] [stderr]     Checking pin-project v1.1.13
[INFO] [stderr]     Checking tracing v0.1.44
[INFO] [stderr]     Checking opentelemetry v0.30.0
[INFO] [stderr]     Checking tracing-subscriber v0.3.23
[INFO] [stderr]     Checking futures-executor v0.3.32
[INFO] [stderr]     Checking opentelemetry_sdk v0.30.0
[INFO] [stderr]     Checking futures v0.3.32
[INFO] [stderr]     Checking tracing-opentelemetry v0.31.0
[INFO] [stderr]     Checking tokio-util v0.7.18
[INFO] [stderr]     Checking tarpc v0.37.0
[INFO] [stderr]     Checking raft-rs v0.1.0 (/opt/rustwide/workdir)
[INFO] [stdout] warning: unused imports: `Deserialize` and `Serialize`
[INFO] [stdout]   --> src/node/mod.rs:11:13
[INFO] [stdout]    |
[INFO] [stdout] 11 | use serde::{Deserialize, Serialize};
[INFO] [stdout]    |             ^^^^^^^^^^^  ^^^^^^^^^
[INFO] [stdout]    |
[INFO] [stdout]    = note: `#[warn(unused_imports)]` (part of `#[warn(unused)]`) on by default
[INFO] [stdout] 
[INFO] [stdout] 
[INFO] [stdout] warning: unused import: `warn`
[INFO] [stdout]  --> src/raft_rpc.rs:2:28
[INFO] [stdout]   |
[INFO] [stdout] 2 | use tracing::{debug, info, warn};
[INFO] [stdout]   |                            ^^^^
[INFO] [stdout] 
[INFO] [stdout] 
[INFO] [stdout] warning: unused import: `HashSet`
[INFO] [stdout]  --> src/types.rs:3:33
[INFO] [stdout]   |
[INFO] [stdout] 3 | use std::collections::{HashMap, HashSet};
[INFO] [stdout]   |                                 ^^^^^^^
[INFO] [stdout] 
[INFO] [stdout] 
[INFO] [stdout] warning: unused imports: `Deserialize` and `Serialize`
[INFO] [stdout]   --> src/node/mod.rs:11:13
[INFO] [stdout]    |
[INFO] [stdout] 11 | use serde::{Deserialize, Serialize};
[INFO] [stdout]    |             ^^^^^^^^^^^  ^^^^^^^^^
[INFO] [stdout]    |
[INFO] [stdout]    = note: `#[warn(unused_imports)]` (part of `#[warn(unused)]`) on by default
[INFO] [stdout] 
[INFO] [stdout] 
[INFO] [stdout] warning: unused import: `warn`
[INFO] [stdout]  --> src/raft_rpc.rs:2:28
[INFO] [stdout]   |
[INFO] [stdout] 2 | use tracing::{debug, info, warn};
[INFO] [stdout]   |                            ^^^^
[INFO] [stdout] 
[INFO] [stdout] 
[INFO] [stdout] warning: unused import: `HashSet`
[INFO] [stdout]  --> src/types.rs:3:33
[INFO] [stdout]   |
[INFO] [stdout] 3 | use std::collections::{HashMap, HashSet};
[INFO] [stdout]   |                                 ^^^^^^^
[INFO] [stdout] 
[INFO] [stdout] 
[INFO] [stdout] warning: unused import: `RaftRpc`
[INFO] [stdout]   --> src/node/mod.rs:20:16
[INFO] [stdout]    |
[INFO] [stdout] 20 |     raft_rpc::{RaftRpc, RaftRpcClient},
[INFO] [stdout]    |                ^^^^^^^
[INFO] [stdout] 
[INFO] [stdout] 
[INFO] [stdout] warning: unused import: `RaftRpc`
[INFO] [stdout]   --> src/node/mod.rs:20:16
[INFO] [stdout]    |
[INFO] [stdout] 20 |     raft_rpc::{RaftRpc, RaftRpcClient},
[INFO] [stdout]    |                ^^^^^^^
[INFO] [stdout] 
[INFO] [stdout] 
[INFO] [stdout] warning: unused variable: `context`
[INFO] [stdout]   --> src/client_rpc.rs:12:34
[INFO] [stdout]    |
[INFO] [stdout] 12 |     async fn reply_log(mut self, context: tarpc::context::Context, log: String) -> Result<()> {
[INFO] [stdout]    |                                  ^^^^^^^ help: if this is intentional, prefix it with an underscore: `_context`
[INFO] [stdout]    |
[INFO] [stdout]    = note: `#[warn(unused_variables)]` (part of `#[warn(unused)]`) on by default
[INFO] [stdout] 
[INFO] [stdout] 
[INFO] [stdout] warning: unused variable: `context`
[INFO] [stdout]   --> src/client_rpc.rs:12:34
[INFO] [stdout]    |
[INFO] [stdout] 12 |     async fn reply_log(mut self, context: tarpc::context::Context, log: String) -> Result<()> {
[INFO] [stdout]    |                                  ^^^^^^^ help: if this is intentional, prefix it with an underscore: `_context`
[INFO] [stdout]    |
[INFO] [stdout]    = note: `#[warn(unused_variables)]` (part of `#[warn(unused)]`) on by default
[INFO] [stdout] 
[INFO] [stdout] 
[INFO] [stdout] warning: variable does not need to be mutable
[INFO] [stdout]   --> src/node/mod.rs:34:13
[INFO] [stdout]    |
[INFO] [stdout] 34 |         let mut leader_state = None;
[INFO] [stdout]    |             ----^^^^^^^^^^^^
[INFO] [stdout]    |             |
[INFO] [stdout]    |             help: remove this `mut`
[INFO] [stdout]    |
[INFO] [stdout]    = note: `#[warn(unused_mut)]` (part of `#[warn(unused)]`) on by default
[INFO] [stdout] 
[INFO] [stdout] 
[INFO] [stdout] warning: variable does not need to be mutable
[INFO] [stdout]   --> src/node/mod.rs:34:13
[INFO] [stdout]    |
[INFO] [stdout] 34 |         let mut leader_state = None;
[INFO] [stdout]    |             ----^^^^^^^^^^^^
[INFO] [stdout]    |             |
[INFO] [stdout]    |             help: remove this `mut`
[INFO] [stdout]    |
[INFO] [stdout]    = note: `#[warn(unused_mut)]` (part of `#[warn(unused)]`) on by default
[INFO] [stdout] 
[INFO] [stdout] 
[INFO] [stdout] warning: variable does not need to be mutable
[INFO] [stdout]   --> src/node/mod.rs:35:13
[INFO] [stdout]    |
[INFO] [stdout] 35 |         let mut current_type = NodeType::Follower;
[INFO] [stdout]    |             ----^^^^^^^^^^^^
[INFO] [stdout]    |             |
[INFO] [stdout]    |             help: remove this `mut`
[INFO] [stdout] 
[INFO] [stdout] 
[INFO] [stdout] warning: variable does not need to be mutable
[INFO] [stdout]   --> src/node/mod.rs:35:13
[INFO] [stdout]    |
[INFO] [stdout] 35 |         let mut current_type = NodeType::Follower;
[INFO] [stdout]    |             ----^^^^^^^^^^^^
[INFO] [stdout]    |             |
[INFO] [stdout]    |             help: remove this `mut`
[INFO] [stdout] 
[INFO] [stdout] 
[INFO] [stdout] warning: unused variable: `timeout`
[INFO] [stdout]    --> src/node/mod.rs:206:63
[INFO] [stdout]     |
[INFO] [stdout] 206 |                     let (id, current_term, peers, latest_log, timeout) = {
[INFO] [stdout]     |                                                               ^^^^^^^ help: if this is intentional, prefix it with an underscore: `_timeout`
[INFO] [stdout] 
[INFO] [stdout] 
[INFO] [stdout] warning: unused variable: `timeout`
[INFO] [stdout]    --> src/node/mod.rs:206:63
[INFO] [stdout]     |
[INFO] [stdout] 206 |                     let (id, current_term, peers, latest_log, timeout) = {
[INFO] [stdout]     |                                                               ^^^^^^^ help: if this is intentional, prefix it with an underscore: `_timeout`
[INFO] [stdout] 
[INFO] [stdout] 
[INFO] [stdout] warning: unused variable: `leader_state`
[INFO] [stdout]    --> src/node/mod.rs:645:5
[INFO] [stdout]     |
[INFO] [stdout] 645 |     leader_state: Arc<Mutex<Option<LeaderState>>>,
[INFO] [stdout]     |     ^^^^^^^^^^^^ help: if this is intentional, prefix it with an underscore: `_leader_state`
[INFO] [stdout] 
[INFO] [stdout] 
[INFO] [stdout] warning: unused variable: `leader_state`
[INFO] [stdout]    --> src/node/mod.rs:645:5
[INFO] [stdout]     |
[INFO] [stdout] 645 |     leader_state: Arc<Mutex<Option<LeaderState>>>,
[INFO] [stdout]     |     ^^^^^^^^^^^^ help: if this is intentional, prefix it with an underscore: `_leader_state`
[INFO] [stdout] 
[INFO] [stdout] 
[INFO] [stdout] warning: unused variable: `context`
[INFO] [stdout]   --> src/raft_rpc.rs:32:9
[INFO] [stdout]    |
[INFO] [stdout] 32 |         context: tarpc::context::Context,
[INFO] [stdout]    |         ^^^^^^^ help: if this is intentional, prefix it with an underscore: `_context`
[INFO] [stdout] 
[INFO] [stdout] 
[INFO] [stdout] warning: unused variable: `context`
[INFO] [stdout]   --> src/raft_rpc.rs:32:9
[INFO] [stdout]    |
[INFO] [stdout] 32 |         context: tarpc::context::Context,
[INFO] [stdout]    |         ^^^^^^^ help: if this is intentional, prefix it with an underscore: `_context`
[INFO] [stdout] 
[INFO] [stdout] 
[INFO] [stdout] warning: unused variable: `context`
[INFO] [stdout]    --> src/raft_rpc.rs:120:9
[INFO] [stdout]     |
[INFO] [stdout] 120 |         context: tarpc::context::Context,
[INFO] [stdout]     |         ^^^^^^^ help: if this is intentional, prefix it with an underscore: `_context`
[INFO] [stdout] 
[INFO] [stdout] 
[INFO] [stdout] warning: unused variable: `context`
[INFO] [stdout]    --> src/raft_rpc.rs:120:9
[INFO] [stdout]     |
[INFO] [stdout] 120 |         context: tarpc::context::Context,
[INFO] [stdout]     |         ^^^^^^^ help: if this is intentional, prefix it with an underscore: `_context`
[INFO] [stdout] 
[INFO] [stdout] 
[INFO] [stdout] warning: function `check_state_and_handle_rpc_failure` is never used
[INFO] [stdout]    --> src/node/mod.rs:614:10
[INFO] [stdout]     |
[INFO] [stdout] 614 | async fn check_state_and_handle_rpc_failure(
[INFO] [stdout]     |          ^^^^^^^^^^^^^^^^^^^^^^^^^^^^^^^^^^
[INFO] [stdout]     |
[INFO] [stdout]     = note: `#[warn(dead_code)]` (part of `#[warn(unused)]`) on by default
[INFO] [stdout] 
[INFO] [stdout] 
[INFO] [stdout] warning: field `match_index` is never read
[INFO] [stdout]   --> src/types.rs:94:16
[INFO] [stdout]    |
[INFO] [stdout] 92 | pub struct LeaderState {
[INFO] [stdout]    |            ----------- field in this struct
[INFO] [stdout] 93 |     // 05/25/2026 12:13 PM IST - WARNING: i am not actually using match_index because i am sending al...
[INFO] [stdout] 94 |     pub(crate) match_index: Vec<u32>, // index of the highest log known to be replicated on the follower
[INFO] [stdout]    |                ^^^^^^^^^^^
[INFO] [stdout] 
[INFO] [stdout] 
[INFO] [stdout] warning: function `check_state_and_handle_rpc_failure` is never used
[INFO] [stdout]    --> src/node/mod.rs:614:10
[INFO] [stdout]     |
[INFO] [stdout] 614 | async fn check_state_and_handle_rpc_failure(
[INFO] [stdout]     |          ^^^^^^^^^^^^^^^^^^^^^^^^^^^^^^^^^^
[INFO] [stdout]     |
[INFO] [stdout]     = note: `#[warn(dead_code)]` (part of `#[warn(unused)]`) on by default
[INFO] [stdout] 
[INFO] [stdout] 
[INFO] [stdout] warning: field `match_index` is never read
[INFO] [stdout]   --> src/types.rs:94:16
[INFO] [stdout]    |
[INFO] [stdout] 92 | pub struct LeaderState {
[INFO] [stdout]    |            ----------- field in this struct
[INFO] [stdout] 93 |     // 05/25/2026 12:13 PM IST - WARNING: i am not actually using match_index because i am sending al...
[INFO] [stdout] 94 |     pub(crate) match_index: Vec<u32>, // index of the highest log known to be replicated on the follower
[INFO] [stdout]    |                ^^^^^^^^^^^
[INFO] [stdout] 
[INFO] [stdout] 
[INFO] [stdout] warning: unused `Result` that must be used
[INFO] [stdout]    --> src/node/mod.rs:112:21
[INFO] [stdout]     |
[INFO] [stdout] 112 |                     self.call_append_entries(vec![]).await;
[INFO] [stdout]     |                     ^^^^^^^^^^^^^^^^^^^^^^^^^^^^^^^^^^^^^^
[INFO] [stdout]     |
[INFO] [stdout]     = note: this `Result` may be an `Err` variant, which should be handled
[INFO] [stdout]     = note: `#[warn(unused_must_use)]` (part of `#[warn(unused)]`) on by default
[INFO] [stdout] help: use `let _unused = ...` to ignore the resulting value without dropping it immediately
[INFO] [stdout]     |
[INFO] [stdout] 112 |                     let _unused = self.call_append_entries(vec![]).await;
[INFO] [stdout]     |                     +++++++++++++
[INFO] [stdout] 
[INFO] [stdout] 
[INFO] [stdout] warning: unused `Result` that must be used
[INFO] [stdout]    --> src/node/mod.rs:149:29
[INFO] [stdout]     |
[INFO] [stdout] 149 | ...                   self.call_append_entries(vec![]).await;
[INFO] [stdout]     |                       ^^^^^^^^^^^^^^^^^^^^^^^^^^^^^^^^^^^^^^
[INFO] [stdout]     |
[INFO] [stdout]     = note: this `Result` may be an `Err` variant, which should be handled
[INFO] [stdout] help: use `let _unused = ...` to ignore the resulting value without dropping it immediately
[INFO] [stdout]     |
[INFO] [stdout] 149 |                             let _unused = self.call_append_entries(vec![]).await;
[INFO] [stdout]     |                             +++++++++++++
[INFO] [stdout] 
[INFO] [stdout] 
[INFO] [stdout] warning: unused `Result` that must be used
[INFO] [stdout]    --> src/node/mod.rs:112:21
[INFO] [stdout]     |
[INFO] [stdout] 112 |                     self.call_append_entries(vec![]).await;
[INFO] [stdout]     |                     ^^^^^^^^^^^^^^^^^^^^^^^^^^^^^^^^^^^^^^
[INFO] [stdout]     |
[INFO] [stdout]     = note: this `Result` may be an `Err` variant, which should be handled
[INFO] [stdout]     = note: `#[warn(unused_must_use)]` (part of `#[warn(unused)]`) on by default
[INFO] [stdout] help: use `let _unused = ...` to ignore the resulting value without dropping it immediately
[INFO] [stdout]     |
[INFO] [stdout] 112 |                     let _unused = self.call_append_entries(vec![]).await;
[INFO] [stdout]     |                     +++++++++++++
[INFO] [stdout] 
[INFO] [stdout] 
[INFO] [stdout] warning: unused `Result` that must be used
[INFO] [stdout]    --> src/node/mod.rs:149:29
[INFO] [stdout]     |
[INFO] [stdout] 149 | ...                   self.call_append_entries(vec![]).await;
[INFO] [stdout]     |                       ^^^^^^^^^^^^^^^^^^^^^^^^^^^^^^^^^^^^^^
[INFO] [stdout]     |
[INFO] [stdout]     = note: this `Result` may be an `Err` variant, which should be handled
[INFO] [stdout] help: use `let _unused = ...` to ignore the resulting value without dropping it immediately
[INFO] [stdout]     |
[INFO] [stdout] 149 |                             let _unused = self.call_append_entries(vec![]).await;
[INFO] [stdout]     |                             +++++++++++++
[INFO] [stdout] 
[INFO] [stdout] 
[INFO] [stdout] error[E0583]: file not found for module `tracing`
[INFO] [stdout]  --> tests/common/mod.rs:3:1
[INFO] [stdout]   |
[INFO] [stdout] 3 | pub mod tracing;
[INFO] [stdout]   | ^^^^^^^^^^^^^^^^
[INFO] [stdout]   |
[INFO] [stdout]   = help: to create the module `tracing`, create file "tests/common/tracing.rs" or "tests/common/tracing/mod.rs"
[INFO] [stdout]   = note: if there is a `mod tracing` elsewhere in the crate already, import it with `use crate::...` instead
[INFO] [stdout] 
[INFO] [stdout] 
[INFO] [stdout] error[E0432]: unresolved import `raft_rs::types1`
[INFO] [stdout]  --> tests/common/config.rs:3:14
[INFO] [stdout]   |
[INFO] [stdout] 3 | use raft_rs::types1::NodeType;
[INFO] [stdout]   |              ^^^^^^ could not find `types1` in `raft_rs`
[INFO] [stdout]   |
[INFO] [stdout] help: a module with a similar name exists
[INFO] [stdout]   |
[INFO] [stdout] 3 - use raft_rs::types1::NodeType;
[INFO] [stdout] 3 + use raft_rs::types::NodeType;
[INFO] [stdout]   |
[INFO] [stdout] 
[INFO] [stdout] 
[INFO] [stdout] error[E0432]: unresolved import `raft_rs::types1`
[INFO] [stdout]  --> tests/common/network.rs:9:14
[INFO] [stdout]   |
[INFO] [stdout] 9 | use raft_rs::types1::{Log, LogMetadata, NodeId};
[INFO] [stdout]   |              ^^^^^^ could not find `types1` in `raft_rs`
[INFO] [stdout]   |
[INFO] [stdout] help: a module with a similar name exists
[INFO] [stdout]   |
[INFO] [stdout] 9 - use raft_rs::types1::{Log, LogMetadata, NodeId};
[INFO] [stdout] 9 + use raft_rs::types::{Log, LogMetadata, NodeId};
[INFO] [stdout]   |
[INFO] [stdout] 
[INFO] [stdout] 
[INFO] [stdout] warning: unused import: `std::thread`
[INFO] [stdout]  --> tests/common/config.rs:9:5
[INFO] [stdout]   |
[INFO] [stdout] 9 | use std::thread;
[INFO] [stdout]   |     ^^^^^^^^^^^
[INFO] [stdout]   |
[INFO] [stdout]   = note: `#[warn(unused_imports)]` (part of `#[warn(unused)]`) on by default
[INFO] [stdout] 
[INFO] [stdout] 
[INFO] [stdout] warning: unused import: `std::thread::current`
[INFO] [stdout]  --> tests/raft_tests.rs:3:5
[INFO] [stdout]   |
[INFO] [stdout] 3 | use std::thread::current;
[INFO] [stdout]   |     ^^^^^^^^^^^^^^^^^^^^
[INFO] [stdout] 
[INFO] [stdout] 
[INFO] [stdout] warning: unused import: `trace`
[INFO] [stdout]  --> tests/raft_tests.rs:7:22
[INFO] [stdout]   |
[INFO] [stdout] 7 | use tarpc::{context, trace};
[INFO] [stdout]   |                      ^^^^^
[INFO] [stdout] 
[INFO] [stdout] 
[INFO] [stdout] warning: unused import: `debug`
[INFO] [stdout]   --> tests/raft_tests.rs:10:15
[INFO] [stdout]    |
[INFO] [stdout] 10 | use tracing::{debug, info};
[INFO] [stdout]    |               ^^^^^
[INFO] [stdout] 
[INFO] [stdout] 
[INFO] [stdout] Some errors have detailed explanations: E0432, E0583.
[INFO] [stdout] 
[INFO] [stdout] For more information about an error, try `rustc --explain E0432`.
[INFO] [stdout] 
[INFO] [stderr] error: could not compile `raft-rs` (test "raft_tests") due to 3 previous errors; 4 warnings emitted
[INFO] [stderr] warning: unused dependency `async-recursion`
[INFO] [stderr]  --> Cargo.toml:3:1
[INFO] [stderr]   |
[INFO] [stderr] 3 | async-recursion = "1.1.1"
[INFO] [stderr]   | ^^^^^^^^^^^^^^^^^^^^^^^^^
[INFO] [stderr]   |
[INFO] [stderr]   = note: `cargo::unused_dependencies` is set to `warn` by default
[INFO] [stderr] help: consider removing the dependency on `async-recursion`
[INFO] [stderr] warning: unused dependency `serde_json`
[INFO] [stderr]  --> Cargo.toml:6:1
[INFO] [stderr]   |
[INFO] [stderr] 6 | serde_json = "1.0.145"
[INFO] [stderr]   | ^^^^^^^^^^^^^^^^^^^^^^
[INFO] [stderr]   |
[INFO] [stderr] help: consider removing the dependency on `serde_json`
[INFO] [stderr] warning: `raft-rs` (manifest) generated 2 warnings
[INFO] running `Command { std: "docker" "inspect" "bf5e29a56d354263bcd7274a309f7caed7b665315468622b05f80a824f165adc", kill_on_drop: false }`
[INFO] running `Command { std: "docker" "rm" "-f" "bf5e29a56d354263bcd7274a309f7caed7b665315468622b05f80a824f165adc", kill_on_drop: false }`
[INFO] [stdout] bf5e29a56d354263bcd7274a309f7caed7b665315468622b05f80a824f165adc
