[INFO] cloning repository https://github.com/dieselsaurav/rmk-for-sofle-rp2040
[INFO] running `Command { std: "git" "-c" "credential.helper=" "-c" "credential.helper=/workspace/cargo-home/bin/git-credential-null" "clone" "--bare" "https://github.com/dieselsaurav/rmk-for-sofle-rp2040" "/workspace/cache/git-repos/https%3A%2F%2Fgithub.com%2Fdieselsaurav%2Frmk-for-sofle-rp2040", kill_on_drop: false }`
[INFO] [stderr] Cloning into bare repository '/workspace/cache/git-repos/https%3A%2F%2Fgithub.com%2Fdieselsaurav%2Frmk-for-sofle-rp2040'...
[INFO] running `Command { std: "git" "rev-parse" "HEAD", kill_on_drop: false }`
[INFO] [stdout] 1283b3da15fd9644e74314e86558b5c871a9206a
[INFO] checking dieselsaurav/rmk-for-sofle-rp2040 against 3154cc1a3e6424e44f438a95007d043ed5ceaaf6+rustflags=-Znext-solver=coherence for pr-133502-30
[INFO] running `Command { std: "git" "clone" "/workspace/cache/git-repos/https%3A%2F%2Fgithub.com%2Fdieselsaurav%2Frmk-for-sofle-rp2040" "/workspace/builds/worker-1-tc1/source", kill_on_drop: false }`
[INFO] [stderr] Cloning into '/workspace/builds/worker-1-tc1/source'...
[INFO] [stderr] done.
[INFO] removed /workspace/builds/worker-1-tc1/source/.cargo/config.toml
[INFO] removed /workspace/builds/worker-1-tc1/source/rust-toolchain.toml
[INFO] started tweaking git repo https://github.com/dieselsaurav/rmk-for-sofle-rp2040
[INFO] finished tweaking git repo https://github.com/dieselsaurav/rmk-for-sofle-rp2040
[INFO] tweaked toml for git repo https://github.com/dieselsaurav/rmk-for-sofle-rp2040 written to /workspace/builds/worker-1-tc1/source/Cargo.toml
[INFO] validating manifest of git repo https://github.com/dieselsaurav/rmk-for-sofle-rp2040 on toolchain 3154cc1a3e6424e44f438a95007d043ed5ceaaf6
[INFO] running `Command { std: CARGO_HOME="/workspace/cargo-home" RUSTUP_HOME="/workspace/rustup-home" "/workspace/cargo-home/bin/cargo" "+3154cc1a3e6424e44f438a95007d043ed5ceaaf6" "metadata" "--manifest-path" "Cargo.toml" "--no-deps", kill_on_drop: false }`
[INFO] crate git repo https://github.com/dieselsaurav/rmk-for-sofle-rp2040 already has a lockfile, it will not be regenerated
[INFO] running `Command { std: CARGO_HOME="/workspace/cargo-home" RUSTUP_HOME="/workspace/rustup-home" "/workspace/cargo-home/bin/cargo" "+3154cc1a3e6424e44f438a95007d043ed5ceaaf6" "fetch" "--manifest-path" "Cargo.toml", kill_on_drop: false }`
[INFO] [stderr]     Updating crates.io index
[INFO] [stderr]     Updating git repository `https://github.com/haobogu/trouble`
[INFO] [stderr]  Downloading crates ...
[INFO] [stderr]   Downloaded xz2 v0.1.7
[INFO] [stderr]   Downloaded embassy-time-driver v0.2.2
[INFO] [stderr]   Downloaded embassy-futures v0.1.2
[INFO] [stderr]   Downloaded embedded-io-async v0.7.0
[INFO] [stderr]   Downloaded az v1.2.1
[INFO] [stderr]   Downloaded ssd1306 v0.10.0
[INFO] [stderr]   Downloaded postcard-derive v0.2.2
[INFO] [stderr]   Downloaded embedded-hal-nb v1.0.0
[INFO] [stderr]   Downloaded embassy-net-driver v0.2.0
[INFO] [stderr]   Downloaded static_cell v2.1.1
[INFO] [stderr]   Downloaded embassy-executor-timer-queue v0.1.0
[INFO] [stderr]   Downloaded embedded-hal v0.2.7
[INFO] [stderr]   Downloaded nb v0.1.3
[INFO] [stderr]   Downloaded pio-core v0.3.0
[INFO] [stderr]   Downloaded embassy-usb-driver v0.2.2
[INFO] [stderr]   Downloaded debug-helper v0.3.14
[INFO] [stderr]   Downloaded embassy-executor-macros v0.8.0
[INFO] [stderr]   Downloaded const-gen v1.6.9
[INFO] [stderr]   Downloaded embedded-hal-async v1.0.0
[INFO] [stderr]   Downloaded display-interface-i2c v0.5.0
[INFO] [stderr]   Downloaded embassy-time-queue-utils v0.3.2
[INFO] [stderr]   Downloaded defmt v0.3.100
[INFO] [stderr]   Downloaded display-interface-spi v0.5.0
[INFO] [stderr]   Downloaded display-interface v0.5.0
[INFO] [stderr]   Downloaded cortex-m-rt-macros v0.7.5
[INFO] [stderr]   Downloaded volatile-register v0.2.2
[INFO] [stderr]   Downloaded vcell v0.1.3
[INFO] [stderr]   Downloaded pio-proc v0.3.0
[INFO] [stderr]   Downloaded ena v0.14.4
[INFO] [stderr]   Downloaded ascii-canvas v4.0.0
[INFO] [stderr]   Downloaded embedded-io-async v0.6.1
[INFO] [stderr]   Downloaded smart-leds-trait v0.3.2
[INFO] [stderr]   Downloaded embassy-hal-internal v0.5.0
[INFO] [stderr]   Downloaded embassy-embedded-hal v0.6.0
[INFO] [stderr]   Downloaded panic-probe v1.0.0
[INFO] [stderr]   Downloaded const-gen-derive v1.1.7
[INFO] [stderr]   Downloaded usbd-hid-macros v0.10.0
[INFO] [stderr]   Downloaded usbd-hid-descriptors v0.10.0
[INFO] [stderr]   Downloaded dbl v0.3.2
[INFO] [stderr]   Downloaded embedded-storage v0.3.1
[INFO] [stderr]   Downloaded pest_derive v2.8.7
[INFO] [stderr]   Downloaded pest_generator v2.8.7
[INFO] [stderr]   Downloaded embedded-io v0.7.1
[INFO] [stderr]   Downloaded cmac v0.7.2
[INFO] [stderr]   Downloaded bare-metal v0.2.5
[INFO] [stderr]   Downloaded pio-parser v0.3.0
[INFO] [stderr]   Downloaded defmt-rtt v1.3.0
[INFO] [stderr]   Downloaded nb v1.1.0
[INFO] [stderr]   Downloaded embedded-storage-async v0.4.1
[INFO] [stderr]   Downloaded embassy-net-driver-channel v0.4.0
[INFO] [stderr]   Downloaded bitfield v0.14.0
[INFO] [stderr]   Downloaded embassy-time v0.5.1
[INFO] [stderr]   Downloaded embedded-hal v1.0.0
[INFO] [stderr]   Downloaded bitfield v0.13.2
[INFO] [stderr]   Downloaded lalrpop-util v0.22.2
[INFO] [stderr]   Downloaded ssmarshal v1.0.0
[INFO] [stderr]   Downloaded smart-leds v0.4.0
[INFO] [stderr]   Downloaded rp2040-boot2 v0.3.0
[INFO] [stderr]   Downloaded embassy-hal-internal v0.4.0
[INFO] [stderr]   Downloaded embedded-graphics-core v0.4.1
[INFO] [stderr]   Downloaded usbd-hid v0.10.0
[INFO] [stderr]   Downloaded btuuid v0.1.1
[INFO] [stderr]   Downloaded maybe-async-cfg v0.2.4
[INFO] [stderr]   Downloaded serde-inline-default v1.0.1
[INFO] [stderr]   Downloaded bitfield-struct v0.13.0
[INFO] [stderr]   Downloaded pio v0.3.0
[INFO] [stderr]   Downloaded generator v0.8.9
[INFO] [stderr]   Downloaded term v1.2.1
[INFO] [stderr]   Downloaded codespan-reporting v0.11.1
[INFO] [stderr]   Downloaded embassy-executor v0.10.0
[INFO] [stderr]   Downloaded cordyceps v0.3.4
[INFO] [stderr]   Downloaded usb-device v0.3.2
[INFO] [stderr]   Downloaded embassy-sync v0.8.0
[INFO] [stderr]   Downloaded cortex-m-rt v0.7.5
[INFO] [stderr]   Downloaded pest_meta v2.8.7
[INFO] [stderr]   Downloaded crc-any v2.5.1
[INFO] [stderr]   Downloaded uuid v1.23.4
[INFO] [stderr]   Downloaded bt-hci v0.8.1
[INFO] [stderr]   Downloaded sequential-storage v7.2.0
[INFO] [stderr]   Downloaded yaml-rust2 v0.11.0
[INFO] [stderr]   Downloaded embassy-usb v0.6.0
[INFO] [stderr]   Downloaded json v0.12.4
[INFO] [stderr]   Downloaded pulldown-cmark v0.11.3
[INFO] [stderr]   Downloaded cortex-m v0.7.7
[INFO] [stderr]   Downloaded pest v2.8.7
[INFO] [stderr]   Downloaded embassy-nrf v0.10.0
[INFO] [stderr]   Downloaded regex v1.12.4
[INFO] [stderr]   Downloaded pure-rust-locales v0.8.2
[INFO] [stderr]   Downloaded micromath v2.1.0
[INFO] [stderr]   Downloaded embassy-rp v0.10.0
[INFO] [stderr]   Downloaded lalrpop v0.22.2
[INFO] [stderr]   Downloaded fixed v1.29.0
[INFO] [stderr]   Downloaded lzma-sys v0.1.20
[INFO] [stderr]   Downloaded rp-pac v7.0.0
[INFO] [stderr]   Downloaded embedded-graphics v0.8.2
[INFO] [stderr]   Downloaded nrf-pac v0.3.0
[INFO] [stderr]   Downloaded u8g2-fonts v0.8.0
[INFO] running `Command { std: "docker" "create" "-v" "/var/lib/crater-agent-workspace/builds/worker-1-tc1/source:/opt/rustwide/workdir:ro,Z" "-v" "/var/lib/crater-agent-workspace/builds/worker-1-tc1/target:/opt/rustwide/target:rw,Z" "-v" "/var/lib/crater-agent-workspace/cargo-home:/opt/rustwide/cargo-home:ro,Z" "-v" "/var/lib/crater-agent-workspace/rustup-home:/opt/rustwide/rustup-home:ro,Z" "-m" "1610612736" "--network" "none" "ghcr.io/rust-lang/crates-build-env/linux@sha256:77db811e55d90add9212f6832c23229e3de5f1c1f9905e8cb07319ea15df73ac" "sleep" "infinity", kill_on_drop: false }`
[INFO] [stdout] 38ecab28e9cdac0fd347e516413f40c32a66fb167e4952d90a68411c4bfc1959
[INFO] running `Command { std: "docker" "start" "38ecab28e9cdac0fd347e516413f40c32a66fb167e4952d90a68411c4bfc1959", kill_on_drop: false }`
[INFO] running `Command { std: "docker" "inspect" "38ecab28e9cdac0fd347e516413f40c32a66fb167e4952d90a68411c4bfc1959", kill_on_drop: false }`
[INFO] running `Command { std: "docker" "exec" "-e" "SOURCE_DIR=/opt/rustwide/workdir" "-e" "CARGO_HOME=/opt/rustwide/cargo-home" "-e" "RUSTUP_HOME=/opt/rustwide/rustup-home" "-e" "CARGO_TARGET_DIR=/opt/rustwide/target" "-w" "/opt/rustwide/workdir" "--user" "0:0" "38ecab28e9cdac0fd347e516413f40c32a66fb167e4952d90a68411c4bfc1959" "/opt/rustwide/cargo-home/bin/cargo" "+3154cc1a3e6424e44f438a95007d043ed5ceaaf6" "metadata" "--no-deps" "--format-version=1", kill_on_drop: false }`
[INFO] running `Command { std: "docker" "inspect" "38ecab28e9cdac0fd347e516413f40c32a66fb167e4952d90a68411c4bfc1959", kill_on_drop: false }`
[INFO] running `Command { std: "docker" "exec" "-e" "SOURCE_DIR=/opt/rustwide/workdir" "-e" "CARGO_HOME=/opt/rustwide/cargo-home" "-e" "RUSTUP_HOME=/opt/rustwide/rustup-home" "-e" "CARGO_TARGET_DIR=/opt/rustwide/target" "-e" "CARGO_INCREMENTAL=0" "-e" "RUST_BACKTRACE=full" "-e" "RUSTFLAGS=--cap-lints=forbid -Znext-solver=coherence" "-e" "RUSTDOCFLAGS=--cap-lints=forbid" "-w" "/opt/rustwide/workdir" "--user" "0:0" "38ecab28e9cdac0fd347e516413f40c32a66fb167e4952d90a68411c4bfc1959" "/opt/rustwide/cargo-home/bin/cargo" "+3154cc1a3e6424e44f438a95007d043ed5ceaaf6" "check" "--frozen" "--all" "--all-targets" "--message-format=json", kill_on_drop: false }`
[INFO] [stderr]    Compiling defmt v1.1.1
[INFO] [stderr]    Compiling serde_core v1.0.228
[INFO] [stderr]    Compiling defmt-macros v1.1.1
[INFO] [stderr]     Checking bitflags v1.3.2
[INFO] [stderr]     Checking byteorder v1.5.0
[INFO] [stderr]    Compiling serde v1.0.228
[INFO] [stderr]    Compiling thiserror v2.0.18
[INFO] [stderr]    Compiling libc v0.2.186
[INFO] [stderr]    Compiling paste v1.0.15
[INFO] [stderr]     Checking stable_deref_trait v1.2.1
[INFO] [stderr]    Compiling quote v1.0.46
[INFO] [stderr]    Compiling rustversion v1.0.23
[INFO] [stderr]    Compiling ucd-trie v0.1.7
[INFO] [stderr]    Compiling typeid v1.0.3
[INFO] [stderr]    Compiling winnow v1.0.3
[INFO] [stderr]     Checking critical-section v1.2.0
[INFO] [stderr]    Compiling cortex-m v0.7.7
[INFO] [stderr]    Compiling generic-array v0.14.7
[INFO] [stderr]    Compiling typenum v1.20.1
[INFO] [stderr]     Checking nb v1.1.0
[INFO] [stderr]    Compiling erased-serde v0.4.10
[INFO] [stderr]    Compiling zmij v1.0.21
[INFO] [stderr]    Compiling hashbrown v0.16.1
[INFO] [stderr]    Compiling syn v2.0.118
[INFO] [stderr]    Compiling semver-parser v0.7.0
[INFO] [stderr]    Compiling pest v2.8.7
[INFO] [stderr]    Compiling serde_json v1.0.150
[INFO] [stderr]    Compiling hashbrown v0.14.5
[INFO] [stderr]    Compiling parking_lot_core v0.9.12
[INFO] [stderr]     Checking nb v0.1.3
[INFO] [stderr]     Checking hash32 v0.3.1
[INFO] [stderr]    Compiling heapless v0.7.17
[INFO] [stderr]    Compiling encoding_rs v0.8.35
[INFO] [stderr]    Compiling semver v0.9.0
[INFO] [stderr]    Compiling aho-corasick v1.1.4
[INFO] [stderr]    Compiling arraydeque v0.5.1
[INFO] [stderr]    Compiling smallvec v1.15.2
[INFO] [stderr]    Compiling regex-syntax v0.8.11
[INFO] [stderr]     Checking void v1.0.2
[INFO] [stderr]    Compiling convert_case v0.6.0
[INFO] [stderr]     Checking embedded-hal v0.2.7
[INFO] [stderr]    Compiling rustc_version v0.2.3
[INFO] [stderr]    Compiling hashbrown v0.17.1
[INFO] [stderr]    Compiling siphasher v1.0.3
[INFO] [stderr]    Compiling hashlink v0.11.1
[INFO] [stderr]    Compiling pathdiff v0.2.3
[INFO] [stderr]    Compiling embedded-hal-async v1.0.0
[INFO] [stderr]    Compiling heapless v0.9.3
[INFO] [stderr]     Checking futures-core v0.3.32
[INFO] [stderr]    Compiling syn v1.0.109
[INFO] [stderr]    Compiling num-traits v0.2.19
[INFO] [stderr]    Compiling phf_shared v0.11.3
[INFO] [stderr]    Compiling bare-metal v0.2.5
[INFO] [stderr]    Compiling new_debug_unreachable v1.0.6
[INFO] [stderr]    Compiling getrandom v0.2.17
[INFO] [stderr]    Compiling keccak v0.1.6
[INFO] [stderr]    Compiling fixedbitset v0.5.7
[INFO] [stderr]    Compiling term v1.2.1
[INFO] [stderr]    Compiling const-random-macro v0.1.16
[INFO] [stderr]    Compiling precomputed-hash v0.1.1
[INFO] [stderr]    Compiling indexmap v2.14.0
[INFO] [stderr]    Compiling parking_lot v0.12.5
[INFO] [stderr]    Compiling const-random v0.1.18
[INFO] [stderr]    Compiling toml_parser v1.1.2+spec-1.1.0
[INFO] [stderr]    Compiling pest_meta v2.8.7
[INFO] [stderr]    Compiling dlv-list v0.5.2
[INFO] [stderr]    Compiling yaml-rust2 v0.11.0
[INFO] [stderr]     Checking futures-sink v0.3.32
[INFO] [stderr]    Compiling bit-vec v0.8.0
[INFO] [stderr]    Compiling either v1.16.0
[INFO] [stderr]    Compiling crypto-common v0.1.7
[INFO] [stderr]    Compiling block-buffer v0.10.4
[INFO] [stderr]    Compiling ordered-multimap v0.7.3
[INFO] [stderr]    Compiling az v1.2.1
[INFO] [stderr]     Checking cfg-if v1.0.4
[INFO] [stderr]    Compiling digest v0.10.7
[INFO] [stderr]    Compiling itertools v0.14.0
[INFO] [stderr]    Compiling rust-ini v0.21.3
[INFO] [stderr]    Compiling petgraph v0.7.1
[INFO] [stderr]    Compiling string_cache v0.8.9
[INFO] [stderr]    Compiling bit-set v0.8.0
[INFO] [stderr]    Compiling sha3 v0.10.9
[INFO] [stderr]    Compiling ascii-canvas v4.0.0
[INFO] [stderr]    Compiling ena v0.14.4
[INFO] [stderr]    Compiling unicode-xid v0.2.6
[INFO] [stderr]    Compiling pico-args v0.5.0
[INFO] [stderr]     Checking vcell v0.1.3
[INFO] [stderr]    Compiling cortex-m-rt v0.7.5
[INFO] [stderr]    Compiling zerocopy v0.8.54
[INFO] [stderr]     Checking volatile-register v0.2.2
[INFO] [stderr]    Compiling ahash v0.8.12
[INFO] [stderr]    Compiling embassy-sync v0.8.0
[INFO] [stderr]     Checking bitfield v0.13.2
[INFO] [stderr]    Compiling litrs v1.0.0
[INFO] [stderr]     Checking scopeguard v1.2.0
[INFO] [stderr]    Compiling embassy-time-driver v0.2.2
[INFO] [stderr]    Compiling portable-atomic v1.13.1
[INFO] [stderr]    Compiling cc v1.2.66
[INFO] [stderr]     Checking lock_api v0.4.14
[INFO] [stderr]    Compiling document-features v0.2.12
[INFO] [stderr]    Compiling regex-automata v0.4.14
[INFO] [stderr]    Compiling proc-macro-error-attr v1.0.4
[INFO] [stderr]    Compiling embedded-io-async v0.6.1
[INFO] [stderr]    Compiling heapless v0.8.0
[INFO] [stderr]    Compiling arrayvec v0.7.8
[INFO] [stderr]    Compiling bitflags v2.13.0
[INFO] [stderr]    Compiling serde_spanned v1.1.1
[INFO] [stderr]    Compiling toml_datetime v1.1.1+spec-1.1.0
[INFO] [stderr]    Compiling debug-helper v0.3.14
[INFO] [stderr]    Compiling crc-any v2.5.1
[INFO] [stderr]     Checking spin v0.9.8
[INFO] [stderr]    Compiling serde-untagged v0.1.9
[INFO] [stderr]    Compiling toml v1.1.2+spec-1.1.0
[INFO] [stderr]    Compiling hash32 v0.2.1
[INFO] [stderr]    Compiling proc-macro-error-attr2 v2.0.0
[INFO] [stderr]    Compiling proc-macro-error v1.0.4
[INFO] [stderr]     Checking embedded-storage v0.3.1
[INFO] [stderr]    Compiling bitfield v0.14.0
[INFO] [stderr]    Compiling embassy-time-queue-utils v0.3.2
[INFO] [stderr]    Compiling embassy-hal-internal v0.4.0
[INFO] [stderr]    Compiling unicode-width v0.1.14
[INFO] [stderr]     Checking embedded-io v0.6.1
[INFO] [stderr]    Compiling pulldown-cmark v0.11.3
[INFO] [stderr]    Compiling termcolor v1.4.1
[INFO] [stderr]     Checking embedded-graphics-core v0.4.1
[INFO] [stderr]    Compiling usbd-hid-descriptors v0.10.0
[INFO] [stderr]    Compiling crc32fast v1.5.0
[INFO] [stderr]     Checking embedded-storage-async v0.4.1
[INFO] [stderr]    Compiling rp2040-boot2 v0.3.0
[INFO] [stderr]    Compiling toml_datetime v0.7.5+spec-1.1.0
[INFO] [stderr]    Compiling embassy-hal-internal v0.5.0
[INFO] [stderr]     Checking embassy-executor-timer-queue v0.1.0
[INFO] [stderr]     Checking display-interface v0.5.0
[INFO] [stderr]    Compiling fixed v1.29.0
[INFO] [stderr]     Checking rgb v0.8.53
[INFO] [stderr]    Compiling rp-pac v7.0.0
[INFO] [stderr]    Compiling codespan-reporting v0.11.1
[INFO] [stderr]    Compiling winnow v0.7.15
[INFO] [stderr]    Compiling lzma-sys v0.1.20
[INFO] [stderr]     Checking pin-project-lite v0.2.17
[INFO] [stderr]     Checking smart-leds-trait v0.3.2
[INFO] [stderr]     Checking futures-task v0.3.32
[INFO] [stderr]    Compiling embassy-rp v0.10.0
[INFO] [stderr]     Checking encode_unicode v0.3.6
[INFO] [stderr]    Compiling embassy-usb v0.6.0
[INFO] [stderr]     Checking bytemuck v1.25.0
[INFO] [stderr]     Checking embassy-net-driver v0.2.0
[INFO] [stderr]    Compiling pest_generator v2.8.7
[INFO] [stderr]    Compiling darling_core v0.20.11
[INFO] [stderr]    Compiling proc-macro-error2 v2.0.1
[INFO] [stderr]    Compiling darling_core v0.23.0
[INFO] [stderr]     Checking byte-slice-cast v1.2.3
[INFO] [stderr]    Compiling xz2 v0.1.7
[INFO] [stderr]     Checking smart-leds v0.4.0
[INFO] [stderr]    Compiling rmk v0.8.2 (/opt/rustwide/workdir/vendor/rmk/rmk)
[INFO] [stderr]     Checking float-cmp v0.9.0
[INFO] [stderr]    Compiling lalrpop-util v0.22.2
[INFO] [stderr]    Compiling regex v1.12.4
[INFO] [stderr]     Checking futures-channel v0.3.32
[INFO] [stderr]    Compiling embassy-executor v0.10.0
[INFO] [stderr]     Checking futures-io v0.3.32
[INFO] [stderr]     Checking sha2-const-stable v0.1.0
[INFO] [stderr]     Checking rand_core v0.6.4
[INFO] [stderr]     Checking rand_core v0.9.5
[INFO] [stderr]    Compiling panic-probe v1.0.0
[INFO] [stderr]     Checking micromath v2.1.0
[INFO] [stderr]    Compiling defmt-rtt v1.3.0
[INFO] [stderr]    Compiling json v0.12.4
[INFO] [stderr]     Checking embedded-graphics v0.8.2
[INFO] [stderr]    Compiling lalrpop v0.22.2
[INFO] [stderr]     Checking static_cell v2.1.1
[INFO] [stderr]     Checking cordyceps v0.3.4
[INFO] [stderr]     Checking u8g2-fonts v0.8.0
[INFO] [stderr]    Compiling toml v0.9.12+spec-1.1.0
[INFO] [stderr]    Compiling thiserror-impl v2.0.18
[INFO] [stderr]    Compiling serde_derive v1.0.228
[INFO] [stderr]    Compiling pest_derive v2.8.7
[INFO] [stderr]    Compiling async-trait v0.1.89
[INFO] [stderr]    Compiling serde-inline-default v1.0.1
[INFO] [stderr]    Compiling num_enum_derive v0.7.6
[INFO] [stderr]    Compiling postcard-derive v0.2.2
[INFO] [stderr]    Compiling strum_macros v0.28.0
[INFO] [stderr]    Compiling zerocopy-derive v0.8.54
[INFO] [stderr]    Compiling cortex-m-rt-macros v0.7.5
[INFO] [stderr]    Compiling bitfield-struct v0.13.0
[INFO] [stderr]    Compiling futures-macro v0.3.32
[INFO] [stderr]    Compiling defmt-parser v1.0.0
[INFO] [stderr]    Compiling num_enum v0.7.6
[INFO] [stderr]    Compiling pio-core v0.3.0
[INFO] [stderr]     Checking cobs v0.3.0
[INFO] [stderr]    Compiling const-gen-derive v1.1.7
[INFO] [stderr]     Checking futures-util v0.3.32
[INFO] [stderr]    Compiling maybe-async-cfg v0.2.4
[INFO] [stderr]    Compiling hashbrown v0.13.2
[INFO] [stderr]    Compiling darling_macro v0.23.0
[INFO] [stderr]    Compiling darling_macro v0.20.11
[INFO] [stderr]    Compiling darling v0.23.0
[INFO] [stderr]    Compiling const-gen v1.6.9
[INFO] [stderr]    Compiling darling v0.20.11
[INFO] [stderr]    Compiling embassy-executor-macros v0.8.0
[INFO] [stderr]    Compiling strum v0.28.0
[INFO] [stderr]     Checking ssmarshal v1.0.0
[INFO] [stderr]     Checking defmt v0.3.100
[INFO] [stderr]     Checking embedded-io v0.7.1
[INFO] [stderr]     Checking embassy-futures v0.1.2
[INFO] [stderr]     Checking embedded-hal v1.0.0
[INFO] [stderr]     Checking usb-device v0.3.2
[INFO] [stderr]     Checking embedded-io-async v0.7.0
[INFO] [stderr]    Compiling sofle-rmk v0.1.0 (/opt/rustwide/workdir)
[INFO] [stderr]     Checking embedded-hal-nb v1.0.0
[INFO] [stderr]     Checking embassy-usb-driver v0.2.2
[INFO] [stderr]     Checking embassy-time v0.5.1
[INFO] [stderr]     Checking display-interface-i2c v0.5.0
[INFO] [stderr]     Checking display-interface-spi v0.5.0
[INFO] [stderr]     Checking ssd1306 v0.10.0
[INFO] [stderr]    Compiling ron v0.12.2
[INFO] [stderr]    Compiling json5 v0.4.1
[INFO] [stderr]    Compiling cargo_toml v0.22.3
[INFO] [stderr]    Compiling usbd-hid-macros v0.10.0
[INFO] [stderr]     Checking futures v0.3.32
[INFO] [stderr]     Checking postcard v1.1.3
[INFO] [stderr]     Checking sequential-storage v7.2.0
[INFO] [stderr]     Checking usbd-hid v0.10.0
[INFO] [stderr]     Checking embassy-embedded-hal v0.6.0
[INFO] [stderr]     Checking embassy-net-driver-channel v0.4.0
[INFO] [stderr]    Compiling config v0.15.25
[INFO] [stderr]    Compiling rmk-config v0.6.1 (/opt/rustwide/workdir/vendor/rmk/rmk-config)
[INFO] [stderr]     Checking half v2.7.1
[INFO] [stderr]    Compiling pio-parser v0.3.0
[INFO] [stderr]    Compiling rmk-types v0.2.2 (/opt/rustwide/workdir/vendor/rmk/rmk-types)
[INFO] [stderr]    Compiling rmk-macro v0.7.1 (/opt/rustwide/workdir/vendor/rmk/rmk-macro)
[INFO] [stderr]    Compiling pio-proc v0.3.0
[INFO] [stderr]     Checking pio v0.3.0
[INFO] [stdout] error[E0308]: mismatched types
[INFO] [stdout]    --> vendor/rmk/rmk/src/matrix/direct_pin.rs:165:34
[INFO] [stdout]     |
[INFO] [stdout] 165 |             let _ = select_slice(pin!(futs.as_mut_slice())).await;
[INFO] [stdout]     |                                  ^^^^^^^^^^^^^^^^^^^^^^^^^ expected `Pin<&mut [_]>`, found `Pin<&mut &mut [impl Future<Output = _>]>`
[INFO] [stdout]     |
[INFO] [stdout]     = note: expected struct `Pin<&mut [_]>`
[INFO] [stdout]                found struct `Pin<&mut &mut [impl futures::Future<Output = core::result::Result<(), <In as embedded_hal::digital::ErrorType>::Error>>]>`
[INFO] [stdout] 
[INFO] [stdout] 
[INFO] [stdout] error[E0308]: mismatched types
[INFO] [stdout]    --> vendor/rmk/rmk/src/matrix/direct_pin.rs:173:34
[INFO] [stdout]     |
[INFO] [stdout] 173 |             let _ = select_slice(pin!(futs.as_mut_slice())).await;
[INFO] [stdout]     |                                  ^^^^^^^^^^^^^^^^^^^^^^^^^ expected `Pin<&mut [_]>`, found `Pin<&mut &mut [impl Future<Output = _>]>`
[INFO] [stdout]     |
[INFO] [stdout]     = note: expected struct `Pin<&mut [_]>`
[INFO] [stdout]                found struct `Pin<&mut &mut [impl futures::Future<Output = core::result::Result<(), <In as embedded_hal::digital::ErrorType>::Error>>]>`
[INFO] [stdout] 
[INFO] [stdout] 
[INFO] [stdout] error[E0308]: mismatched types
[INFO] [stdout]    --> vendor/rmk/rmk/src/matrix.rs:292:30
[INFO] [stdout]     |
[INFO] [stdout] 292 |         let _ = select_slice(pin!(futs.as_mut_slice())).await;
[INFO] [stdout]     |                              ^^^^^^^^^^^^^^^^^^^^^^^^^ expected `Pin<&mut [_]>`, found `Pin<&mut &mut [impl Future<Output = _>]>`
[INFO] [stdout]     |
[INFO] [stdout]     = note: expected struct `Pin<&mut [_]>`
[INFO] [stdout]                found struct `Pin<&mut &mut [impl futures::Future<Output = core::result::Result<(), <In as embedded_hal::digital::ErrorType>::Error>>]>`
[INFO] [stdout] 
[INFO] [stdout] 
[INFO] [stdout] error[E0308]: mismatched types
[INFO] [stdout]    --> vendor/rmk/rmk/src/matrix.rs:322:30
[INFO] [stdout]     |
[INFO] [stdout] 322 |         let _ = select_slice(pin!(futs.as_mut_slice())).await;
[INFO] [stdout]     |                              ^^^^^^^^^^^^^^^^^^^^^^^^^ expected `Pin<&mut [_]>`, found `Pin<&mut &mut [impl Future<Output = _>]>`
[INFO] [stdout]     |
[INFO] [stdout]     = note: expected struct `Pin<&mut [_]>`
[INFO] [stdout]                found struct `Pin<&mut &mut [impl futures::Future<Output = core::result::Result<(), <In as embedded_hal::digital::ErrorType>::Error>>]>`
[INFO] [stdout] 
[INFO] [stdout] 
[INFO] [stdout] For more information about this error, try `rustc --explain E0308`.
[INFO] [stdout] 
[INFO] [stderr] error: could not compile `rmk` (lib) due to 4 previous errors
[INFO] running `Command { std: "docker" "inspect" "38ecab28e9cdac0fd347e516413f40c32a66fb167e4952d90a68411c4bfc1959", kill_on_drop: false }`
[INFO] running `Command { std: "docker" "rm" "-f" "38ecab28e9cdac0fd347e516413f40c32a66fb167e4952d90a68411c4bfc1959", kill_on_drop: false }`
[INFO] [stdout] 38ecab28e9cdac0fd347e516413f40c32a66fb167e4952d90a68411c4bfc1959
