[INFO] cloning repository https://github.com/diegomagallanescs-source/vox
[INFO] running `Command { std: "git" "-c" "credential.helper=" "-c" "credential.helper=/workspace/cargo-home/bin/git-credential-null" "clone" "--bare" "https://github.com/diegomagallanescs-source/vox" "/workspace/cache/git-repos/https%3A%2F%2Fgithub.com%2Fdiegomagallanescs-source%2Fvox", kill_on_drop: false }`
[INFO] [stderr] Cloning into bare repository '/workspace/cache/git-repos/https%3A%2F%2Fgithub.com%2Fdiegomagallanescs-source%2Fvox'...
[INFO] running `Command { std: "git" "rev-parse" "HEAD", kill_on_drop: false }`
[INFO] [stdout] 8e51c8fdfca307cc71a07bc669678ca1b67c268b
[INFO] checking diegomagallanescs-source/vox against 3154cc1a3e6424e44f438a95007d043ed5ceaaf6 for pr-133502-30
[INFO] running `Command { std: "git" "clone" "/workspace/cache/git-repos/https%3A%2F%2Fgithub.com%2Fdiegomagallanescs-source%2Fvox" "/workspace/builds/worker-1-tc2/source", kill_on_drop: false }`
[INFO] [stderr] Cloning into '/workspace/builds/worker-1-tc2/source'...
[INFO] [stderr] done.
[INFO] removed /workspace/builds/worker-1-tc2/source/.cargo/config.toml
[INFO] removed /workspace/builds/worker-1-tc2/source/rust-toolchain.toml
[INFO] started tweaking git repo https://github.com/diegomagallanescs-source/vox
[INFO] finished tweaking git repo https://github.com/diegomagallanescs-source/vox
[INFO] tweaked toml for git repo https://github.com/diegomagallanescs-source/vox written to /workspace/builds/worker-1-tc2/source/Cargo.toml
[INFO] validating manifest of git repo https://github.com/diegomagallanescs-source/vox on toolchain 3154cc1a3e6424e44f438a95007d043ed5ceaaf6
[INFO] running `Command { std: CARGO_HOME="/workspace/cargo-home" RUSTUP_HOME="/workspace/rustup-home" "/workspace/cargo-home/bin/cargo" "+3154cc1a3e6424e44f438a95007d043ed5ceaaf6" "metadata" "--manifest-path" "Cargo.toml" "--no-deps", kill_on_drop: false }`
[INFO] crate git repo https://github.com/diegomagallanescs-source/vox already has a lockfile, it will not be regenerated
[INFO] running `Command { std: CARGO_HOME="/workspace/cargo-home" RUSTUP_HOME="/workspace/rustup-home" "/workspace/cargo-home/bin/cargo" "+3154cc1a3e6424e44f438a95007d043ed5ceaaf6" "fetch" "--manifest-path" "Cargo.toml", kill_on_drop: false }`
[INFO] [stderr] warning: unused field `repository` in `workspace.package`
[INFO] [stderr]   --> Cargo.toml:44:1
[INFO] [stderr]    |
[INFO] [stderr] 44 | repository = "https://github.com/diegomagallanescs-source/vox"
[INFO] [stderr]    | ^^^^^^^^^^
[INFO] [stderr]    |
[INFO] [stderr]    = note: `cargo::unused_workspace_package_fields` is set to `warn` by default
[INFO] [stderr] help: consider removing the field `workspace.package.repository`
[INFO] [stderr] warning: workspace (manifest) generated 1 warning
[INFO] running `Command { std: "docker" "create" "-v" "/var/lib/crater-agent-workspace/builds/worker-1-tc2/source:/opt/rustwide/workdir:ro,Z" "-v" "/var/lib/crater-agent-workspace/builds/worker-1-tc2/target:/opt/rustwide/target:rw,Z" "-v" "/var/lib/crater-agent-workspace/cargo-home:/opt/rustwide/cargo-home:ro,Z" "-v" "/var/lib/crater-agent-workspace/rustup-home:/opt/rustwide/rustup-home:ro,Z" "-m" "1610612736" "--network" "none" "ghcr.io/rust-lang/crates-build-env/linux@sha256:77db811e55d90add9212f6832c23229e3de5f1c1f9905e8cb07319ea15df73ac" "sleep" "infinity", kill_on_drop: false }`
[INFO] [stdout] b48754ad990c52126eeb6e95ea5bb1ce35b7e32299873851b6b9454184842844
[INFO] running `Command { std: "docker" "start" "b48754ad990c52126eeb6e95ea5bb1ce35b7e32299873851b6b9454184842844", kill_on_drop: false }`
[INFO] running `Command { std: "docker" "inspect" "b48754ad990c52126eeb6e95ea5bb1ce35b7e32299873851b6b9454184842844", kill_on_drop: false }`
[INFO] running `Command { std: "docker" "exec" "-e" "SOURCE_DIR=/opt/rustwide/workdir" "-e" "CARGO_HOME=/opt/rustwide/cargo-home" "-e" "RUSTUP_HOME=/opt/rustwide/rustup-home" "-e" "CARGO_TARGET_DIR=/opt/rustwide/target" "-w" "/opt/rustwide/workdir" "--user" "0:0" "b48754ad990c52126eeb6e95ea5bb1ce35b7e32299873851b6b9454184842844" "/opt/rustwide/cargo-home/bin/cargo" "+3154cc1a3e6424e44f438a95007d043ed5ceaaf6" "metadata" "--no-deps" "--format-version=1", kill_on_drop: false }`
[INFO] running `Command { std: "docker" "inspect" "b48754ad990c52126eeb6e95ea5bb1ce35b7e32299873851b6b9454184842844", kill_on_drop: false }`
[INFO] running `Command { std: "docker" "exec" "-e" "SOURCE_DIR=/opt/rustwide/workdir" "-e" "CARGO_HOME=/opt/rustwide/cargo-home" "-e" "RUSTUP_HOME=/opt/rustwide/rustup-home" "-e" "CARGO_TARGET_DIR=/opt/rustwide/target" "-e" "CARGO_INCREMENTAL=0" "-e" "RUST_BACKTRACE=full" "-e" "RUSTFLAGS=--cap-lints=forbid" "-e" "RUSTDOCFLAGS=--cap-lints=forbid" "-w" "/opt/rustwide/workdir" "--user" "0:0" "b48754ad990c52126eeb6e95ea5bb1ce35b7e32299873851b6b9454184842844" "/opt/rustwide/cargo-home/bin/cargo" "+3154cc1a3e6424e44f438a95007d043ed5ceaaf6" "check" "--frozen" "--all" "--all-targets" "--message-format=json", kill_on_drop: false }`
[INFO] [stderr] warning: unused field `repository` in `workspace.package`
[INFO] [stderr]   --> Cargo.toml:44:1
[INFO] [stderr]    |
[INFO] [stderr] 44 | repository = "https://github.com/diegomagallanescs-source/vox"
[INFO] [stderr]    | ^^^^^^^^^^
[INFO] [stderr]    |
[INFO] [stderr]    = note: `cargo::unused_workspace_package_fields` is set to `warn` by default
[INFO] [stderr] help: consider removing the field `workspace.package.repository`
[INFO] [stderr] warning: workspace (manifest) generated 1 warning
[INFO] [stderr]    Compiling syn v3.0.5
[INFO] [stderr]    Compiling syn v2.0.119
[INFO] [stderr]    Compiling uuid v1.26.0
[INFO] [stderr]    Compiling toml v1.1.5+spec-1.1.0
[INFO] [stderr]    Compiling bindgen v0.72.1
[INFO] [stderr]    Compiling either v1.18.0
[INFO] [stderr]    Compiling clang-sys v1.9.1
[INFO] [stderr]    Compiling cexpr v0.6.0
[INFO] [stderr]     Checking windows-link v0.2.1
[INFO] [stderr]    Compiling cmake v0.1.58
[INFO] [stderr]    Compiling toml v0.9.12+spec-1.1.0
[INFO] [stderr]     Checking windows-strings v0.5.1
[INFO] [stderr]     Checking windows-result v0.4.1
[INFO] [stderr]    Compiling whisper-rs v0.16.0
[INFO] [stderr]    Compiling crypto-common v0.1.7
[INFO] [stderr]    Compiling block-buffer v0.10.4
[INFO] [stderr]    Compiling png v0.17.16
[INFO] [stderr]     Checking windows-threading v0.2.1
[INFO] [stderr]    Compiling digest v0.10.7
[INFO] [stderr]     Checking libloading v0.7.4
[INFO] [stderr]     Checking png v0.18.1
[INFO] [stderr]     Checking matchers v0.2.0
[INFO] [stderr]    Compiling itertools v0.13.0
[INFO] [stderr]    Compiling sha2 v0.10.9
[INFO] [stderr]     Checking cfb v0.7.3
[INFO] [stderr]    Compiling infer v0.19.0
[INFO] [stderr]     Checking image v0.25.10
[INFO] [stderr]    Compiling embed-resource v3.0.11
[INFO] [stderr]    Compiling ico v0.5.0
[INFO] [stderr]    Compiling tauri-winres v0.3.6
[INFO] [stderr]    Compiling serde_derive v1.0.229
[INFO] [stderr]    Compiling zerovec-derive v0.11.6
[INFO] [stderr]    Compiling displaydoc v0.2.7
[INFO] [stderr]    Compiling futures-macro v0.3.34
[INFO] [stderr]    Compiling thiserror-impl v2.0.20
[INFO] [stderr]    Compiling serde_repr v0.1.21
[INFO] [stderr]    Compiling synstructure v0.13.2
[INFO] [stderr]    Compiling darling_core v0.23.0
[INFO] [stderr]    Compiling serde_derive_internals v0.29.1
[INFO] [stderr]    Compiling prettyplease v0.2.37
[INFO] [stderr]     Checking futures-util v0.3.34
[INFO] [stderr]    Compiling thiserror v2.0.20
[INFO] [stderr]    Compiling zerofrom-derive v0.1.7
[INFO] [stderr]    Compiling yoke-derive v0.8.2
[INFO] [stderr]    Compiling thiserror-impl v1.0.69
[INFO] [stderr]    Compiling phf_macros v0.13.1
[INFO] [stderr]    Compiling cssparser-macros v0.6.1
[INFO] [stderr]    Compiling derive_more-impl v2.1.1
[INFO] [stderr]    Compiling windows-interface v0.59.3
[INFO] [stderr]    Compiling windows-implement v0.60.2
[INFO] [stderr]    Compiling tracing-attributes v0.1.31
[INFO] [stderr]    Compiling dlopen2_derive v0.4.3
[INFO] [stderr]    Compiling serialize-to-javascript-impl v0.1.2
[INFO] [stderr]    Compiling schemars_derive v0.8.22
[INFO] [stderr]     Checking dlopen2 v0.8.2
[INFO] [stderr]     Checking windows-core v0.62.2
[INFO] [stderr]    Compiling phf v0.13.1
[INFO] [stderr]    Compiling zerofrom v0.1.8
[INFO] [stderr]    Compiling derive_more v2.1.1
[INFO] [stderr]     Checking thiserror v1.0.69
[INFO] [stderr]    Compiling yoke v0.8.3
[INFO] [stderr]    Compiling web_atoms v0.2.6
[INFO] [stderr]    Compiling cssparser v0.36.0
[INFO] [stderr]     Checking windows-future v0.3.2
[INFO] [stderr]     Checking windows-collections v0.3.2
[INFO] [stderr]     Checking windows-numerics v0.3.1
[INFO] [stderr]    Compiling zerovec v0.11.8
[INFO] [stderr]    Compiling zerotrie v0.2.5
[INFO] [stdout] error[E0425]: cannot find type `IMarshal` in module `windows_core::imp`
[INFO] [stdout]   --> /opt/rustwide/cargo-home/registry/src/index.crates.io-1949cf8c6b5b557f/windows-future-0.3.2/src/bindings.rs:87:51
[INFO] [stdout]    |
[INFO] [stdout] 87 |             } else if *iid == <windows_core::imp::IMarshal as windows_core::Interface>::IID {
[INFO] [stdout]    |                                                   ^^^^^^^^ not found in `windows_core::imp`
[INFO] [stdout] 
[INFO] [stdout] 
[INFO] [stdout] error[E0425]: cannot find function `marshaler` in module `windows_core::imp`
[INFO] [stdout]   --> /opt/rustwide/cargo-home/registry/src/index.crates.io-1949cf8c6b5b557f/windows-future-0.3.2/src/bindings.rs:89:43
[INFO] [stdout]    |
[INFO] [stdout] 89 |                 return windows_core::imp::marshaler(
[INFO] [stdout]    |                                           ^^^^^^^^^ not found in `windows_core::imp`
[INFO] [stdout] 
[INFO] [stdout] 
[INFO] [stdout] error[E0425]: cannot find type `IMarshal` in module `windows_core::imp`
[INFO] [stdout]    --> /opt/rustwide/cargo-home/registry/src/index.crates.io-1949cf8c6b5b557f/windows-future-0.3.2/src/bindings.rs:255:51
[INFO] [stdout]     |
[INFO] [stdout] 255 |             } else if *iid == <windows_core::imp::IMarshal as windows_core::Interface>::IID {
[INFO] [stdout]     |                                                   ^^^^^^^^ not found in `windows_core::imp`
[INFO] [stdout] 
[INFO] [stdout] 
[INFO] [stdout] error[E0425]: cannot find function `marshaler` in module `windows_core::imp`
[INFO] [stdout]    --> /opt/rustwide/cargo-home/registry/src/index.crates.io-1949cf8c6b5b557f/windows-future-0.3.2/src/bindings.rs:257:43
[INFO] [stdout]     |
[INFO] [stdout] 257 |                 return windows_core::imp::marshaler(
[INFO] [stdout]     |                                           ^^^^^^^^^ not found in `windows_core::imp`
[INFO] [stdout] 
[INFO] [stdout] 
[INFO] [stdout] error[E0425]: cannot find type `IMarshal` in module `windows_core::imp`
[INFO] [stdout]    --> /opt/rustwide/cargo-home/registry/src/index.crates.io-1949cf8c6b5b557f/windows-future-0.3.2/src/bindings.rs:422:364
[INFO] [stdout]     |
[INFO] [stdout] 422 | ... _ } else if * iid == < windows_core::imp::IMarshal as windows_core::Interface >::IID { ( * this ) . count . add_ref ( ) ; retur...
[INFO] [stdout]     |                                               ^^^^^^^^ not found in `windows_core::imp`
[INFO] [stdout] 
[INFO] [stdout] 
[INFO] [stdout] error[E0425]: cannot find function `marshaler` in module `windows_core::imp`
[INFO] [stdout]    --> /opt/rustwide/cargo-home/registry/src/index.crates.io-1949cf8c6b5b557f/windows-future-0.3.2/src/bindings.rs:422:470
[INFO] [stdout]     |
[INFO] [stdout] 422 | ... . add_ref ( ) ; return windows_core::imp::marshaler ( core::mem::transmute ( & mut ( * this ) . vtable as * mut _ as * mut core...
[INFO] [stdout]     |                                               ^^^^^^^^^ not found in `windows_core::imp`
[INFO] [stdout] 
[INFO] [stdout] 
[INFO] [stdout] error[E0425]: cannot find type `IMarshal` in module `windows_core::imp`
[INFO] [stdout]    --> /opt/rustwide/cargo-home/registry/src/index.crates.io-1949cf8c6b5b557f/windows-future-0.3.2/src/bindings.rs:572:51
[INFO] [stdout]     |
[INFO] [stdout] 572 |             } else if *iid == <windows_core::imp::IMarshal as windows_core::Interface>::IID {
[INFO] [stdout]     |                                                   ^^^^^^^^ not found in `windows_core::imp`
[INFO] [stdout] 
[INFO] [stdout] 
[INFO] [stdout] error[E0425]: cannot find function `marshaler` in module `windows_core::imp`
[INFO] [stdout]    --> /opt/rustwide/cargo-home/registry/src/index.crates.io-1949cf8c6b5b557f/windows-future-0.3.2/src/bindings.rs:574:43
[INFO] [stdout]     |
[INFO] [stdout] 574 |                 return windows_core::imp::marshaler(
[INFO] [stdout]     |                                           ^^^^^^^^^ not found in `windows_core::imp`
[INFO] [stdout] 
[INFO] [stdout] 
[INFO] [stdout] error[E0425]: cannot find type `IMarshal` in module `windows_core::imp`
[INFO] [stdout]    --> /opt/rustwide/cargo-home/registry/src/index.crates.io-1949cf8c6b5b557f/windows-future-0.3.2/src/bindings.rs:752:364
[INFO] [stdout]     |
[INFO] [stdout] 752 | ... _ } else if * iid == < windows_core::imp::IMarshal as windows_core::Interface >::IID { ( * this ) . count . add_ref ( ) ; retur...
[INFO] [stdout]     |                                               ^^^^^^^^ not found in `windows_core::imp`
[INFO] [stdout] 
[INFO] [stdout] 
[INFO] [stdout] error[E0425]: cannot find function `marshaler` in module `windows_core::imp`
[INFO] [stdout]    --> /opt/rustwide/cargo-home/registry/src/index.crates.io-1949cf8c6b5b557f/windows-future-0.3.2/src/bindings.rs:752:470
[INFO] [stdout]     |
[INFO] [stdout] 752 | ... . add_ref ( ) ; return windows_core::imp::marshaler ( core::mem::transmute ( & mut ( * this ) . vtable as * mut _ as * mut core...
[INFO] [stdout]     |                                               ^^^^^^^^^ not found in `windows_core::imp`
[INFO] [stdout] 
[INFO] [stdout] 
[INFO] [stdout] error[E0425]: cannot find type `IMarshal` in module `windows_core::imp`
[INFO] [stdout]    --> /opt/rustwide/cargo-home/registry/src/index.crates.io-1949cf8c6b5b557f/windows-future-0.3.2/src/bindings.rs:927:377
[INFO] [stdout]     |
[INFO] [stdout] 927 | ... _ } else if * iid == < windows_core::imp::IMarshal as windows_core::Interface >::IID { ( * this ) . count . add_ref ( ) ; retur...
[INFO] [stdout]     |                                               ^^^^^^^^ not found in `windows_core::imp`
[INFO] [stdout] 
[INFO] [stdout] 
[INFO] [stdout] error[E0425]: cannot find function `marshaler` in module `windows_core::imp`
[INFO] [stdout]    --> /opt/rustwide/cargo-home/registry/src/index.crates.io-1949cf8c6b5b557f/windows-future-0.3.2/src/bindings.rs:927:483
[INFO] [stdout]     |
[INFO] [stdout] 927 | ... . add_ref ( ) ; return windows_core::imp::marshaler ( core::mem::transmute ( & mut ( * this ) . vtable as * mut _ as * mut core...
[INFO] [stdout]     |                                               ^^^^^^^^^ not found in `windows_core::imp`
[INFO] [stdout] 
[INFO] [stdout] 
[INFO] [stdout] error[E0425]: cannot find function `submit` in crate `windows_threading`
[INFO] [stdout]    --> /opt/rustwide/cargo-home/registry/src/index.crates.io-1949cf8c6b5b557f/windows-future-0.3.2/src/async_spawn.rs:264:28
[INFO] [stdout]     |
[INFO] [stdout] 264 |         windows_threading::submit(move || {
[INFO] [stdout]     |                            ^^^^^^ not found in `windows_threading`
[INFO] [stdout] 
[INFO] [stdout] 
[INFO] [stdout] error[E0425]: cannot find function `submit` in crate `windows_threading`
[INFO] [stdout]    --> /opt/rustwide/cargo-home/registry/src/index.crates.io-1949cf8c6b5b557f/windows-future-0.3.2/src/async_spawn.rs:281:28
[INFO] [stdout]     |
[INFO] [stdout] 281 |         windows_threading::submit(move || {
[INFO] [stdout]     |                            ^^^^^^ not found in `windows_threading`
[INFO] [stdout] 
[INFO] [stdout] 
[INFO] [stdout] error[E0425]: cannot find function `submit` in crate `windows_threading`
[INFO] [stdout]    --> /opt/rustwide/cargo-home/registry/src/index.crates.io-1949cf8c6b5b557f/windows-future-0.3.2/src/async_spawn.rs:298:28
[INFO] [stdout]     |
[INFO] [stdout] 298 |         windows_threading::submit(move || {
[INFO] [stdout]     |                            ^^^^^^ not found in `windows_threading`
[INFO] [stdout] 
[INFO] [stdout] 
[INFO] [stdout] error[E0425]: cannot find function `submit` in crate `windows_threading`
[INFO] [stdout]    --> /opt/rustwide/cargo-home/registry/src/index.crates.io-1949cf8c6b5b557f/windows-future-0.3.2/src/async_spawn.rs:315:28
[INFO] [stdout]     |
[INFO] [stdout] 315 |         windows_threading::submit(move || {
[INFO] [stdout]     |                            ^^^^^^ not found in `windows_threading`
[INFO] [stdout] 
[INFO] [stdout] 
[INFO] [stderr]     Checking tracing v0.1.44
[INFO] [stderr]     Checking tracing-subscriber v0.3.23
[INFO] [stdout] For more information about this error, try `rustc --explain E0425`.
[INFO] [stdout] 
[INFO] [stderr] error: could not compile `windows-future` (lib) due to 16 previous errors
[INFO] [stderr] warning: build failed, waiting for other jobs to finish...
[INFO] running `Command { std: "docker" "inspect" "b48754ad990c52126eeb6e95ea5bb1ce35b7e32299873851b6b9454184842844", kill_on_drop: false }`
[INFO] running `Command { std: "docker" "rm" "-f" "b48754ad990c52126eeb6e95ea5bb1ce35b7e32299873851b6b9454184842844", kill_on_drop: false }`
[INFO] [stdout] b48754ad990c52126eeb6e95ea5bb1ce35b7e32299873851b6b9454184842844
