[INFO] cloning repository https://github.com/dhilipsiva/python-slm
[INFO] running `Command { std: "git" "-c" "credential.helper=" "-c" "credential.helper=/workspace/cargo-home/bin/git-credential-null" "clone" "--bare" "https://github.com/dhilipsiva/python-slm" "/workspace/cache/git-repos/https%3A%2F%2Fgithub.com%2Fdhilipsiva%2Fpython-slm", kill_on_drop: false }`
[INFO] [stderr] Cloning into bare repository '/workspace/cache/git-repos/https%3A%2F%2Fgithub.com%2Fdhilipsiva%2Fpython-slm'...
[INFO] running `Command { std: "git" "rev-parse" "HEAD", kill_on_drop: false }`
[INFO] [stdout] e469c90153fb240ba09f2b5cbf2996efd7ea9311
[INFO] checking dhilipsiva/python-slm against 3154cc1a3e6424e44f438a95007d043ed5ceaaf6 for pr-133502-30
[INFO] running `Command { std: "git" "clone" "/workspace/cache/git-repos/https%3A%2F%2Fgithub.com%2Fdhilipsiva%2Fpython-slm" "/workspace/builds/worker-0-tc2/source", kill_on_drop: false }`
[INFO] [stderr] Cloning into '/workspace/builds/worker-0-tc2/source'...
[INFO] [stderr] done.
[INFO] started tweaking git repo https://github.com/dhilipsiva/python-slm
[INFO] finished tweaking git repo https://github.com/dhilipsiva/python-slm
[INFO] tweaked toml for git repo https://github.com/dhilipsiva/python-slm written to /workspace/builds/worker-0-tc2/source/Cargo.toml
[INFO] validating manifest of git repo https://github.com/dhilipsiva/python-slm on toolchain 3154cc1a3e6424e44f438a95007d043ed5ceaaf6
[INFO] running `Command { std: CARGO_HOME="/workspace/cargo-home" RUSTUP_HOME="/workspace/rustup-home" "/workspace/cargo-home/bin/cargo" "+3154cc1a3e6424e44f438a95007d043ed5ceaaf6" "metadata" "--manifest-path" "Cargo.toml" "--no-deps", kill_on_drop: false }`
[INFO] crate git repo https://github.com/dhilipsiva/python-slm already has a lockfile, it will not be regenerated
[INFO] running `Command { std: CARGO_HOME="/workspace/cargo-home" RUSTUP_HOME="/workspace/rustup-home" "/workspace/cargo-home/bin/cargo" "+3154cc1a3e6424e44f438a95007d043ed5ceaaf6" "fetch" "--manifest-path" "Cargo.toml", kill_on_drop: false }`
[INFO] [stderr]     Blocking waiting for file lock on package cache
[INFO] running `Command { std: "docker" "create" "-v" "/var/lib/crater-agent-workspace/builds/worker-0-tc2/source:/opt/rustwide/workdir:ro,Z" "-v" "/var/lib/crater-agent-workspace/builds/worker-0-tc2/target:/opt/rustwide/target:rw,Z" "-v" "/var/lib/crater-agent-workspace/cargo-home:/opt/rustwide/cargo-home:ro,Z" "-v" "/var/lib/crater-agent-workspace/rustup-home:/opt/rustwide/rustup-home:ro,Z" "-m" "1610612736" "--network" "none" "ghcr.io/rust-lang/crates-build-env/linux@sha256:77db811e55d90add9212f6832c23229e3de5f1c1f9905e8cb07319ea15df73ac" "sleep" "infinity", kill_on_drop: false }`
[INFO] [stdout] 780ac4073e6dedf755aca64da4d2407be40b2808256a3aeb0356b2664fa2057f
[INFO] running `Command { std: "docker" "start" "780ac4073e6dedf755aca64da4d2407be40b2808256a3aeb0356b2664fa2057f", kill_on_drop: false }`
[INFO] running `Command { std: "docker" "inspect" "780ac4073e6dedf755aca64da4d2407be40b2808256a3aeb0356b2664fa2057f", kill_on_drop: false }`
[INFO] running `Command { std: "docker" "exec" "-e" "SOURCE_DIR=/opt/rustwide/workdir" "-e" "CARGO_HOME=/opt/rustwide/cargo-home" "-e" "RUSTUP_HOME=/opt/rustwide/rustup-home" "-e" "CARGO_TARGET_DIR=/opt/rustwide/target" "-w" "/opt/rustwide/workdir" "--user" "0:0" "780ac4073e6dedf755aca64da4d2407be40b2808256a3aeb0356b2664fa2057f" "/opt/rustwide/cargo-home/bin/cargo" "+3154cc1a3e6424e44f438a95007d043ed5ceaaf6" "metadata" "--no-deps" "--format-version=1", kill_on_drop: false }`
[INFO] running `Command { std: "docker" "inspect" "780ac4073e6dedf755aca64da4d2407be40b2808256a3aeb0356b2664fa2057f", kill_on_drop: false }`
[INFO] running `Command { std: "docker" "exec" "-e" "SOURCE_DIR=/opt/rustwide/workdir" "-e" "CARGO_HOME=/opt/rustwide/cargo-home" "-e" "RUSTUP_HOME=/opt/rustwide/rustup-home" "-e" "CARGO_TARGET_DIR=/opt/rustwide/target" "-e" "CARGO_INCREMENTAL=0" "-e" "RUST_BACKTRACE=full" "-e" "RUSTFLAGS=--cap-lints=forbid" "-e" "RUSTDOCFLAGS=--cap-lints=forbid" "-w" "/opt/rustwide/workdir" "--user" "0:0" "780ac4073e6dedf755aca64da4d2407be40b2808256a3aeb0356b2664fa2057f" "/opt/rustwide/cargo-home/bin/cargo" "+3154cc1a3e6424e44f438a95007d043ed5ceaaf6" "check" "--frozen" "--all" "--all-targets" "--message-format=json", kill_on_drop: false }`
[INFO] [stderr]    Compiling syn v2.0.119
[INFO] [stderr]    Compiling find-msvc-tools v0.1.10
[INFO] [stderr]    Compiling syn v3.0.3
[INFO] [stderr]    Compiling num-traits v0.2.19
[INFO] [stderr]    Compiling tree-sitter-language v0.1.7
[INFO] [stderr]    Compiling serde_core v1.0.229
[INFO] [stderr]     Checking memchr v2.8.3
[INFO] [stderr]    Compiling serde_json v1.0.151
[INFO] [stderr]     Checking generic-array v0.14.7
[INFO] [stderr]     Checking litemap v0.8.2
[INFO] [stderr]     Checking writeable v0.6.3
[INFO] [stderr]    Compiling ahash v0.8.12
[INFO] [stderr]    Compiling icu_normalizer_data v2.2.0
[INFO] [stderr]     Checking lexical-util v1.0.7
[INFO] [stderr]    Compiling icu_properties_data v2.2.0
[INFO] [stderr]    Compiling pkg-config v0.3.33
[INFO] [stderr]     Checking arrow-schema v56.2.1
[INFO] [stderr]    Compiling semver v1.0.28
[INFO] [stderr]     Checking hashbrown v0.16.1
[INFO] [stderr]     Checking smallvec v1.15.2
[INFO] [stderr]    Compiling cc v1.4.2
[INFO] [stderr]    Compiling rustc_version v0.4.1
[INFO] [stderr]     Checking alloc-no-stdlib v2.0.4
[INFO] [stderr]    Compiling zstd-safe v7.2.4
[INFO] [stderr]     Checking miniz_oxide v0.8.9
[INFO] [stderr]     Checking alloc-stdlib v0.2.4
[INFO] [stderr]     Checking block-buffer v0.10.4
[INFO] [stderr]     Checking crypto-common v0.1.7
[INFO] [stderr]    Compiling rustix v1.1.4
[INFO] [stderr]     Checking cpufeatures v0.3.0
[INFO] [stderr]    Compiling snap v1.1.2
[INFO] [stderr]     Checking streaming-iterator v0.1.9
[INFO] [stderr]     Checking digest v0.10.7
[INFO] [stderr]    Compiling rustls v0.23.43
[INFO] [stderr]     Checking sha2 v0.10.9
[INFO] [stderr]     Checking percent-encoding v2.3.2
[INFO] [stderr]     Checking chacha20 v0.10.1
[INFO] [stderr]     Checking aho-corasick v1.1.5
[INFO] [stderr]     Checking flate2 v1.1.9
[INFO] [stderr]     Checking form_urlencoded v1.2.2
[INFO] [stderr]     Checking brotli-decompressor v5.0.3
[INFO] [stderr]    Compiling flatbuffers v25.12.19
[INFO] [stderr]     Checking webpki-roots v1.0.9
[INFO] [stderr]     Checking lexical-parse-integer v1.0.6
[INFO] [stderr]     Checking lexical-write-integer v1.0.6
[INFO] [stderr]     Checking linux-raw-sys v0.12.1
[INFO] [stderr]     Checking log v0.4.33
[INFO] [stderr]     Checking num-integer v0.1.46
[INFO] [stderr]     Checking num-complex v0.4.6
[INFO] [stderr]     Checking chrono v0.4.45
[INFO] [stderr]     Checking atoi v2.0.0
[INFO] [stderr]     Checking lexical-parse-float v1.0.6
[INFO] [stderr]     Checking ordered-float v2.10.1
[INFO] [stderr]     Checking twox-hash v2.1.3
[INFO] [stderr]     Checking lexical-write-float v1.0.6
[INFO] [stderr]     Checking integer-encoding v3.0.4
[INFO] [stderr]     Checking num-bigint v0.4.8
[INFO] [stderr]     Checking num-iter v0.1.46
[INFO] [stderr]     Checking lz4_flex v0.11.6
[INFO] [stderr]     Checking thrift v0.17.0
[INFO] [stderr]     Checking regex-automata v0.4.18
[INFO] [stderr]     Checking rand v0.10.2
[INFO] [stderr]     Checking webpki-roots v0.26.11
[INFO] [stderr]    Compiling seq-macro v0.3.6
[INFO] [stderr]    Compiling rust-llm-pretrain v0.1.0 (/opt/rustwide/workdir)
[INFO] [stderr]     Checking sha1 v0.10.7
[INFO] [stderr]     Checking lexical-core v1.0.6
[INFO] [stderr]     Checking brotli v8.0.4
[INFO] [stderr]    Compiling zstd-sys v2.0.16+zstd.1.5.7
[INFO] [stderr]    Compiling ring v0.17.14
[INFO] [stderr]    Compiling tree-sitter-python v0.25.0
[INFO] [stderr]     Checking rand_distr v0.6.0
[INFO] [stderr]     Checking num-rational v0.4.2
[INFO] [stderr]     Checking num v0.4.3
[INFO] [stderr]     Checking regex v1.13.1
[INFO] [stderr]     Checking tempfile v3.27.0
[INFO] [stderr]    Compiling displaydoc v0.2.7
[INFO] [stderr]    Compiling clap_derive v4.6.4
[INFO] [stderr]    Compiling serde_derive v1.0.229
[INFO] [stderr]    Compiling synstructure v0.13.2
[INFO] [stderr]     Checking rustls-webpki v0.103.13
[INFO] [stderr]    Compiling zerofrom-derive v0.1.7
[INFO] [stderr]    Compiling yoke-derive v0.8.2
[INFO] [stderr]    Compiling zerovec-derive v0.11.3
[INFO] [stderr]    Compiling zerocopy-derive v0.8.56
[INFO] [stderr]     Checking clap v4.6.6
[INFO] [stderr]    Compiling tree-sitter v0.25.8
[INFO] [stderr]     Checking zerofrom v0.1.8
[INFO] [stderr]     Checking yoke v0.8.3
[INFO] [stderr]     Checking zerovec v0.11.6
[INFO] [stderr]     Checking zerotrie v0.2.4
[INFO] [stderr]     Checking zerocopy v0.8.56
[INFO] [stderr]     Checking tinystr v0.8.3
[INFO] [stderr]     Checking potential_utf v0.1.5
[INFO] [stderr]     Checking zstd v0.13.3
[INFO] [stderr]     Checking icu_collections v2.2.0
[INFO] [stderr]     Checking icu_locale_core v2.2.0
[INFO] [stderr]     Checking serde v1.0.229
[INFO] [stderr]     Checking icu_provider v2.2.0
[INFO] [stderr]     Checking icu_normalizer v2.2.0
[INFO] [stderr]     Checking icu_properties v2.2.0
[INFO] [stderr]     Checking xtask v0.1.0 (/opt/rustwide/workdir/xtask)
[INFO] [stdout] error[E0425]: cannot find function `native_file_identity` in module `crate::p1a_windows`
[INFO] [stdout]     --> xtask/src/p1a.rs:3786:46
[INFO] [stdout]      |
[INFO] [stdout] 3786 |     let rustc_identity = crate::p1a_windows::native_file_identity(&rustc)?;
[INFO] [stdout]      |                                              ^^^^^^^^^^^^^^^^^^^^ not found in `crate::p1a_windows`
[INFO] [stdout]      |
[INFO] [stdout] note: found an item that was configured out
[INFO] [stdout]     --> xtask/src/p1a_windows.rs:588:15
[INFO] [stdout]      |
[INFO] [stdout]  587 | #[cfg(all(windows, target_arch = "x86_64"))]
[INFO] [stdout]      |           ------- the item is gated here
[INFO] [stdout]  588 | pub(crate) fn native_file_identity(path: &std::path::Path) -> Result<ToolFileIdentity> {
[INFO] [stdout]      |               ^^^^^^^^^^^^^^^^^^^^
[INFO] [stdout] 
[INFO] [stdout] 
[INFO] [stdout] error[E0425]: cannot find function `native_file_identity` in module `crate::p1a_windows`
[INFO] [stdout]     --> xtask/src/p1a.rs:3787:46
[INFO] [stdout]      |
[INFO] [stdout] 3787 |     let cargo_identity = crate::p1a_windows::native_file_identity(&cargo)?;
[INFO] [stdout]      |                                              ^^^^^^^^^^^^^^^^^^^^ not found in `crate::p1a_windows`
[INFO] [stdout]      |
[INFO] [stdout] note: found an item that was configured out
[INFO] [stdout]     --> xtask/src/p1a_windows.rs:588:15
[INFO] [stdout]      |
[INFO] [stdout]  587 | #[cfg(all(windows, target_arch = "x86_64"))]
[INFO] [stdout]      |           ------- the item is gated here
[INFO] [stdout]  588 | pub(crate) fn native_file_identity(path: &std::path::Path) -> Result<ToolFileIdentity> {
[INFO] [stdout]      |               ^^^^^^^^^^^^^^^^^^^^
[INFO] [stdout] 
[INFO] [stdout] 
[INFO] [stdout] error[E0425]: cannot find function `native_file_identity` in module `crate::p1a_windows`
[INFO] [stdout]     --> xtask/src/p1a.rs:3875:28
[INFO] [stdout]      |
[INFO] [stdout] 3875 |     if crate::p1a_windows::native_file_identity(&rust.rustc)? != rust.rustc_identity
[INFO] [stdout]      |                            ^^^^^^^^^^^^^^^^^^^^ not found in `crate::p1a_windows`
[INFO] [stdout]      |
[INFO] [stdout] note: found an item that was configured out
[INFO] [stdout]     --> xtask/src/p1a_windows.rs:588:15
[INFO] [stdout]      |
[INFO] [stdout]  587 | #[cfg(all(windows, target_arch = "x86_64"))]
[INFO] [stdout]      |           ------- the item is gated here
[INFO] [stdout]  588 | pub(crate) fn native_file_identity(path: &std::path::Path) -> Result<ToolFileIdentity> {
[INFO] [stdout]      |               ^^^^^^^^^^^^^^^^^^^^
[INFO] [stdout] 
[INFO] [stdout] 
[INFO] [stdout] error[E0425]: cannot find function `native_file_identity` in module `crate::p1a_windows`
[INFO] [stdout]     --> xtask/src/p1a.rs:3876:32
[INFO] [stdout]      |
[INFO] [stdout] 3876 |         || crate::p1a_windows::native_file_identity(&rust.cargo)? != rust.cargo_identity
[INFO] [stdout]      |                                ^^^^^^^^^^^^^^^^^^^^ not found in `crate::p1a_windows`
[INFO] [stdout]      |
[INFO] [stdout] note: found an item that was configured out
[INFO] [stdout]     --> xtask/src/p1a_windows.rs:588:15
[INFO] [stdout]      |
[INFO] [stdout]  587 | #[cfg(all(windows, target_arch = "x86_64"))]
[INFO] [stdout]      |           ------- the item is gated here
[INFO] [stdout]  588 | pub(crate) fn native_file_identity(path: &std::path::Path) -> Result<ToolFileIdentity> {
[INFO] [stdout]      |               ^^^^^^^^^^^^^^^^^^^^
[INFO] [stdout] 
[INFO] [stdout] 
[INFO] [stdout] warning: unused import: `OsStr`
[INFO] [stdout]  --> xtask/src/p1a_process.rs:4:16
[INFO] [stdout]   |
[INFO] [stdout] 4 | use std::ffi::{OsStr, OsString};
[INFO] [stdout]   |                ^^^^^
[INFO] [stdout]   |
[INFO] [stdout]   = note: `#[warn(unused_imports)]` (part of `#[warn(unused)]`) on by default
[INFO] [stdout] 
[INFO] [stdout] 
[INFO] [stdout] warning: unused import: `Path`
[INFO] [stdout]  --> xtask/src/p1a_process.rs:5:17
[INFO] [stdout]   |
[INFO] [stdout] 5 | use std::path::{Path, PathBuf};
[INFO] [stdout]   |                 ^^^^
[INFO] [stdout] 
[INFO] [stdout] 
[INFO] [stdout] warning: unused import: `IoContext`
[INFO] [stdout]  --> xtask/src/p1b.rs:1:20
[INFO] [stdout]   |
[INFO] [stdout] 1 | use crate::error::{IoContext, Result, XtaskError};
[INFO] [stdout]   |                    ^^^^^^^^^
[INFO] [stdout] 
[INFO] [stdout] 
[INFO] [stdout] warning: unused import: `json`
[INFO] [stdout]  --> xtask/src/p1b.rs:3:25
[INFO] [stdout]   |
[INFO] [stdout] 3 | use serde_json::{Value, json};
[INFO] [stdout]   |                         ^^^^
[INFO] [stdout] 
[INFO] [stdout] 
[INFO] [stdout] warning: unused import: `BTreeMap`
[INFO] [stdout]  --> xtask/src/p1b.rs:4:24
[INFO] [stdout]   |
[INFO] [stdout] 4 | use std::collections::{BTreeMap, BTreeSet};
[INFO] [stdout]   |                        ^^^^^^^^
[INFO] [stdout] 
[INFO] [stdout] 
[INFO] [stdout] warning: unused imports: `OsStr` and `OsString`
[INFO] [stdout]  --> xtask/src/p1b.rs:5:16
[INFO] [stdout]   |
[INFO] [stdout] 5 | use std::ffi::{OsStr, OsString};
[INFO] [stdout]   |                ^^^^^  ^^^^^^^^
[INFO] [stdout] 
[INFO] [stdout] 
[INFO] [stdout] warning: unused import: `std::fs`
[INFO] [stdout]  --> xtask/src/p1b.rs:6:5
[INFO] [stdout]   |
[INFO] [stdout] 6 | use std::fs;
[INFO] [stdout]   |     ^^^^^^^
[INFO] [stdout] 
[INFO] [stdout] 
[INFO] [stdout] warning: unused import: `Path`
[INFO] [stdout]  --> xtask/src/p1b.rs:7:17
[INFO] [stdout]   |
[INFO] [stdout] 7 | use std::path::{Path, PathBuf};
[INFO] [stdout]   |                 ^^^^
[INFO] [stdout] 
[INFO] [stdout] 
[INFO] [stdout] warning: unused import: `std::time::Duration`
[INFO] [stdout]  --> xtask/src/p1b.rs:8:5
[INFO] [stdout]   |
[INFO] [stdout] 8 | use std::time::Duration;
[INFO] [stdout]   |     ^^^^^^^^^^^^^^^^^^^
[INFO] [stdout] 
[INFO] [stdout] 
[INFO] [stdout] warning: unused import: `Child`
[INFO] [stdout]   --> xtask/src/quality_gate.rs:10:20
[INFO] [stdout]    |
[INFO] [stdout] 10 | use std::process::{Child, ExitStatus, Stdio};
[INFO] [stdout]    |                    ^^^^^
[INFO] [stdout] 
[INFO] [stdout] 
[INFO] [stdout] error[E0425]: cannot find function `native_file_identity` in module `crate::p1a_windows`
[INFO] [stdout]     --> xtask/src/p1a.rs:3786:46
[INFO] [stdout]      |
[INFO] [stdout] 3786 |     let rustc_identity = crate::p1a_windows::native_file_identity(&rustc)?;
[INFO] [stdout]      |                                              ^^^^^^^^^^^^^^^^^^^^ not found in `crate::p1a_windows`
[INFO] [stdout]      |
[INFO] [stdout] note: found an item that was configured out
[INFO] [stdout]     --> xtask/src/p1a_windows.rs:588:15
[INFO] [stdout]      |
[INFO] [stdout]  587 | #[cfg(all(windows, target_arch = "x86_64"))]
[INFO] [stdout]      |           ------- the item is gated here
[INFO] [stdout]  588 | pub(crate) fn native_file_identity(path: &std::path::Path) -> Result<ToolFileIdentity> {
[INFO] [stdout]      |               ^^^^^^^^^^^^^^^^^^^^
[INFO] [stdout] 
[INFO] [stdout] 
[INFO] [stdout] error[E0425]: cannot find function `native_file_identity` in module `crate::p1a_windows`
[INFO] [stdout]     --> xtask/src/p1a.rs:3787:46
[INFO] [stdout]      |
[INFO] [stdout] 3787 |     let cargo_identity = crate::p1a_windows::native_file_identity(&cargo)?;
[INFO] [stdout]      |                                              ^^^^^^^^^^^^^^^^^^^^ not found in `crate::p1a_windows`
[INFO] [stdout]      |
[INFO] [stdout] note: found an item that was configured out
[INFO] [stdout]     --> xtask/src/p1a_windows.rs:588:15
[INFO] [stdout]      |
[INFO] [stdout]  587 | #[cfg(all(windows, target_arch = "x86_64"))]
[INFO] [stdout]      |           ------- the item is gated here
[INFO] [stdout]  588 | pub(crate) fn native_file_identity(path: &std::path::Path) -> Result<ToolFileIdentity> {
[INFO] [stdout]      |               ^^^^^^^^^^^^^^^^^^^^
[INFO] [stdout] 
[INFO] [stdout] 
[INFO] [stdout] error[E0425]: cannot find function `native_file_identity` in module `crate::p1a_windows`
[INFO] [stdout]     --> xtask/src/p1a.rs:3875:28
[INFO] [stdout]      |
[INFO] [stdout] 3875 |     if crate::p1a_windows::native_file_identity(&rust.rustc)? != rust.rustc_identity
[INFO] [stdout]      |                            ^^^^^^^^^^^^^^^^^^^^ not found in `crate::p1a_windows`
[INFO] [stdout]      |
[INFO] [stdout] note: found an item that was configured out
[INFO] [stdout]     --> xtask/src/p1a_windows.rs:588:15
[INFO] [stdout]      |
[INFO] [stdout]  587 | #[cfg(all(windows, target_arch = "x86_64"))]
[INFO] [stdout]      |           ------- the item is gated here
[INFO] [stdout]  588 | pub(crate) fn native_file_identity(path: &std::path::Path) -> Result<ToolFileIdentity> {
[INFO] [stdout]      |               ^^^^^^^^^^^^^^^^^^^^
[INFO] [stdout] 
[INFO] [stdout] 
[INFO] [stdout] error[E0425]: cannot find function `native_file_identity` in module `crate::p1a_windows`
[INFO] [stdout]     --> xtask/src/p1a.rs:3876:32
[INFO] [stdout]      |
[INFO] [stdout] 3876 |         || crate::p1a_windows::native_file_identity(&rust.cargo)? != rust.cargo_identity
[INFO] [stdout]      |                                ^^^^^^^^^^^^^^^^^^^^ not found in `crate::p1a_windows`
[INFO] [stdout]      |
[INFO] [stdout] note: found an item that was configured out
[INFO] [stdout]     --> xtask/src/p1a_windows.rs:588:15
[INFO] [stdout]      |
[INFO] [stdout]  587 | #[cfg(all(windows, target_arch = "x86_64"))]
[INFO] [stdout]      |           ------- the item is gated here
[INFO] [stdout]  588 | pub(crate) fn native_file_identity(path: &std::path::Path) -> Result<ToolFileIdentity> {
[INFO] [stdout]      |               ^^^^^^^^^^^^^^^^^^^^
[INFO] [stdout] 
[INFO] [stdout] 
[INFO] [stdout] warning: unused import: `OsStr`
[INFO] [stdout]  --> xtask/src/p1a_process.rs:4:16
[INFO] [stdout]   |
[INFO] [stdout] 4 | use std::ffi::{OsStr, OsString};
[INFO] [stdout]   |                ^^^^^
[INFO] [stdout]   |
[INFO] [stdout]   = note: `#[warn(unused_imports)]` (part of `#[warn(unused)]`) on by default
[INFO] [stdout] 
[INFO] [stdout] 
[INFO] [stdout] warning: unused import: `Path`
[INFO] [stdout]  --> xtask/src/p1a_process.rs:5:17
[INFO] [stdout]   |
[INFO] [stdout] 5 | use std::path::{Path, PathBuf};
[INFO] [stdout]   |                 ^^^^
[INFO] [stdout] 
[INFO] [stdout] 
[INFO] [stdout] warning: unused import: `IoContext`
[INFO] [stdout]  --> xtask/src/p1b.rs:1:20
[INFO] [stdout]   |
[INFO] [stdout] 1 | use crate::error::{IoContext, Result, XtaskError};
[INFO] [stdout]   |                    ^^^^^^^^^
[INFO] [stdout] 
[INFO] [stdout] 
[INFO] [stdout] warning: unused import: `json`
[INFO] [stdout]  --> xtask/src/p1b.rs:3:25
[INFO] [stdout]   |
[INFO] [stdout] 3 | use serde_json::{Value, json};
[INFO] [stdout]   |                         ^^^^
[INFO] [stdout] 
[INFO] [stdout] 
[INFO] [stdout] warning: unused import: `BTreeMap`
[INFO] [stdout]  --> xtask/src/p1b.rs:4:24
[INFO] [stdout]   |
[INFO] [stdout] 4 | use std::collections::{BTreeMap, BTreeSet};
[INFO] [stdout]   |                        ^^^^^^^^
[INFO] [stdout] 
[INFO] [stdout] 
[INFO] [stdout] warning: unused imports: `OsStr` and `OsString`
[INFO] [stdout]  --> xtask/src/p1b.rs:5:16
[INFO] [stdout]   |
[INFO] [stdout] 5 | use std::ffi::{OsStr, OsString};
[INFO] [stdout]   |                ^^^^^  ^^^^^^^^
[INFO] [stdout] 
[INFO] [stdout] 
[INFO] [stdout] warning: unused import: `std::fs`
[INFO] [stdout]  --> xtask/src/p1b.rs:6:5
[INFO] [stdout]   |
[INFO] [stdout] 6 | use std::fs;
[INFO] [stdout]   |     ^^^^^^^
[INFO] [stdout] 
[INFO] [stdout] 
[INFO] [stdout] warning: unused import: `Path`
[INFO] [stdout]  --> xtask/src/p1b.rs:7:17
[INFO] [stdout]   |
[INFO] [stdout] 7 | use std::path::{Path, PathBuf};
[INFO] [stdout]   |                 ^^^^
[INFO] [stdout] 
[INFO] [stdout] 
[INFO] [stdout] warning: unused import: `std::time::Duration`
[INFO] [stdout]  --> xtask/src/p1b.rs:8:5
[INFO] [stdout]   |
[INFO] [stdout] 8 | use std::time::Duration;
[INFO] [stdout]   |     ^^^^^^^^^^^^^^^^^^^
[INFO] [stdout] 
[INFO] [stdout] 
[INFO] [stdout] warning: unused import: `Child`
[INFO] [stdout]   --> xtask/src/quality_gate.rs:10:20
[INFO] [stdout]    |
[INFO] [stdout] 10 | use std::process::{Child, ExitStatus, Stdio};
[INFO] [stdout]    |                    ^^^^^
[INFO] [stdout] 
[INFO] [stdout] 
[INFO] [stderr]     Checking idna_adapter v1.2.2
[INFO] [stderr]     Checking idna v1.1.0
[INFO] [stderr]     Checking url v2.5.8
[INFO] [stderr]     Checking ureq v2.12.1
[INFO] [stdout] warning: unreachable expression
[INFO] [stdout]   --> xtask/src/p2.rs:80:5
[INFO] [stdout]    |
[INFO] [stdout] 73 | /         return Err(XtaskError::gate(
[INFO] [stdout] 74 | |             "DEFERRED_POST_P16",
[INFO] [stdout] 75 | |             "backend selection is implemented only for native Windows x86_64",
[INFO] [stdout] 76 | |             "Use the Windows RTX 5090 prototype; portable providers remain deferred.",
[INFO] [stdout] 77 | |         ));
[INFO] [stdout]    | |__________- any code following this expression is unreachable
[INFO] [stdout] ...
[INFO] [stdout] 80 | /     {
[INFO] [stdout] 81 | |         let SelectionOptions {
[INFO] [stdout] 82 | |             cuda_root,
[INFO] [stdout] 83 | |             vs_instance_id,
[INFO] [stdout] ...  |
[INFO] [stdout] 92 | |         ))
[INFO] [stdout] 93 | |     }
[INFO] [stdout]    | |_____^ unreachable expression
[INFO] [stdout]    |
[INFO] [stdout]    = note: `#[warn(unreachable_code)]` (part of `#[warn(unused)]`) on by default
[INFO] [stdout] 
[INFO] [stdout] 
[INFO] [stdout] warning: unreachable expression
[INFO] [stdout]   --> xtask/src/p2.rs:80:5
[INFO] [stdout]    |
[INFO] [stdout] 73 | /         return Err(XtaskError::gate(
[INFO] [stdout] 74 | |             "DEFERRED_POST_P16",
[INFO] [stdout] 75 | |             "backend selection is implemented only for native Windows x86_64",
[INFO] [stdout] 76 | |             "Use the Windows RTX 5090 prototype; portable providers remain deferred.",
[INFO] [stdout] 77 | |         ));
[INFO] [stdout]    | |__________- any code following this expression is unreachable
[INFO] [stdout] ...
[INFO] [stdout] 80 | /     {
[INFO] [stdout] 81 | |         let SelectionOptions {
[INFO] [stdout] 82 | |             cuda_root,
[INFO] [stdout] 83 | |             vs_instance_id,
[INFO] [stdout] ...  |
[INFO] [stdout] 92 | |         ))
[INFO] [stdout] 93 | |     }
[INFO] [stdout]    | |_____^ unreachable expression
[INFO] [stdout]    |
[INFO] [stdout]    = note: `#[warn(unreachable_code)]` (part of `#[warn(unused)]`) on by default
[INFO] [stdout] 
[INFO] [stdout] 
[INFO] [stderr]     Checking half v2.7.1
[INFO] [stderr]     Checking ppv-lite86 v0.2.21
[INFO] [stderr]     Checking arrow-buffer v56.2.1
[INFO] [stderr]     Checking rand_chacha v0.10.0
[INFO] [stderr]     Checking arrow-data v56.2.1
[INFO] [stderr]     Checking arrow-array v56.2.1
[INFO] [stdout] For more information about this error, try `rustc --explain E0425`.
[INFO] [stdout] 
[INFO] [stderr] error: could not compile `xtask` (lib) due to 4 previous errors; 11 warnings emitted
[INFO] [stderr] warning: build failed, waiting for other jobs to finish...
[INFO] [stdout] For more information about this error, try `rustc --explain E0425`.
[INFO] [stdout] 
[INFO] [stderr] error: could not compile `xtask` (lib test) due to 4 previous errors; 11 warnings emitted
[INFO] running `Command { std: "docker" "inspect" "780ac4073e6dedf755aca64da4d2407be40b2808256a3aeb0356b2664fa2057f", kill_on_drop: false }`
[INFO] running `Command { std: "docker" "rm" "-f" "780ac4073e6dedf755aca64da4d2407be40b2808256a3aeb0356b2664fa2057f", kill_on_drop: false }`
[INFO] [stdout] 780ac4073e6dedf755aca64da4d2407be40b2808256a3aeb0356b2664fa2057f
