[INFO] cloning repository https://github.com/devstroop/pcapng-mcp
[INFO] running `Command { std: "git" "-c" "credential.helper=" "-c" "credential.helper=/workspace/cargo-home/bin/git-credential-null" "clone" "--bare" "https://github.com/devstroop/pcapng-mcp" "/workspace/cache/git-repos/https%3A%2F%2Fgithub.com%2Fdevstroop%2Fpcapng-mcp", kill_on_drop: false }`
[INFO] [stderr] Cloning into bare repository '/workspace/cache/git-repos/https%3A%2F%2Fgithub.com%2Fdevstroop%2Fpcapng-mcp'...
[INFO] running `Command { std: "git" "rev-parse" "HEAD", kill_on_drop: false }`
[INFO] [stdout] e4c0a8ff4139d263ed1f154dcd7b9586ea6d4376
[INFO] checking devstroop/pcapng-mcp against 3154cc1a3e6424e44f438a95007d043ed5ceaaf6 for pr-133502-30
[INFO] running `Command { std: "git" "clone" "/workspace/cache/git-repos/https%3A%2F%2Fgithub.com%2Fdevstroop%2Fpcapng-mcp" "/workspace/builds/worker-5-tc2/source", kill_on_drop: false }`
[INFO] [stderr] Cloning into '/workspace/builds/worker-5-tc2/source'...
[INFO] [stderr] done.
[INFO] started tweaking git repo https://github.com/devstroop/pcapng-mcp
[INFO] finished tweaking git repo https://github.com/devstroop/pcapng-mcp
[INFO] tweaked toml for git repo https://github.com/devstroop/pcapng-mcp written to /workspace/builds/worker-5-tc2/source/Cargo.toml
[INFO] validating manifest of git repo https://github.com/devstroop/pcapng-mcp on toolchain 3154cc1a3e6424e44f438a95007d043ed5ceaaf6
[INFO] running `Command { std: CARGO_HOME="/workspace/cargo-home" RUSTUP_HOME="/workspace/rustup-home" "/workspace/cargo-home/bin/cargo" "+3154cc1a3e6424e44f438a95007d043ed5ceaaf6" "metadata" "--manifest-path" "Cargo.toml" "--no-deps", kill_on_drop: false }`
[INFO] crate git repo https://github.com/devstroop/pcapng-mcp already has a lockfile, it will not be regenerated
[INFO] running `Command { std: CARGO_HOME="/workspace/cargo-home" RUSTUP_HOME="/workspace/rustup-home" "/workspace/cargo-home/bin/cargo" "+3154cc1a3e6424e44f438a95007d043ed5ceaaf6" "fetch" "--manifest-path" "Cargo.toml", kill_on_drop: false }`
[INFO] running `Command { std: "docker" "create" "-v" "/var/lib/crater-agent-workspace/builds/worker-5-tc2/source:/opt/rustwide/workdir:ro,Z" "-v" "/var/lib/crater-agent-workspace/builds/worker-5-tc2/target:/opt/rustwide/target:rw,Z" "-v" "/var/lib/crater-agent-workspace/cargo-home:/opt/rustwide/cargo-home:ro,Z" "-v" "/var/lib/crater-agent-workspace/rustup-home:/opt/rustwide/rustup-home:ro,Z" "-m" "1610612736" "--network" "none" "ghcr.io/rust-lang/crates-build-env/linux@sha256:77db811e55d90add9212f6832c23229e3de5f1c1f9905e8cb07319ea15df73ac" "sleep" "infinity", kill_on_drop: false }`
[INFO] [stdout] 85ec4bae02aaa8c373d5ac8cd825528a45d9cf5e21a509818d1e2a7a8967e7a3
[INFO] running `Command { std: "docker" "start" "85ec4bae02aaa8c373d5ac8cd825528a45d9cf5e21a509818d1e2a7a8967e7a3", kill_on_drop: false }`
[INFO] running `Command { std: "docker" "inspect" "85ec4bae02aaa8c373d5ac8cd825528a45d9cf5e21a509818d1e2a7a8967e7a3", kill_on_drop: false }`
[INFO] running `Command { std: "docker" "exec" "-e" "SOURCE_DIR=/opt/rustwide/workdir" "-e" "CARGO_HOME=/opt/rustwide/cargo-home" "-e" "RUSTUP_HOME=/opt/rustwide/rustup-home" "-e" "CARGO_TARGET_DIR=/opt/rustwide/target" "-w" "/opt/rustwide/workdir" "--user" "0:0" "85ec4bae02aaa8c373d5ac8cd825528a45d9cf5e21a509818d1e2a7a8967e7a3" "/opt/rustwide/cargo-home/bin/cargo" "+3154cc1a3e6424e44f438a95007d043ed5ceaaf6" "metadata" "--no-deps" "--format-version=1", kill_on_drop: false }`
[INFO] running `Command { std: "docker" "inspect" "85ec4bae02aaa8c373d5ac8cd825528a45d9cf5e21a509818d1e2a7a8967e7a3", kill_on_drop: false }`
[INFO] running `Command { std: "docker" "exec" "-e" "SOURCE_DIR=/opt/rustwide/workdir" "-e" "CARGO_HOME=/opt/rustwide/cargo-home" "-e" "RUSTUP_HOME=/opt/rustwide/rustup-home" "-e" "CARGO_TARGET_DIR=/opt/rustwide/target" "-e" "CARGO_INCREMENTAL=0" "-e" "RUST_BACKTRACE=full" "-e" "RUSTFLAGS=--cap-lints=forbid" "-e" "RUSTDOCFLAGS=--cap-lints=forbid" "-w" "/opt/rustwide/workdir" "--user" "0:0" "85ec4bae02aaa8c373d5ac8cd825528a45d9cf5e21a509818d1e2a7a8967e7a3" "/opt/rustwide/cargo-home/bin/cargo" "+3154cc1a3e6424e44f438a95007d043ed5ceaaf6" "check" "--frozen" "--all" "--all-targets" "--message-format=json", kill_on_drop: false }`
[INFO] [stderr]    Compiling syn v2.0.104
[INFO] [stderr]    Compiling libc v0.2.174
[INFO] [stderr]     Checking smallvec v1.15.1
[INFO] [stderr]    Compiling serde v1.0.219
[INFO] [stderr]     Checking tracing-core v0.1.34
[INFO] [stderr]     Checking futures-channel v0.3.31
[INFO] [stderr]     Checking slab v0.4.10
[INFO] [stderr]    Compiling syn v1.0.109
[INFO] [stderr]    Compiling serde_json v1.0.142
[INFO] [stderr]     Checking anstyle-parse v0.2.7
[INFO] [stderr]     Checking anstyle v1.0.11
[INFO] [stderr]     Checking anstyle-query v1.1.3
[INFO] [stderr]    Compiling thiserror v2.0.12
[INFO] [stderr]     Checking colorchoice v1.0.4
[INFO] [stderr]     Checking is_terminal_polyfill v1.70.1
[INFO] [stderr]    Compiling ryu v1.0.20
[INFO] [stderr]    Compiling memchr v2.7.5
[INFO] [stderr]     Checking anstream v0.6.19
[INFO] [stderr]     Checking nom v8.0.0
[INFO] [stderr]     Checking clap_lex v0.7.5
[INFO] [stderr]     Checking log v0.4.27
[INFO] [stderr]    Compiling anyhow v1.0.98
[INFO] [stderr]     Checking tracing-log v0.2.0
[INFO] [stderr]     Checking clap_builder v4.5.42
[INFO] [stderr]     Checking parking_lot_core v0.9.11
[INFO] [stderr]     Checking signal-hook-registry v1.4.5
[INFO] [stderr]     Checking mio v1.0.4
[INFO] [stderr]     Checking parking_lot v0.12.4
[INFO] [stderr]     Checking socket2 v0.6.0
[INFO] [stderr]     Checking byteorder_slice v3.0.0
[INFO] [stderr]     Checking thread_local v1.1.9
[INFO] [stderr]     Checking circular v0.3.0
[INFO] [stderr]     Checking tracing-subscriber v0.3.19
[INFO] [stderr]    Compiling derive-into-owned v0.2.0
[INFO] [stderr]    Compiling darling_core v0.21.0
[INFO] [stderr]    Compiling serde_derive_internals v0.29.1
[INFO] [stderr]    Compiling serde_derive v1.0.219
[INFO] [stderr]    Compiling futures-macro v0.3.31
[INFO] [stderr]    Compiling tokio-macros v2.5.0
[INFO] [stderr]    Compiling ref-cast-impl v1.0.24
[INFO] [stderr]    Compiling schemars_derive v1.0.4
[INFO] [stderr]    Compiling thiserror-impl v2.0.12
[INFO] [stderr]     Checking ref-cast v1.0.24
[INFO] [stderr]    Compiling tracing-attributes v0.1.30
[INFO] [stderr]     Checking tokio v1.47.1
[INFO] [stderr]     Checking futures-util v0.3.31
[INFO] [stderr]    Compiling thiserror-impl v1.0.69
[INFO] [stderr]     Checking rusticata-macros v5.0.0
[INFO] [stderr]     Checking tracing v0.1.41
[INFO] [stderr]    Compiling clap_derive v4.5.41
[INFO] [stderr]     Checking pcap-parser v0.17.0
[INFO] [stderr]    Compiling async-trait v0.1.88
[INFO] [stderr]     Checking thiserror v1.0.69
[INFO] [stderr]     Checking pcap-file v2.0.0
[INFO] [stderr]    Compiling darling_macro v0.21.0
[INFO] [stderr]    Compiling darling v0.21.0
[INFO] [stderr]    Compiling rmcp-macros v0.3.2
[INFO] [stderr]     Checking clap v4.5.42
[INFO] [stderr]     Checking futures-executor v0.3.31
[INFO] [stderr]     Checking futures v0.3.31
[INFO] [stderr]     Checking tokio-util v0.7.15
[INFO] [stderr]     Checking chrono v0.4.41
[INFO] [stderr]     Checking schemars v1.0.4
[INFO] [stderr]     Checking rmcp v0.3.2
[INFO] [stderr]     Checking pcapng-mcp-server v0.1.0 (/opt/rustwide/workdir)
[INFO] [stdout] error[E0432]: unresolved import `pcapng_mcp_server::PcapNGServerHandler`
[INFO] [stdout]  --> examples/test_parse.rs:2:25
[INFO] [stdout]   |
[INFO] [stdout] 2 | use pcapng_mcp_server::{PcapNGServerHandler, ParseFileRequest};
[INFO] [stdout]   |                         ^^^^^^^^^^^^^^^^^^^ no `PcapNGServerHandler` in the root
[INFO] [stdout] 
[INFO] [stdout] 
[INFO] [stdout] error[E0432]: unresolved imports `pcapng_mcp_server::PcapNGServerHandler`, `pcapng_mcp_server::MetadataRequest`
[INFO] [stdout]  --> examples/test_metadata.rs:2:25
[INFO] [stdout]   |
[INFO] [stdout] 2 | use pcapng_mcp_server::{PcapNGServerHandler, MetadataRequest};
[INFO] [stdout]   |                         ^^^^^^^^^^^^^^^^^^^  ^^^^^^^^^^^^^^^ no `MetadataRequest` in the root
[INFO] [stdout]   |                         |
[INFO] [stdout]   |                         no `PcapNGServerHandler` in the root
[INFO] [stdout]   |
[INFO] [stdout] help: a similar name exists in the module
[INFO] [stdout]   |
[INFO] [stdout] 2 | use pcapng_mcp_server::{PcapNGServerHandler, GetMetadataRequest};
[INFO] [stdout]   |                                              +++
[INFO] [stdout] 
[INFO] [stdout] 
[INFO] [stdout] For more information about this error, try `rustc --explain E0432`.
[INFO] [stdout] 
[INFO] [stdout] error[E0063]: missing fields `include_interfaces` and `include_timing` in initializer of `ParseFileRequest`
[INFO] [stdout]   --> examples/test_parse.rs:14:23
[INFO] [stdout]    |
[INFO] [stdout] 14 |         let request = ParseFileRequest {
[INFO] [stdout]    |                       ^^^^^^^^^^^^^^^^ missing `include_interfaces` and `include_timing`
[INFO] [stdout] 
[INFO] [stdout] 
[INFO] [stdout] error[E0432]: unresolved import `pcapng_mcp_server::PcapNGServerHandler`
[INFO] [stdout]  --> examples/test_multiple.rs:2:25
[INFO] [stdout]   |
[INFO] [stdout] 2 | use pcapng_mcp_server::{PcapNGServerHandler, ParseFileRequest};
[INFO] [stdout]   |                         ^^^^^^^^^^^^^^^^^^^ no `PcapNGServerHandler` in the root
[INFO] [stdout] 
[INFO] [stdout] 
[INFO] [stderr] error: could not compile `pcapng-mcp-server` (example "test_metadata") due to 1 previous error
[INFO] [stderr] warning: build failed, waiting for other jobs to finish...
[INFO] [stdout] error[E0308]: mismatched types
[INFO] [stdout]   --> examples/test_parse.rs:15:24
[INFO] [stdout]    |
[INFO] [stdout] 15 |             file_path: test_file.to_path_buf(),
[INFO] [stdout]    |                        ^^^^^^^^^^^^^^^^^^^^^^^ expected `String`, found `PathBuf`
[INFO] [stdout] 
[INFO] [stdout] 
[INFO] [stdout] Some errors have detailed explanations: E0063, E0308, E0432.
[INFO] [stdout] 
[INFO] [stdout] For more information about an error, try `rustc --explain E0063`.
[INFO] [stdout] 
[INFO] [stderr] error: could not compile `pcapng-mcp-server` (example "test_parse") due to 3 previous errors
[INFO] [stdout] error[E0063]: missing fields `include_interfaces` and `include_timing` in initializer of `ParseFileRequest`
[INFO] [stdout]   --> examples/test_multiple.rs:20:27
[INFO] [stdout]    |
[INFO] [stdout] 20 |             let request = ParseFileRequest {
[INFO] [stdout]    |                           ^^^^^^^^^^^^^^^^ missing `include_interfaces` and `include_timing`
[INFO] [stdout] 
[INFO] [stdout] 
[INFO] [stdout] error[E0308]: mismatched types
[INFO] [stdout]   --> examples/test_multiple.rs:21:28
[INFO] [stdout]    |
[INFO] [stdout] 21 |                 file_path: test_file.to_path_buf(),
[INFO] [stdout]    |                            ^^^^^^^^^^^^^^^^^^^^^^^ expected `String`, found `PathBuf`
[INFO] [stdout] 
[INFO] [stdout] 
[INFO] [stdout] Some errors have detailed explanations: E0063, E0308, E0432.
[INFO] [stdout] 
[INFO] [stdout] For more information about an error, try `rustc --explain E0063`.
[INFO] [stdout] 
[INFO] [stderr] error: could not compile `pcapng-mcp-server` (example "test_multiple") due to 3 previous errors
[INFO] [stderr] warning: unused dependency `anyhow`
[INFO] [stderr]  --> Cargo.toml:6:1
[INFO] [stderr]   |
[INFO] [stderr] 6 | anyhow = "1.0"
[INFO] [stderr]   | ^^^^^^^^^^^^^^
[INFO] [stderr]   |
[INFO] [stderr]   = note: `cargo::unused_dependencies` is set to `warn` by default
[INFO] [stderr] help: consider removing the dependency on `anyhow`
[INFO] [stderr] warning: unused dependency `async-trait`
[INFO] [stderr]  --> Cargo.toml:7:1
[INFO] [stderr]   |
[INFO] [stderr] 7 | async-trait = "0.1"
[INFO] [stderr]   | ^^^^^^^^^^^^^^^^^^^
[INFO] [stderr]   |
[INFO] [stderr] help: consider removing the dependency on `async-trait`
[INFO] [stderr] warning: unused dependency `pcap-file`
[INFO] [stderr]  --> Cargo.toml:8:1
[INFO] [stderr]   |
[INFO] [stderr] 8 | pcap-file = "2.0.0"
[INFO] [stderr]   | ^^^^^^^^^^^^^^^^^^^
[INFO] [stderr]   |
[INFO] [stderr] help: consider removing the dependency on `pcap-file`
[INFO] [stderr] warning: `pcapng-mcp-server` (manifest) generated 3 warnings
[INFO] running `Command { std: "docker" "inspect" "85ec4bae02aaa8c373d5ac8cd825528a45d9cf5e21a509818d1e2a7a8967e7a3", kill_on_drop: false }`
[INFO] running `Command { std: "docker" "rm" "-f" "85ec4bae02aaa8c373d5ac8cd825528a45d9cf5e21a509818d1e2a7a8967e7a3", kill_on_drop: false }`
[INFO] [stdout] 85ec4bae02aaa8c373d5ac8cd825528a45d9cf5e21a509818d1e2a7a8967e7a3
