[INFO] cloning repository https://github.com/developer-commit/hv_agent
[INFO] running `Command { std: "git" "-c" "credential.helper=" "-c" "credential.helper=/workspace/cargo-home/bin/git-credential-null" "clone" "--bare" "https://github.com/developer-commit/hv_agent" "/workspace/cache/git-repos/https%3A%2F%2Fgithub.com%2Fdeveloper-commit%2Fhv_agent", kill_on_drop: false }`
[INFO] [stderr] Cloning into bare repository '/workspace/cache/git-repos/https%3A%2F%2Fgithub.com%2Fdeveloper-commit%2Fhv_agent'...
[INFO] running `Command { std: "git" "rev-parse" "HEAD", kill_on_drop: false }`
[INFO] [stdout] 27505dff442e7ad4471336b89ae327db16720ce0
[INFO] checking developer-commit/hv_agent against 3154cc1a3e6424e44f438a95007d043ed5ceaaf6 for pr-133502-30
[INFO] running `Command { std: "git" "clone" "/workspace/cache/git-repos/https%3A%2F%2Fgithub.com%2Fdeveloper-commit%2Fhv_agent" "/workspace/builds/worker-2-tc2/source", kill_on_drop: false }`
[INFO] [stderr] Cloning into '/workspace/builds/worker-2-tc2/source'...
[INFO] [stderr] done.
[INFO] removed /workspace/builds/worker-2-tc2/source/.cargo/config.toml
[INFO] started tweaking git repo https://github.com/developer-commit/hv_agent
[INFO] finished tweaking git repo https://github.com/developer-commit/hv_agent
[INFO] tweaked toml for git repo https://github.com/developer-commit/hv_agent written to /workspace/builds/worker-2-tc2/source/Cargo.toml
[INFO] validating manifest of git repo https://github.com/developer-commit/hv_agent on toolchain 3154cc1a3e6424e44f438a95007d043ed5ceaaf6
[INFO] running `Command { std: CARGO_HOME="/workspace/cargo-home" RUSTUP_HOME="/workspace/rustup-home" "/workspace/cargo-home/bin/cargo" "+3154cc1a3e6424e44f438a95007d043ed5ceaaf6" "metadata" "--manifest-path" "Cargo.toml" "--no-deps", kill_on_drop: false }`
[INFO] crate git repo https://github.com/developer-commit/hv_agent already has a lockfile, it will not be regenerated
[INFO] running `Command { std: CARGO_HOME="/workspace/cargo-home" RUSTUP_HOME="/workspace/rustup-home" "/workspace/cargo-home/bin/cargo" "+3154cc1a3e6424e44f438a95007d043ed5ceaaf6" "fetch" "--manifest-path" "Cargo.toml", kill_on_drop: false }`
[INFO] running `Command { std: "docker" "create" "-v" "/var/lib/crater-agent-workspace/builds/worker-2-tc2/source:/opt/rustwide/workdir:ro,Z" "-v" "/var/lib/crater-agent-workspace/builds/worker-2-tc2/target:/opt/rustwide/target:rw,Z" "-v" "/var/lib/crater-agent-workspace/cargo-home:/opt/rustwide/cargo-home:ro,Z" "-v" "/var/lib/crater-agent-workspace/rustup-home:/opt/rustwide/rustup-home:ro,Z" "-m" "1610612736" "--network" "none" "ghcr.io/rust-lang/crates-build-env/linux@sha256:77db811e55d90add9212f6832c23229e3de5f1c1f9905e8cb07319ea15df73ac" "sleep" "infinity", kill_on_drop: false }`
[INFO] [stdout] 38b340ecd38dee766754fa190249b4f3e9a5285339a55f3988ba32c9d8c42766
[INFO] running `Command { std: "docker" "start" "38b340ecd38dee766754fa190249b4f3e9a5285339a55f3988ba32c9d8c42766", kill_on_drop: false }`
[INFO] running `Command { std: "docker" "inspect" "38b340ecd38dee766754fa190249b4f3e9a5285339a55f3988ba32c9d8c42766", kill_on_drop: false }`
[INFO] running `Command { std: "docker" "exec" "-e" "SOURCE_DIR=/opt/rustwide/workdir" "-e" "CARGO_HOME=/opt/rustwide/cargo-home" "-e" "RUSTUP_HOME=/opt/rustwide/rustup-home" "-e" "CARGO_TARGET_DIR=/opt/rustwide/target" "-w" "/opt/rustwide/workdir" "--user" "0:0" "38b340ecd38dee766754fa190249b4f3e9a5285339a55f3988ba32c9d8c42766" "/opt/rustwide/cargo-home/bin/cargo" "+3154cc1a3e6424e44f438a95007d043ed5ceaaf6" "metadata" "--no-deps" "--format-version=1", kill_on_drop: false }`
[INFO] running `Command { std: "docker" "inspect" "38b340ecd38dee766754fa190249b4f3e9a5285339a55f3988ba32c9d8c42766", kill_on_drop: false }`
[INFO] running `Command { std: "docker" "exec" "-e" "SOURCE_DIR=/opt/rustwide/workdir" "-e" "CARGO_HOME=/opt/rustwide/cargo-home" "-e" "RUSTUP_HOME=/opt/rustwide/rustup-home" "-e" "CARGO_TARGET_DIR=/opt/rustwide/target" "-e" "CARGO_INCREMENTAL=0" "-e" "RUST_BACKTRACE=full" "-e" "RUSTFLAGS=--cap-lints=forbid" "-e" "RUSTDOCFLAGS=--cap-lints=forbid" "-w" "/opt/rustwide/workdir" "--user" "0:0" "38b340ecd38dee766754fa190249b4f3e9a5285339a55f3988ba32c9d8c42766" "/opt/rustwide/cargo-home/bin/cargo" "+3154cc1a3e6424e44f438a95007d043ed5ceaaf6" "check" "--frozen" "--all" "--all-targets" "--message-format=json", kill_on_drop: false }`
[INFO] [stderr]     Checking windows-sys v0.61.2
[INFO] [stderr]    Compiling syn v3.0.4
[INFO] [stderr]    Compiling clap_derive v4.6.4
[INFO] [stderr]     Checking clap v4.6.6
[INFO] [stderr]     Checking hv-agent v0.1.0 (/opt/rustwide/workdir)
[INFO] [stdout] error[E0433]: cannot find `windows` in `os`
[INFO] [stdout]  --> src/service/guest.rs:2:14
[INFO] [stdout]   |
[INFO] [stdout] 2 | use std::os::windows::ffi::OsStrExt;
[INFO] [stdout]   |              ^^^^^^^ could not find `windows` in `os`
[INFO] [stdout]   |
[INFO] [stdout] note: found an item that was configured out
[INFO] [stdout]  --> /rustc/3154cc1a3e6424e44f438a95007d043ed5ceaaf6/library/std/src/os/mod.rs:62:4
[INFO] [stdout]   |
[INFO] [stdout]   = note: the item is gated behind the `windows` feature
[INFO] [stdout] 
[INFO] [stdout] 
[INFO] [stdout] error[E0433]: cannot find `windows` in `os`
[INFO] [stdout]  --> src/service/host.rs:5:14
[INFO] [stdout]   |
[INFO] [stdout] 5 | use std::os::windows::ffi::OsStrExt;
[INFO] [stdout]   |              ^^^^^^^ could not find `windows` in `os`
[INFO] [stdout]   |
[INFO] [stdout] note: found an item that was configured out
[INFO] [stdout]  --> /rustc/3154cc1a3e6424e44f438a95007d043ed5ceaaf6/library/std/src/os/mod.rs:62:4
[INFO] [stdout]   |
[INFO] [stdout]   = note: the item is gated behind the `windows` feature
[INFO] [stdout] 
[INFO] [stdout] 
[INFO] [stdout] error[E0433]: cannot find `windows` in `os`
[INFO] [stdout]  --> src/service/installation.rs:3:14
[INFO] [stdout]   |
[INFO] [stdout] 3 | use std::os::windows::ffi::OsStrExt;
[INFO] [stdout]   |              ^^^^^^^ could not find `windows` in `os`
[INFO] [stdout]   |
[INFO] [stdout] note: found an item that was configured out
[INFO] [stdout]  --> /rustc/3154cc1a3e6424e44f438a95007d043ed5ceaaf6/library/std/src/os/mod.rs:62:4
[INFO] [stdout]   |
[INFO] [stdout]   = note: the item is gated behind the `windows` feature
[INFO] [stdout] 
[INFO] [stdout] 
[INFO] [stdout] error[E0433]: cannot find `windows` in `os`
[INFO] [stdout]   --> src/service/powershell.rs:87:18
[INFO] [stdout]    |
[INFO] [stdout] 87 |     use std::os::windows::process::CommandExt;
[INFO] [stdout]    |                  ^^^^^^^ could not find `windows` in `os`
[INFO] [stdout]    |
[INFO] [stdout] note: found an item that was configured out
[INFO] [stdout]   --> /rustc/3154cc1a3e6424e44f438a95007d043ed5ceaaf6/library/std/src/os/mod.rs:62:4
[INFO] [stdout]    |
[INFO] [stdout]    = note: the item is gated behind the `windows` feature
[INFO] [stdout] 
[INFO] [stdout] 
[INFO] [stdout] error[E0433]: cannot find `windows` in `os`
[INFO] [stdout]    --> src/service/powershell.rs:161:22
[INFO] [stdout]     |
[INFO] [stdout] 161 |         use std::os::windows::process::CommandExt;
[INFO] [stdout]     |                      ^^^^^^^ could not find `windows` in `os`
[INFO] [stdout]     |
[INFO] [stdout] note: found an item that was configured out
[INFO] [stdout]    --> /rustc/3154cc1a3e6424e44f438a95007d043ed5ceaaf6/library/std/src/os/mod.rs:62:4
[INFO] [stdout]     |
[INFO] [stdout]     = note: the item is gated behind the `windows` feature
[INFO] [stdout] 
[INFO] [stdout] 
[INFO] [stdout] error[E0433]: cannot find `windows` in `os`
[INFO] [stdout]  --> src/service/guest.rs:2:14
[INFO] [stdout]   |
[INFO] [stdout] 2 | use std::os::windows::ffi::OsStrExt;
[INFO] [stdout]   |              ^^^^^^^ could not find `windows` in `os`
[INFO] [stdout]   |
[INFO] [stdout] note: found an item that was configured out
[INFO] [stdout]  --> /rustc/3154cc1a3e6424e44f438a95007d043ed5ceaaf6/library/std/src/os/mod.rs:62:4
[INFO] [stdout]   |
[INFO] [stdout]   = note: the item is gated behind the `windows` feature
[INFO] [stdout] 
[INFO] [stdout] 
[INFO] [stdout] error[E0433]: cannot find `windows` in `os`
[INFO] [stdout]  --> src/service/host.rs:5:14
[INFO] [stdout]   |
[INFO] [stdout] 5 | use std::os::windows::ffi::OsStrExt;
[INFO] [stdout]   |              ^^^^^^^ could not find `windows` in `os`
[INFO] [stdout]   |
[INFO] [stdout] note: found an item that was configured out
[INFO] [stdout]  --> /rustc/3154cc1a3e6424e44f438a95007d043ed5ceaaf6/library/std/src/os/mod.rs:62:4
[INFO] [stdout]   |
[INFO] [stdout]   = note: the item is gated behind the `windows` feature
[INFO] [stdout] 
[INFO] [stdout] 
[INFO] [stdout] error[E0433]: cannot find `windows` in `os`
[INFO] [stdout]  --> src/service/installation.rs:3:14
[INFO] [stdout]   |
[INFO] [stdout] 3 | use std::os::windows::ffi::OsStrExt;
[INFO] [stdout]   |              ^^^^^^^ could not find `windows` in `os`
[INFO] [stdout]   |
[INFO] [stdout] note: found an item that was configured out
[INFO] [stdout]  --> /rustc/3154cc1a3e6424e44f438a95007d043ed5ceaaf6/library/std/src/os/mod.rs:62:4
[INFO] [stdout]   |
[INFO] [stdout]   = note: the item is gated behind the `windows` feature
[INFO] [stdout] 
[INFO] [stdout] 
[INFO] [stdout] error[E0433]: cannot find `windows` in `os`
[INFO] [stdout]   --> src/service/powershell.rs:87:18
[INFO] [stdout]    |
[INFO] [stdout] 87 |     use std::os::windows::process::CommandExt;
[INFO] [stdout]    |                  ^^^^^^^ could not find `windows` in `os`
[INFO] [stdout]    |
[INFO] [stdout] note: found an item that was configured out
[INFO] [stdout]   --> /rustc/3154cc1a3e6424e44f438a95007d043ed5ceaaf6/library/std/src/os/mod.rs:62:4
[INFO] [stdout]    |
[INFO] [stdout]    = note: the item is gated behind the `windows` feature
[INFO] [stdout] 
[INFO] [stdout] 
[INFO] [stdout] error[E0433]: cannot find `windows` in `os`
[INFO] [stdout]    --> src/service/powershell.rs:161:22
[INFO] [stdout]     |
[INFO] [stdout] 161 |         use std::os::windows::process::CommandExt;
[INFO] [stdout]     |                      ^^^^^^^ could not find `windows` in `os`
[INFO] [stdout]     |
[INFO] [stdout] note: found an item that was configured out
[INFO] [stdout]    --> /rustc/3154cc1a3e6424e44f438a95007d043ed5ceaaf6/library/std/src/os/mod.rs:62:4
[INFO] [stdout]     |
[INFO] [stdout]     = note: the item is gated behind the `windows` feature
[INFO] [stdout] 
[INFO] [stdout] 
[INFO] [stdout] error[E0599]: no method named `encode_wide` found for reference `&std::ffi::OsStr` in the current scope
[INFO] [stdout]    --> src/service/guest.rs:218:10
[INFO] [stdout]     |
[INFO] [stdout] 217 |     std::ffi::OsStr::new(value)
[INFO] [stdout] 218 |         .encode_wide()
[INFO] [stdout]     |          ^^^^^^^^^^^ method not found in `&std::ffi::OsStr`
[INFO] [stdout] 
[INFO] [stdout] 
[INFO] [stdout] error[E0599]: no method named `encode_wide` found for reference `&std::ffi::OsStr` in the current scope
[INFO] [stdout]    --> src/service/host.rs:518:10
[INFO] [stdout]     |
[INFO] [stdout] 517 |     std::ffi::OsStr::new(value)
[INFO] [stdout] 518 |         .encode_wide()
[INFO] [stdout]     |          ^^^^^^^^^^^ method not found in `&std::ffi::OsStr`
[INFO] [stdout] 
[INFO] [stdout] 
[INFO] [stdout] error[E0599]: no method named `encode_wide` found for reference `&std::ffi::OsStr` in the current scope
[INFO] [stdout]    --> src/service/guest.rs:218:10
[INFO] [stdout]     |
[INFO] [stdout] 217 |     std::ffi::OsStr::new(value)
[INFO] [stdout] 218 |         .encode_wide()
[INFO] [stdout]     |          ^^^^^^^^^^^ method not found in `&std::ffi::OsStr`
[INFO] [stdout] 
[INFO] [stdout] 
[INFO] [stdout] error[E0599]: no method named `encode_wide` found for reference `&std::ffi::OsStr` in the current scope
[INFO] [stdout]    --> src/service/installation.rs:349:10
[INFO] [stdout]     |
[INFO] [stdout] 348 |     std::ffi::OsStr::new(value)
[INFO] [stdout] 349 |         .encode_wide()
[INFO] [stdout]     |          ^^^^^^^^^^^ method not found in `&std::ffi::OsStr`
[INFO] [stdout] 
[INFO] [stdout] 
[INFO] [stdout] error[E0599]: no method named `creation_flags` found for mutable reference `&mut std::process::Command` in the current scope
[INFO] [stdout]    --> src/service/powershell.rs:100:10
[INFO] [stdout]     |
[INFO] [stdout]  89 |     let mut child = Command::new(powershell_path()?)
[INFO] [stdout]  90 |         .args([
[INFO] [stdout]  91 |             "-NoLogo",
[INFO] [stdout]  92 |             "-NoProfile",
[INFO] [stdout]  93 |             "-NonInteractive",
[INFO] [stdout]  94 |             "-Command",
[INFO] [stdout]  95 |             POWERSHELL_WRAPPER,
[INFO] [stdout]  96 |         ])
[INFO] [stdout]  97 |         .stdin(Stdio::piped())
[INFO] [stdout]  98 |         .stdout(Stdio::piped())
[INFO] [stdout]  99 |         .stderr(Stdio::piped())
[INFO] [stdout] 100 |         .creation_flags(CREATE_NO_WINDOW)
[INFO] [stdout]     |          ^^^^^^^^^^^^^^ method not found in `&mut std::process::Command`
[INFO] [stdout] 
[INFO] [stdout] 
[INFO] [stdout] error[E0599]: no method named `creation_flags` found for mutable reference `&mut std::process::Command` in the current scope
[INFO] [stdout]    --> src/service/powershell.rs:168:14
[INFO] [stdout]     |
[INFO] [stdout] 163 |         let mut child = Command::new(powershell_path()?)
[INFO] [stdout] 164 |             .args(["-NoLogo", "-NoProfile"])
[INFO] [stdout] 165 |             .stdin(Stdio::piped())
[INFO] [stdout] 166 |             .stdout(Stdio::piped())
[INFO] [stdout] 167 |             .stderr(Stdio::piped())
[INFO] [stdout] 168 |             .creation_flags(CREATE_NO_WINDOW)
[INFO] [stdout]     |              ^^^^^^^^^^^^^^ method not found in `&mut std::process::Command`
[INFO] [stdout] 
[INFO] [stdout] 
[INFO] [stdout] error[E0599]: no method named `encode_wide` found for reference `&std::ffi::OsStr` in the current scope
[INFO] [stdout]    --> src/service/host.rs:518:10
[INFO] [stdout]     |
[INFO] [stdout] 517 |     std::ffi::OsStr::new(value)
[INFO] [stdout] 518 |         .encode_wide()
[INFO] [stdout]     |          ^^^^^^^^^^^ method not found in `&std::ffi::OsStr`
[INFO] [stdout] 
[INFO] [stdout] 
[INFO] [stdout] error[E0599]: no method named `encode_wide` found for reference `&std::ffi::OsStr` in the current scope
[INFO] [stdout]    --> src/service/installation.rs:349:10
[INFO] [stdout]     |
[INFO] [stdout] 348 |     std::ffi::OsStr::new(value)
[INFO] [stdout] 349 |         .encode_wide()
[INFO] [stdout]     |          ^^^^^^^^^^^ method not found in `&std::ffi::OsStr`
[INFO] [stdout] 
[INFO] [stdout] 
[INFO] [stdout] error[E0599]: no method named `creation_flags` found for mutable reference `&mut std::process::Command` in the current scope
[INFO] [stdout]    --> src/service/powershell.rs:100:10
[INFO] [stdout]     |
[INFO] [stdout]  89 |     let mut child = Command::new(powershell_path()?)
[INFO] [stdout]  90 |         .args([
[INFO] [stdout]  91 |             "-NoLogo",
[INFO] [stdout]  92 |             "-NoProfile",
[INFO] [stdout]  93 |             "-NonInteractive",
[INFO] [stdout]  94 |             "-Command",
[INFO] [stdout]  95 |             POWERSHELL_WRAPPER,
[INFO] [stdout]  96 |         ])
[INFO] [stdout]  97 |         .stdin(Stdio::piped())
[INFO] [stdout]  98 |         .stdout(Stdio::piped())
[INFO] [stdout]  99 |         .stderr(Stdio::piped())
[INFO] [stdout] 100 |         .creation_flags(CREATE_NO_WINDOW)
[INFO] [stdout]     |          ^^^^^^^^^^^^^^ method not found in `&mut std::process::Command`
[INFO] [stdout] 
[INFO] [stdout] 
[INFO] [stdout] error[E0599]: no method named `creation_flags` found for mutable reference `&mut std::process::Command` in the current scope
[INFO] [stdout]    --> src/service/powershell.rs:168:14
[INFO] [stdout]     |
[INFO] [stdout] 163 |         let mut child = Command::new(powershell_path()?)
[INFO] [stdout] 164 |             .args(["-NoLogo", "-NoProfile"])
[INFO] [stdout] 165 |             .stdin(Stdio::piped())
[INFO] [stdout] 166 |             .stdout(Stdio::piped())
[INFO] [stdout] 167 |             .stderr(Stdio::piped())
[INFO] [stdout] 168 |             .creation_flags(CREATE_NO_WINDOW)
[INFO] [stdout]     |              ^^^^^^^^^^^^^^ method not found in `&mut std::process::Command`
[INFO] [stdout] 
[INFO] [stdout] 
[INFO] [stdout] Some errors have detailed explanations: E0433, E0599.
[INFO] [stdout] 
[INFO] [stdout] For more information about an error, try `rustc --explain E0433`.
[INFO] [stdout] 
[INFO] [stderr] error: could not compile `hv-agent` (bin "hv-agent" test) due to 10 previous errors
[INFO] [stderr] warning: build failed, waiting for other jobs to finish...
[INFO] [stdout] Some errors have detailed explanations: E0433, E0599.
[INFO] [stdout] 
[INFO] [stdout] For more information about an error, try `rustc --explain E0433`.
[INFO] [stdout] 
[INFO] [stderr] error: could not compile `hv-agent` (bin "hv-agent") due to 10 previous errors
[INFO] running `Command { std: "docker" "inspect" "38b340ecd38dee766754fa190249b4f3e9a5285339a55f3988ba32c9d8c42766", kill_on_drop: false }`
[INFO] running `Command { std: "docker" "rm" "-f" "38b340ecd38dee766754fa190249b4f3e9a5285339a55f3988ba32c9d8c42766", kill_on_drop: false }`
[INFO] [stdout] 38b340ecd38dee766754fa190249b4f3e9a5285339a55f3988ba32c9d8c42766
