[INFO] cloning repository https://github.com/denypromotins07-spec/HACK-WEBSITE
[INFO] running `Command { std: "git" "-c" "credential.helper=" "-c" "credential.helper=/workspace/cargo-home/bin/git-credential-null" "clone" "--bare" "https://github.com/denypromotins07-spec/HACK-WEBSITE" "/workspace/cache/git-repos/https%3A%2F%2Fgithub.com%2Fdenypromotins07-spec%2FHACK-WEBSITE", kill_on_drop: false }`
[INFO] [stderr] Cloning into bare repository '/workspace/cache/git-repos/https%3A%2F%2Fgithub.com%2Fdenypromotins07-spec%2FHACK-WEBSITE'...
[INFO] running `Command { std: "git" "rev-parse" "HEAD", kill_on_drop: false }`
[INFO] [stdout] 752a721d8e7b4e728129a0168d67a6c0fd27686d
[INFO] checking denypromotins07-spec/HACK-WEBSITE against 3154cc1a3e6424e44f438a95007d043ed5ceaaf6 for pr-133502-30
[INFO] running `Command { std: "git" "clone" "/workspace/cache/git-repos/https%3A%2F%2Fgithub.com%2Fdenypromotins07-spec%2FHACK-WEBSITE" "/workspace/builds/worker-5-tc2/source", kill_on_drop: false }`
[INFO] [stderr] Cloning into '/workspace/builds/worker-5-tc2/source'...
[INFO] [stderr] done.
[INFO] removed /workspace/builds/worker-5-tc2/source/.cargo/config.toml
[INFO] removed /workspace/builds/worker-5-tc2/source/rust-toolchain.toml
[INFO] started tweaking git repo https://github.com/denypromotins07-spec/HACK-WEBSITE
[INFO] finished tweaking git repo https://github.com/denypromotins07-spec/HACK-WEBSITE
[INFO] tweaked toml for git repo https://github.com/denypromotins07-spec/HACK-WEBSITE written to /workspace/builds/worker-5-tc2/source/Cargo.toml
[INFO] validating manifest of git repo https://github.com/denypromotins07-spec/HACK-WEBSITE on toolchain 3154cc1a3e6424e44f438a95007d043ed5ceaaf6
[INFO] running `Command { std: CARGO_HOME="/workspace/cargo-home" RUSTUP_HOME="/workspace/rustup-home" "/workspace/cargo-home/bin/cargo" "+3154cc1a3e6424e44f438a95007d043ed5ceaaf6" "metadata" "--manifest-path" "Cargo.toml" "--no-deps", kill_on_drop: false }`
[INFO] crate git repo https://github.com/denypromotins07-spec/HACK-WEBSITE already has a lockfile, it will not be regenerated
[INFO] running `Command { std: CARGO_HOME="/workspace/cargo-home" RUSTUP_HOME="/workspace/rustup-home" "/workspace/cargo-home/bin/cargo" "+3154cc1a3e6424e44f438a95007d043ed5ceaaf6" "fetch" "--manifest-path" "Cargo.toml", kill_on_drop: false }`
[INFO] running `Command { std: "docker" "create" "-v" "/var/lib/crater-agent-workspace/builds/worker-5-tc2/source:/opt/rustwide/workdir:ro,Z" "-v" "/var/lib/crater-agent-workspace/builds/worker-5-tc2/target:/opt/rustwide/target:rw,Z" "-v" "/var/lib/crater-agent-workspace/cargo-home:/opt/rustwide/cargo-home:ro,Z" "-v" "/var/lib/crater-agent-workspace/rustup-home:/opt/rustwide/rustup-home:ro,Z" "-m" "1610612736" "--network" "none" "ghcr.io/rust-lang/crates-build-env/linux@sha256:77db811e55d90add9212f6832c23229e3de5f1c1f9905e8cb07319ea15df73ac" "sleep" "infinity", kill_on_drop: false }`
[INFO] [stdout] 0f8257ca1939d1ba42827875b8148afc38efe947cd1b6763fbdb2c8caa8745d4
[INFO] running `Command { std: "docker" "start" "0f8257ca1939d1ba42827875b8148afc38efe947cd1b6763fbdb2c8caa8745d4", kill_on_drop: false }`
[INFO] running `Command { std: "docker" "inspect" "0f8257ca1939d1ba42827875b8148afc38efe947cd1b6763fbdb2c8caa8745d4", kill_on_drop: false }`
[INFO] running `Command { std: "docker" "exec" "-e" "SOURCE_DIR=/opt/rustwide/workdir" "-e" "CARGO_HOME=/opt/rustwide/cargo-home" "-e" "RUSTUP_HOME=/opt/rustwide/rustup-home" "-e" "CARGO_TARGET_DIR=/opt/rustwide/target" "-w" "/opt/rustwide/workdir" "--user" "0:0" "0f8257ca1939d1ba42827875b8148afc38efe947cd1b6763fbdb2c8caa8745d4" "/opt/rustwide/cargo-home/bin/cargo" "+3154cc1a3e6424e44f438a95007d043ed5ceaaf6" "metadata" "--no-deps" "--format-version=1", kill_on_drop: false }`
[INFO] running `Command { std: "docker" "inspect" "0f8257ca1939d1ba42827875b8148afc38efe947cd1b6763fbdb2c8caa8745d4", kill_on_drop: false }`
[INFO] running `Command { std: "docker" "exec" "-e" "SOURCE_DIR=/opt/rustwide/workdir" "-e" "CARGO_HOME=/opt/rustwide/cargo-home" "-e" "RUSTUP_HOME=/opt/rustwide/rustup-home" "-e" "CARGO_TARGET_DIR=/opt/rustwide/target" "-e" "CARGO_INCREMENTAL=0" "-e" "RUST_BACKTRACE=full" "-e" "RUSTFLAGS=--cap-lints=forbid" "-e" "RUSTDOCFLAGS=--cap-lints=forbid" "-w" "/opt/rustwide/workdir" "--user" "0:0" "0f8257ca1939d1ba42827875b8148afc38efe947cd1b6763fbdb2c8caa8745d4" "/opt/rustwide/cargo-home/bin/cargo" "+3154cc1a3e6424e44f438a95007d043ed5ceaaf6" "check" "--frozen" "--all" "--all-targets" "--message-format=json", kill_on_drop: false }`
[INFO] [stderr]    Compiling proc-macro2 v1.0.107
[INFO] [stderr]    Compiling quote v1.0.47
[INFO] [stderr]    Compiling unicode-ident v1.0.24
[INFO] [stderr]    Compiling libc v0.2.189
[INFO] [stderr]     Checking stable_deref_trait v1.2.1
[INFO] [stderr]     Checking smallvec v1.15.2
[INFO] [stderr]     Checking cfg-if v1.0.4
[INFO] [stderr]     Checking pin-project-lite v0.2.17
[INFO] [stderr]    Compiling parking_lot_core v0.9.12
[INFO] [stderr]     Checking litemap v0.8.2
[INFO] [stderr]    Compiling serde_core v1.0.229
[INFO] [stderr]     Checking writeable v0.6.3
[INFO] [stderr]     Checking once_cell v1.21.4
[INFO] [stderr]     Checking itoa v1.0.18
[INFO] [stderr]     Checking bytes v1.12.1
[INFO] [stderr]    Compiling crossbeam-utils v0.8.22
[INFO] [stderr]     Checking scopeguard v1.2.0
[INFO] [stderr]     Checking utf8_iter v1.0.4
[INFO] [stderr]    Compiling icu_properties_data v2.2.0
[INFO] [stderr]     Checking memchr v2.8.3
[INFO] [stderr]    Compiling icu_normalizer_data v2.2.0
[INFO] [stderr]     Checking tracing-core v0.1.36
[INFO] [stderr]     Checking lock_api v0.4.14
[INFO] [stderr]    Compiling serde v1.0.229
[INFO] [stderr]     Checking futures-core v0.3.33
[INFO] [stderr]    Compiling shlex v2.0.1
[INFO] [stderr]    Compiling zmij v1.0.23
[INFO] [stderr]    Compiling find-msvc-tools v0.1.9
[INFO] [stderr]     Checking fnv v1.0.7
[INFO] [stderr]     Checking aho-corasick v1.1.5
[INFO] [stderr]     Checking http v0.2.12
[INFO] [stderr]    Compiling syn v2.0.119
[INFO] [stderr]    Compiling syn v3.0.3
[INFO] [stderr]    Compiling cc v1.4.0
[INFO] [stderr]     Checking futures-task v0.3.33
[INFO] [stderr]    Compiling httparse v1.10.1
[INFO] [stderr]     Checking utf8parse v0.2.2
[INFO] [stderr]    Compiling crossbeam-epoch v0.9.20
[INFO] [stderr]     Checking futures-sink v0.3.33
[INFO] [stderr]     Checking errno v0.3.14
[INFO] [stderr]     Checking signal-hook-registry v1.4.8
[INFO] [stderr]     Checking mio v1.2.2
[INFO] [stderr]     Checking parking_lot v0.12.5
[INFO] [stderr]     Checking socket2 v0.6.5
[INFO] [stderr]     Checking equivalent v1.0.2
[INFO] [stderr]    Compiling serde_json v1.0.151
[INFO] [stderr]     Checking percent-encoding v2.3.2
[INFO] [stderr]     Checking regex-syntax v0.8.11
[INFO] [stderr]     Checking hashbrown v0.17.1
[INFO] [stderr]     Checking form_urlencoded v1.2.2
[INFO] [stderr]     Checking anstyle-parse v1.0.0
[INFO] [stderr]     Checking futures-util v0.3.33
[INFO] [stderr]     Checking is_terminal_polyfill v1.70.2
[INFO] [stderr]     Checking anstyle v1.0.14
[INFO] [stderr]     Checking colorchoice v1.0.5
[INFO] [stderr]     Checking log v0.4.33
[INFO] [stderr]     Checking indexmap v2.14.0
[INFO] [stderr]    Compiling libmimalloc-sys v0.1.49
[INFO] [stderr]     Checking anstyle-query v1.1.5
[INFO] [stderr]     Checking try-lock v0.2.5
[INFO] [stderr]     Checking slab v0.4.12
[INFO] [stderr]    Compiling crossbeam-deque v0.8.7
[INFO] [stderr]     Checking want v0.3.1
[INFO] [stderr]     Checking anstream v1.0.0
[INFO] [stderr]     Checking regex-automata v0.4.16
[INFO] [stderr]     Checking http-body v0.4.6
[INFO] [stderr]     Checking socket2 v0.5.10
[INFO] [stderr]     Checking futures-channel v0.3.33
[INFO] [stderr]     Checking tower-service v0.3.3
[INFO] [stderr]     Checking ryu v1.0.23
[INFO] [stderr]    Compiling heck v0.5.0
[INFO] [stderr]     Checking httpdate v1.0.3
[INFO] [stderr]     Checking strsim v0.11.1
[INFO] [stderr]     Checking lazy_static v1.5.0
[INFO] [stderr]    Compiling thiserror v1.0.69
[INFO] [stderr]     Checking clap_lex v1.1.0
[INFO] [stderr]     Checking sharded-slab v0.1.7
[INFO] [stderr]     Checking serde_urlencoded v0.7.1
[INFO] [stderr]     Checking clap_builder v4.6.5
[INFO] [stderr]     Checking tracing-serde v0.2.0
[INFO] [stderr]     Checking tracing-log v0.2.0
[INFO] [stderr]     Checking crossbeam-channel v0.5.16
[INFO] [stderr]     Checking crossbeam-queue v0.3.13
[INFO] [stderr]     Checking encoding_rs v0.8.35
[INFO] [stderr]     Checking thread_local v1.1.10
[INFO] [stderr]     Checking mime v0.3.17
[INFO] [stderr]     Checking base64 v0.21.7
[INFO] [stderr]     Checking ipnet v2.12.1
[INFO] [stderr]     Checking nu-ansi-term v0.50.3
[INFO] [stderr]     Checking sync_wrapper v0.1.2
[INFO] [stderr]     Checking crossbeam v0.8.4
[INFO] [stderr]     Checking mimalloc v0.1.52
[INFO] [stderr]     Checking xxhash-rust v0.8.18
[INFO] [stderr]     Checking html-escape v0.2.15
[INFO] [stderr]    Compiling displaydoc v0.2.7
[INFO] [stderr]    Compiling tokio-macros v2.7.2
[INFO] [stderr]    Compiling clap_derive v4.6.4
[INFO] [stderr]    Compiling synstructure v0.13.2
[INFO] [stderr]     Checking tokio v1.53.1
[INFO] [stderr]    Compiling zerofrom-derive v0.1.7
[INFO] [stderr]    Compiling yoke-derive v0.8.2
[INFO] [stderr]    Compiling zerovec-derive v0.11.3
[INFO] [stderr]    Compiling tracing-attributes v0.1.31
[INFO] [stderr]    Compiling thiserror-impl v1.0.69
[INFO] [stderr]     Checking matchers v0.2.0
[INFO] [stderr]     Checking regex v1.13.1
[INFO] [stderr]     Checking clap v4.6.5
[INFO] [stderr]     Checking zerofrom v0.1.8
[INFO] [stderr]     Checking yoke v0.8.3
[INFO] [stderr]     Checking tracing v0.1.44
[INFO] [stderr]     Checking zerovec v0.11.6
[INFO] [stderr]     Checking zerotrie v0.2.4
[INFO] [stderr]     Checking tracing-subscriber v0.3.23
[INFO] [stderr]     Checking tinystr v0.8.3
[INFO] [stderr]     Checking potential_utf v0.1.5
[INFO] [stderr]     Checking icu_collections v2.2.0
[INFO] [stderr]     Checking icu_locale_core v2.2.0
[INFO] [stderr]     Checking icu_provider v2.2.0
[INFO] [stderr]     Checking icu_properties v2.2.0
[INFO] [stderr]     Checking icu_normalizer v2.2.0
[INFO] [stderr]     Checking idna_adapter v1.2.2
[INFO] [stderr]     Checking idna v1.1.0
[INFO] [stderr]     Checking tokio-util v0.7.19
[INFO] [stderr]     Checking url v2.5.8
[INFO] [stderr]     Checking h2 v0.3.27
[INFO] [stderr]     Checking hyper v0.14.32
[INFO] [stderr]     Checking reqwest v0.11.27
[INFO] [stderr]     Checking swarm-engine v0.1.0 (/opt/rustwide/workdir)
[INFO] [stdout] error[E0432]: unresolved import `crate::swarm::agent`
[INFO] [stdout]  --> src/swarm/mod.rs:9:19
[INFO] [stdout]   |
[INFO] [stdout] 9 | use crate::swarm::agent::{Agent, AgentBuilder, AgentTask, AgentId};
[INFO] [stdout]   |                   ^^^^^ could not find `agent` in `swarm`
[INFO] [stdout] 
[INFO] [stdout] 
[INFO] [stdout] error[E0432]: unresolved import `crate::swarm::runtime`
[INFO] [stdout]   --> src/swarm/mod.rs:10:19
[INFO] [stdout]    |
[INFO] [stdout] 10 | use crate::swarm::runtime::{SwarmRuntimeConfig, AGENT_COUNT};
[INFO] [stdout]    |                   ^^^^^^^ could not find `runtime` in `swarm`
[INFO] [stdout] 
[INFO] [stdout] 
[INFO] [stdout] error[E0432]: unresolved import `crate::swarm::agent`
[INFO] [stdout]  --> src/swarm/mod.rs:9:19
[INFO] [stdout]   |
[INFO] [stdout] 9 | use crate::swarm::agent::{Agent, AgentBuilder, AgentTask, AgentId};
[INFO] [stdout]   |                   ^^^^^ could not find `agent` in `swarm`
[INFO] [stdout] 
[INFO] [stdout] 
[INFO] [stdout] error[E0432]: unresolved import `crate::swarm::runtime`
[INFO] [stdout]   --> src/swarm/mod.rs:10:19
[INFO] [stdout]    |
[INFO] [stdout] 10 | use crate::swarm::runtime::{SwarmRuntimeConfig, AGENT_COUNT};
[INFO] [stdout]    |                   ^^^^^^^ could not find `runtime` in `swarm`
[INFO] [stdout] 
[INFO] [stdout] 
[INFO] [stdout] error[E0433]: cannot find `agent` in `swarm`
[INFO] [stdout]    --> src/swarm/mod.rs:102:74
[INFO] [stdout]     |
[INFO] [stdout] 102 |     pub async fn get_health_status(&self) -> Vec<(AgentId, crate::swarm::agent::AgentHealth)> {
[INFO] [stdout]     |                                                                          ^^^^^ could not find `agent` in `swarm`
[INFO] [stdout] 
[INFO] [stdout] 
[INFO] [stdout] error[E0603]: unresolved item import `SwarmRuntimeConfig` is private
[INFO] [stdout]   --> src/main.rs:16:34
[INFO] [stdout]    |
[INFO] [stdout] 16 | use swarm::{Swarm, SwarmBuilder, SwarmRuntimeConfig};
[INFO] [stdout]    |                                  ^^^^^^^^^^^^^^^^^^ private unresolved item import
[INFO] [stdout]    |
[INFO] [stdout] note: the unresolved item import `SwarmRuntimeConfig` is defined here
[INFO] [stdout]   --> src/swarm/mod.rs:10:29
[INFO] [stdout]    |
[INFO] [stdout] 10 | use crate::swarm::runtime::{SwarmRuntimeConfig, AGENT_COUNT};
[INFO] [stdout]    |                             ^^^^^^^^^^^^^^^^^^
[INFO] [stdout] 
[INFO] [stdout] 
[INFO] [stdout] warning: unused import: `MutexGuard`
[INFO] [stdout]  --> src/memory/pool.rs:6:26
[INFO] [stdout]   |
[INFO] [stdout] 6 | use parking_lot::{Mutex, MutexGuard};
[INFO] [stdout]   |                          ^^^^^^^^^^
[INFO] [stdout]   |
[INFO] [stdout]   = note: `#[warn(unused_imports)]` (part of `#[warn(unused)]`) on by default
[INFO] [stdout] 
[INFO] [stdout] 
[INFO] [stdout] warning: unused imports: `Arena`, `THREAD_ARENA`, `check_memory_pressure`, `get_arena_mut`, `get_arena`, and `get_total_allocated`
[INFO] [stdout]   --> src/memory/mod.rs:8:5
[INFO] [stdout]    |
[INFO] [stdout]  8 |     check_memory_pressure,
[INFO] [stdout]    |     ^^^^^^^^^^^^^^^^^^^^^
[INFO] [stdout]  9 |     get_arena,
[INFO] [stdout]    |     ^^^^^^^^^
[INFO] [stdout] 10 |     get_arena_mut,
[INFO] [stdout]    |     ^^^^^^^^^^^^^
[INFO] [stdout] 11 |     get_total_allocated,
[INFO] [stdout]    |     ^^^^^^^^^^^^^^^^^^^
[INFO] [stdout] 12 |     Arena,
[INFO] [stdout]    |     ^^^^^
[INFO] [stdout] 13 |     THREAD_ARENA,
[INFO] [stdout]    |     ^^^^^^^^^^^^
[INFO] [stdout] 
[INFO] [stdout] 
[INFO] [stdout] warning: unused imports: `HttpClientPool` and `PooledBuffer`
[INFO] [stdout]   --> src/memory/mod.rs:18:5
[INFO] [stdout]    |
[INFO] [stdout] 18 |     HttpClientPool,
[INFO] [stdout]    |     ^^^^^^^^^^^^^^
[INFO] [stdout] 19 |     PooledBuffer,
[INFO] [stdout]    |     ^^^^^^^^^^^^
[INFO] [stdout] 
[INFO] [stdout] 
[INFO] [stdout] warning: unused import: `OutputFormat`
[INFO] [stdout]  --> src/cli/mod.rs:6:32
[INFO] [stdout]   |
[INFO] [stdout] 6 | pub use args::{Args, Commands, OutputFormat};
[INFO] [stdout]   |                                ^^^^^^^^^^^^
[INFO] [stdout] 
[INFO] [stdout] 
[INFO] [stdout] warning: unused import: `ConfigError`
[INFO] [stdout]  --> src/cli/mod.rs:7:33
[INFO] [stdout]   |
[INFO] [stdout] 7 | pub use config::{ConfigBuilder, ConfigError, SharedConfig};
[INFO] [stdout]   |                                 ^^^^^^^^^^^
[INFO] [stdout] 
[INFO] [stdout] 
[INFO] [stdout] warning: unused import: `global_tracker`
[INFO] [stdout]  --> src/telemetry/metrics.rs:5:68
[INFO] [stdout]   |
[INFO] [stdout] 5 | use crate::memory::{MEMORY_LIMIT_BYTES, MEMORY_CRITICAL_THRESHOLD, global_tracker};
[INFO] [stdout]   |                                                                    ^^^^^^^^^^^^^^
[INFO] [stdout] 
[INFO] [stdout] 
[INFO] [stdout] warning: unused imports: `LoggerConfig`, `LoggerHandle`, `get_logger`, and `init_logger_with_config`
[INFO] [stdout]   --> src/telemetry/mod.rs:9:5
[INFO] [stdout]    |
[INFO] [stdout]  9 |     init_logger_with_config,
[INFO] [stdout]    |     ^^^^^^^^^^^^^^^^^^^^^^^
[INFO] [stdout] 10 |     shutdown_logger,
[INFO] [stdout] 11 |     get_logger,
[INFO] [stdout]    |     ^^^^^^^^^^
[INFO] [stdout] 12 |     LoggerConfig,
[INFO] [stdout]    |     ^^^^^^^^^^^^
[INFO] [stdout] 13 |     LoggerHandle,
[INFO] [stdout]    |     ^^^^^^^^^^^^
[INFO] [stdout] 
[INFO] [stdout] 
[INFO] [stdout] warning: unused imports: `MetricsRegistry`, `MetricsSnapshot`, and `RequestStats`
[INFO] [stdout]   --> src/telemetry/mod.rs:19:5
[INFO] [stdout]    |
[INFO] [stdout] 19 |     MetricsRegistry,
[INFO] [stdout]    |     ^^^^^^^^^^^^^^^
[INFO] [stdout] 20 |     MetricsSnapshot,
[INFO] [stdout]    |     ^^^^^^^^^^^^^^^
[INFO] [stdout] 21 |     RequestStats,
[INFO] [stdout]    |     ^^^^^^^^^^^^
[INFO] [stdout] 
[INFO] [stdout] 
[INFO] [stdout] warning: unused import: `ConfigBuilder`
[INFO] [stdout]   --> src/main.rs:14:27
[INFO] [stdout]    |
[INFO] [stdout] 14 | use cli::{Args, Commands, ConfigBuilder, SharedConfig};
[INFO] [stdout]    |                           ^^^^^^^^^^^^^
[INFO] [stdout] 
[INFO] [stdout] 
[INFO] [stdout] warning: unused import: `Swarm`
[INFO] [stdout]   --> src/main.rs:16:13
[INFO] [stdout]    |
[INFO] [stdout] 16 | use swarm::{Swarm, SwarmBuilder, SwarmRuntimeConfig};
[INFO] [stdout]    |             ^^^^^
[INFO] [stdout] 
[INFO] [stdout] 
[INFO] [stdout] error[E0433]: cannot find `agent` in `swarm`
[INFO] [stdout]    --> src/swarm/mod.rs:102:74
[INFO] [stdout]     |
[INFO] [stdout] 102 |     pub async fn get_health_status(&self) -> Vec<(AgentId, crate::swarm::agent::AgentHealth)> {
[INFO] [stdout]     |                                                                          ^^^^^ could not find `agent` in `swarm`
[INFO] [stdout] 
[INFO] [stdout] 
[INFO] [stdout] error[E0603]: unresolved item import `SwarmRuntimeConfig` is private
[INFO] [stdout]   --> src/main.rs:16:34
[INFO] [stdout]    |
[INFO] [stdout] 16 | use swarm::{Swarm, SwarmBuilder, SwarmRuntimeConfig};
[INFO] [stdout]    |                                  ^^^^^^^^^^^^^^^^^^ private unresolved item import
[INFO] [stdout]    |
[INFO] [stdout] note: the unresolved item import `SwarmRuntimeConfig` is defined here
[INFO] [stdout]   --> src/swarm/mod.rs:10:29
[INFO] [stdout]    |
[INFO] [stdout] 10 | use crate::swarm::runtime::{SwarmRuntimeConfig, AGENT_COUNT};
[INFO] [stdout]    |                             ^^^^^^^^^^^^^^^^^^
[INFO] [stdout] 
[INFO] [stdout] 
[INFO] [stdout] warning: unused import: `MutexGuard`
[INFO] [stdout]  --> src/memory/pool.rs:6:26
[INFO] [stdout]   |
[INFO] [stdout] 6 | use parking_lot::{Mutex, MutexGuard};
[INFO] [stdout]   |                          ^^^^^^^^^^
[INFO] [stdout]   |
[INFO] [stdout]   = note: `#[warn(unused_imports)]` (part of `#[warn(unused)]`) on by default
[INFO] [stdout] 
[INFO] [stdout] 
[INFO] [stdout] warning: unused imports: `Arena`, `THREAD_ARENA`, `check_memory_pressure`, `get_arena_mut`, `get_arena`, and `get_total_allocated`
[INFO] [stdout]   --> src/memory/mod.rs:8:5
[INFO] [stdout]    |
[INFO] [stdout]  8 |     check_memory_pressure,
[INFO] [stdout]    |     ^^^^^^^^^^^^^^^^^^^^^
[INFO] [stdout]  9 |     get_arena,
[INFO] [stdout]    |     ^^^^^^^^^
[INFO] [stdout] 10 |     get_arena_mut,
[INFO] [stdout]    |     ^^^^^^^^^^^^^
[INFO] [stdout] 11 |     get_total_allocated,
[INFO] [stdout]    |     ^^^^^^^^^^^^^^^^^^^
[INFO] [stdout] 12 |     Arena,
[INFO] [stdout]    |     ^^^^^
[INFO] [stdout] 13 |     THREAD_ARENA,
[INFO] [stdout]    |     ^^^^^^^^^^^^
[INFO] [stdout] 
[INFO] [stdout] 
[INFO] [stdout] warning: unused imports: `HttpClientPool` and `PooledBuffer`
[INFO] [stdout]   --> src/memory/mod.rs:18:5
[INFO] [stdout]    |
[INFO] [stdout] 18 |     HttpClientPool,
[INFO] [stdout]    |     ^^^^^^^^^^^^^^
[INFO] [stdout] 19 |     PooledBuffer,
[INFO] [stdout]    |     ^^^^^^^^^^^^
[INFO] [stdout] 
[INFO] [stdout] 
[INFO] [stdout] warning: unused import: `OutputFormat`
[INFO] [stdout]  --> src/cli/mod.rs:6:32
[INFO] [stdout]   |
[INFO] [stdout] 6 | pub use args::{Args, Commands, OutputFormat};
[INFO] [stdout]   |                                ^^^^^^^^^^^^
[INFO] [stdout] 
[INFO] [stdout] 
[INFO] [stdout] warning: unused import: `ConfigError`
[INFO] [stdout]  --> src/cli/mod.rs:7:33
[INFO] [stdout]   |
[INFO] [stdout] 7 | pub use config::{ConfigBuilder, ConfigError, SharedConfig};
[INFO] [stdout]   |                                 ^^^^^^^^^^^
[INFO] [stdout] 
[INFO] [stdout] 
[INFO] [stdout] warning: unused import: `global_tracker`
[INFO] [stdout]  --> src/telemetry/metrics.rs:5:68
[INFO] [stdout]   |
[INFO] [stdout] 5 | use crate::memory::{MEMORY_LIMIT_BYTES, MEMORY_CRITICAL_THRESHOLD, global_tracker};
[INFO] [stdout]   |                                                                    ^^^^^^^^^^^^^^
[INFO] [stdout] 
[INFO] [stdout] 
[INFO] [stdout] warning: unused imports: `LoggerConfig`, `LoggerHandle`, `get_logger`, and `init_logger_with_config`
[INFO] [stdout]   --> src/telemetry/mod.rs:9:5
[INFO] [stdout]    |
[INFO] [stdout]  9 |     init_logger_with_config,
[INFO] [stdout]    |     ^^^^^^^^^^^^^^^^^^^^^^^
[INFO] [stdout] 10 |     shutdown_logger,
[INFO] [stdout] 11 |     get_logger,
[INFO] [stdout]    |     ^^^^^^^^^^
[INFO] [stdout] 12 |     LoggerConfig,
[INFO] [stdout]    |     ^^^^^^^^^^^^
[INFO] [stdout] 13 |     LoggerHandle,
[INFO] [stdout]    |     ^^^^^^^^^^^^
[INFO] [stdout] 
[INFO] [stdout] 
[INFO] [stdout] warning: unused imports: `MetricsRegistry`, `MetricsSnapshot`, and `RequestStats`
[INFO] [stdout]   --> src/telemetry/mod.rs:19:5
[INFO] [stdout]    |
[INFO] [stdout] 19 |     MetricsRegistry,
[INFO] [stdout]    |     ^^^^^^^^^^^^^^^
[INFO] [stdout] 20 |     MetricsSnapshot,
[INFO] [stdout]    |     ^^^^^^^^^^^^^^^
[INFO] [stdout] 21 |     RequestStats,
[INFO] [stdout]    |     ^^^^^^^^^^^^
[INFO] [stdout] 
[INFO] [stdout] 
[INFO] [stdout] warning: unused import: `ConfigBuilder`
[INFO] [stdout]   --> src/main.rs:14:27
[INFO] [stdout]    |
[INFO] [stdout] 14 | use cli::{Args, Commands, ConfigBuilder, SharedConfig};
[INFO] [stdout]    |                           ^^^^^^^^^^^^^
[INFO] [stdout] 
[INFO] [stdout] 
[INFO] [stdout] warning: unused import: `Swarm`
[INFO] [stdout]   --> src/main.rs:16:13
[INFO] [stdout]    |
[INFO] [stdout] 16 | use swarm::{Swarm, SwarmBuilder, SwarmRuntimeConfig};
[INFO] [stdout]    |             ^^^^^
[INFO] [stdout] 
[INFO] [stdout] 
[INFO] [stdout] error[E0599]: no associated function or constant named `parse_from` found for struct `args::Args` in the current scope
[INFO] [stdout]    --> src/cli/config.rs:225:26
[INFO] [stdout]     |
[INFO] [stdout] 225 |         let args = Args::parse_from(["swarm-engine", "--target", "https://example.com"]);
[INFO] [stdout]     |                          ^^^^^^^^^^ associated function or constant not found in `args::Args`
[INFO] [stdout]     |
[INFO] [stdout]    ::: src/cli/args.rs:12:1
[INFO] [stdout]     |
[INFO] [stdout]  12 | pub struct Args {
[INFO] [stdout]     | --------------- associated function or constant `parse_from` not found for this struct
[INFO] [stdout]     |
[INFO] [stdout]     = help: items from traits can only be used if the trait is in scope
[INFO] [stdout] help: trait `Parser` which provides `parse_from` is implemented but not in scope; perhaps you want to import it
[INFO] [stdout]     |
[INFO] [stdout] 221 +     use clap::Parser;
[INFO] [stdout]     |
[INFO] [stdout] help: there is an associated function `try_parse_from` with a similar name
[INFO] [stdout]     |
[INFO] [stdout] 225 |         let args = Args::try_parse_from(["swarm-engine", "--target", "https://example.com"]);
[INFO] [stdout]     |                          ++++
[INFO] [stdout] 
[INFO] [stdout] 
[INFO] [stdout] error[E0596]: cannot borrow `chunk` as mutable, as it is not declared as mutable
[INFO] [stdout]   --> src/memory/arena.rs:56:34
[INFO] [stdout]    |
[INFO] [stdout] 56 |         let chunk_ref = unsafe { chunk.as_mut() };
[INFO] [stdout]    |                                  ^^^^^ cannot borrow as mutable
[INFO] [stdout]    |
[INFO] [stdout] help: consider changing this to be mutable
[INFO] [stdout]    |
[INFO] [stdout] 55 |         let mut chunk = self.current_chunk.unwrap();
[INFO] [stdout]    |             +++
[INFO] [stdout] 
[INFO] [stdout] 
[INFO] [stdout] error: lifetime may not live long enough
[INFO] [stdout]   --> src/memory/arena.rs:95:31
[INFO] [stdout]    |
[INFO] [stdout] 95 |     THREAD_ARENA.try_with(|a| a.borrow()).expect("Arena access failed")
[INFO] [stdout]    |                            -- ^^^^^^^^^^ returning this value requires that `'1` must outlive `'2`
[INFO] [stdout]    |                            ||
[INFO] [stdout]    |                            |return type of closure is std::cell::Ref<'2, Arena>
[INFO] [stdout]    |                            has type `&'1 RefCell<Arena>`
[INFO] [stdout] 
[INFO] [stdout] 
[INFO] [stdout] error: lifetime may not live long enough
[INFO] [stdout]    --> src/memory/arena.rs:100:31
[INFO] [stdout]     |
[INFO] [stdout] 100 |     THREAD_ARENA.try_with(|a| a.borrow_mut()).expect("Arena access failed")
[INFO] [stdout]     |                            -- ^^^^^^^^^^^^^^ returning this value requires that `'1` must outlive `'2`
[INFO] [stdout]     |                            ||
[INFO] [stdout]     |                            |return type of closure is RefMut<'2, Arena>
[INFO] [stdout]     |                            has type `&'1 RefCell<Arena>`
[INFO] [stdout] 
[INFO] [stdout] 
[INFO] [stdout] error[E0596]: cannot borrow `chunk` as mutable, as it is not declared as mutable
[INFO] [stdout]   --> src/memory/arena.rs:56:34
[INFO] [stdout]    |
[INFO] [stdout] 56 |         let chunk_ref = unsafe { chunk.as_mut() };
[INFO] [stdout]    |                                  ^^^^^ cannot borrow as mutable
[INFO] [stdout]    |
[INFO] [stdout] help: consider changing this to be mutable
[INFO] [stdout]    |
[INFO] [stdout] 55 |         let mut chunk = self.current_chunk.unwrap();
[INFO] [stdout]    |             +++
[INFO] [stdout] 
[INFO] [stdout] 
[INFO] [stdout] error: lifetime may not live long enough
[INFO] [stdout]   --> src/memory/arena.rs:95:31
[INFO] [stdout]    |
[INFO] [stdout] 95 |     THREAD_ARENA.try_with(|a| a.borrow()).expect("Arena access failed")
[INFO] [stdout]    |                            -- ^^^^^^^^^^ returning this value requires that `'1` must outlive `'2`
[INFO] [stdout]    |                            ||
[INFO] [stdout]    |                            |return type of closure is std::cell::Ref<'2, arena::Arena>
[INFO] [stdout]    |                            has type `&'1 RefCell<arena::Arena>`
[INFO] [stdout] 
[INFO] [stdout] 
[INFO] [stdout] error: lifetime may not live long enough
[INFO] [stdout]    --> src/memory/arena.rs:100:31
[INFO] [stdout]     |
[INFO] [stdout] 100 |     THREAD_ARENA.try_with(|a| a.borrow_mut()).expect("Arena access failed")
[INFO] [stdout]     |                            -- ^^^^^^^^^^^^^^ returning this value requires that `'1` must outlive `'2`
[INFO] [stdout]     |                            ||
[INFO] [stdout]     |                            |return type of closure is RefMut<'2, arena::Arena>
[INFO] [stdout]     |                            has type `&'1 RefCell<arena::Arena>`
[INFO] [stdout] 
[INFO] [stdout] 
[INFO] [stdout] Some errors have detailed explanations: E0432, E0433, E0596, E0603.
[INFO] [stdout] 
[INFO] [stdout] For more information about an error, try `rustc --explain E0432`.
[INFO] [stdout] 
[INFO] [stderr] error: could not compile `swarm-engine` (bin "swarm-engine") due to 7 previous errors; 10 warnings emitted
[INFO] [stderr] warning: build failed, waiting for other jobs to finish...
[INFO] [stdout] Some errors have detailed explanations: E0432, E0433, E0596, E0599, E0603.
[INFO] [stdout] 
[INFO] [stdout] For more information about an error, try `rustc --explain E0432`.
[INFO] [stdout] 
[INFO] [stderr] error: could not compile `swarm-engine` (bin "swarm-engine" test) due to 8 previous errors; 10 warnings emitted
[INFO] [stderr] warning: unused dependency `crossbeam`
[INFO] [stderr]  --> Cargo.toml:7:1
[INFO] [stderr]   |
[INFO] [stderr] 7 | crossbeam = "0.8"
[INFO] [stderr]   | ^^^^^^^^^^^^^^^^^
[INFO] [stderr]   |
[INFO] [stderr]   = note: `cargo::unused_dependencies` is set to `warn` by default
[INFO] [stderr] help: consider removing the dependency on `crossbeam`
[INFO] [stderr] warning: unused dependency `html-escape`
[INFO] [stderr]  --> Cargo.toml:8:1
[INFO] [stderr]   |
[INFO] [stderr] 8 | html-escape = "0.2"
[INFO] [stderr]   | ^^^^^^^^^^^^^^^^^^^
[INFO] [stderr]   |
[INFO] [stderr] help: consider removing the dependency on `html-escape`
[INFO] [stderr] warning: unused dependency `mimalloc`
[INFO] [stderr]   --> Cargo.toml:19:15
[INFO] [stderr]    |
[INFO] [stderr] 19 | [dependencies.mimalloc]
[INFO] [stderr]    |               ^^^^^^^^^
[INFO] [stderr]    |
[INFO] [stderr] help: consider removing the dependency on `mimalloc`
[INFO] [stderr] warning: unused dependency `regex`
[INFO] [stderr]   --> Cargo.toml:10:1
[INFO] [stderr]    |
[INFO] [stderr] 10 | regex = "1.10"
[INFO] [stderr]    | ^^^^^^^^^^^^^^
[INFO] [stderr]    |
[INFO] [stderr] help: consider removing the dependency on `regex`
[INFO] [stderr] warning: unused dependency `xxhash-rust`
[INFO] [stderr]   --> Cargo.toml:36:15
[INFO] [stderr]    |
[INFO] [stderr] 36 | [dependencies.xxhash-rust]
[INFO] [stderr]    |               ^^^^^^^^^^^^
[INFO] [stderr]    |
[INFO] [stderr] help: consider removing the dependency on `xxhash-rust`
[INFO] [stderr] warning: `swarm-engine` (manifest) generated 5 warnings
[INFO] running `Command { std: "docker" "inspect" "0f8257ca1939d1ba42827875b8148afc38efe947cd1b6763fbdb2c8caa8745d4", kill_on_drop: false }`
[INFO] running `Command { std: "docker" "rm" "-f" "0f8257ca1939d1ba42827875b8148afc38efe947cd1b6763fbdb2c8caa8745d4", kill_on_drop: false }`
[INFO] [stdout] 0f8257ca1939d1ba42827875b8148afc38efe947cd1b6763fbdb2c8caa8745d4
