[INFO] cloning repository https://github.com/denghaoxuan991876906/ClearLine
[INFO] running `Command { std: "git" "-c" "credential.helper=" "-c" "credential.helper=/workspace/cargo-home/bin/git-credential-null" "clone" "--bare" "https://github.com/denghaoxuan991876906/ClearLine" "/workspace/cache/git-repos/https%3A%2F%2Fgithub.com%2Fdenghaoxuan991876906%2FClearLine", kill_on_drop: false }`
[INFO] [stderr] Cloning into bare repository '/workspace/cache/git-repos/https%3A%2F%2Fgithub.com%2Fdenghaoxuan991876906%2FClearLine'...
[INFO] running `Command { std: "git" "rev-parse" "HEAD", kill_on_drop: false }`
[INFO] [stdout] b4ee007b6105dafcc0c5d1c69bd760011f1373c0
[INFO] checking denghaoxuan991876906/ClearLine against 3154cc1a3e6424e44f438a95007d043ed5ceaaf6+rustflags=-Znext-solver=coherence for pr-133502-30
[INFO] running `Command { std: "git" "clone" "/workspace/cache/git-repos/https%3A%2F%2Fgithub.com%2Fdenghaoxuan991876906%2FClearLine" "/workspace/builds/worker-7-tc1/source", kill_on_drop: false }`
[INFO] [stderr] Cloning into '/workspace/builds/worker-7-tc1/source'...
[INFO] [stderr] done.
[INFO] started tweaking git repo https://github.com/denghaoxuan991876906/ClearLine
[INFO] finished tweaking git repo https://github.com/denghaoxuan991876906/ClearLine
[INFO] tweaked toml for git repo https://github.com/denghaoxuan991876906/ClearLine written to /workspace/builds/worker-7-tc1/source/Cargo.toml
[INFO] validating manifest of git repo https://github.com/denghaoxuan991876906/ClearLine on toolchain 3154cc1a3e6424e44f438a95007d043ed5ceaaf6
[INFO] running `Command { std: CARGO_HOME="/workspace/cargo-home" RUSTUP_HOME="/workspace/rustup-home" "/workspace/cargo-home/bin/cargo" "+3154cc1a3e6424e44f438a95007d043ed5ceaaf6" "metadata" "--manifest-path" "Cargo.toml" "--no-deps", kill_on_drop: false }`
[INFO] crate git repo https://github.com/denghaoxuan991876906/ClearLine already has a lockfile, it will not be regenerated
[INFO] running `Command { std: CARGO_HOME="/workspace/cargo-home" RUSTUP_HOME="/workspace/rustup-home" "/workspace/cargo-home/bin/cargo" "+3154cc1a3e6424e44f438a95007d043ed5ceaaf6" "fetch" "--manifest-path" "Cargo.toml", kill_on_drop: false }`
[INFO] [stderr]     Updating crates.io index
[INFO] [stderr]     Updating git repository `https://github.com/Rikorose/DeepFilterNet`
[INFO] [stderr]     Blocking waiting for file lock on package cache
[INFO] [stderr]     Blocking waiting for file lock on package cache
[INFO] [stderr]  Downloading crates ...
[INFO] [stderr]   Downloaded embed-manifest v1.5.0
[INFO] [stderr]   Downloaded zlib-rs v0.6.5
[INFO] [stderr]   Downloaded rubato v0.14.1
[INFO] [stderr]   Downloaded anymap3 v1.1.0
[INFO] [stderr]   Downloaded tract-pulse-opl v0.19.16
[INFO] [stderr]   Downloaded string-interner v0.14.0
[INFO] [stderr]   Downloaded tract-linalg v0.19.16
[INFO] [stderr]   Downloaded tract-pulse v0.19.16
[INFO] [stderr]   Downloaded tract-nnef v0.19.16
[INFO] [stderr]   Downloaded scan_fmt v0.2.6
[INFO] [stderr]   Downloaded enum-ordinalize v3.1.15
[INFO] [stderr]   Downloaded tract-core v0.19.16
[INFO] [stderr]   Downloaded tract-data v0.19.16
[INFO] [stderr]   Downloaded educe v0.4.23
[INFO] [stderr]   Downloaded liquid-core v0.26.11
[INFO] [stderr]   Downloaded kstring v2.0.2
[INFO] [stderr]   Downloaded liquid v0.26.11
[INFO] [stderr]   Downloaded liquid-lib v0.26.11
[INFO] [stderr]   Downloaded tract-onnx-opl v0.19.16
[INFO] [stderr]   Downloaded tract-hir v0.19.16
[INFO] [stderr]   Downloaded liquid-derive v0.26.10
[INFO] [stderr]   Downloaded rust-ini v0.19.0
[INFO] [stderr]   Downloaded tract-onnx v0.19.16
[INFO] [stderr]   Downloaded ordered-multimap v0.6.0
[INFO] [stderr]   Downloaded aec3 v0.3.1
[INFO] running `Command { std: "docker" "create" "-v" "/var/lib/crater-agent-workspace/builds/worker-7-tc1/source:/opt/rustwide/workdir:ro,Z" "-v" "/var/lib/crater-agent-workspace/builds/worker-7-tc1/target:/opt/rustwide/target:rw,Z" "-v" "/var/lib/crater-agent-workspace/cargo-home:/opt/rustwide/cargo-home:ro,Z" "-v" "/var/lib/crater-agent-workspace/rustup-home:/opt/rustwide/rustup-home:ro,Z" "-m" "1610612736" "--network" "none" "ghcr.io/rust-lang/crates-build-env/linux@sha256:77db811e55d90add9212f6832c23229e3de5f1c1f9905e8cb07319ea15df73ac" "sleep" "infinity", kill_on_drop: false }`
[INFO] [stdout] 5f5272c5c2557d110cdb8d950af7810db0191fc06c1eb94e36ef344448fb2f9e
[INFO] running `Command { std: "docker" "start" "5f5272c5c2557d110cdb8d950af7810db0191fc06c1eb94e36ef344448fb2f9e", kill_on_drop: false }`
[INFO] running `Command { std: "docker" "inspect" "5f5272c5c2557d110cdb8d950af7810db0191fc06c1eb94e36ef344448fb2f9e", kill_on_drop: false }`
[INFO] running `Command { std: "docker" "exec" "-e" "SOURCE_DIR=/opt/rustwide/workdir" "-e" "CARGO_HOME=/opt/rustwide/cargo-home" "-e" "RUSTUP_HOME=/opt/rustwide/rustup-home" "-e" "CARGO_TARGET_DIR=/opt/rustwide/target" "-w" "/opt/rustwide/workdir" "--user" "0:0" "5f5272c5c2557d110cdb8d950af7810db0191fc06c1eb94e36ef344448fb2f9e" "/opt/rustwide/cargo-home/bin/cargo" "+3154cc1a3e6424e44f438a95007d043ed5ceaaf6" "metadata" "--no-deps" "--format-version=1", kill_on_drop: false }`
[INFO] running `Command { std: "docker" "inspect" "5f5272c5c2557d110cdb8d950af7810db0191fc06c1eb94e36ef344448fb2f9e", kill_on_drop: false }`
[INFO] running `Command { std: "docker" "exec" "-e" "SOURCE_DIR=/opt/rustwide/workdir" "-e" "CARGO_HOME=/opt/rustwide/cargo-home" "-e" "RUSTUP_HOME=/opt/rustwide/rustup-home" "-e" "CARGO_TARGET_DIR=/opt/rustwide/target" "-e" "CARGO_INCREMENTAL=0" "-e" "RUST_BACKTRACE=full" "-e" "RUSTFLAGS=--cap-lints=forbid -Znext-solver=coherence" "-e" "RUSTDOCFLAGS=--cap-lints=forbid" "-w" "/opt/rustwide/workdir" "--user" "0:0" "5f5272c5c2557d110cdb8d950af7810db0191fc06c1eb94e36ef344448fb2f9e" "/opt/rustwide/cargo-home/bin/cargo" "+3154cc1a3e6424e44f438a95007d043ed5ceaaf6" "check" "--frozen" "--all" "--all-targets" "--message-format=json", kill_on_drop: false }`
[INFO] [stderr]     Checking bitflags v2.13.0
[INFO] [stderr]    Compiling memchr v2.8.2
[INFO] [stderr]    Compiling zerocopy v0.8.52
[INFO] [stderr]    Compiling anyhow v1.0.103
[INFO] [stderr]    Compiling serde_core v1.0.228
[INFO] [stderr]    Compiling libm v0.2.16
[INFO] [stderr]    Compiling serde v1.0.228
[INFO] [stderr]    Compiling either v1.16.0
[INFO] [stderr]    Compiling syn v2.0.118
[INFO] [stderr]     Checking num-integer v0.1.46
[INFO] [stderr]    Compiling time-macros v0.2.31
[INFO] [stderr]    Compiling static_assertions v1.1.0
[INFO] [stderr]     Checking zlib-rs v0.6.5
[INFO] [stderr]    Compiling syn v1.0.109
[INFO] [stderr]    Compiling ahash v0.7.8
[INFO] [stderr]    Compiling anymap2 v0.13.0
[INFO] [stderr]     Checking rustix v1.1.4
[INFO] [stderr]    Compiling itertools v0.14.0
[INFO] [stderr]    Compiling matrixmultiply v0.3.10
[INFO] [stderr]     Checking itertools v0.10.5
[INFO] [stderr]     Checking maplit v1.0.2
[INFO] [stderr]     Checking transpose v0.2.3
[INFO] [stderr]     Checking primal-check v0.3.4
[INFO] [stderr]     Checking bit-vec v0.6.3
[INFO] [stderr]    Compiling libc v0.2.186
[INFO] [stderr]     Checking dyn-clone v1.0.20
[INFO] [stderr]     Checking bit-set v0.5.3
[INFO] [stderr]     Checking hashbrown v0.11.2
[INFO] [stderr]    Compiling tiny-keccak v2.0.2
[INFO] [stderr]     Checking filetime v0.2.29
[INFO] [stderr]     Checking aho-corasick v1.1.4
[INFO] [stderr]    Compiling pest v2.8.7
[INFO] [stderr]     Checking nom v7.1.3
[INFO] [stderr]    Compiling once_cell v1.21.4
[INFO] [stderr]     Checking bytes v1.12.0
[INFO] [stderr]    Compiling num-traits v0.2.19
[INFO] [stderr]     Checking flate2 v1.1.9
[INFO] [stderr]    Compiling time v0.3.53
[INFO] [stderr]     Checking hashbrown v0.13.2
[INFO] [stderr]     Checking regex-automata v0.4.14
[INFO] [stderr]     Checking memmap2 v0.5.10
[INFO] [stderr]     Checking crossbeam-channel v0.5.16
[INFO] [stderr]    Compiling wayland-sys v0.31.11
[INFO] [stderr]    Compiling wayland-backend v0.3.15
[INFO] [stderr]    Compiling getrandom v0.2.17
[INFO] [stderr]    Compiling quick-xml v0.39.4
[INFO] [stderr]     Checking hashbrown v0.17.1
[INFO] [stderr]    Compiling const-random-macro v0.1.16
[INFO] [stderr]    Compiling pest_meta v2.8.7
[INFO] [stderr]    Compiling num-bigint v0.4.8
[INFO] [stderr]     Checking const-random v0.1.18
[INFO] [stderr]    Compiling xml-rs v0.8.28
[INFO] [stderr]     Checking dlv-list v0.5.2
[INFO] [stderr]     Checking arrayvec v0.7.8
[INFO] [stderr]     Checking polycool v0.4.0
[INFO] [stderr]     Checking ordered-multimap v0.6.0
[INFO] [stderr]     Checking tracing-core v0.1.36
[INFO] [stderr]    Compiling winnow v1.0.3
[INFO] [stderr]     Checking kurbo v0.13.1
[INFO] [stderr]     Checking rust-ini v0.19.0
[INFO] [stderr]     Checking tracing v0.1.44
[INFO] [stderr]     Checking euclid v0.22.14
[INFO] [stderr]    Compiling wayland-scanner v0.31.10
[INFO] [stderr]     Checking parking_lot_core v0.9.12
[INFO] [stderr]    Compiling serde_spanned v1.1.1
[INFO] [stderr]    Compiling toml_datetime v1.1.1+spec-1.1.0
[INFO] [stderr]    Compiling gl_generator v0.14.0
[INFO] [stderr]    Compiling toml_parser v1.1.2+spec-1.1.0
[INFO] [stderr]    Compiling ahash v0.8.12
[INFO] [stderr]    Compiling unicode-general-category v1.1.0
[INFO] [stderr]     Checking fearless_simd v0.4.1
[INFO] [stderr]     Checking parking_lot v0.12.5
[INFO] [stderr]     Checking guillotiere v0.7.0
[INFO] [stderr]     Checking rustix v0.38.44
[INFO] [stderr]    Compiling glutin_egl_sys v0.7.1
[INFO] [stderr]    Compiling glutin_glx_sys v0.6.1
[INFO] [stderr]    Compiling toml v1.1.2+spec-1.1.0
[INFO] [stderr]    Compiling ring v0.17.14
[INFO] [stderr]    Compiling winit v0.30.13
[INFO] [stderr]     Checking xattr v1.6.1
[INFO] [stderr]     Checking tar v0.4.46
[INFO] [stderr]     Checking polling v3.11.0
[INFO] [stderr]     Checking gethostname v1.1.0
[INFO] [stderr]     Checking regex v1.12.4
[INFO] [stderr]     Checking calloop v0.14.4
[INFO] [stderr]     Checking x11rb v0.13.2
[INFO] [stderr]    Compiling winresource v0.1.31
[INFO] [stderr]     Checking uuid v1.23.4
[INFO] [stderr]     Checking scan_fmt v0.2.6
[INFO] [stderr]     Checking epaint_default_fonts v0.35.0
[INFO] [stderr]     Checking moxcms v0.8.1
[INFO] [stderr]     Checking png v0.18.1
[INFO] [stderr]     Checking wayland-csd-frame v0.3.0
[INFO] [stderr]     Checking xkbcommon-dl v0.4.2
[INFO] [stderr]     Checking accesskit v0.24.1
[INFO] [stderr]    Compiling glutin v0.32.3
[INFO] [stderr]     Checking memmap2 v0.9.11
[INFO] [stderr]     Checking wayland-client v0.31.14
[INFO] [stderr]    Compiling httparse v1.10.1
[INFO] [stderr]    Compiling glutin-winit v0.5.0
[INFO] [stderr]     Checking http v1.4.2
[INFO] [stderr]    Compiling pest_generator v2.8.7
[INFO] [stderr]    Compiling synstructure v0.13.2
[INFO] [stderr]     Checking bumpalo v3.20.3
[INFO] [stderr]    Compiling embed-manifest v1.5.0
[INFO] [stderr]     Checking dirs-sys v0.5.0
[INFO] [stderr]     Checking indexmap v2.14.0
[INFO] [stderr]    Compiling clearline-app v0.1.2 (/opt/rustwide/workdir/clearline-app)
[INFO] [stderr]     Checking webpki-roots v1.0.8
[INFO] [stderr]     Checking utf8-zero v0.8.1
[INFO] [stderr]     Checking zopfli v0.8.3
[INFO] [stderr]     Checking serde_json v1.0.150
[INFO] [stderr]     Checking directories v6.0.0
[INFO] [stderr]     Checking clearline-lab v0.1.1 (/opt/rustwide/workdir/clearline-lab)
[INFO] [stderr]    Compiling rustls v0.23.41
[INFO] [stderr]    Compiling clearline-setup v0.1.1 (/opt/rustwide/workdir/clearline-setup)
[INFO] [stderr]     Checking ureq-proto v0.6.0
[INFO] [stderr]     Checking clearline-installer-helper v0.1.1 (/opt/rustwide/workdir/clearline-installer-helper)
[INFO] [stderr] warning: clearline-setup@0.1.1: Skipping missing ClearLine setup payload: ClearLine.exe <- /opt/rustwide/workdir/dist/ClearLine.exe
[INFO] [stderr] warning: clearline-setup@0.1.1: Skipping missing ClearLine setup payload: models/deepfilternet/enc.onnx <- /opt/rustwide/workdir/dist/models/deepfilternet/enc.onnx
[INFO] [stderr] warning: clearline-setup@0.1.1: Skipping missing ClearLine setup payload: models/deepfilternet/erb_dec.onnx <- /opt/rustwide/workdir/dist/models/deepfilternet/erb_dec.onnx
[INFO] [stderr] warning: clearline-setup@0.1.1: Skipping missing ClearLine setup payload: models/deepfilternet/df_dec.onnx <- /opt/rustwide/workdir/dist/models/deepfilternet/df_dec.onnx
[INFO] [stderr] warning: clearline-setup@0.1.1: Skipping missing ClearLine setup payload: models/deepfilternet/config.ini <- /opt/rustwide/workdir/dist/models/deepfilternet/config.ini
[INFO] [stderr] warning: clearline-setup@0.1.1: Skipping missing ClearLine setup payload: models/deepfilternet/source.json <- /opt/rustwide/workdir/dist/models/deepfilternet/source.json
[INFO] [stderr] warning: clearline-setup@0.1.1: Skipping missing ClearLine setup payload: installer/clearline-installer-helper.exe <- /opt/rustwide/workdir/target/release/clearline-installer-helper.exe
[INFO] [stderr] warning: clearline-setup@0.1.1: Skipping missing ClearLine setup payload: virtual-audio/vb-cable/VBCABLE_Driver_Pack45.zip <- /opt/rustwide/workdir/third_party/vb-cable/VBCABLE_Driver_Pack45.zip
[INFO] [stderr]    Compiling derive-new v0.5.9
[INFO] [stderr]    Compiling prost-derive v0.11.9
[INFO] [stderr]     Checking zip v6.0.0
[INFO] [stderr]    Compiling zerocopy-derive v0.8.52
[INFO] [stderr]    Compiling serde_derive v1.0.228
[INFO] [stderr]    Compiling liquid-derive v0.26.10
[INFO] [stderr]    Compiling pest_derive v2.8.7
[INFO] [stderr]    Compiling enum-ordinalize v3.1.15
[INFO] [stderr]    Compiling thiserror-impl v2.0.18
[INFO] [stderr]    Compiling thiserror-impl v1.0.69
[INFO] [stderr]    Compiling bytemuck_derive v1.10.2
[INFO] [stderr]    Compiling zerofrom-derive v0.1.7
[INFO] [stderr]    Compiling yoke-derive v0.8.2
[INFO] [stderr]    Compiling educe v0.4.23
[INFO] [stderr]    Compiling zerovec-derive v0.11.3
[INFO] [stderr]    Compiling displaydoc v0.2.6
[INFO] [stderr]     Checking wayland-protocols v0.32.13
[INFO] [stderr]     Checking prost v0.11.9
[INFO] [stderr]     Checking calloop-wayland-source v0.4.1
[INFO] [stderr]     Checking wayland-cursor v0.31.14
[INFO] [stderr]     Checking rustls-webpki v0.103.13
[INFO] [stderr]     Checking thiserror v2.0.18
[INFO] [stderr]     Checking thiserror v1.0.69
[INFO] [stderr]     Checking bytemuck v1.25.0
[INFO] [stderr]     Checking zerofrom v0.1.8
[INFO] [stderr]     Checking calloop v0.13.0
[INFO] [stderr]     Checking yoke v0.8.3
[INFO] [stderr]     Checking font-types v0.11.3
[INFO] [stderr]     Checking color v0.3.3
[INFO] [stderr]     Checking emath v0.35.0
[INFO] [stderr]     Checking zerovec v0.11.6
[INFO] [stderr]     Checking zerotrie v0.2.4
[INFO] [stderr]     Checking image v0.25.10
[INFO] [stderr]     Checking read-fonts v0.39.2
[INFO] [stderr]     Checking ecolor v0.35.0
[INFO] [stderr]     Checking peniko v0.6.1
[INFO] [stderr]     Checking vello_common v0.0.9
[INFO] [stderr]     Checking tinystr v0.8.3
[INFO] [stderr]     Checking potential_utf v0.1.5
[INFO] [stderr]     Checking icu_collections v2.2.0
[INFO] [stderr]     Checking num-complex v0.4.6
[INFO] [stderr]     Checking string-interner v0.14.0
[INFO] [stderr]     Checking icu_locale_core v2.2.0
[INFO] [stderr]    Compiling kstring v2.0.2
[INFO] [stderr]    Compiling liquid-core v0.26.11
[INFO] [stderr]     Checking rustfft v6.4.1
[INFO] [stderr]     Checking ndarray v0.15.6
[INFO] [stderr]     Checking vello_cpu v0.0.9
[INFO] [stderr]     Checking icu_provider v2.2.0
[INFO] [stderr]     Checking icu_properties v2.2.0
[INFO] [stderr]     Checking icu_normalizer v2.2.0
[INFO] [stderr]     Checking arboard v3.6.1
[INFO] [stderr]    Compiling liquid-lib v0.26.11
[INFO] [stderr]     Checking idna_adapter v1.2.2
[INFO] [stderr]     Checking idna v1.1.0
[INFO] [stderr]     Checking url v2.5.8
[INFO] [stderr]     Checking ureq v3.3.0
[INFO] [stderr]     Checking wayland-protocols-experimental v20250721.0.1
[INFO] [stderr]     Checking wayland-protocols-misc v0.3.12
[INFO] [stderr]     Checking wayland-protocols-wlr v0.3.12
[INFO] [stderr]    Compiling liquid v0.26.11
[INFO] [stderr]     Checking webbrowser v1.2.1
[INFO] [stderr]    Compiling half v2.7.1
[INFO] [stderr]    Compiling tract-linalg v0.19.16
[INFO] [stderr]     Checking ppv-lite86 v0.2.21
[INFO] [stderr]     Checking rand_chacha v0.3.1
[INFO] [stderr]     Checking tract-data v0.19.16
[INFO] [stderr]     Checking smithay-client-toolkit v0.20.0
[INFO] [stderr]     Checking rand v0.8.6
[INFO] [stderr]     Checking rand_distr v0.4.3
[INFO] [stderr]     Checking realfft v3.5.0
[INFO] [stderr]     Checking aec3 v0.3.1
[INFO] [stderr]     Checking tract-core v0.19.16
[INFO] [stderr]     Checking rubato v0.14.1
[INFO] [stderr]     Checking smithay-clipboard v0.7.3
[INFO] [stderr]     Checking skrifa v0.42.1
[INFO] [stderr]     Checking harfrust v0.7.0
[INFO] [stderr]     Checking epaint v0.35.0
[INFO] [stderr]     Checking egui v0.35.0
[INFO] [stderr]     Checking egui-winit v0.35.0
[INFO] [stderr]     Checking egui_glow v0.35.0
[INFO] [stderr]     Checking eframe v0.35.0
[INFO] [stderr]     Checking tract-nnef v0.19.16
[INFO] [stderr]     Checking tract-hir v0.19.16
[INFO] [stderr]     Checking tract-pulse-opl v0.19.16
[INFO] [stderr]     Checking tract-onnx-opl v0.19.16
[INFO] [stderr]     Checking tract-pulse v0.19.16
[INFO] [stderr]     Checking tract-onnx v0.19.16
[INFO] [stderr]     Checking deep_filter v0.5.6 (https://github.com/Rikorose/DeepFilterNet?rev=978576aa8400552a4ce9730838c635aa30db5e61#978576aa)
[INFO] [stderr]     Checking clearline-core v0.1.1 (/opt/rustwide/workdir/clearline-core)
[INFO] [stdout] error[E0433]: cannot find module or crate `windows` in this scope
[INFO] [stdout]   --> clearline-app/src/audio_defaults.rs:15:5
[INFO] [stdout]    |
[INFO] [stdout] 15 | use windows::core::{Interface, GUID, HRESULT, PCWSTR, PWSTR};
[INFO] [stdout]    |     ^^^^^^^ use of unresolved module or unlinked crate `windows`
[INFO] [stdout]    |
[INFO] [stdout]    = help: if you wanted to use a crate named `windows`, use `cargo add windows` to add it to your `Cargo.toml`
[INFO] [stdout] 
[INFO] [stdout] 
[INFO] [stdout] error[E0433]: cannot find module or crate `windows` in this scope
[INFO] [stdout]   --> clearline-app/src/audio_defaults.rs:16:5
[INFO] [stdout]    |
[INFO] [stdout] 16 | use windows::Win32::Foundation::{PROPERTYKEY, S_OK};
[INFO] [stdout]    |     ^^^^^^^ use of unresolved module or unlinked crate `windows`
[INFO] [stdout]    |
[INFO] [stdout]    = help: if you wanted to use a crate named `windows`, use `cargo add windows` to add it to your `Cargo.toml`
[INFO] [stdout] 
[INFO] [stdout] 
[INFO] [stdout] error[E0433]: cannot find module or crate `windows` in this scope
[INFO] [stdout]   --> clearline-app/src/audio_defaults.rs:17:5
[INFO] [stdout]    |
[INFO] [stdout] 17 | use windows::Win32::Media::Audio::{
[INFO] [stdout]    |     ^^^^^^^ use of unresolved module or unlinked crate `windows`
[INFO] [stdout]    |
[INFO] [stdout]    = help: if you wanted to use a crate named `windows`, use `cargo add windows` to add it to your `Cargo.toml`
[INFO] [stdout] 
[INFO] [stdout] 
[INFO] [stdout] error[E0433]: cannot find module or crate `windows` in this scope
[INFO] [stdout]   --> clearline-app/src/audio_defaults.rs:21:5
[INFO] [stdout]    |
[INFO] [stdout] 21 | use windows::Win32::System::Com::StructuredStorage::{PropVariantClear, PropVariantToStringAlloc};
[INFO] [stdout]    |     ^^^^^^^ use of unresolved module or unlinked crate `windows`
[INFO] [stdout]    |
[INFO] [stdout]    = help: if you wanted to use a crate named `windows`, use `cargo add windows` to add it to your `Cargo.toml`
[INFO] [stdout] 
[INFO] [stdout] 
[INFO] [stdout] error[E0433]: cannot find module or crate `windows` in this scope
[INFO] [stdout]   --> clearline-app/src/audio_defaults.rs:22:5
[INFO] [stdout]    |
[INFO] [stdout] 22 | use windows::Win32::System::Com::{
[INFO] [stdout]    |     ^^^^^^^ use of unresolved module or unlinked crate `windows`
[INFO] [stdout]    |
[INFO] [stdout]    = help: if you wanted to use a crate named `windows`, use `cargo add windows` to add it to your `Cargo.toml`
[INFO] [stdout] 
[INFO] [stdout] 
[INFO] [stdout] error[E0433]: cannot find module or crate `windows` in this scope
[INFO] [stdout]   --> clearline-app/src/audio_defaults.rs:34:1
[INFO] [stdout]    |
[INFO] [stdout] 34 | windows::core::imp::define_interface!(
[INFO] [stdout]    | ^^^^^^^ use of unresolved module or unlinked crate `windows`
[INFO] [stdout] 
[INFO] [stdout] 
[INFO] [stdout] error[E0433]: cannot find module or crate `windows` in this scope
[INFO] [stdout]   --> clearline-app/src/audio_defaults.rs:39:1
[INFO] [stdout]    |
[INFO] [stdout] 39 | windows::core::imp::interface_hierarchy!(IPolicyConfig, windows::core::IUnknown);
[INFO] [stdout]    | ^^^^^^^ use of unresolved module or unlinked crate `windows`
[INFO] [stdout] 
[INFO] [stdout] 
[INFO] [stdout] error[E0433]: cannot find module or crate `windows` in this scope
[INFO] [stdout]   --> clearline-app/src/audio_defaults.rs:44:17
[INFO] [stdout]    |
[INFO] [stdout] 44 |     pub base__: windows::core::IUnknown_Vtbl,
[INFO] [stdout]    |                 ^^^^^^^ use of unresolved module or unlinked crate `windows`
[INFO] [stdout]    |
[INFO] [stdout]    = help: if you wanted to use a crate named `windows`, use `cargo add windows` to add it to your `Cargo.toml`
[INFO] [stdout] 
[INFO] [stdout] 
[INFO] [stdout] error[E0425]: cannot find type `IPolicyConfig` in this scope
[INFO] [stdout]   --> clearline-app/src/audio_defaults.rs:75:6
[INFO] [stdout]    |
[INFO] [stdout] 75 | impl IPolicyConfig {
[INFO] [stdout]    |      ^^^^^^^^^^^^^ not found in this scope
[INFO] [stdout] 
[INFO] [stdout] 
[INFO] [stdout] error[E0425]: cannot find type `IPolicyConfig` in this scope
[INFO] [stdout]    --> clearline-app/src/audio_defaults.rs:386:30
[INFO] [stdout]     |
[INFO] [stdout] 386 | fn policy_config() -> Result<IPolicyConfig, String> {
[INFO] [stdout]     |                              ^^^^^^^^^^^^^ not found in this scope
[INFO] [stdout]     |
[INFO] [stdout] help: you might be missing a type parameter
[INFO] [stdout]     |
[INFO] [stdout] 386 | fn policy_config<IPolicyConfig>() -> Result<IPolicyConfig, String> {
[INFO] [stdout]     |                 +++++++++++++++
[INFO] [stdout] 
[INFO] [stdout] 
[INFO] [stdout] error[E0433]: cannot find module or crate `windows` in this scope
[INFO] [stdout]   --> clearline-app/src/audio_defaults.rs:15:5
[INFO] [stdout]    |
[INFO] [stdout] 15 | use windows::core::{Interface, GUID, HRESULT, PCWSTR, PWSTR};
[INFO] [stdout]    |     ^^^^^^^ use of unresolved module or unlinked crate `windows`
[INFO] [stdout]    |
[INFO] [stdout]    = help: if you wanted to use a crate named `windows`, use `cargo add windows` to add it to your `Cargo.toml`
[INFO] [stdout] 
[INFO] [stdout] 
[INFO] [stdout] error[E0433]: cannot find module or crate `windows` in this scope
[INFO] [stdout]   --> clearline-app/src/audio_defaults.rs:16:5
[INFO] [stdout]    |
[INFO] [stdout] 16 | use windows::Win32::Foundation::{PROPERTYKEY, S_OK};
[INFO] [stdout]    |     ^^^^^^^ use of unresolved module or unlinked crate `windows`
[INFO] [stdout]    |
[INFO] [stdout]    = help: if you wanted to use a crate named `windows`, use `cargo add windows` to add it to your `Cargo.toml`
[INFO] [stdout] 
[INFO] [stdout] 
[INFO] [stdout] error[E0433]: cannot find module or crate `windows` in this scope
[INFO] [stdout]   --> clearline-app/src/audio_defaults.rs:17:5
[INFO] [stdout]    |
[INFO] [stdout] 17 | use windows::Win32::Media::Audio::{
[INFO] [stdout]    |     ^^^^^^^ use of unresolved module or unlinked crate `windows`
[INFO] [stdout]    |
[INFO] [stdout]    = help: if you wanted to use a crate named `windows`, use `cargo add windows` to add it to your `Cargo.toml`
[INFO] [stdout] 
[INFO] [stdout] 
[INFO] [stdout] error[E0433]: cannot find module or crate `windows` in this scope
[INFO] [stdout]   --> clearline-app/src/audio_defaults.rs:21:5
[INFO] [stdout]    |
[INFO] [stdout] 21 | use windows::Win32::System::Com::StructuredStorage::{PropVariantClear, PropVariantToStringAlloc};
[INFO] [stdout]    |     ^^^^^^^ use of unresolved module or unlinked crate `windows`
[INFO] [stdout]    |
[INFO] [stdout]    = help: if you wanted to use a crate named `windows`, use `cargo add windows` to add it to your `Cargo.toml`
[INFO] [stdout] 
[INFO] [stdout] 
[INFO] [stdout] error[E0433]: cannot find module or crate `windows` in this scope
[INFO] [stdout]   --> clearline-app/src/audio_defaults.rs:22:5
[INFO] [stdout]    |
[INFO] [stdout] 22 | use windows::Win32::System::Com::{
[INFO] [stdout]    |     ^^^^^^^ use of unresolved module or unlinked crate `windows`
[INFO] [stdout]    |
[INFO] [stdout]    = help: if you wanted to use a crate named `windows`, use `cargo add windows` to add it to your `Cargo.toml`
[INFO] [stdout] 
[INFO] [stdout] 
[INFO] [stdout] error[E0433]: cannot find module or crate `windows` in this scope
[INFO] [stdout]   --> clearline-app/src/audio_defaults.rs:34:1
[INFO] [stdout]    |
[INFO] [stdout] 34 | windows::core::imp::define_interface!(
[INFO] [stdout]    | ^^^^^^^ use of unresolved module or unlinked crate `windows`
[INFO] [stdout] 
[INFO] [stdout] 
[INFO] [stdout] error[E0433]: cannot find module or crate `windows` in this scope
[INFO] [stdout]   --> clearline-app/src/audio_defaults.rs:39:1
[INFO] [stdout]    |
[INFO] [stdout] 39 | windows::core::imp::interface_hierarchy!(IPolicyConfig, windows::core::IUnknown);
[INFO] [stdout]    | ^^^^^^^ use of unresolved module or unlinked crate `windows`
[INFO] [stdout] 
[INFO] [stdout] 
[INFO] [stdout] error[E0433]: cannot find module or crate `windows` in this scope
[INFO] [stdout]   --> clearline-app/src/audio_defaults.rs:44:17
[INFO] [stdout]    |
[INFO] [stdout] 44 |     pub base__: windows::core::IUnknown_Vtbl,
[INFO] [stdout]    |                 ^^^^^^^ use of unresolved module or unlinked crate `windows`
[INFO] [stdout]    |
[INFO] [stdout]    = help: if you wanted to use a crate named `windows`, use `cargo add windows` to add it to your `Cargo.toml`
[INFO] [stdout] 
[INFO] [stdout] 
[INFO] [stdout] error[E0425]: cannot find type `IPolicyConfig` in this scope
[INFO] [stdout]   --> clearline-app/src/audio_defaults.rs:75:6
[INFO] [stdout]    |
[INFO] [stdout] 75 | impl IPolicyConfig {
[INFO] [stdout]    |      ^^^^^^^^^^^^^ not found in this scope
[INFO] [stdout] 
[INFO] [stdout] 
[INFO] [stdout] error[E0425]: cannot find type `IPolicyConfig` in this scope
[INFO] [stdout]    --> clearline-app/src/audio_defaults.rs:386:30
[INFO] [stdout]     |
[INFO] [stdout] 386 | fn policy_config() -> Result<IPolicyConfig, String> {
[INFO] [stdout]     |                              ^^^^^^^^^^^^^ not found in this scope
[INFO] [stdout]     |
[INFO] [stdout] help: you might be missing a type parameter
[INFO] [stdout]     |
[INFO] [stdout] 386 | fn policy_config<IPolicyConfig>() -> Result<IPolicyConfig, String> {
[INFO] [stdout]     |                 +++++++++++++++
[INFO] [stdout] 
[INFO] [stdout] 
[INFO] [stdout] Some errors have detailed explanations: E0425, E0433.
[INFO] [stdout] 
[INFO] [stdout] For more information about an error, try `rustc --explain E0425`.
[INFO] [stdout] 
[INFO] [stderr] error: could not compile `clearline-app` (bin "clearline-app") due to 10 previous errors
[INFO] [stderr] warning: build failed, waiting for other jobs to finish...
[INFO] [stdout] Some errors have detailed explanations: E0425, E0433.
[INFO] [stdout] 
[INFO] [stdout] For more information about an error, try `rustc --explain E0425`.
[INFO] [stdout] 
[INFO] [stderr] error: could not compile `clearline-app` (bin "clearline-app" test) due to 10 previous errors
[INFO] [stderr] warning: unused dependency `hound`
[INFO] [stderr]   --> clearline-lab/Cargo.toml:10:1
[INFO] [stderr]    |
[INFO] [stderr] 10 | hound.workspace = true
[INFO] [stderr]    | ^^^^^
[INFO] [stderr]    |
[INFO] [stderr]    = note: `cargo::unused_dependencies` is set to `warn` by default
[INFO] [stderr] help: consider removing the dependency on `hound`
[INFO] [stderr] warning: `clearline-lab` (manifest) generated 1 warning
[INFO] [stderr] warning: unused dependency `zip`
[INFO] [stderr]   --> clearline-setup/Cargo.toml:12:1
[INFO] [stderr]    |
[INFO] [stderr] 12 | zip = { version = "6.0.0", default-features = false, features = ["deflate"] }
[INFO] [stderr]    | ^^^^^^^^^^^^^^^^^^^^^^^^^^^^^^^^^^^^^^^^^^^^^^^^^^^^^^^^^^^^^^^^^^^^^^^^^^^^^
[INFO] [stderr]    |
[INFO] [stderr]    = note: `cargo::unused_dependencies` is set to `warn` by default
[INFO] [stderr] help: consider removing the dependency on `zip`
[INFO] [stderr] warning: `clearline-setup` (manifest) generated 1 warning
[INFO] running `Command { std: "docker" "inspect" "5f5272c5c2557d110cdb8d950af7810db0191fc06c1eb94e36ef344448fb2f9e", kill_on_drop: false }`
[INFO] running `Command { std: "docker" "rm" "-f" "5f5272c5c2557d110cdb8d950af7810db0191fc06c1eb94e36ef344448fb2f9e", kill_on_drop: false }`
[INFO] [stdout] 5f5272c5c2557d110cdb8d950af7810db0191fc06c1eb94e36ef344448fb2f9e
