[INFO] cloning repository https://github.com/delucted/rlox
[INFO] running `Command { std: "git" "-c" "credential.helper=" "-c" "credential.helper=/workspace/cargo-home/bin/git-credential-null" "clone" "--bare" "https://github.com/delucted/rlox" "/workspace/cache/git-repos/https%3A%2F%2Fgithub.com%2Fdelucted%2Frlox", kill_on_drop: false }`
[INFO] [stderr] Cloning into bare repository '/workspace/cache/git-repos/https%3A%2F%2Fgithub.com%2Fdelucted%2Frlox'...
[INFO] running `Command { std: "git" "rev-parse" "HEAD", kill_on_drop: false }`
[INFO] [stdout] bb505b6e88b793c896cd7d1b27c4860abf3b35f3
[INFO] checking delucted/rlox against 3154cc1a3e6424e44f438a95007d043ed5ceaaf6+rustflags=-Znext-solver=coherence for pr-133502-30
[INFO] running `Command { std: "git" "clone" "/workspace/cache/git-repos/https%3A%2F%2Fgithub.com%2Fdelucted%2Frlox" "/workspace/builds/worker-7-tc1/source", kill_on_drop: false }`
[INFO] [stderr] Cloning into '/workspace/builds/worker-7-tc1/source'...
[INFO] [stderr] done.
[INFO] started tweaking git repo https://github.com/delucted/rlox
[INFO] finished tweaking git repo https://github.com/delucted/rlox
[INFO] tweaked toml for git repo https://github.com/delucted/rlox written to /workspace/builds/worker-7-tc1/source/Cargo.toml
[INFO] validating manifest of git repo https://github.com/delucted/rlox on toolchain 3154cc1a3e6424e44f438a95007d043ed5ceaaf6
[INFO] running `Command { std: CARGO_HOME="/workspace/cargo-home" RUSTUP_HOME="/workspace/rustup-home" "/workspace/cargo-home/bin/cargo" "+3154cc1a3e6424e44f438a95007d043ed5ceaaf6" "metadata" "--manifest-path" "Cargo.toml" "--no-deps", kill_on_drop: false }`
[INFO] crate git repo https://github.com/delucted/rlox already has a lockfile, it will not be regenerated
[INFO] running `Command { std: CARGO_HOME="/workspace/cargo-home" RUSTUP_HOME="/workspace/rustup-home" "/workspace/cargo-home/bin/cargo" "+3154cc1a3e6424e44f438a95007d043ed5ceaaf6" "fetch" "--manifest-path" "Cargo.toml", kill_on_drop: false }`
[INFO] running `Command { std: "docker" "create" "-v" "/var/lib/crater-agent-workspace/builds/worker-7-tc1/source:/opt/rustwide/workdir:ro,Z" "-v" "/var/lib/crater-agent-workspace/builds/worker-7-tc1/target:/opt/rustwide/target:rw,Z" "-v" "/var/lib/crater-agent-workspace/cargo-home:/opt/rustwide/cargo-home:ro,Z" "-v" "/var/lib/crater-agent-workspace/rustup-home:/opt/rustwide/rustup-home:ro,Z" "-m" "1610612736" "--network" "none" "ghcr.io/rust-lang/crates-build-env/linux@sha256:77db811e55d90add9212f6832c23229e3de5f1c1f9905e8cb07319ea15df73ac" "sleep" "infinity", kill_on_drop: false }`
[INFO] [stdout] 70a22313344c3c4398c305a43a693bf1d43bf7d67539b8646042740bc151da04
[INFO] running `Command { std: "docker" "start" "70a22313344c3c4398c305a43a693bf1d43bf7d67539b8646042740bc151da04", kill_on_drop: false }`
[INFO] running `Command { std: "docker" "inspect" "70a22313344c3c4398c305a43a693bf1d43bf7d67539b8646042740bc151da04", kill_on_drop: false }`
[INFO] running `Command { std: "docker" "exec" "-e" "SOURCE_DIR=/opt/rustwide/workdir" "-e" "CARGO_HOME=/opt/rustwide/cargo-home" "-e" "RUSTUP_HOME=/opt/rustwide/rustup-home" "-e" "CARGO_TARGET_DIR=/opt/rustwide/target" "-w" "/opt/rustwide/workdir" "--user" "0:0" "70a22313344c3c4398c305a43a693bf1d43bf7d67539b8646042740bc151da04" "/opt/rustwide/cargo-home/bin/cargo" "+3154cc1a3e6424e44f438a95007d043ed5ceaaf6" "metadata" "--no-deps" "--format-version=1", kill_on_drop: false }`
[INFO] running `Command { std: "docker" "inspect" "70a22313344c3c4398c305a43a693bf1d43bf7d67539b8646042740bc151da04", kill_on_drop: false }`
[INFO] running `Command { std: "docker" "exec" "-e" "SOURCE_DIR=/opt/rustwide/workdir" "-e" "CARGO_HOME=/opt/rustwide/cargo-home" "-e" "RUSTUP_HOME=/opt/rustwide/rustup-home" "-e" "CARGO_TARGET_DIR=/opt/rustwide/target" "-e" "CARGO_INCREMENTAL=0" "-e" "RUST_BACKTRACE=full" "-e" "RUSTFLAGS=--cap-lints=forbid -Znext-solver=coherence" "-e" "RUSTDOCFLAGS=--cap-lints=forbid" "-w" "/opt/rustwide/workdir" "--user" "0:0" "70a22313344c3c4398c305a43a693bf1d43bf7d67539b8646042740bc151da04" "/opt/rustwide/cargo-home/bin/cargo" "+3154cc1a3e6424e44f438a95007d043ed5ceaaf6" "check" "--frozen" "--all" "--all-targets" "--message-format=json", kill_on_drop: false }`
[INFO] [stderr]     Checking rlox v0.1.0 (/opt/rustwide/workdir)
[INFO] [stdout] error[E0583]: file not found for module `resolver`
[INFO] [stdout]   --> src/language.rs:11:1
[INFO] [stdout]    |
[INFO] [stdout] 11 | pub mod resolver;
[INFO] [stdout]    | ^^^^^^^^^^^^^^^^^
[INFO] [stdout]    |
[INFO] [stdout]    = help: to create the module `resolver`, create file "src/language/resolver.rs" or "src/language/resolver/mod.rs"
[INFO] [stdout]    = note: if there is a `mod resolver` elsewhere in the crate already, import it with `use crate::...` instead
[INFO] [stdout] 
[INFO] [stdout] 
[INFO] [stdout] error[E0583]: file not found for module `class`
[INFO] [stdout]   --> src/language.rs:12:1
[INFO] [stdout]    |
[INFO] [stdout] 12 | pub mod class;
[INFO] [stdout]    | ^^^^^^^^^^^^^^
[INFO] [stdout]    |
[INFO] [stdout]    = help: to create the module `class`, create file "src/language/class.rs" or "src/language/class/mod.rs"
[INFO] [stdout]    = note: if there is a `mod class` elsewhere in the crate already, import it with `use crate::...` instead
[INFO] [stdout] 
[INFO] [stdout] 
[INFO] [stdout] error[E0583]: file not found for module `resolver`
[INFO] [stdout]   --> src/language.rs:11:1
[INFO] [stdout]    |
[INFO] [stdout] 11 | pub mod resolver;
[INFO] [stdout]    | ^^^^^^^^^^^^^^^^^
[INFO] [stdout]    |
[INFO] [stdout]    = help: to create the module `resolver`, create file "src/language/resolver.rs" or "src/language/resolver/mod.rs"
[INFO] [stdout]    = note: if there is a `mod resolver` elsewhere in the crate already, import it with `use crate::...` instead
[INFO] [stdout] 
[INFO] [stdout] 
[INFO] [stdout] error[E0583]: file not found for module `class`
[INFO] [stdout]   --> src/language.rs:12:1
[INFO] [stdout]    |
[INFO] [stdout] 12 | pub mod class;
[INFO] [stdout]    | ^^^^^^^^^^^^^^
[INFO] [stdout]    |
[INFO] [stdout]    = help: to create the module `class`, create file "src/language/class.rs" or "src/language/class/mod.rs"
[INFO] [stdout]    = note: if there is a `mod class` elsewhere in the crate already, import it with `use crate::...` instead
[INFO] [stdout] 
[INFO] [stdout] 
[INFO] [stdout] warning: unnecessary parentheses around `while` condition
[INFO] [stdout]    --> src/language/parser.rs:579:15
[INFO] [stdout]     |
[INFO] [stdout] 579 |         while (!self.check(TokenType::RightBrace) && !self.end()) {
[INFO] [stdout]     |               ^                                                 ^
[INFO] [stdout]     |
[INFO] [stdout]     = note: `#[warn(unused_parens)]` (part of `#[warn(unused)]`) on by default
[INFO] [stdout] help: remove these parentheses
[INFO] [stdout]     |
[INFO] [stdout] 579 -         while (!self.check(TokenType::RightBrace) && !self.end()) {
[INFO] [stdout] 579 +         while !self.check(TokenType::RightBrace) && !self.end() {
[INFO] [stdout]     |
[INFO] [stdout] 
[INFO] [stdout] 
[INFO] [stdout] warning: unnecessary parentheses around `while` condition
[INFO] [stdout]    --> src/language/parser.rs:579:15
[INFO] [stdout]     |
[INFO] [stdout] 579 |         while (!self.check(TokenType::RightBrace) && !self.end()) {
[INFO] [stdout]     |               ^                                                 ^
[INFO] [stdout]     |
[INFO] [stdout]     = note: `#[warn(unused_parens)]` (part of `#[warn(unused)]`) on by default
[INFO] [stdout] help: remove these parentheses
[INFO] [stdout]     |
[INFO] [stdout] 579 -         while (!self.check(TokenType::RightBrace) && !self.end()) {
[INFO] [stdout] 579 +         while !self.check(TokenType::RightBrace) && !self.end() {
[INFO] [stdout]     |
[INFO] [stdout] 
[INFO] [stdout] 
[INFO] [stdout] For more information about this error, try `rustc --explain E0583`.
[INFO] [stdout] 
[INFO] [stderr] error: could not compile `rlox` (bin "rlox") due to 2 previous errors; 1 warning emitted
[INFO] [stderr] warning: build failed, waiting for other jobs to finish...
[INFO] [stdout] For more information about this error, try `rustc --explain E0583`.
[INFO] [stdout] 
[INFO] [stderr] error: could not compile `rlox` (bin "rlox" test) due to 2 previous errors; 1 warning emitted
[INFO] running `Command { std: "docker" "inspect" "70a22313344c3c4398c305a43a693bf1d43bf7d67539b8646042740bc151da04", kill_on_drop: false }`
[INFO] running `Command { std: "docker" "rm" "-f" "70a22313344c3c4398c305a43a693bf1d43bf7d67539b8646042740bc151da04", kill_on_drop: false }`
[INFO] [stdout] 70a22313344c3c4398c305a43a693bf1d43bf7d67539b8646042740bc151da04
