[INFO] cloning repository https://github.com/decorator-factory/aoc2025-nostd
[INFO] running `Command { std: "git" "-c" "credential.helper=" "-c" "credential.helper=/workspace/cargo-home/bin/git-credential-null" "clone" "--bare" "https://github.com/decorator-factory/aoc2025-nostd" "/workspace/cache/git-repos/https%3A%2F%2Fgithub.com%2Fdecorator-factory%2Faoc2025-nostd", kill_on_drop: false }`
[INFO] [stderr] Cloning into bare repository '/workspace/cache/git-repos/https%3A%2F%2Fgithub.com%2Fdecorator-factory%2Faoc2025-nostd'...
[INFO] running `Command { std: "git" "rev-parse" "HEAD", kill_on_drop: false }`
[INFO] [stdout] 64b720f8d04b171f6211f92c80040b0941abf06e
[INFO] checking decorator-factory/aoc2025-nostd against 3154cc1a3e6424e44f438a95007d043ed5ceaaf6+rustflags=-Znext-solver=coherence for pr-133502-30
[INFO] running `Command { std: "git" "clone" "/workspace/cache/git-repos/https%3A%2F%2Fgithub.com%2Fdecorator-factory%2Faoc2025-nostd" "/workspace/builds/worker-6-tc1/source", kill_on_drop: false }`
[INFO] [stderr] Cloning into '/workspace/builds/worker-6-tc1/source'...
[INFO] [stderr] done.
[INFO] removed /workspace/builds/worker-6-tc1/source/rust-toolchain.toml
[INFO] started tweaking git repo https://github.com/decorator-factory/aoc2025-nostd
[INFO] finished tweaking git repo https://github.com/decorator-factory/aoc2025-nostd
[INFO] tweaked toml for git repo https://github.com/decorator-factory/aoc2025-nostd written to /workspace/builds/worker-6-tc1/source/Cargo.toml
[INFO] validating manifest of git repo https://github.com/decorator-factory/aoc2025-nostd on toolchain 3154cc1a3e6424e44f438a95007d043ed5ceaaf6
[INFO] running `Command { std: CARGO_HOME="/workspace/cargo-home" RUSTUP_HOME="/workspace/rustup-home" "/workspace/cargo-home/bin/cargo" "+3154cc1a3e6424e44f438a95007d043ed5ceaaf6" "metadata" "--manifest-path" "Cargo.toml" "--no-deps", kill_on_drop: false }`
[INFO] crate git repo https://github.com/decorator-factory/aoc2025-nostd already has a lockfile, it will not be regenerated
[INFO] running `Command { std: CARGO_HOME="/workspace/cargo-home" RUSTUP_HOME="/workspace/rustup-home" "/workspace/cargo-home/bin/cargo" "+3154cc1a3e6424e44f438a95007d043ed5ceaaf6" "fetch" "--manifest-path" "Cargo.toml", kill_on_drop: false }`
[INFO] running `Command { std: "docker" "create" "-v" "/var/lib/crater-agent-workspace/builds/worker-6-tc1/source:/opt/rustwide/workdir:ro,Z" "-v" "/var/lib/crater-agent-workspace/builds/worker-6-tc1/target:/opt/rustwide/target:rw,Z" "-v" "/var/lib/crater-agent-workspace/cargo-home:/opt/rustwide/cargo-home:ro,Z" "-v" "/var/lib/crater-agent-workspace/rustup-home:/opt/rustwide/rustup-home:ro,Z" "-m" "1610612736" "--network" "none" "ghcr.io/rust-lang/crates-build-env/linux@sha256:77db811e55d90add9212f6832c23229e3de5f1c1f9905e8cb07319ea15df73ac" "sleep" "infinity", kill_on_drop: false }`
[INFO] [stdout] d037d4bc2776d8e0c6602d5dd80773a392bd9c7570c0071601d057d699fcd26c
[INFO] running `Command { std: "docker" "start" "d037d4bc2776d8e0c6602d5dd80773a392bd9c7570c0071601d057d699fcd26c", kill_on_drop: false }`
[INFO] running `Command { std: "docker" "inspect" "d037d4bc2776d8e0c6602d5dd80773a392bd9c7570c0071601d057d699fcd26c", kill_on_drop: false }`
[INFO] running `Command { std: "docker" "exec" "-e" "SOURCE_DIR=/opt/rustwide/workdir" "-e" "CARGO_HOME=/opt/rustwide/cargo-home" "-e" "RUSTUP_HOME=/opt/rustwide/rustup-home" "-e" "CARGO_TARGET_DIR=/opt/rustwide/target" "-w" "/opt/rustwide/workdir" "--user" "0:0" "d037d4bc2776d8e0c6602d5dd80773a392bd9c7570c0071601d057d699fcd26c" "/opt/rustwide/cargo-home/bin/cargo" "+3154cc1a3e6424e44f438a95007d043ed5ceaaf6" "metadata" "--no-deps" "--format-version=1", kill_on_drop: false }`
[INFO] running `Command { std: "docker" "inspect" "d037d4bc2776d8e0c6602d5dd80773a392bd9c7570c0071601d057d699fcd26c", kill_on_drop: false }`
[INFO] running `Command { std: "docker" "exec" "-e" "SOURCE_DIR=/opt/rustwide/workdir" "-e" "CARGO_HOME=/opt/rustwide/cargo-home" "-e" "RUSTUP_HOME=/opt/rustwide/rustup-home" "-e" "CARGO_TARGET_DIR=/opt/rustwide/target" "-e" "CARGO_INCREMENTAL=0" "-e" "RUST_BACKTRACE=full" "-e" "RUSTFLAGS=--cap-lints=forbid -Znext-solver=coherence" "-e" "RUSTDOCFLAGS=--cap-lints=forbid" "-w" "/opt/rustwide/workdir" "--user" "0:0" "d037d4bc2776d8e0c6602d5dd80773a392bd9c7570c0071601d057d699fcd26c" "/opt/rustwide/cargo-home/bin/cargo" "+3154cc1a3e6424e44f438a95007d043ed5ceaaf6" "check" "--frozen" "--all" "--all-targets" "--message-format=json", kill_on_drop: false }`
[INFO] [stderr]    Compiling libc v0.2.178
[INFO] [stderr]     Checking arrayvec v0.7.6
[INFO] [stderr]     Checking memchr v2.7.6
[INFO] [stderr]     Checking aoc2025-nostd v0.1.0 (/opt/rustwide/workdir)
[INFO] [stdout] warning: the feature `ptr_as_ref_unchecked` has been stable since 1.95.0 and no longer requires an attribute to enable
[INFO] [stdout]  --> src/main.rs:6:12
[INFO] [stdout]   |
[INFO] [stdout] 6 | #![feature(ptr_as_ref_unchecked)]
[INFO] [stdout]   |            ^^^^^^^^^^^^^^^^^^^^
[INFO] [stdout]   |
[INFO] [stdout]   = note: `#[warn(stable_features)]` on by default
[INFO] [stdout] 
[INFO] [stdout] 
[INFO] [stdout] error[E0599]: no associated function or constant named `from_ascii` found for type `u64` in the current scope
[INFO] [stdout]   --> src/day2a.rs:18:25
[INFO] [stdout]    |
[INFO] [stdout] 18 |         let left = u64::from_ascii(left).unwrap();
[INFO] [stdout]    |                         ^^^^^^^^^^ associated function or constant not found in `u64`
[INFO] [stdout]    |
[INFO] [stdout] help: there is an associated function `from_ascii_bytes` with a similar name
[INFO] [stdout]    |
[INFO] [stdout] 18 |         let left = u64::from_ascii_bytes(left).unwrap();
[INFO] [stdout]    |                                   ++++++
[INFO] [stdout] 
[INFO] [stdout] 
[INFO] [stdout] error[E0599]: no associated function or constant named `from_ascii` found for type `u64` in the current scope
[INFO] [stdout]   --> src/day2a.rs:19:26
[INFO] [stdout]    |
[INFO] [stdout] 19 |         let right = u64::from_ascii(right).unwrap();
[INFO] [stdout]    |                          ^^^^^^^^^^ associated function or constant not found in `u64`
[INFO] [stdout]    |
[INFO] [stdout] help: there is an associated function `from_ascii_bytes` with a similar name
[INFO] [stdout]    |
[INFO] [stdout] 19 |         let right = u64::from_ascii_bytes(right).unwrap();
[INFO] [stdout]    |                                    ++++++
[INFO] [stdout] 
[INFO] [stdout] 
[INFO] [stdout] error[E0599]: no associated function or constant named `from_ascii` found for type `u64` in the current scope
[INFO] [stdout]   --> src/day2b.rs:18:25
[INFO] [stdout]    |
[INFO] [stdout] 18 |         let left = u64::from_ascii(left).unwrap();
[INFO] [stdout]    |                         ^^^^^^^^^^ associated function or constant not found in `u64`
[INFO] [stdout]    |
[INFO] [stdout] help: there is an associated function `from_ascii_bytes` with a similar name
[INFO] [stdout]    |
[INFO] [stdout] 18 |         let left = u64::from_ascii_bytes(left).unwrap();
[INFO] [stdout]    |                                   ++++++
[INFO] [stdout] 
[INFO] [stdout] 
[INFO] [stdout] error[E0599]: no associated function or constant named `from_ascii` found for type `u64` in the current scope
[INFO] [stdout]   --> src/day2b.rs:19:26
[INFO] [stdout]    |
[INFO] [stdout] 19 |         let right = u64::from_ascii(right).unwrap();
[INFO] [stdout]    |                          ^^^^^^^^^^ associated function or constant not found in `u64`
[INFO] [stdout]    |
[INFO] [stdout] help: there is an associated function `from_ascii_bytes` with a similar name
[INFO] [stdout]    |
[INFO] [stdout] 19 |         let right = u64::from_ascii_bytes(right).unwrap();
[INFO] [stdout]    |                                    ++++++
[INFO] [stdout] 
[INFO] [stdout] 
[INFO] [stdout] error[E0599]: no associated function or constant named `from_ascii` found for type `u64` in the current scope
[INFO] [stdout]   --> src/day5a.rs:32:33
[INFO] [stdout]    |
[INFO] [stdout] 32 |                 let left = u64::from_ascii(line.get_unchecked(..dash_pos)).unwrap_unchecked();
[INFO] [stdout]    |                                 ^^^^^^^^^^ associated function or constant not found in `u64`
[INFO] [stdout]    |
[INFO] [stdout] help: there is an associated function `from_ascii_bytes` with a similar name
[INFO] [stdout]    |
[INFO] [stdout] 32 |                 let left = u64::from_ascii_bytes(line.get_unchecked(..dash_pos)).unwrap_unchecked();
[INFO] [stdout]    |                                           ++++++
[INFO] [stdout] 
[INFO] [stdout] 
[INFO] [stdout] error[E0599]: no associated function or constant named `from_ascii` found for type `u64` in the current scope
[INFO] [stdout]   --> src/day5a.rs:34:26
[INFO] [stdout]    |
[INFO] [stdout] 34 |                     u64::from_ascii(line.get_unchecked(dash_pos + 1..)).unwrap_unchecked();
[INFO] [stdout]    |                          ^^^^^^^^^^ associated function or constant not found in `u64`
[INFO] [stdout]    |
[INFO] [stdout] help: there is an associated function `from_ascii_bytes` with a similar name
[INFO] [stdout]    |
[INFO] [stdout] 34 |                     u64::from_ascii_bytes(line.get_unchecked(dash_pos + 1..)).unwrap_unchecked();
[INFO] [stdout]    |                                    ++++++
[INFO] [stdout] 
[INFO] [stdout] 
[INFO] [stdout] error[E0599]: no associated function or constant named `from_ascii` found for type `u64` in the current scope
[INFO] [stdout]   --> src/day5a.rs:52:44
[INFO] [stdout]    |
[INFO] [stdout] 52 |                 fridge.push_unchecked(u64::from_ascii(line).unwrap_unchecked());
[INFO] [stdout]    |                                            ^^^^^^^^^^ associated function or constant not found in `u64`
[INFO] [stdout]    |
[INFO] [stdout] help: there is an associated function `from_ascii_bytes` with a similar name
[INFO] [stdout]    |
[INFO] [stdout] 52 |                 fridge.push_unchecked(u64::from_ascii_bytes(line).unwrap_unchecked());
[INFO] [stdout]    |                                                      ++++++
[INFO] [stdout] 
[INFO] [stdout] 
[INFO] [stdout] error[E0599]: no associated function or constant named `from_ascii` found for type `u64` in the current scope
[INFO] [stdout]   --> src/day5b.rs:18:29
[INFO] [stdout]    |
[INFO] [stdout] 18 |             let left = u64::from_ascii(&line[..dash_pos]).unwrap();
[INFO] [stdout]    |                             ^^^^^^^^^^ associated function or constant not found in `u64`
[INFO] [stdout]    |
[INFO] [stdout] help: there is an associated function `from_ascii_bytes` with a similar name
[INFO] [stdout]    |
[INFO] [stdout] 18 |             let left = u64::from_ascii_bytes(&line[..dash_pos]).unwrap();
[INFO] [stdout]    |                                       ++++++
[INFO] [stdout] 
[INFO] [stdout] 
[INFO] [stdout] error[E0599]: no associated function or constant named `from_ascii` found for type `u64` in the current scope
[INFO] [stdout]   --> src/day5b.rs:19:30
[INFO] [stdout]    |
[INFO] [stdout] 19 |             let right = u64::from_ascii(&line[dash_pos + 1..]).unwrap();
[INFO] [stdout]    |                              ^^^^^^^^^^ associated function or constant not found in `u64`
[INFO] [stdout]    |
[INFO] [stdout] help: there is an associated function `from_ascii_bytes` with a similar name
[INFO] [stdout]    |
[INFO] [stdout] 19 |             let right = u64::from_ascii_bytes(&line[dash_pos + 1..]).unwrap();
[INFO] [stdout]    |                                        ++++++
[INFO] [stdout] 
[INFO] [stdout] 
[INFO] [stdout] For more information about this error, try `rustc --explain E0599`.
[INFO] [stdout] 
[INFO] [stderr] error: could not compile `aoc2025-nostd` (bin "aoc2025-nostd") due to 9 previous errors; 1 warning emitted
[INFO] [stderr] warning: build failed, waiting for other jobs to finish...
[INFO] [stdout] warning: the feature `ptr_as_ref_unchecked` has been stable since 1.95.0 and no longer requires an attribute to enable
[INFO] [stdout]  --> src/main.rs:6:12
[INFO] [stdout]   |
[INFO] [stdout] 6 | #![feature(ptr_as_ref_unchecked)]
[INFO] [stdout]   |            ^^^^^^^^^^^^^^^^^^^^
[INFO] [stdout]   |
[INFO] [stdout]   = note: `#[warn(stable_features)]` on by default
[INFO] [stdout] 
[INFO] [stdout] 
[INFO] [stdout] error[E0599]: no associated function or constant named `from_ascii` found for type `u64` in the current scope
[INFO] [stdout]   --> src/day2a.rs:18:25
[INFO] [stdout]    |
[INFO] [stdout] 18 |         let left = u64::from_ascii(left).unwrap();
[INFO] [stdout]    |                         ^^^^^^^^^^ associated function or constant not found in `u64`
[INFO] [stdout]    |
[INFO] [stdout] help: there is an associated function `from_ascii_bytes` with a similar name
[INFO] [stdout]    |
[INFO] [stdout] 18 |         let left = u64::from_ascii_bytes(left).unwrap();
[INFO] [stdout]    |                                   ++++++
[INFO] [stdout] 
[INFO] [stdout] 
[INFO] [stdout] error[E0599]: no associated function or constant named `from_ascii` found for type `u64` in the current scope
[INFO] [stdout]   --> src/day2a.rs:19:26
[INFO] [stdout]    |
[INFO] [stdout] 19 |         let right = u64::from_ascii(right).unwrap();
[INFO] [stdout]    |                          ^^^^^^^^^^ associated function or constant not found in `u64`
[INFO] [stdout]    |
[INFO] [stdout] help: there is an associated function `from_ascii_bytes` with a similar name
[INFO] [stdout]    |
[INFO] [stdout] 19 |         let right = u64::from_ascii_bytes(right).unwrap();
[INFO] [stdout]    |                                    ++++++
[INFO] [stdout] 
[INFO] [stdout] 
[INFO] [stdout] error[E0599]: no associated function or constant named `from_ascii` found for type `u64` in the current scope
[INFO] [stdout]   --> src/day2b.rs:18:25
[INFO] [stdout]    |
[INFO] [stdout] 18 |         let left = u64::from_ascii(left).unwrap();
[INFO] [stdout]    |                         ^^^^^^^^^^ associated function or constant not found in `u64`
[INFO] [stdout]    |
[INFO] [stdout] help: there is an associated function `from_ascii_bytes` with a similar name
[INFO] [stdout]    |
[INFO] [stdout] 18 |         let left = u64::from_ascii_bytes(left).unwrap();
[INFO] [stdout]    |                                   ++++++
[INFO] [stdout] 
[INFO] [stdout] 
[INFO] [stdout] error[E0599]: no associated function or constant named `from_ascii` found for type `u64` in the current scope
[INFO] [stdout]   --> src/day2b.rs:19:26
[INFO] [stdout]    |
[INFO] [stdout] 19 |         let right = u64::from_ascii(right).unwrap();
[INFO] [stdout]    |                          ^^^^^^^^^^ associated function or constant not found in `u64`
[INFO] [stdout]    |
[INFO] [stdout] help: there is an associated function `from_ascii_bytes` with a similar name
[INFO] [stdout]    |
[INFO] [stdout] 19 |         let right = u64::from_ascii_bytes(right).unwrap();
[INFO] [stdout]    |                                    ++++++
[INFO] [stdout] 
[INFO] [stdout] 
[INFO] [stdout] error[E0599]: no associated function or constant named `from_ascii` found for type `u64` in the current scope
[INFO] [stdout]   --> src/day5a.rs:32:33
[INFO] [stdout]    |
[INFO] [stdout] 32 |                 let left = u64::from_ascii(line.get_unchecked(..dash_pos)).unwrap_unchecked();
[INFO] [stdout]    |                                 ^^^^^^^^^^ associated function or constant not found in `u64`
[INFO] [stdout]    |
[INFO] [stdout] help: there is an associated function `from_ascii_bytes` with a similar name
[INFO] [stdout]    |
[INFO] [stdout] 32 |                 let left = u64::from_ascii_bytes(line.get_unchecked(..dash_pos)).unwrap_unchecked();
[INFO] [stdout]    |                                           ++++++
[INFO] [stdout] 
[INFO] [stdout] 
[INFO] [stdout] error[E0599]: no associated function or constant named `from_ascii` found for type `u64` in the current scope
[INFO] [stdout]   --> src/day5a.rs:34:26
[INFO] [stdout]    |
[INFO] [stdout] 34 |                     u64::from_ascii(line.get_unchecked(dash_pos + 1..)).unwrap_unchecked();
[INFO] [stdout]    |                          ^^^^^^^^^^ associated function or constant not found in `u64`
[INFO] [stdout]    |
[INFO] [stdout] help: there is an associated function `from_ascii_bytes` with a similar name
[INFO] [stdout]    |
[INFO] [stdout] 34 |                     u64::from_ascii_bytes(line.get_unchecked(dash_pos + 1..)).unwrap_unchecked();
[INFO] [stdout]    |                                    ++++++
[INFO] [stdout] 
[INFO] [stdout] 
[INFO] [stdout] error[E0599]: no associated function or constant named `from_ascii` found for type `u64` in the current scope
[INFO] [stdout]   --> src/day5a.rs:52:44
[INFO] [stdout]    |
[INFO] [stdout] 52 |                 fridge.push_unchecked(u64::from_ascii(line).unwrap_unchecked());
[INFO] [stdout]    |                                            ^^^^^^^^^^ associated function or constant not found in `u64`
[INFO] [stdout]    |
[INFO] [stdout] help: there is an associated function `from_ascii_bytes` with a similar name
[INFO] [stdout]    |
[INFO] [stdout] 52 |                 fridge.push_unchecked(u64::from_ascii_bytes(line).unwrap_unchecked());
[INFO] [stdout]    |                                                      ++++++
[INFO] [stdout] 
[INFO] [stdout] 
[INFO] [stdout] error[E0599]: no associated function or constant named `from_ascii` found for type `u64` in the current scope
[INFO] [stdout]   --> src/day5b.rs:18:29
[INFO] [stdout]    |
[INFO] [stdout] 18 |             let left = u64::from_ascii(&line[..dash_pos]).unwrap();
[INFO] [stdout]    |                             ^^^^^^^^^^ associated function or constant not found in `u64`
[INFO] [stdout]    |
[INFO] [stdout] help: there is an associated function `from_ascii_bytes` with a similar name
[INFO] [stdout]    |
[INFO] [stdout] 18 |             let left = u64::from_ascii_bytes(&line[..dash_pos]).unwrap();
[INFO] [stdout]    |                                       ++++++
[INFO] [stdout] 
[INFO] [stdout] 
[INFO] [stdout] error[E0599]: no associated function or constant named `from_ascii` found for type `u64` in the current scope
[INFO] [stdout]   --> src/day5b.rs:19:30
[INFO] [stdout]    |
[INFO] [stdout] 19 |             let right = u64::from_ascii(&line[dash_pos + 1..]).unwrap();
[INFO] [stdout]    |                              ^^^^^^^^^^ associated function or constant not found in `u64`
[INFO] [stdout]    |
[INFO] [stdout] help: there is an associated function `from_ascii_bytes` with a similar name
[INFO] [stdout]    |
[INFO] [stdout] 19 |             let right = u64::from_ascii_bytes(&line[dash_pos + 1..]).unwrap();
[INFO] [stdout]    |                                        ++++++
[INFO] [stdout] 
[INFO] [stdout] 
[INFO] [stdout] For more information about this error, try `rustc --explain E0599`.
[INFO] [stdout] 
[INFO] [stderr] error: could not compile `aoc2025-nostd` (bin "aoc2025-nostd" test) due to 9 previous errors; 1 warning emitted
[INFO] [stderr] warning: unused dependency `arrayvec`
[INFO] [stderr]  --> Cargo.toml:1:15
[INFO] [stderr]   |
[INFO] [stderr] 1 | [dependencies.arrayvec]
[INFO] [stderr]   |               ^^^^^^^^^
[INFO] [stderr]   |
[INFO] [stderr]   = note: `cargo::unused_dependencies` is set to `warn` by default
[INFO] [stderr] help: consider removing the dependency on `arrayvec`
[INFO] [stderr] warning: `aoc2025-nostd` (manifest) generated 1 warning
[INFO] running `Command { std: "docker" "inspect" "d037d4bc2776d8e0c6602d5dd80773a392bd9c7570c0071601d057d699fcd26c", kill_on_drop: false }`
[INFO] running `Command { std: "docker" "rm" "-f" "d037d4bc2776d8e0c6602d5dd80773a392bd9c7570c0071601d057d699fcd26c", kill_on_drop: false }`
[INFO] [stdout] d037d4bc2776d8e0c6602d5dd80773a392bd9c7570c0071601d057d699fcd26c
