[INFO] cloning repository https://github.com/deadcaf3/choir
[INFO] running `Command { std: "git" "-c" "credential.helper=" "-c" "credential.helper=/workspace/cargo-home/bin/git-credential-null" "clone" "--bare" "https://github.com/deadcaf3/choir" "/workspace/cache/git-repos/https%3A%2F%2Fgithub.com%2Fdeadcaf3%2Fchoir", kill_on_drop: false }`
[INFO] [stderr] Cloning into bare repository '/workspace/cache/git-repos/https%3A%2F%2Fgithub.com%2Fdeadcaf3%2Fchoir'...
[INFO] running `Command { std: "git" "rev-parse" "HEAD", kill_on_drop: false }`
[INFO] [stdout] 32eea36316391bc7467fdeb9361a101836852b2f
[INFO] checking deadcaf3/choir/32eea36316391bc7467fdeb9361a101836852b2f against 3154cc1a3e6424e44f438a95007d043ed5ceaaf6+rustflags=-Znext-solver=coherence for pr-133502-30
[INFO] running `Command { std: "git" "clone" "/workspace/cache/git-repos/https%3A%2F%2Fgithub.com%2Fdeadcaf3%2Fchoir" "/workspace/builds/worker-3-tc1/source", kill_on_drop: false }`
[INFO] [stderr] Cloning into '/workspace/builds/worker-3-tc1/source'...
[INFO] [stderr] done.
[INFO] removed /workspace/builds/worker-3-tc1/source/.cargo/config.toml
[INFO] removed /workspace/builds/worker-3-tc1/source/rust-toolchain.toml
[INFO] started tweaking git repo https://github.com/deadcaf3/choir
[INFO] finished tweaking git repo https://github.com/deadcaf3/choir
[INFO] tweaked toml for git repo https://github.com/deadcaf3/choir written to /workspace/builds/worker-3-tc1/source/Cargo.toml
[INFO] validating manifest of git repo https://github.com/deadcaf3/choir on toolchain 3154cc1a3e6424e44f438a95007d043ed5ceaaf6
[INFO] running `Command { std: CARGO_HOME="/workspace/cargo-home" RUSTUP_HOME="/workspace/rustup-home" "/workspace/cargo-home/bin/cargo" "+3154cc1a3e6424e44f438a95007d043ed5ceaaf6" "metadata" "--manifest-path" "Cargo.toml" "--no-deps", kill_on_drop: false }`
[INFO] crate git repo https://github.com/deadcaf3/choir already has a lockfile, it will not be regenerated
[INFO] running `Command { std: CARGO_HOME="/workspace/cargo-home" RUSTUP_HOME="/workspace/rustup-home" "/workspace/cargo-home/bin/cargo" "+3154cc1a3e6424e44f438a95007d043ed5ceaaf6" "fetch" "--manifest-path" "Cargo.toml", kill_on_drop: false }`
[INFO] [stderr]     Updating crates.io index
[INFO] [stderr]  Downloading crates ...
[INFO] [stderr]   Downloaded diffy v0.4.2
[INFO] [stderr]   Downloaded fastcdc v3.2.1
[INFO] [stderr]   Downloaded rivetkit v2.3.10
[INFO] [stderr]   Downloaded vbare v0.0.4
[INFO] [stderr]   Downloaded rivetkit-core v2.3.10
[INFO] [stderr]   Downloaded rivetkit-inspector-protocol v2.3.10
[INFO] [stderr]   Downloaded rivetkit-engine-process v2.3.10
[INFO] [stderr]   Downloaded serde_bare v0.5.0
[INFO] [stderr]   Downloaded saa v5.6.0
[INFO] [stderr]   Downloaded sdd v4.8.8
[INFO] [stderr]   Downloaded rivet-vbare-compiler v0.0.5
[INFO] [stderr]   Downloaded rivet-vbare-gen v0.0.5
[INFO] [stderr]   Downloaded rivetkit-shared-types v2.3.10
[INFO] [stderr]   Downloaded scc v3.8.6
[INFO] [stderr]   Downloaded rivet-error v2.3.10
[INFO] [stderr]   Downloaded rivet-error-macros v2.3.10
[INFO] [stderr]   Downloaded rivetkit-client-protocol v2.3.10
[INFO] [stderr]   Downloaded h2 v0.4.16
[INFO] [stderr]   Downloaded rivetkit-actor-persist v2.3.10
[INFO] [stderr]   Downloaded rivet-metrics v2.3.10
[INFO] [stderr]   Downloaded rivet-envoy-client v2.3.10
[INFO] [stderr]   Downloaded tokio-tungstenite v0.26.2
[INFO] [stderr]   Downloaded tungstenite v0.26.2
[INFO] [stderr]   Downloaded rivet-util-serde v2.3.10
[INFO] [stderr]   Downloaded rivet-envoy-protocol v2.3.10
[INFO] [stderr]   Downloaded rivet-depot-client v2.3.10
[INFO] [stderr]   Downloaded croner v2.2.0
[INFO] [stderr]   Downloaded rivet-depot-client-types v2.3.10
[INFO] [stderr]   Downloaded moka v0.12.15
[INFO] [stderr]   Downloaded serde_cbor v0.11.2
[INFO] [stderr]   Downloaded half v1.8.3
[INFO] [stderr]   Downloaded rivet-actor-runtime-socket-protocol v2.3.10
[INFO] [stderr]   Downloaded rivetkit-client v2.3.10
[INFO] running `Command { std: "docker" "create" "-v" "/var/lib/crater-agent-workspace/builds/worker-3-tc1/source:/opt/rustwide/workdir:ro,Z" "-v" "/var/lib/crater-agent-workspace/builds/worker-3-tc1/target:/opt/rustwide/target:rw,Z" "-v" "/var/lib/crater-agent-workspace/cargo-home:/opt/rustwide/cargo-home:ro,Z" "-v" "/var/lib/crater-agent-workspace/rustup-home:/opt/rustwide/rustup-home:ro,Z" "-m" "1610612736" "--network" "none" "ghcr.io/rust-lang/crates-build-env/linux@sha256:77db811e55d90add9212f6832c23229e3de5f1c1f9905e8cb07319ea15df73ac" "sleep" "infinity", kill_on_drop: false }`
[INFO] [stdout] 54694a33ba40660cbeb2a0cf45bc5a02b446f633f6e3cb631bc44003105b568b
[INFO] running `Command { std: "docker" "start" "54694a33ba40660cbeb2a0cf45bc5a02b446f633f6e3cb631bc44003105b568b", kill_on_drop: false }`
[INFO] running `Command { std: "docker" "inspect" "54694a33ba40660cbeb2a0cf45bc5a02b446f633f6e3cb631bc44003105b568b", kill_on_drop: false }`
[INFO] running `Command { std: "docker" "exec" "-e" "SOURCE_DIR=/opt/rustwide/workdir" "-e" "CARGO_HOME=/opt/rustwide/cargo-home" "-e" "RUSTUP_HOME=/opt/rustwide/rustup-home" "-e" "CARGO_TARGET_DIR=/opt/rustwide/target" "-w" "/opt/rustwide/workdir" "--user" "0:0" "54694a33ba40660cbeb2a0cf45bc5a02b446f633f6e3cb631bc44003105b568b" "/opt/rustwide/cargo-home/bin/cargo" "+3154cc1a3e6424e44f438a95007d043ed5ceaaf6" "metadata" "--no-deps" "--format-version=1", kill_on_drop: false }`
[INFO] running `Command { std: "docker" "inspect" "54694a33ba40660cbeb2a0cf45bc5a02b446f633f6e3cb631bc44003105b568b", kill_on_drop: false }`
[INFO] running `Command { std: "docker" "exec" "-e" "SOURCE_DIR=/opt/rustwide/workdir" "-e" "CARGO_HOME=/opt/rustwide/cargo-home" "-e" "RUSTUP_HOME=/opt/rustwide/rustup-home" "-e" "CARGO_TARGET_DIR=/opt/rustwide/target" "-e" "CARGO_INCREMENTAL=0" "-e" "RUST_BACKTRACE=full" "-e" "RUSTFLAGS=--cap-lints=forbid -Znext-solver=coherence" "-e" "RUSTDOCFLAGS=--cap-lints=forbid" "-w" "/opt/rustwide/workdir" "--user" "0:0" "54694a33ba40660cbeb2a0cf45bc5a02b446f633f6e3cb631bc44003105b568b" "/opt/rustwide/cargo-home/bin/cargo" "+3154cc1a3e6424e44f438a95007d043ed5ceaaf6" "check" "--frozen" "--all" "--all-targets" "--message-format=json", kill_on_drop: false }`
[INFO] [stderr]    Compiling proc-macro2 v1.0.107
[INFO] [stderr]     Checking cfg-if v1.0.4
[INFO] [stderr]    Compiling serde_core v1.0.229
[INFO] [stderr]    Compiling find-msvc-tools v0.1.10
[INFO] [stderr]    Compiling quote v1.0.47
[INFO] [stderr]    Compiling libc v0.2.189
[INFO] [stderr]     Checking itoa v1.0.18
[INFO] [stderr]    Compiling serde v1.0.229
[INFO] [stderr]     Checking memchr v2.8.3
[INFO] [stderr]    Compiling zmij v1.0.23
[INFO] [stderr]    Compiling serde_json v1.0.151
[INFO] [stderr]     Checking cpufeatures v0.3.0
[INFO] [stderr]     Checking arrayref v0.3.9
[INFO] [stderr]     Checking arrayvec v0.7.8
[INFO] [stderr]    Compiling cc v1.4.2
[INFO] [stderr]     Checking constant_time_eq v0.4.2
[INFO] [stderr]     Checking zeroize v1.9.0
[INFO] [stderr]    Compiling generic-array v0.14.7
[INFO] [stderr]     Checking typenum v1.20.1
[INFO] [stderr]     Checking subtle v2.6.1
[INFO] [stderr]     Checking cpufeatures v0.2.17
[INFO] [stderr]     Checking fastcdc v3.2.1
[INFO] [stderr]     Checking nu-ansi-term v0.50.3
[INFO] [stderr]     Checking log v0.4.33
[INFO] [stderr]    Compiling semver v1.0.28
[INFO] [stderr]    Compiling vcpkg v0.2.15
[INFO] [stderr]     Checking diffy v0.4.2
[INFO] [stderr]     Checking choir-merge v0.0.1 (/opt/rustwide/workdir/crates/choir-merge)
[INFO] [stderr]    Compiling rustc_version v0.4.1
[INFO] [stderr]    Compiling syn v3.0.3
[INFO] [stderr]    Compiling syn v2.0.119
[INFO] [stderr]     Checking crypto-common v0.1.7
[INFO] [stderr]     Checking block-buffer v0.10.4
[INFO] [stderr]     Checking digest v0.10.7
[INFO] [stderr]     Checking getrandom v0.2.17
[INFO] [stderr]     Checking rand_core v0.6.4
[INFO] [stderr]     Checking sha2 v0.10.9
[INFO] [stderr]    Compiling curve25519-dalek v4.1.3
[INFO] [stderr]     Checking signature v2.2.0
[INFO] [stderr]    Compiling pkg-config v0.3.33
[INFO] [stderr]     Checking ed25519 v2.2.3
[INFO] [stderr]     Checking httpdate v1.0.3
[INFO] [stderr]     Checking bitflags v2.13.1
[INFO] [stderr]     Checking unicase v2.9.0
[INFO] [stderr]     Checking foreign-types-shared v0.1.1
[INFO] [stderr]    Compiling openssl v0.10.81
[INFO] [stderr]     Checking foreign-types v0.3.2
[INFO] [stderr]    Compiling pulldown-cmark v0.13.4
[INFO] [stderr]     Checking choir-fs v0.0.1 (/opt/rustwide/workdir/crates/choir-fs)
[INFO] [stderr]    Compiling choir-node v0.0.1 (/opt/rustwide/workdir/crates/choir-node)
[INFO] [stderr]     Checking pulldown-cmark-escape v0.11.0
[INFO] [stderr]     Checking ascii v1.1.0
[INFO] [stderr]     Checking chunked_transfer v1.5.0
[INFO] [stderr]     Checking smallvec v1.15.2
[INFO] [stderr]    Compiling ucd-trie v0.1.7
[INFO] [stderr]     Checking pin-project-lite v0.2.17
[INFO] [stderr]    Compiling parking_lot_core v0.9.12
[INFO] [stderr]    Compiling indoc v2.0.7
[INFO] [stderr]    Compiling pest v2.8.8
[INFO] [stderr]     Checking once_cell v1.21.4
[INFO] [stderr]     Checking scopeguard v1.2.0
[INFO] [stderr]     Checking bytes v1.12.1
[INFO] [stderr]     Checking lock_api v0.4.14
[INFO] [stderr]     Checking futures-core v0.3.33
[INFO] [stderr]    Compiling prettyplease v0.2.37
[INFO] [stderr]     Checking parking_lot v0.12.5
[INFO] [stderr]    Compiling heck v0.5.0
[INFO] [stderr]     Checking errno v0.3.14
[INFO] [stderr]     Checking socket2 v0.6.5
[INFO] [stderr]     Checking signal-hook-registry v1.4.8
[INFO] [stderr]     Checking mio v1.2.2
[INFO] [stderr]     Checking stable_deref_trait v1.2.1
[INFO] [stderr]     Checking futures-sink v0.3.33
[INFO] [stderr]    Compiling zerocopy v0.8.56
[INFO] [stderr]    Compiling anyhow v1.0.104
[INFO] [stderr]    Compiling pest_meta v2.8.8
[INFO] [stderr]     Checking http v1.5.0
[INFO] [stderr]     Checking equivalent v1.0.2
[INFO] [stderr]     Checking slab v0.4.12
[INFO] [stderr]     Checking futures-channel v0.3.33
[INFO] [stderr]     Checking tracing-core v0.1.36
[INFO] [stderr]     Checking hashbrown v0.17.1
[INFO] [stderr]     Checking rustls-pki-types v1.15.1
[INFO] [stderr]     Checking futures-io v0.3.33
[INFO] [stderr]     Checking futures-task v0.3.33
[INFO] [stderr]     Checking indexmap v2.14.0
[INFO] [stderr]    Compiling httparse v1.10.1
[INFO] [stderr]     Checking writeable v0.6.3
[INFO] [stderr]     Checking untrusted v0.9.0
[INFO] [stderr]     Checking fnv v1.0.7
[INFO] [stderr]     Checking litemap v0.8.2
[INFO] [stderr]     Checking http-body v1.1.0
[INFO] [stderr]    Compiling pest_generator v2.8.8
[INFO] [stderr]    Compiling synstructure v0.13.2
[INFO] [stderr]    Compiling blake3 v1.8.6
[INFO] [stderr]    Compiling openssl-sys v0.9.117
[INFO] [stderr]    Compiling ring v0.17.14
[INFO] [stderr]    Compiling icu_normalizer_data v2.2.0
[INFO] [stderr]    Compiling rustls v0.23.45
[INFO] [stderr]    Compiling icu_properties_data v2.2.0
[INFO] [stderr]     Checking utf8_iter v1.0.4
[INFO] [stderr]     Checking percent-encoding v2.3.2
[INFO] [stderr]    Compiling thiserror v1.0.69
[INFO] [stderr]     Checking tower-service v0.3.3
[INFO] [stderr]    Compiling getrandom v0.3.4
[INFO] [stderr]     Checking vbare v0.0.4
[INFO] [stderr]     Checking try-lock v0.2.5
[INFO] [stderr]     Checking atomic-waker v1.1.2
[INFO] [stderr]    Compiling thiserror v2.0.20
[INFO] [stderr]     Checking want v0.3.1
[INFO] [stderr]     Checking form_urlencoded v1.2.2
[INFO] [stderr]     Checking webpki-roots v1.0.9
[INFO] [stderr]     Checking sync_wrapper v1.0.2
[INFO] [stderr]     Checking openssl-probe v0.2.1
[INFO] [stderr]     Checking tower-layer v0.3.3
[INFO] [stderr]     Checking mime v0.3.17
[INFO] [stderr]    Compiling mime_guess v2.0.5
[INFO] [stderr]     Checking rustls-native-certs v0.8.4
[INFO] [stderr]     Checking rand_core v0.9.5
[INFO] [stderr]     Checking http-body-util v0.1.4
[INFO] [stderr]     Checking base64 v0.22.1
[INFO] [stderr]    Compiling getrandom v0.4.3
[INFO] [stderr]    Compiling crossbeam-utils v0.8.22
[INFO] [stderr]     Checking ipnet v2.12.1
[INFO] [stderr]    Compiling num-traits v0.2.19
[INFO] [stderr]    Compiling uuid v1.24.0
[INFO] [stderr]     Checking saa v5.6.0
[INFO] [stderr]    Compiling protobuf v3.7.2
[INFO] [stderr]     Checking ryu v1.0.23
[INFO] [stderr]     Checking sdd v4.8.8
[INFO] [stderr]     Checking sha1 v0.10.7
[INFO] [stderr]    Compiling portable-atomic v1.14.0
[INFO] [stderr]    Compiling prometheus v0.14.0
[INFO] [stderr]     Checking http-range-header v0.4.2
[INFO] [stderr]     Checking data-encoding v2.11.1
[INFO] [stderr]     Checking utf-8 v0.7.6
[INFO] [stderr]    Compiling crossbeam-epoch v0.9.20
[INFO] [stderr]     Checking scc v3.8.6
[INFO] [stderr]     Checking webpki-roots v0.26.11
[INFO] [stderr]    Compiling libsqlite3-sys v0.30.1
[INFO] [stderr]     Checking encoding_rs v0.8.35
[INFO] [stderr]     Checking siphasher v1.0.3
[INFO] [stderr]     Checking lazy_static v1.5.0
[INFO] [stderr]     Checking iana-time-zone v0.1.65
[INFO] [stderr]     Checking hex v0.4.3
[INFO] [stderr]     Checking chrono v0.4.45
[INFO] [stderr]    Compiling nix v0.30.1
[INFO] [stderr]     Checking phf_shared v0.12.1
[INFO] [stderr]     Checking crossbeam-channel v0.5.16
[INFO] [stderr]     Checking urlencoding v2.1.3
[INFO] [stderr]    Compiling chrono-tz v0.10.4
[INFO] [stderr]    Compiling fs_extra v1.3.0
[INFO] [stderr]     Checking ciborium-io v0.2.2
[INFO] [stderr]     Checking tagptr v0.2.0
[INFO] [stderr]     Checking moka v0.12.15
[INFO] [stderr]     Checking phf v0.12.1
[INFO] [stderr]    Compiling include_dir_macros v0.7.4
[INFO] [stderr]     Checking serde_path_to_error v0.1.20
[INFO] [stderr]    Compiling rivetkit-core v2.3.10
[INFO] [stderr]     Checking matchit v0.8.4
[INFO] [stderr]     Checking rivet-depot-client-types v2.3.10
[INFO] [stderr]     Checking half v1.8.3
[INFO] [stderr]     Checking croner v2.2.0
[INFO] [stderr]     Checking include_dir v0.7.4
[INFO] [stderr]     Checking serde_bytes v0.11.19
[INFO] [stderr]     Checking choir-guards v0.0.1 (/opt/rustwide/workdir/crates/choir-guards)
[INFO] [stderr]     Checking rustls-webpki v0.103.15
[INFO] [stderr]    Compiling serde_derive v1.0.229
[INFO] [stderr]    Compiling tokio-macros v2.7.2
[INFO] [stderr]    Compiling displaydoc v0.2.7
[INFO] [stderr]    Compiling thiserror-impl v2.0.20
[INFO] [stderr]    Compiling async-trait v0.1.92
[INFO] [stderr]    Compiling curve25519-dalek-derive v0.1.1
[INFO] [stderr]    Compiling openssl-macros v0.1.1
[INFO] [stderr]     Checking tiny_http v0.12.0
[INFO] [stderr]    Compiling pest_derive v2.8.8
[INFO] [stderr]    Compiling zerofrom-derive v0.1.7
[INFO] [stderr]    Compiling yoke-derive v0.8.2
[INFO] [stderr]     Checking ed25519-dalek v2.2.0
[INFO] [stderr]    Compiling zerovec-derive v0.11.3
[INFO] [stderr]     Checking tokio v1.53.1
[INFO] [stderr]    Compiling zerocopy-derive v0.8.56
[INFO] [stderr]    Compiling tracing-attributes v0.1.31
[INFO] [stderr]    Compiling futures-macro v0.3.33
[INFO] [stderr]     Checking choir-hash v0.0.1 (/opt/rustwide/workdir/crates/choir-hash)
[INFO] [stderr]     Checking choir-oplog v0.0.1 (/opt/rustwide/workdir/crates/choir-oplog)
[INFO] [stderr]     Checking choir-store v0.0.1 (/opt/rustwide/workdir/crates/choir-store)
[INFO] [stderr]     Checking choir-view v0.0.1 (/opt/rustwide/workdir/crates/choir-view)
[INFO] [stderr]     Checking choir-sequencer v0.0.1 (/opt/rustwide/workdir/crates/choir-sequencer)
[INFO] [stderr]     Checking choir-identity v0.0.1 (/opt/rustwide/workdir/crates/choir-identity)
[INFO] [stderr]     Checking choir-queue v0.0.1 (/opt/rustwide/workdir/crates/choir-queue)
[INFO] [stderr]    Compiling rivet-vbare-gen v0.0.5
[INFO] [stderr]     Checking tokio-util v0.7.19
[INFO] [stderr]    Compiling rivet-vbare-compiler v0.0.5
[INFO] [stderr]     Checking zerofrom v0.1.8
[INFO] [stderr]     Checking yoke v0.8.3
[INFO] [stderr]     Checking zerovec v0.11.6
[INFO] [stderr]     Checking tinystr v0.8.3
[INFO] [stderr]     Checking icu_locale_core v2.2.0
[INFO] [stderr]     Checking potential_utf v0.1.5
[INFO] [stderr]     Checking zerotrie v0.2.4
[INFO] [stderr]     Checking icu_collections v2.2.0
[INFO] [stderr]     Checking icu_provider v2.2.0
[INFO] [stderr]    Compiling thiserror-impl v1.0.69
[INFO] [stderr]     Checking serde_bare v0.5.0
[INFO] [stderr]     Checking icu_normalizer v2.2.0
[INFO] [stderr]     Checking icu_properties v2.2.0
[INFO] [stderr]     Checking tokio-rustls v0.26.4
[INFO] [stderr]    Compiling rivet-envoy-protocol v2.3.10
[INFO] [stderr]     Checking serde_urlencoded v0.7.1
[INFO] [stderr]    Compiling utoipa-gen v5.5.0
[INFO] [stderr]    Compiling rivetkit-client-protocol v2.3.10
[INFO] [stderr]     Checking idna_adapter v1.2.2
[INFO] [stderr]     Checking idna v1.1.0
[INFO] [stderr]     Checking futures-util v0.3.33
[INFO] [stderr]     Checking url v2.5.8
[INFO] [stderr]    Compiling rivetkit-actor-persist v2.3.10
[INFO] [stderr]    Compiling rivetkit-inspector-protocol v2.3.10
[INFO] [stderr]    Compiling rivet-actor-runtime-socket-protocol v2.3.10
[INFO] [stderr]    Compiling rivet-error-macros v2.3.10
[INFO] [stderr]     Checking futures-executor v0.3.33
[INFO] [stderr]     Checking choir-cli v0.0.1 (/opt/rustwide/workdir/crates/choir-cli)
[INFO] [stderr]    Compiling axum-macros v0.5.1
[INFO] [stderr]     Checking tracing v0.1.44
[INFO] [stderr]     Checking h2 v0.4.16
[INFO] [stderr]     Checking tower v0.5.3
[INFO] [stderr]     Checking tower-http v0.6.11
[INFO] [stderr]     Checking axum-core v0.5.6
[INFO] [stderr]     Checking futures v0.3.33
[INFO] [stderr]     Checking rivet-error v2.3.10
[INFO] [stderr]     Checking ppv-lite86 v0.2.21
[INFO] [stderr]     Checking hyper v1.11.0
[INFO] [stderr]     Checking rand_chacha v0.9.0
[INFO] [stderr]     Checking rand_chacha v0.3.1
[INFO] [stderr]     Checking rand v0.9.5
[INFO] [stderr]     Checking rand v0.8.7
[INFO] [stderr]     Checking tungstenite v0.26.2
[INFO] [stderr]     Checking half v2.7.1
[INFO] [stderr]     Checking tokio-tungstenite v0.26.2
[INFO] [stderr]     Checking ciborium-ll v0.2.2
[INFO] [stderr]     Checking hyper-util v0.1.20
[INFO] [stderr]     Checking ciborium v0.2.2
[INFO] [stderr]     Checking serde_cbor v0.11.2
[INFO] [stderr]     Checking rivetkit-shared-types v2.3.10
[INFO] [stderr]     Checking tokio-stream v0.1.19
[INFO] [stderr]     Checking choir-bridge v0.0.1 (/opt/rustwide/workdir/crates/choir-bridge)
[INFO] [stderr]     Checking hyper-rustls v0.27.9
[INFO] [stderr]     Checking protobuf-support v3.7.2
[INFO] [stderr]     Checking rivet-util-serde v2.3.10
[INFO] [stderr]     Checking reqwest v0.12.28
[INFO] [stderr]     Checking rivetkit-engine-process v2.3.10
[INFO] [stdout] error: proc-macro derive panicked
[INFO] [stdout]  --> /opt/rustwide/cargo-home/registry/src/index.crates.io-1949cf8c6b5b557f/rivetkit-engine-process-2.3.10/src/error.rs:4:10
[INFO] [stdout]   |
[INFO] [stdout] 4 | #[derive(RivetError, Debug, Clone, Deserialize, Serialize)]
[INFO] [stdout]   |          ^^^^^^^^^^
[INFO] [stdout]   |
[INFO] [stdout]   = help: message: Failed to write error documentation for engine.binary_not_found: Read-only file system (os error 30)
[INFO] [stdout] 
[INFO] [stdout] 
[INFO] [stdout] error[E0599]: no method named `build` found for enum `EngineProcessError` in the current scope
[INFO] [stdout]    --> /opt/rustwide/cargo-home/registry/src/index.crates.io-1949cf8c6b5b557f/rivetkit-engine-process-2.3.10/src/lib.rs:134:5
[INFO] [stdout]     |
[INFO] [stdout] 131 |             return Err(EngineProcessError::BinaryNotFound {
[INFO] [stdout] 132 |                 path: binary_path.display().to_string(),
[INFO] [stdout] 133 |             }
[INFO] [stdout] 134 |             .build());
[INFO] [stdout]     |              ^^^^^ method not found in `EngineProcessError`
[INFO] [stdout]     |
[INFO] [stdout]    ::: /opt/rustwide/cargo-home/registry/src/index.crates.io-1949cf8c6b5b557f/rivetkit-engine-process-2.3.10/src/error.rs:6:1
[INFO] [stdout]     |
[INFO] [stdout]   6 | pub enum EngineProcessError {
[INFO] [stdout]     | --------------------------- method `build` not found for this enum
[INFO] [stdout] 
[INFO] [stdout] 
[INFO] [stdout] error[E0599]: no method named `build` found for enum `EngineProcessError` in the current scope
[INFO] [stdout]    --> /opt/rustwide/cargo-home/registry/src/index.crates.io-1949cf8c6b5b557f/rivetkit-engine-process-2.3.10/src/lib.rs:181:50
[INFO] [stdout]     |
[INFO] [stdout] 181 |             .ok_or_else(|| EngineProcessError::MissingPid.build())?;
[INFO] [stdout]     |                                                           ^^^^^ method not found in `EngineProcessError`
[INFO] [stdout]     |
[INFO] [stdout]    ::: /opt/rustwide/cargo-home/registry/src/index.crates.io-1949cf8c6b5b557f/rivetkit-engine-process-2.3.10/src/error.rs:6:1
[INFO] [stdout]     |
[INFO] [stdout]   6 | pub enum EngineProcessError {
[INFO] [stdout]     | --------------------------- method `build` not found for this enum
[INFO] [stdout] 
[INFO] [stdout] 
[INFO] [stdout] error[E0599]: no method named `build` found for enum `EngineProcessError` in the current scope
[INFO] [stdout]    --> /opt/rustwide/cargo-home/registry/src/index.crates.io-1949cf8c6b5b557f/rivetkit-engine-process-2.3.10/src/lib.rs:398:4
[INFO] [stdout]     |
[INFO] [stdout] 395 |         return Err(EngineProcessError::BinaryUnavailable {
[INFO] [stdout] 396 |             version: config.version.clone(),
[INFO] [stdout] 397 |         }
[INFO] [stdout] 398 |         .build());
[INFO] [stdout]     |          ^^^^^ method not found in `EngineProcessError`
[INFO] [stdout]     |
[INFO] [stdout]    ::: /opt/rustwide/cargo-home/registry/src/index.crates.io-1949cf8c6b5b557f/rivetkit-engine-process-2.3.10/src/error.rs:6:1
[INFO] [stdout]     |
[INFO] [stdout]   6 | pub enum EngineProcessError {
[INFO] [stdout]     | --------------------------- method `build` not found for this enum
[INFO] [stdout] 
[INFO] [stdout] 
[INFO] [stderr]     Checking rivetkit-client v2.3.10
[INFO] [stdout] error[E0599]: no method named `build` found for enum `EngineProcessError` in the current scope
[INFO] [stdout]    --> /opt/rustwide/cargo-home/registry/src/index.crates.io-1949cf8c6b5b557f/rivetkit-engine-process-2.3.10/src/lib.rs:460:4
[INFO] [stdout]     |
[INFO] [stdout] 456 |         EngineProcessError::DownloadFailed {
[INFO] [stdout] 457 |             url: manifest_url.clone(),
[INFO] [stdout] 458 |             reason: format!("manifest does not contain `{artifact}`"),
[INFO] [stdout] 459 |         }
[INFO] [stdout] 460 |         .build()
[INFO] [stdout]     |          ^^^^^ method not found in `EngineProcessError`
[INFO] [stdout]     |
[INFO] [stdout]    ::: /opt/rustwide/cargo-home/registry/src/index.crates.io-1949cf8c6b5b557f/rivetkit-engine-process-2.3.10/src/error.rs:6:1
[INFO] [stdout]     |
[INFO] [stdout]   6 | pub enum EngineProcessError {
[INFO] [stdout]     | --------------------------- method `build` not found for this enum
[INFO] [stdout] 
[INFO] [stdout] 
[INFO] [stdout] error[E0599]: no method named `build` found for enum `EngineProcessError` in the current scope
[INFO] [stdout]    --> /opt/rustwide/cargo-home/registry/src/index.crates.io-1949cf8c6b5b557f/rivetkit-engine-process-2.3.10/src/lib.rs:471:4
[INFO] [stdout]     |
[INFO] [stdout] 466 |         return Err(EngineProcessError::ChecksumMismatch {
[INFO] [stdout] 467 |             artifact,
[INFO] [stdout] 468 |             expected,
[INFO] [stdout] 469 |             received,
[INFO] [stdout] 470 |         }
[INFO] [stdout] 471 |         .build());
[INFO] [stdout]     |          ^^^^^ method not found in `EngineProcessError`
[INFO] [stdout]     |
[INFO] [stdout]    ::: /opt/rustwide/cargo-home/registry/src/index.crates.io-1949cf8c6b5b557f/rivetkit-engine-process-2.3.10/src/error.rs:6:1
[INFO] [stdout]     |
[INFO] [stdout]   6 | pub enum EngineProcessError {
[INFO] [stdout]     | --------------------------- method `build` not found for this enum
[INFO] [stdout] 
[INFO] [stdout] 
[INFO] [stdout] error[E0599]: no method named `build` found for enum `EngineProcessError` in the current scope
[INFO] [stdout]    --> /opt/rustwide/cargo-home/registry/src/index.crates.io-1949cf8c6b5b557f/rivetkit-engine-process-2.3.10/src/lib.rs:490:4
[INFO] [stdout]     |
[INFO] [stdout] 486 |         EngineProcessError::DownloadFailed {
[INFO] [stdout] 487 |             url: url.to_owned(),
[INFO] [stdout] 488 |             reason: error.to_string(),
[INFO] [stdout] 489 |         }
[INFO] [stdout] 490 |         .build()
[INFO] [stdout]     |          ^^^^^ method not found in `EngineProcessError`
[INFO] [stdout]     |
[INFO] [stdout]    ::: /opt/rustwide/cargo-home/registry/src/index.crates.io-1949cf8c6b5b557f/rivetkit-engine-process-2.3.10/src/error.rs:6:1
[INFO] [stdout]     |
[INFO] [stdout]   6 | pub enum EngineProcessError {
[INFO] [stdout]     | --------------------------- method `build` not found for this enum
[INFO] [stdout] 
[INFO] [stdout] 
[INFO] [stdout] error[E0599]: no method named `build` found for enum `EngineProcessError` in the current scope
[INFO] [stdout]    --> /opt/rustwide/cargo-home/registry/src/index.crates.io-1949cf8c6b5b557f/rivetkit-engine-process-2.3.10/src/lib.rs:498:4
[INFO] [stdout]     |
[INFO] [stdout] 494 |         return Err(EngineProcessError::DownloadFailed {
[INFO] [stdout] 495 |             url: url.to_owned(),
[INFO] [stdout] 496 |             reason: format!("unexpected status {status}"),
[INFO] [stdout] 497 |         }
[INFO] [stdout] 498 |         .build());
[INFO] [stdout]     |          ^^^^^ method not found in `EngineProcessError`
[INFO] [stdout]     |
[INFO] [stdout]    ::: /opt/rustwide/cargo-home/registry/src/index.crates.io-1949cf8c6b5b557f/rivetkit-engine-process-2.3.10/src/error.rs:6:1
[INFO] [stdout]     |
[INFO] [stdout]   6 | pub enum EngineProcessError {
[INFO] [stdout]     | --------------------------- method `build` not found for this enum
[INFO] [stdout] 
[INFO] [stdout] 
[INFO] [stdout] error[E0599]: no method named `build` found for enum `EngineProcessError` in the current scope
[INFO] [stdout]    --> /opt/rustwide/cargo-home/registry/src/index.crates.io-1949cf8c6b5b557f/rivetkit-engine-process-2.3.10/src/lib.rs:505:4
[INFO] [stdout]     |
[INFO] [stdout] 501 |         EngineProcessError::DownloadFailed {
[INFO] [stdout] 502 |             url: url.to_owned(),
[INFO] [stdout] 503 |             reason: error.to_string(),
[INFO] [stdout] 504 |         }
[INFO] [stdout] 505 |         .build()
[INFO] [stdout]     |          ^^^^^ method not found in `EngineProcessError`
[INFO] [stdout]     |
[INFO] [stdout]    ::: /opt/rustwide/cargo-home/registry/src/index.crates.io-1949cf8c6b5b557f/rivetkit-engine-process-2.3.10/src/error.rs:6:1
[INFO] [stdout]     |
[INFO] [stdout]   6 | pub enum EngineProcessError {
[INFO] [stdout]     | --------------------------- method `build` not found for this enum
[INFO] [stdout] 
[INFO] [stdout] 
[INFO] [stdout] error[E0599]: no method named `build` found for enum `EngineProcessError` in the current scope
[INFO] [stdout]    --> /opt/rustwide/cargo-home/registry/src/index.crates.io-1949cf8c6b5b557f/rivetkit-engine-process-2.3.10/src/lib.rs:515:4
[INFO] [stdout]     |
[INFO] [stdout] 511 |         EngineProcessError::DownloadFailed {
[INFO] [stdout] 512 |             url: url.to_owned(),
[INFO] [stdout] 513 |             reason: error.to_string(),
[INFO] [stdout] 514 |         }
[INFO] [stdout] 515 |         .build()
[INFO] [stdout]     |          ^^^^^ method not found in `EngineProcessError`
[INFO] [stdout]     |
[INFO] [stdout]    ::: /opt/rustwide/cargo-home/registry/src/index.crates.io-1949cf8c6b5b557f/rivetkit-engine-process-2.3.10/src/error.rs:6:1
[INFO] [stdout]     |
[INFO] [stdout]   6 | pub enum EngineProcessError {
[INFO] [stdout]     | --------------------------- method `build` not found for this enum
[INFO] [stdout] 
[INFO] [stdout] 
[INFO] [stdout] error[E0599]: no method named `build` found for enum `EngineProcessError` in the current scope
[INFO] [stdout]    --> /opt/rustwide/cargo-home/registry/src/index.crates.io-1949cf8c6b5b557f/rivetkit-engine-process-2.3.10/src/lib.rs:523:4
[INFO] [stdout]     |
[INFO] [stdout] 519 |         return Err(EngineProcessError::DownloadFailed {
[INFO] [stdout] 520 |             url: url.to_owned(),
[INFO] [stdout] 521 |             reason: format!("unexpected status {status}"),
[INFO] [stdout] 522 |         }
[INFO] [stdout] 523 |         .build());
[INFO] [stdout]     |          ^^^^^ method not found in `EngineProcessError`
[INFO] [stdout]     |
[INFO] [stdout]    ::: /opt/rustwide/cargo-home/registry/src/index.crates.io-1949cf8c6b5b557f/rivetkit-engine-process-2.3.10/src/error.rs:6:1
[INFO] [stdout]     |
[INFO] [stdout]   6 | pub enum EngineProcessError {
[INFO] [stdout]     | --------------------------- method `build` not found for this enum
[INFO] [stdout] 
[INFO] [stdout] 
[INFO] [stdout] error[E0599]: no method named `build` found for enum `EngineProcessError` in the current scope
[INFO] [stdout]    --> /opt/rustwide/cargo-home/registry/src/index.crates.io-1949cf8c6b5b557f/rivetkit-engine-process-2.3.10/src/lib.rs:534:5
[INFO] [stdout]     |
[INFO] [stdout] 530 |             EngineProcessError::DownloadFailed {
[INFO] [stdout] 531 |                 url: url.to_owned(),
[INFO] [stdout] 532 |                 reason: error.to_string(),
[INFO] [stdout] 533 |             }
[INFO] [stdout] 534 |             .build()
[INFO] [stdout]     |              ^^^^^ method not found in `EngineProcessError`
[INFO] [stdout]     |
[INFO] [stdout]    ::: /opt/rustwide/cargo-home/registry/src/index.crates.io-1949cf8c6b5b557f/rivetkit-engine-process-2.3.10/src/error.rs:6:1
[INFO] [stdout]     |
[INFO] [stdout]   6 | pub enum EngineProcessError {
[INFO] [stdout]     | --------------------------- method `build` not found for this enum
[INFO] [stdout] 
[INFO] [stdout] 
[INFO] [stdout] error[E0599]: no method named `build` found for enum `EngineProcessError` in the current scope
[INFO] [stdout]    --> /opt/rustwide/cargo-home/registry/src/index.crates.io-1949cf8c6b5b557f/rivetkit-engine-process-2.3.10/src/lib.rs:684:4
[INFO] [stdout]     |
[INFO] [stdout] 680 |         Some(RIVETKIT_RUNTIME) => Err(EngineProcessError::PortOccupied {
[INFO] [stdout] 681 |             endpoint: endpoint.to_owned(),
[INFO] [stdout] 682 |             runtime: RIVETKIT_RUNTIME.to_owned(),
[INFO] [stdout] 683 |         }
[INFO] [stdout] 684 |         .build()),
[INFO] [stdout]     |          ^^^^^ method not found in `EngineProcessError`
[INFO] [stdout]     |
[INFO] [stdout]    ::: /opt/rustwide/cargo-home/registry/src/index.crates.io-1949cf8c6b5b557f/rivetkit-engine-process-2.3.10/src/error.rs:6:1
[INFO] [stdout]     |
[INFO] [stdout]   6 | pub enum EngineProcessError {
[INFO] [stdout]     | --------------------------- method `build` not found for this enum
[INFO] [stdout] 
[INFO] [stdout] 
[INFO] [stdout] error[E0599]: no method named `build` found for enum `EngineProcessError` in the current scope
[INFO] [stdout]    --> /opt/rustwide/cargo-home/registry/src/index.crates.io-1949cf8c6b5b557f/rivetkit-engine-process-2.3.10/src/lib.rs:689:4
[INFO] [stdout]     |
[INFO] [stdout] 685 |         Some(other) => Err(EngineProcessError::PortOccupied {
[INFO] [stdout] 686 |             endpoint: endpoint.to_owned(),
[INFO] [stdout] 687 |             runtime: other.to_owned(),
[INFO] [stdout] 688 |         }
[INFO] [stdout] 689 |         .build()),
[INFO] [stdout]     |          ^^^^^ method not found in `EngineProcessError`
[INFO] [stdout]     |
[INFO] [stdout]    ::: /opt/rustwide/cargo-home/registry/src/index.crates.io-1949cf8c6b5b557f/rivetkit-engine-process-2.3.10/src/error.rs:6:1
[INFO] [stdout]     |
[INFO] [stdout]   6 | pub enum EngineProcessError {
[INFO] [stdout]     | --------------------------- method `build` not found for this enum
[INFO] [stdout] 
[INFO] [stdout] 
[INFO] [stdout] error[E0599]: no method named `build` found for enum `EngineProcessError` in the current scope
[INFO] [stdout]    --> /opt/rustwide/cargo-home/registry/src/index.crates.io-1949cf8c6b5b557f/rivetkit-engine-process-2.3.10/src/lib.rs:694:4
[INFO] [stdout]     |
[INFO] [stdout] 690 |         None => Err(EngineProcessError::PortOccupied {
[INFO] [stdout] 691 |             endpoint: endpoint.to_owned(),
[INFO] [stdout] 692 |             runtime: "unknown".to_owned(),
[INFO] [stdout] 693 |         }
[INFO] [stdout] 694 |         .build()),
[INFO] [stdout]     |          ^^^^^ method not found in `EngineProcessError`
[INFO] [stdout]     |
[INFO] [stdout]    ::: /opt/rustwide/cargo-home/registry/src/index.crates.io-1949cf8c6b5b557f/rivetkit-engine-process-2.3.10/src/error.rs:6:1
[INFO] [stdout]     |
[INFO] [stdout]   6 | pub enum EngineProcessError {
[INFO] [stdout]     | --------------------------- method `build` not found for this enum
[INFO] [stdout] 
[INFO] [stdout] 
[INFO] [stdout] error[E0599]: no method named `build` found for enum `EngineProcessError` in the current scope
[INFO] [stdout]    --> /opt/rustwide/cargo-home/registry/src/index.crates.io-1949cf8c6b5b557f/rivetkit-engine-process-2.3.10/src/lib.rs:770:5
[INFO] [stdout]     |
[INFO] [stdout] 766 |             return Err(EngineProcessError::HealthCheckFailed {
[INFO] [stdout] 767 |                 attempts: attempt,
[INFO] [stdout] 768 |                 reason: last_error,
[INFO] [stdout] 769 |             }
[INFO] [stdout] 770 |             .build());
[INFO] [stdout]     |              ^^^^^ method not found in `EngineProcessError`
[INFO] [stdout]     |
[INFO] [stdout]    ::: /opt/rustwide/cargo-home/registry/src/index.crates.io-1949cf8c6b5b557f/rivetkit-engine-process-2.3.10/src/error.rs:6:1
[INFO] [stdout]     |
[INFO] [stdout]   6 | pub enum EngineProcessError {
[INFO] [stdout]     | --------------------------- method `build` not found for this enum
[INFO] [stdout] 
[INFO] [stdout] 
[INFO] [stderr]     Checking choir-demo v0.0.1 (/opt/rustwide/workdir/crates/choir-demo)
[INFO] [stdout] error[E0599]: no method named `build` found for enum `EngineProcessError` in the current scope
[INFO] [stdout]    --> /opt/rustwide/cargo-home/registry/src/index.crates.io-1949cf8c6b5b557f/rivetkit-engine-process-2.3.10/src/lib.rs:410:4
[INFO] [stdout]     |
[INFO] [stdout] 407 |         return Err(EngineProcessError::BinaryNotFound {
[INFO] [stdout] 408 |             path: path.display().to_string(),
[INFO] [stdout] 409 |         }
[INFO] [stdout] 410 |         .build());
[INFO] [stdout]     |          ^^^^^ method not found in `EngineProcessError`
[INFO] [stdout]     |
[INFO] [stdout]    ::: /opt/rustwide/cargo-home/registry/src/index.crates.io-1949cf8c6b5b557f/rivetkit-engine-process-2.3.10/src/error.rs:6:1
[INFO] [stdout]     |
[INFO] [stdout]   6 | pub enum EngineProcessError {
[INFO] [stdout]     | --------------------------- method `build` not found for this enum
[INFO] [stdout] 
[INFO] [stdout] 
[INFO] [stdout] error[E0599]: no method named `build` found for enum `EngineProcessError` in the current scope
[INFO] [stdout]    --> /opt/rustwide/cargo-home/registry/src/index.crates.io-1949cf8c6b5b557f/rivetkit-engine-process-2.3.10/src/lib.rs:814:3
[INFO] [stdout]     |
[INFO] [stdout] 810 |     EngineProcessError::InvalidEndpoint {
[INFO] [stdout] 811 |         endpoint: endpoint.to_owned(),
[INFO] [stdout] 812 |         reason: reason.to_owned(),
[INFO] [stdout] 813 |     }
[INFO] [stdout] 814 |     .build()
[INFO] [stdout]     |      ^^^^^ method not found in `EngineProcessError`
[INFO] [stdout]     |
[INFO] [stdout]    ::: /opt/rustwide/cargo-home/registry/src/index.crates.io-1949cf8c6b5b557f/rivetkit-engine-process-2.3.10/src/error.rs:6:1
[INFO] [stdout]     |
[INFO] [stdout]   6 | pub enum EngineProcessError {
[INFO] [stdout]     | --------------------------- method `build` not found for this enum
[INFO] [stdout] 
[INFO] [stdout] 
[INFO] [stdout] For more information about this error, try `rustc --explain E0599`.
[INFO] [stdout] 
[INFO] [stderr] error: could not compile `rivetkit-engine-process` (lib) due to 18 previous errors
[INFO] [stderr] warning: build failed, waiting for other jobs to finish...
[INFO] running `Command { std: "docker" "inspect" "54694a33ba40660cbeb2a0cf45bc5a02b446f633f6e3cb631bc44003105b568b", kill_on_drop: false }`
[INFO] running `Command { std: "docker" "rm" "-f" "54694a33ba40660cbeb2a0cf45bc5a02b446f633f6e3cb631bc44003105b568b", kill_on_drop: false }`
[INFO] [stdout] 54694a33ba40660cbeb2a0cf45bc5a02b446f633f6e3cb631bc44003105b568b
