[INFO] cloning repository https://github.com/dccif/KeySteer
[INFO] running `Command { std: "git" "-c" "credential.helper=" "-c" "credential.helper=/workspace/cargo-home/bin/git-credential-null" "clone" "--bare" "https://github.com/dccif/KeySteer" "/workspace/cache/git-repos/https%3A%2F%2Fgithub.com%2Fdccif%2FKeySteer", kill_on_drop: false }`
[INFO] [stderr] Cloning into bare repository '/workspace/cache/git-repos/https%3A%2F%2Fgithub.com%2Fdccif%2FKeySteer'...
[INFO] running `Command { std: "git" "rev-parse" "HEAD", kill_on_drop: false }`
[INFO] [stdout] 19ec0ab5917654cabce351fed2efb35b45e5a1d4
[INFO] checking dccif/KeySteer against 3154cc1a3e6424e44f438a95007d043ed5ceaaf6 for pr-133502-30
[INFO] running `Command { std: "git" "clone" "/workspace/cache/git-repos/https%3A%2F%2Fgithub.com%2Fdccif%2FKeySteer" "/workspace/builds/worker-5-tc2/source", kill_on_drop: false }`
[INFO] [stderr] Cloning into '/workspace/builds/worker-5-tc2/source'...
[INFO] [stderr] done.
[INFO] removed /workspace/builds/worker-5-tc2/source/rust-toolchain.toml
[INFO] started tweaking git repo https://github.com/dccif/KeySteer
[INFO] finished tweaking git repo https://github.com/dccif/KeySteer
[INFO] tweaked toml for git repo https://github.com/dccif/KeySteer written to /workspace/builds/worker-5-tc2/source/Cargo.toml
[INFO] validating manifest of git repo https://github.com/dccif/KeySteer on toolchain 3154cc1a3e6424e44f438a95007d043ed5ceaaf6
[INFO] running `Command { std: CARGO_HOME="/workspace/cargo-home" RUSTUP_HOME="/workspace/rustup-home" "/workspace/cargo-home/bin/cargo" "+3154cc1a3e6424e44f438a95007d043ed5ceaaf6" "metadata" "--manifest-path" "Cargo.toml" "--no-deps", kill_on_drop: false }`
[INFO] crate git repo https://github.com/dccif/KeySteer already has a lockfile, it will not be regenerated
[INFO] running `Command { std: CARGO_HOME="/workspace/cargo-home" RUSTUP_HOME="/workspace/rustup-home" "/workspace/cargo-home/bin/cargo" "+3154cc1a3e6424e44f438a95007d043ed5ceaaf6" "fetch" "--manifest-path" "Cargo.toml", kill_on_drop: false }`
[INFO] [stderr] warning: `package.homepage` is redundant with `package.documentation`
[INFO] [stderr]   --> Cargo.toml:70:12
[INFO] [stderr]    |
[INFO] [stderr] 68 | documentation = "https://dccif.github.io/KeySteer/"
[INFO] [stderr]    |                 -----------------------------------
[INFO] [stderr] 69 | edition = "2024"
[INFO] [stderr] 70 | homepage = "https://dccif.github.io/KeySteer/"
[INFO] [stderr]    |            ^^^^^^^^^^^^^^^^^^^^^^^^^^^^^^^^^^^
[INFO] [stderr]    |
[INFO] [stderr]    = note: `cargo::redundant_homepage` is set to `warn` by default
[INFO] [stderr] help: consider removing `package.homepage`
[INFO] [stderr] warning: `keysteer` (manifest) generated 1 warning
[INFO] running `Command { std: "docker" "create" "-v" "/var/lib/crater-agent-workspace/builds/worker-5-tc2/source:/opt/rustwide/workdir:ro,Z" "-v" "/var/lib/crater-agent-workspace/builds/worker-5-tc2/target:/opt/rustwide/target:rw,Z" "-v" "/var/lib/crater-agent-workspace/cargo-home:/opt/rustwide/cargo-home:ro,Z" "-v" "/var/lib/crater-agent-workspace/rustup-home:/opt/rustwide/rustup-home:ro,Z" "-m" "1610612736" "--network" "none" "ghcr.io/rust-lang/crates-build-env/linux@sha256:77db811e55d90add9212f6832c23229e3de5f1c1f9905e8cb07319ea15df73ac" "sleep" "infinity", kill_on_drop: false }`
[INFO] [stdout] da4a21e546daaa33a517711f92a891e5fb33eccf409e24d4560c2a9bd8a31084
[INFO] running `Command { std: "docker" "start" "da4a21e546daaa33a517711f92a891e5fb33eccf409e24d4560c2a9bd8a31084", kill_on_drop: false }`
[INFO] running `Command { std: "docker" "inspect" "da4a21e546daaa33a517711f92a891e5fb33eccf409e24d4560c2a9bd8a31084", kill_on_drop: false }`
[INFO] running `Command { std: "docker" "exec" "-e" "SOURCE_DIR=/opt/rustwide/workdir" "-e" "CARGO_HOME=/opt/rustwide/cargo-home" "-e" "RUSTUP_HOME=/opt/rustwide/rustup-home" "-e" "CARGO_TARGET_DIR=/opt/rustwide/target" "-w" "/opt/rustwide/workdir" "--user" "0:0" "da4a21e546daaa33a517711f92a891e5fb33eccf409e24d4560c2a9bd8a31084" "/opt/rustwide/cargo-home/bin/cargo" "+3154cc1a3e6424e44f438a95007d043ed5ceaaf6" "metadata" "--no-deps" "--format-version=1", kill_on_drop: false }`
[INFO] running `Command { std: "docker" "inspect" "da4a21e546daaa33a517711f92a891e5fb33eccf409e24d4560c2a9bd8a31084", kill_on_drop: false }`
[INFO] running `Command { std: "docker" "exec" "-e" "SOURCE_DIR=/opt/rustwide/workdir" "-e" "CARGO_HOME=/opt/rustwide/cargo-home" "-e" "RUSTUP_HOME=/opt/rustwide/rustup-home" "-e" "CARGO_TARGET_DIR=/opt/rustwide/target" "-e" "CARGO_INCREMENTAL=0" "-e" "RUST_BACKTRACE=full" "-e" "RUSTFLAGS=--cap-lints=forbid" "-e" "RUSTDOCFLAGS=--cap-lints=forbid" "-w" "/opt/rustwide/workdir" "--user" "0:0" "da4a21e546daaa33a517711f92a891e5fb33eccf409e24d4560c2a9bd8a31084" "/opt/rustwide/cargo-home/bin/cargo" "+3154cc1a3e6424e44f438a95007d043ed5ceaaf6" "check" "--frozen" "--all" "--all-targets" "--message-format=json", kill_on_drop: false }`
[INFO] [stderr] warning: `package.homepage` is redundant with `package.documentation`
[INFO] [stderr]   --> Cargo.toml:70:12
[INFO] [stderr]    |
[INFO] [stderr] 68 | documentation = "https://dccif.github.io/KeySteer/"
[INFO] [stderr]    |                 -----------------------------------
[INFO] [stderr] 69 | edition = "2024"
[INFO] [stderr] 70 | homepage = "https://dccif.github.io/KeySteer/"
[INFO] [stderr]    |            ^^^^^^^^^^^^^^^^^^^^^^^^^^^^^^^^^^^
[INFO] [stderr]    |
[INFO] [stderr]    = note: `cargo::redundant_homepage` is set to `warn` by default
[INFO] [stderr] help: consider removing `package.homepage`
[INFO] [stderr] warning: `keysteer` (manifest) generated 1 warning
[INFO] [stderr]    Compiling find-msvc-tools v0.1.14
[INFO] [stderr]    Compiling unicode-ident v1.0.26
[INFO] [stderr]    Compiling libc v0.2.190
[INFO] [stderr]    Compiling serde_core v1.0.229
[INFO] [stderr]     Checking cfg-if v1.0.5
[INFO] [stderr]     Checking typenum v1.20.1
[INFO] [stderr]    Compiling rustix v1.1.5
[INFO] [stderr]     Checking linux-raw-sys v0.12.1
[INFO] [stderr]    Compiling openssl v0.10.81
[INFO] [stderr]     Checking zeroize v1.9.1
[INFO] [stderr]    Compiling proc-macro2 v1.0.107
[INFO] [stderr]    Compiling native-tls v0.2.18
[INFO] [stderr]    Compiling serde_json v1.0.152
[INFO] [stderr]     Checking smallvec v1.16.3
[INFO] [stderr]    Compiling winresource v0.1.31
[INFO] [stderr]     Checking toml_parser v1.1.5+spec-1.1.0
[INFO] [stderr]     Checking pem-rfc7468 v1.0.0
[INFO] [stderr]     Checking hashbrown v0.17.1
[INFO] [stderr]     Checking openssl-probe v0.2.1
[INFO] [stderr]     Checking rustls-pki-types v1.15.1
[INFO] [stderr]     Checking toml_writer v1.1.3+spec-1.1.0
[INFO] [stderr]    Compiling pinyin v0.11.0
[INFO] [stderr]    Compiling cc v1.7.0
[INFO] [stderr]     Checking x11rb-protocol v0.13.2
[INFO] [stderr]     Checking base64 v0.23.1
[INFO] [stderr]     Checking der v0.8.2
[INFO] [stderr]     Checking utf8-zero v0.8.1
[INFO] [stderr]     Checking miniz_oxide v0.9.1
[INFO] [stderr]     Checking smol_str v0.3.6
[INFO] [stderr]    Compiling quote v1.0.47
[INFO] [stderr]     Checking semver v1.0.28
[INFO] [stderr]     Checking ureq-proto v0.6.4
[INFO] [stderr]     Checking rustc-hash v2.1.3
[INFO] [stderr]     Checking webpki-root-certs v1.0.9
[INFO] [stderr]     Checking stats_alloc v0.1.10
[INFO] [stderr]    Compiling syn v2.0.119
[INFO] [stderr]    Compiling syn v3.0.7
[INFO] [stderr]     Checking indexmap v2.14.2
[INFO] [stderr]    Compiling openssl-sys v0.9.117
[INFO] [stderr]    Compiling keysteer v0.11.7 (/opt/rustwide/workdir)
[INFO] [stderr]     Checking hybrid-array v0.4.15
[INFO] [stderr]     Checking parking_lot_core v0.9.12
[INFO] [stderr]     Checking parking_lot v0.12.5
[INFO] [stderr]     Checking toml_datetime v1.1.2+spec-1.1.0
[INFO] [stderr]     Checking serde_spanned v1.1.2
[INFO] [stderr]     Checking block-buffer v0.12.1
[INFO] [stderr]     Checking crypto-common v0.2.2
[INFO] [stderr]    Compiling serde_derive v1.0.229
[INFO] [stderr]     Checking toml v1.1.8+spec-1.1.0
[INFO] [stderr]     Checking toml_edit v0.25.17+spec-1.1.0
[INFO] [stderr]     Checking digest v0.11.3
[INFO] [stderr]     Checking sha2 v0.11.0
[INFO] [stderr]    Compiling openssl-macros v0.1.1
[INFO] [stderr]     Checking gethostname v1.1.0
[INFO] [stderr]     Checking serde v1.0.229
[INFO] [stderr]     Checking x11rb v0.13.2
[INFO] [stderr]     Checking arboard v3.6.1
[INFO] [stderr]     Checking ureq v3.4.2
[INFO] [stdout] warning: unused import: `autostart::Autostart`
[INFO] [stdout]   --> src/api/mod.rs:33:9
[INFO] [stdout]    |
[INFO] [stdout] 33 | pub use autostart::Autostart;
[INFO] [stdout]    |         ^^^^^^^^^^^^^^^^^^^^
[INFO] [stdout]    |
[INFO] [stdout]    = note: `#[warn(unused_imports)]` (part of `#[warn(unused)]`) on by default
[INFO] [stdout] 
[INFO] [stdout] 
[INFO] [stdout] warning: unused import: `UpdateProgress`
[INFO] [stdout]   --> src/api/mod.rs:36:54
[INFO] [stdout]    |
[INFO] [stdout] 36 | pub use backend::{Appearance, Backend, BackendEvent, UpdateProgress};
[INFO] [stdout]    |                                                      ^^^^^^^^^^^^^^
[INFO] [stdout] 
[INFO] [stdout] 
[INFO] [stdout] error[E0433]: cannot find module or crate `loom` in this scope
[INFO] [stdout]    --> src/platform/macos/latest_point_mailbox.rs:183:13
[INFO] [stdout]     |
[INFO] [stdout] 183 |         use loom::sync::Arc;
[INFO] [stdout]     |             ^^^^ use of unresolved module or unlinked crate `loom`
[INFO] [stdout]     |
[INFO] [stdout]     = help: if you wanted to use a crate named `loom`, use `cargo add loom` to add it to your `Cargo.toml`
[INFO] [stdout] 
[INFO] [stdout] 
[INFO] [stdout] error[E0433]: cannot find module or crate `loom` in this scope
[INFO] [stdout]    --> src/platform/macos/latest_point_mailbox.rs:184:13
[INFO] [stdout]     |
[INFO] [stdout] 184 |         use loom::sync::atomic::{AtomicU64, Ordering, fence};
[INFO] [stdout]     |             ^^^^ use of unresolved module or unlinked crate `loom`
[INFO] [stdout]     |
[INFO] [stdout]     = help: if you wanted to use a crate named `loom`, use `cargo add loom` to add it to your `Cargo.toml`
[INFO] [stdout] 
[INFO] [stdout] 
[INFO] [stdout] error[E0432]: unresolved import `loom`
[INFO] [stdout]    --> src/platform/macos/latest_point_mailbox.rs:185:13
[INFO] [stdout]     |
[INFO] [stdout] 185 |         use loom::thread;
[INFO] [stdout]     |             ^^^^ use of unresolved module or unlinked crate `loom`
[INFO] [stdout]     |
[INFO] [stdout]     = help: if you wanted to use a crate named `loom`, use `cargo add loom` to add it to your `Cargo.toml`
[INFO] [stdout] 
[INFO] [stdout] 
[INFO] [stdout] warning: unused import: `autostart::Autostart`
[INFO] [stdout]   --> src/api/mod.rs:33:9
[INFO] [stdout]    |
[INFO] [stdout] 33 | pub use autostart::Autostart;
[INFO] [stdout]    |         ^^^^^^^^^^^^^^^^^^^^
[INFO] [stdout]    |
[INFO] [stdout]    = note: `#[warn(unused_imports)]` (part of `#[warn(unused)]`) on by default
[INFO] [stdout] 
[INFO] [stdout] 
[INFO] [stdout] warning: function `mark_correlated` is never used
[INFO] [stdout]    --> src/support/perf_probe.rs:314:15
[INFO] [stdout]     |
[INFO] [stdout] 314 | pub(crate) fn mark_correlated(event: &'static str, correlation_id: u64) {
[INFO] [stdout]     |               ^^^^^^^^^^^^^^^
[INFO] [stdout]     |
[INFO] [stdout]     = note: `#[warn(dead_code)]` (part of `#[warn(unused)]`) on by default
[INFO] [stdout] 
[INFO] [stdout] 
[INFO] [stdout] warning: function `next_correlation_id` is never used
[INFO] [stdout]    --> src/support/perf_probe.rs:339:15
[INFO] [stdout]     |
[INFO] [stdout] 339 | pub(crate) fn next_correlation_id() -> u64 {
[INFO] [stdout]     |               ^^^^^^^^^^^^^^^^^^^
[INFO] [stdout] 
[INFO] [stdout] 
[INFO] [stdout] warning: methods `reap_finished` and `shutdown_failure_was_returned` are never used
[INFO] [stdout]    --> src/support/worker.rs:47:19
[INFO] [stdout]     |
[INFO] [stdout]  25 | impl WorkerJoin {
[INFO] [stdout]     | --------------- methods in this implementation
[INFO] [stdout] ...
[INFO] [stdout]  47 |     pub(crate) fn reap_finished(&mut self) -> Result<bool, String> {
[INFO] [stdout]     |                   ^^^^^^^^^^^^^
[INFO] [stdout] ...
[INFO] [stdout] 146 |     pub(crate) fn shutdown_failure_was_returned(&self) -> bool {
[INFO] [stdout]     |                   ^^^^^^^^^^^^^^^^^^^^^^^^^^^^^
[INFO] [stdout] 
[INFO] [stdout] 
[INFO] [stdout] error[E0433]: cannot find module or crate `loom` in this scope
[INFO] [stdout]    --> src/platform/macos/latest_point_mailbox.rs:236:9
[INFO] [stdout]     |
[INFO] [stdout] 236 |         loom::model(|| {
[INFO] [stdout]     |         ^^^^ use of unresolved module or unlinked crate `loom`
[INFO] [stdout]     |
[INFO] [stdout]     = help: if you wanted to use a crate named `loom`, use `cargo add loom` to add it to your `Cargo.toml`
[INFO] [stdout] 
[INFO] [stdout] 
[INFO] [stdout] Some errors have detailed explanations: E0432, E0433.
[INFO] [stdout] 
[INFO] [stdout] For more information about an error, try `rustc --explain E0432`.
[INFO] [stdout] 
[INFO] [stderr] error: could not compile `keysteer` (lib test) due to 4 previous errors; 1 warning emitted
[INFO] [stderr] warning: unused dependency `arboard`
[INFO] [stderr]   --> Cargo.toml:18:15
[INFO] [stderr]    |
[INFO] [stderr] 18 | [dependencies.arboard]
[INFO] [stderr]    |               ^^^^^^^^
[INFO] [stderr]    |
[INFO] [stderr]    = note: `cargo::unused_dependencies` is set to `warn` by default
[INFO] [stderr] help: consider removing the dependency on `arboard`
[INFO] [stderr] warning: `keysteer` (manifest) generated 1 warning
[INFO] running `Command { std: "docker" "inspect" "da4a21e546daaa33a517711f92a891e5fb33eccf409e24d4560c2a9bd8a31084", kill_on_drop: false }`
[INFO] running `Command { std: "docker" "rm" "-f" "da4a21e546daaa33a517711f92a891e5fb33eccf409e24d4560c2a9bd8a31084", kill_on_drop: false }`
[INFO] [stdout] da4a21e546daaa33a517711f92a891e5fb33eccf409e24d4560c2a9bd8a31084
