[INFO] cloning repository https://github.com/daxo-developer/daxo-eco
[INFO] running `Command { std: "git" "-c" "credential.helper=" "-c" "credential.helper=/workspace/cargo-home/bin/git-credential-null" "clone" "--bare" "https://github.com/daxo-developer/daxo-eco" "/workspace/cache/git-repos/https%3A%2F%2Fgithub.com%2Fdaxo-developer%2Fdaxo-eco", kill_on_drop: false }`
[INFO] [stderr] Cloning into bare repository '/workspace/cache/git-repos/https%3A%2F%2Fgithub.com%2Fdaxo-developer%2Fdaxo-eco'...
[INFO] running `Command { std: "git" "rev-parse" "HEAD", kill_on_drop: false }`
[INFO] [stdout] 255519c0358f835f65e5b91fb2e180c4be5797c1
[INFO] checking daxo-developer/daxo-eco against 3154cc1a3e6424e44f438a95007d043ed5ceaaf6 for pr-133502-30
[INFO] running `Command { std: "git" "clone" "/workspace/cache/git-repos/https%3A%2F%2Fgithub.com%2Fdaxo-developer%2Fdaxo-eco" "/workspace/builds/worker-1-tc2/source", kill_on_drop: false }`
[INFO] [stderr] Cloning into '/workspace/builds/worker-1-tc2/source'...
[INFO] [stderr] done.
[INFO] started tweaking git repo https://github.com/daxo-developer/daxo-eco
[INFO] finished tweaking git repo https://github.com/daxo-developer/daxo-eco
[INFO] tweaked toml for git repo https://github.com/daxo-developer/daxo-eco written to /workspace/builds/worker-1-tc2/source/Cargo.toml
[INFO] validating manifest of git repo https://github.com/daxo-developer/daxo-eco on toolchain 3154cc1a3e6424e44f438a95007d043ed5ceaaf6
[INFO] running `Command { std: CARGO_HOME="/workspace/cargo-home" RUSTUP_HOME="/workspace/rustup-home" "/workspace/cargo-home/bin/cargo" "+3154cc1a3e6424e44f438a95007d043ed5ceaaf6" "metadata" "--manifest-path" "Cargo.toml" "--no-deps", kill_on_drop: false }`
[INFO] crate git repo https://github.com/daxo-developer/daxo-eco already has a lockfile, it will not be regenerated
[INFO] running `Command { std: CARGO_HOME="/workspace/cargo-home" RUSTUP_HOME="/workspace/rustup-home" "/workspace/cargo-home/bin/cargo" "+3154cc1a3e6424e44f438a95007d043ed5ceaaf6" "fetch" "--manifest-path" "Cargo.toml", kill_on_drop: false }`
[INFO] [stderr]     Blocking waiting for file lock on package cache
[INFO] running `Command { std: "docker" "create" "-v" "/var/lib/crater-agent-workspace/builds/worker-1-tc2/source:/opt/rustwide/workdir:ro,Z" "-v" "/var/lib/crater-agent-workspace/builds/worker-1-tc2/target:/opt/rustwide/target:rw,Z" "-v" "/var/lib/crater-agent-workspace/cargo-home:/opt/rustwide/cargo-home:ro,Z" "-v" "/var/lib/crater-agent-workspace/rustup-home:/opt/rustwide/rustup-home:ro,Z" "-m" "1610612736" "--network" "none" "ghcr.io/rust-lang/crates-build-env/linux@sha256:77db811e55d90add9212f6832c23229e3de5f1c1f9905e8cb07319ea15df73ac" "sleep" "infinity", kill_on_drop: false }`
[INFO] [stdout] 48e4cefba8699e81f6ba1433c1b6aa6c3fb2848195d5ea5e153c3ce010ad40e1
[INFO] running `Command { std: "docker" "start" "48e4cefba8699e81f6ba1433c1b6aa6c3fb2848195d5ea5e153c3ce010ad40e1", kill_on_drop: false }`
[INFO] running `Command { std: "docker" "inspect" "48e4cefba8699e81f6ba1433c1b6aa6c3fb2848195d5ea5e153c3ce010ad40e1", kill_on_drop: false }`
[INFO] running `Command { std: "docker" "exec" "-e" "SOURCE_DIR=/opt/rustwide/workdir" "-e" "CARGO_HOME=/opt/rustwide/cargo-home" "-e" "RUSTUP_HOME=/opt/rustwide/rustup-home" "-e" "CARGO_TARGET_DIR=/opt/rustwide/target" "-w" "/opt/rustwide/workdir" "--user" "0:0" "48e4cefba8699e81f6ba1433c1b6aa6c3fb2848195d5ea5e153c3ce010ad40e1" "/opt/rustwide/cargo-home/bin/cargo" "+3154cc1a3e6424e44f438a95007d043ed5ceaaf6" "metadata" "--no-deps" "--format-version=1", kill_on_drop: false }`
[INFO] running `Command { std: "docker" "inspect" "48e4cefba8699e81f6ba1433c1b6aa6c3fb2848195d5ea5e153c3ce010ad40e1", kill_on_drop: false }`
[INFO] running `Command { std: "docker" "exec" "-e" "SOURCE_DIR=/opt/rustwide/workdir" "-e" "CARGO_HOME=/opt/rustwide/cargo-home" "-e" "RUSTUP_HOME=/opt/rustwide/rustup-home" "-e" "CARGO_TARGET_DIR=/opt/rustwide/target" "-e" "CARGO_INCREMENTAL=0" "-e" "RUST_BACKTRACE=full" "-e" "RUSTFLAGS=--cap-lints=forbid" "-e" "RUSTDOCFLAGS=--cap-lints=forbid" "-w" "/opt/rustwide/workdir" "--user" "0:0" "48e4cefba8699e81f6ba1433c1b6aa6c3fb2848195d5ea5e153c3ce010ad40e1" "/opt/rustwide/cargo-home/bin/cargo" "+3154cc1a3e6424e44f438a95007d043ed5ceaaf6" "check" "--frozen" "--all" "--all-targets" "--message-format=json", kill_on_drop: false }`
[INFO] [stderr]     Checking log v0.4.33
[INFO] [stderr]    Compiling semver v1.0.28
[INFO] [stderr]     Checking futures-core v0.3.33
[INFO] [stderr]    Compiling thiserror v2.0.19
[INFO] [stderr]    Compiling serde_core v1.0.229
[INFO] [stderr]    Compiling serde v1.0.229
[INFO] [stderr]     Checking futures-sink v0.3.33
[INFO] [stderr]     Checking http v0.2.12
[INFO] [stderr]    Compiling syn v2.0.119
[INFO] [stderr]    Compiling syn v3.0.3
[INFO] [stderr]     Checking parking_lot_core v0.9.12
[INFO] [stderr]    Compiling cc v1.4.0
[INFO] [stderr]     Checking futures-io v0.3.33
[INFO] [stderr]     Checking futures-task v0.3.33
[INFO] [stderr]     Checking hash32 v0.2.1
[INFO] [stderr]     Checking signature v2.2.0
[INFO] [stderr]     Checking zeroize v1.9.0
[INFO] [stderr]     Checking hashbrown v0.17.1
[INFO] [stderr]     Checking sha2 v0.10.9
[INFO] [stderr]     Checking ed25519 v2.2.3
[INFO] [stderr]     Checking mio v1.2.2
[INFO] [stderr]     Checking socket2 v0.5.10
[INFO] [stderr]    Compiling rustc_version v0.4.1
[INFO] [stderr]     Checking foreign-types-shared v0.1.1
[INFO] [stderr]    Compiling num-traits v0.2.19
[INFO] [stderr]    Compiling native-tls v0.2.18
[INFO] [stderr]     Checking futures-util v0.3.33
[INFO] [stderr]    Compiling serde_json v1.0.151
[INFO] [stderr]     Checking foreign-types v0.3.2
[INFO] [stderr]     Checking zerocopy v0.8.55
[INFO] [stderr]     Checking futures-channel v0.3.33
[INFO] [stderr]    Compiling crc32fast v1.5.0
[INFO] [stderr]     Checking local-waker v0.1.4
[INFO] [stderr]     Checking alloc-no-stdlib v2.0.4
[INFO] [stderr]     Checking regex-automata v0.4.16
[INFO] [stderr]    Compiling tracing-core v0.1.36
[INFO] [stderr]     Checking alloc-stdlib v0.2.4
[INFO] [stderr]     Checking parking_lot v0.12.5
[INFO] [stderr]     Checking http-body v0.4.6
[INFO] [stderr]    Compiling bytes v1.12.1
[INFO] [stderr]     Checking base64 v0.21.7
[INFO] [stderr]     Checking simd-adler32 v0.3.10
[INFO] [stderr]    Compiling curve25519-dalek v4.1.3
[INFO] [stderr]    Compiling heapless v0.7.17
[INFO] [stderr]     Checking indexmap v2.14.0
[INFO] [stderr]     Checking miniz_oxide v0.8.9
[INFO] [stderr]     Checking rustls-pemfile v1.0.4
[INFO] [stderr]    Compiling tracing v0.1.44
[INFO] [stderr]     Checking brotli-decompressor v5.0.3
[INFO] [stderr]     Checking getrandom v0.4.3
[INFO] [stderr]     Checking actix-utils v3.0.1
[INFO] [stderr]     Checking chacha20 v0.10.1
[INFO] [stderr]     Checking actix-service v2.0.3
[INFO] [stderr]     Checking bytestring v1.5.1
[INFO] [stderr]    Compiling cookie v0.16.2
[INFO] [stderr]     Checking sync_wrapper v0.1.2
[INFO] [stderr]    Compiling regex-lite v0.1.9
[INFO] [stderr]     Checking time v0.3.54
[INFO] [stderr]     Checking flate2 v1.1.9
[INFO] [stderr]     Checking rand v0.10.2
[INFO] [stderr]     Checking sha1 v0.11.0
[INFO] [stderr]     Checking local-channel v0.1.5
[INFO] [stderr]     Checking chrono v0.4.45
[INFO] [stderr]     Checking language-tags v0.3.2
[INFO] [stderr]     Checking foldhash v0.2.0
[INFO] [stderr]     Checking is-terminal v0.4.17
[INFO] [stderr]     Checking impl-more v0.3.5
[INFO] [stderr]     Checking brotli v8.0.4
[INFO] [stderr]     Checking regex v1.13.1
[INFO] [stderr]    Compiling openssl-sys v0.9.117
[INFO] [stderr]    Compiling zstd-sys v2.0.16+zstd.1.5.7
[INFO] [stderr]     Checking env_logger v0.10.2
[INFO] [stderr]    Compiling actix-router v0.5.4
[INFO] [stderr]    Compiling serde_derive v1.0.229
[INFO] [stderr]    Compiling thiserror-impl v2.0.19
[INFO] [stderr]    Compiling openssl v0.10.81
[INFO] [stderr]     Checking cobs v0.3.0
[INFO] [stderr]    Compiling synstructure v0.13.2
[INFO] [stderr]     Checking ppv-lite86 v0.2.21
[INFO] [stderr]    Compiling zerovec-derive v0.11.3
[INFO] [stderr]    Compiling tokio-macros v2.7.1
[INFO] [stderr]    Compiling displaydoc v0.2.6
[INFO] [stderr]    Compiling tracing-attributes v0.1.31
[INFO] [stderr]    Compiling curve25519-dalek-derive v0.1.1
[INFO] [stderr]    Compiling openssl-macros v0.1.1
[INFO] [stderr]    Compiling derive_more-impl v2.1.1
[INFO] [stderr]    Compiling actix-macros v0.2.4
[INFO] [stderr]    Compiling actix-web-codegen v4.3.0
[INFO] [stderr]    Compiling zerofrom-derive v0.1.7
[INFO] [stderr]    Compiling yoke-derive v0.8.2
[INFO] [stderr]     Checking rand_chacha v0.3.1
[INFO] [stderr]     Checking rand v0.8.7
[INFO] [stderr]     Checking tokio v1.53.1
[INFO] [stderr]    Compiling zstd-safe v7.2.4
[INFO] [stderr]     Checking zerofrom v0.1.8
[INFO] [stderr]     Checking yoke v0.8.3
[INFO] [stderr]     Checking zstd v0.13.3
[INFO] [stderr]     Checking serde_urlencoded v0.7.1
[INFO] [stderr]     Checking zerovec v0.11.6
[INFO] [stderr]     Checking zerotrie v0.2.4
[INFO] [stderr]     Checking ed25519-dalek v2.2.0
[INFO] [stderr]     Checking postcard v1.1.3
[INFO] [stderr]     Checking tinystr v0.8.3
[INFO] [stderr]     Checking potential_utf v0.1.5
[INFO] [stderr]     Checking icu_collections v2.2.0
[INFO] [stderr]     Checking icu_locale_core v2.2.0
[INFO] [stderr]     Checking daxo-eco-core v0.1.0 (/opt/rustwide/workdir/daxo-eco-core)
[INFO] [stderr]     Checking derive_more v2.1.1
[INFO] [stdout] error[E0152]: found duplicate lang item `panic_impl`
[INFO] [stdout]   --> daxo-eco-core/examples/bench.rs:10:1
[INFO] [stdout]    |
[INFO] [stdout] 10 | / fn panic(_info: &PanicInfo) -> ! {
[INFO] [stdout] 11 | |     loop {}
[INFO] [stdout] 12 | | }
[INFO] [stdout]    | |_^
[INFO] [stdout]    |
[INFO] [stdout]    = note: the lang item is first defined in crate `std` (which `ed25519_dalek` depends on)
[INFO] [stdout]    = note: first definition in `std` loaded from /opt/rustwide/rustup-home/toolchains/3154cc1a3e6424e44f438a95007d043ed5ceaaf6/lib/rustlib/x86_64-unknown-linux-gnu/lib/libstd-6ee2a0f0126c8a50.rmeta
[INFO] [stdout]    = note: second definition in the local crate (`bench`)
[INFO] [stdout] 
[INFO] [stdout] 
[INFO] [stdout] For more information about this error, try `rustc --explain E0152`.
[INFO] [stdout] 
[INFO] [stdout] error[E0433]: cannot find module or crate `serde_json` in this scope
[INFO] [stdout]   --> daxo-eco-core/src/bin/bench_serialize.rs:23:22
[INFO] [stdout]    |
[INFO] [stdout] 23 |     let json_bytes = serde_json::to_vec(&data).unwrap();
[INFO] [stdout]    |                      ^^^^^^^^^^ use of unresolved module or unlinked crate `serde_json`
[INFO] [stdout]    |
[INFO] [stdout]    = help: if you wanted to use a crate named `serde_json`, use `cargo add serde_json` to add it to your `Cargo.toml`
[INFO] [stdout] 
[INFO] [stdout] 
[INFO] [stderr] error: could not compile `daxo-eco-core` (example "bench") due to 1 previous error
[INFO] [stderr] warning: build failed, waiting for other jobs to finish...
[INFO] [stdout] error[E0433]: cannot find module or crate `serde_json` in this scope
[INFO] [stdout]   --> daxo-eco-core/src/bin/bench_serialize.rs:44:17
[INFO] [stdout]    |
[INFO] [stdout] 44 |         let _ = serde_json::to_vec(&data).unwrap();
[INFO] [stdout]    |                 ^^^^^^^^^^ use of unresolved module or unlinked crate `serde_json`
[INFO] [stdout]    |
[INFO] [stdout]    = help: if you wanted to use a crate named `serde_json`, use `cargo add serde_json` to add it to your `Cargo.toml`
[INFO] [stdout] 
[INFO] [stdout] 
[INFO] [stdout] For more information about this error, try `rustc --explain E0433`.
[INFO] [stdout] 
[INFO] [stderr] error: could not compile `daxo-eco-core` (bin "bench_serialize") due to 2 previous errors
[INFO] [stderr] warning: unused dependency `hex`
[INFO] [stderr]  --> daxo-eco-core/Cargo.toml:9:1
[INFO] [stderr]   |
[INFO] [stderr] 9 | hex = { version = "0.4", default-features = false, features = ["alloc"] }
[INFO] [stderr]   | ^^^^^^^^^^^^^^^^^^^^^^^^^^^^^^^^^^^^^^^^^^^^^^^^^^^^^^^^^^^^^^^^^^^^^^^^^
[INFO] [stderr]   |
[INFO] [stderr]   = note: `cargo::unused_dependencies` is set to `warn` by default
[INFO] [stderr] help: consider removing the dependency on `hex`
[INFO] [stderr] warning: `daxo-eco-core` (manifest) generated 1 warning
[INFO] running `Command { std: "docker" "inspect" "48e4cefba8699e81f6ba1433c1b6aa6c3fb2848195d5ea5e153c3ce010ad40e1", kill_on_drop: false }`
[INFO] running `Command { std: "docker" "rm" "-f" "48e4cefba8699e81f6ba1433c1b6aa6c3fb2848195d5ea5e153c3ce010ad40e1", kill_on_drop: false }`
[INFO] [stdout] 48e4cefba8699e81f6ba1433c1b6aa6c3fb2848195d5ea5e153c3ce010ad40e1
