[INFO] cloning repository https://github.com/davidkny22/hypertok
[INFO] running `Command { std: "git" "-c" "credential.helper=" "-c" "credential.helper=/workspace/cargo-home/bin/git-credential-null" "clone" "--bare" "https://github.com/davidkny22/hypertok" "/workspace/cache/git-repos/https%3A%2F%2Fgithub.com%2Fdavidkny22%2Fhypertok", kill_on_drop: false }`
[INFO] [stderr] Cloning into bare repository '/workspace/cache/git-repos/https%3A%2F%2Fgithub.com%2Fdavidkny22%2Fhypertok'...
[INFO] running `Command { std: "git" "rev-parse" "HEAD", kill_on_drop: false }`
[INFO] [stdout] 5152b98ed28e344d3609ce21e2f04d261ee7fd03
[INFO] checking davidkny22/hypertok against 3154cc1a3e6424e44f438a95007d043ed5ceaaf6+rustflags=-Znext-solver=coherence for pr-133502-30
[INFO] running `Command { std: "git" "clone" "/workspace/cache/git-repos/https%3A%2F%2Fgithub.com%2Fdavidkny22%2Fhypertok" "/workspace/builds/worker-5-tc1/source", kill_on_drop: false }`
[INFO] [stderr] Cloning into '/workspace/builds/worker-5-tc1/source'...
[INFO] [stderr] done.
[INFO] started tweaking git repo https://github.com/davidkny22/hypertok
[INFO] removed 0 missing examples
[INFO] removed 0 missing tests
[INFO] finished tweaking git repo https://github.com/davidkny22/hypertok
[INFO] tweaked toml for git repo https://github.com/davidkny22/hypertok written to /workspace/builds/worker-5-tc1/source/Cargo.toml
[INFO] validating manifest of git repo https://github.com/davidkny22/hypertok on toolchain 3154cc1a3e6424e44f438a95007d043ed5ceaaf6
[INFO] running `Command { std: CARGO_HOME="/workspace/cargo-home" RUSTUP_HOME="/workspace/rustup-home" "/workspace/cargo-home/bin/cargo" "+3154cc1a3e6424e44f438a95007d043ed5ceaaf6" "metadata" "--manifest-path" "Cargo.toml" "--no-deps", kill_on_drop: false }`
[INFO] crate git repo https://github.com/davidkny22/hypertok already has a lockfile, it will not be regenerated
[INFO] running `Command { std: CARGO_HOME="/workspace/cargo-home" RUSTUP_HOME="/workspace/rustup-home" "/workspace/cargo-home/bin/cargo" "+3154cc1a3e6424e44f438a95007d043ed5ceaaf6" "fetch" "--manifest-path" "Cargo.toml", kill_on_drop: false }`
[INFO] [stderr]     Blocking waiting for file lock on package cache
[INFO] [stderr]     Updating crates.io index
[INFO] [stderr]     Blocking waiting for file lock on package cache
[INFO] [stderr]  Downloading crates ...
[INFO] [stderr]   Downloaded wasm-bindgen-rayon v1.3.0
[INFO] [stderr]   Downloaded icu_time v2.2.0
[INFO] [stderr]   Downloaded wasm_sync v0.1.2
[INFO] [stderr]   Downloaded icu v2.2.0
[INFO] [stderr]   Downloaded ixdtf v0.6.5
[INFO] [stderr]   Downloaded icu_time_data v2.2.1
[INFO] [stderr]   Downloaded icu_calendar_data v2.2.0
[INFO] [stderr]   Downloaded icu_plurals_data v2.2.0
[INFO] [stderr]   Downloaded icu_pattern v0.4.2
[INFO] [stderr]   Downloaded icu_list v2.2.0
[INFO] [stderr]   Downloaded icu_list_data v2.2.0
[INFO] [stderr]   Downloaded icu_plurals v2.2.0
[INFO] [stderr]   Downloaded calendrical_calculations v0.2.4
[INFO] [stderr]   Downloaded seedable_hash v0.2.3
[INFO] [stderr]   Downloaded icu_experimental v0.5.0
[INFO] [stderr]   Downloaded icu_decimal_data v2.2.0
[INFO] [stderr]   Downloaded icu_casemap v2.2.0
[INFO] [stderr]   Downloaded ph v0.11.0
[INFO] [stderr]   Downloaded wyhash v0.5.0
[INFO] [stderr]   Downloaded icu_datetime v2.2.0
[INFO] [stderr]   Downloaded binout v0.3.1
[INFO] [stderr]   Downloaded dyn_size_of v0.4.5
[INFO] [stderr]   Downloaded icu_decimal v2.2.0
[INFO] [stderr]   Downloaded icu_calendar v2.2.1
[INFO] [stderr]   Downloaded icu_casemap_data v2.2.0
[INFO] [stderr]   Downloaded icu_collator_data v2.2.0
[INFO] [stderr]   Downloaded bitm v0.5.2
[INFO] [stderr]   Downloaded fancy-regex v0.18.0
[INFO] [stderr]   Downloaded icu_collator v2.2.1
[INFO] [stderr]   Downloaded icu_datetime_data v2.2.0
[INFO] [stderr]   Downloaded icu_experimental_data v0.5.0
[INFO] running `Command { std: "docker" "create" "-v" "/var/lib/crater-agent-workspace/builds/worker-5-tc1/source:/opt/rustwide/workdir:ro,Z" "-v" "/var/lib/crater-agent-workspace/builds/worker-5-tc1/target:/opt/rustwide/target:rw,Z" "-v" "/var/lib/crater-agent-workspace/cargo-home:/opt/rustwide/cargo-home:ro,Z" "-v" "/var/lib/crater-agent-workspace/rustup-home:/opt/rustwide/rustup-home:ro,Z" "-m" "1610612736" "--network" "none" "ghcr.io/rust-lang/crates-build-env/linux@sha256:77db811e55d90add9212f6832c23229e3de5f1c1f9905e8cb07319ea15df73ac" "sleep" "infinity", kill_on_drop: false }`
[INFO] [stdout] 7e782d76a71135f22e1954a89f824994c0fc2940f944291cfc47fef30553c0ae
[INFO] running `Command { std: "docker" "start" "7e782d76a71135f22e1954a89f824994c0fc2940f944291cfc47fef30553c0ae", kill_on_drop: false }`
[INFO] running `Command { std: "docker" "inspect" "7e782d76a71135f22e1954a89f824994c0fc2940f944291cfc47fef30553c0ae", kill_on_drop: false }`
[INFO] running `Command { std: "docker" "exec" "-e" "SOURCE_DIR=/opt/rustwide/workdir" "-e" "CARGO_HOME=/opt/rustwide/cargo-home" "-e" "RUSTUP_HOME=/opt/rustwide/rustup-home" "-e" "CARGO_TARGET_DIR=/opt/rustwide/target" "-w" "/opt/rustwide/workdir" "--user" "0:0" "7e782d76a71135f22e1954a89f824994c0fc2940f944291cfc47fef30553c0ae" "/opt/rustwide/cargo-home/bin/cargo" "+3154cc1a3e6424e44f438a95007d043ed5ceaaf6" "metadata" "--no-deps" "--format-version=1", kill_on_drop: false }`
[INFO] running `Command { std: "docker" "inspect" "7e782d76a71135f22e1954a89f824994c0fc2940f944291cfc47fef30553c0ae", kill_on_drop: false }`
[INFO] running `Command { std: "docker" "exec" "-e" "SOURCE_DIR=/opt/rustwide/workdir" "-e" "CARGO_HOME=/opt/rustwide/cargo-home" "-e" "RUSTUP_HOME=/opt/rustwide/rustup-home" "-e" "CARGO_TARGET_DIR=/opt/rustwide/target" "-e" "CARGO_INCREMENTAL=0" "-e" "RUST_BACKTRACE=full" "-e" "RUSTFLAGS=--cap-lints=forbid -Znext-solver=coherence" "-e" "RUSTDOCFLAGS=--cap-lints=forbid" "-w" "/opt/rustwide/workdir" "--user" "0:0" "7e782d76a71135f22e1954a89f824994c0fc2940f944291cfc47fef30553c0ae" "/opt/rustwide/cargo-home/bin/cargo" "+3154cc1a3e6424e44f438a95007d043ed5ceaaf6" "check" "--frozen" "--all" "--all-targets" "--message-format=json", kill_on_drop: false }`
[INFO] [stderr]     Checking stable_deref_trait v1.2.1
[INFO] [stderr]     Checking litemap v0.8.2
[INFO] [stderr]    Compiling icu_locale_data v2.2.0
[INFO] [stderr]     Checking writeable v0.6.3
[INFO] [stderr]    Compiling wasm-bindgen-shared v0.2.125
[INFO] [stderr]     Checking zerofrom v0.1.8
[INFO] [stderr]    Compiling icu_calendar_data v2.2.0
[INFO] [stderr]     Checking aho-corasick v1.1.4
[INFO] [stderr]    Compiling icu_decimal_data v2.2.0
[INFO] [stderr]    Compiling icu_time_data v2.2.1
[INFO] [stderr]     Checking yoke v0.8.3
[INFO] [stderr]    Compiling icu_plurals_data v2.2.0
[INFO] [stderr]     Checking fixed_decimal v0.7.2
[INFO] [stderr]     Checking calendrical_calculations v0.2.4
[INFO] [stderr]    Compiling icu_datetime_data v2.2.0
[INFO] [stderr]    Compiling icu_collator_data v2.2.0
[INFO] [stderr]     Checking ixdtf v0.6.5
[INFO] [stderr]    Compiling icu_list_data v2.2.0
[INFO] [stderr]    Compiling icu_segmenter_data v2.2.0
[INFO] [stderr]    Compiling icu_casemap_data v2.2.0
[INFO] [stderr]     Checking rand_core v0.6.4
[INFO] [stderr]     Checking zerovec v0.11.6
[INFO] [stderr]     Checking zerotrie v0.2.4
[INFO] [stderr]     Checking regex-syntax v0.8.11
[INFO] [stderr]    Compiling libc v0.2.189
[INFO] [stderr]     Checking wyhash v0.5.0
[INFO] [stderr]    Compiling wasm-bindgen-macro-support v0.2.125
[INFO] [stderr]    Compiling wasm-bindgen v0.2.125
[INFO] [stderr]     Checking rayon v1.12.0
[INFO] [stderr]    Compiling serde_derive v1.0.228
[INFO] [stderr]     Checking dyn_size_of v0.4.5
[INFO] [stderr]    Compiling eyre v0.6.12
[INFO] [stderr]     Checking bitm v0.5.2
[INFO] [stderr]     Checking serde_json v1.0.150
[INFO] [stderr]     Checking tinystr v0.8.3
[INFO] [stderr]     Checking icu_locale_core v2.2.0
[INFO] [stderr]     Checking potential_utf v0.1.5
[INFO] [stderr]     Checking icu_collections v2.2.0
[INFO] [stderr]     Checking regex-automata v0.4.16
[INFO] [stderr]     Checking icu_pattern v0.4.2
[INFO] [stderr]     Checking seedable_hash v0.2.3
[INFO] [stderr]     Checking indenter v0.3.4
[INFO] [stderr]     Checking binout v0.3.1
[INFO] [stderr]     Checking bit-vec v0.8.0
[INFO] [stderr]     Checking getrandom v0.4.3
[INFO] [stderr]     Checking bit-set v0.8.0
[INFO] [stderr]     Checking hypertok-format v0.1.0 (/opt/rustwide/workdir/hypertok-format)
[INFO] [stderr]     Checking voracious_radix_sort v1.2.0
[INFO] [stderr]     Checking rand v0.10.2
[INFO] [stderr]     Checking itertools v0.15.0
[INFO] [stderr]     Checking icu_provider v2.2.0
[INFO] [stderr]     Checking icu_locale v2.2.0
[INFO] [stderr]     Checking icu_properties v2.2.0
[INFO] [stderr]     Checking icu_normalizer v2.2.0
[INFO] [stderr]     Checking icu_calendar v2.2.1
[INFO] [stderr]     Checking icu_plurals v2.2.0
[INFO] [stderr]     Checking icu_decimal v2.2.0
[INFO] [stderr]     Checking ph v0.11.0
[INFO] [stderr]     Checking serde v1.0.228
[INFO] [stderr]     Checking icu_list v2.2.0
[INFO] [stderr]     Checking icu_segmenter v2.2.0
[INFO] [stderr]     Checking fancy-regex v0.18.0
[INFO] [stderr]     Checking icu_casemap v2.2.0
[INFO] [stderr]     Checking icu_collator v2.2.1
[INFO] [stderr]     Checking hypertok-hash v0.1.0 (/opt/rustwide/workdir/hypertok-hash)
[INFO] [stderr]     Checking hypertok-converter v0.1.0 (/opt/rustwide/workdir/hypertok-converter)
[INFO] [stderr]     Checking icu_time v2.2.0
[INFO] [stderr]    Compiling wasm-bindgen-macro v0.2.125
[INFO] [stderr]     Checking icu_datetime v2.2.0
[INFO] [stderr]     Checking hypertok v0.10.0 (/opt/rustwide/workdir)
[INFO] [stderr]     Checking icu v2.2.0
[INFO] [stdout] error[E0432]: unresolved import `hypertok::load_tokenizer::htk`
[INFO] [stdout]  --> tests/htk_concat_refusal.rs:1:31
[INFO] [stdout]   |
[INFO] [stdout] 1 | use hypertok::load_tokenizer::htk::{HtkLoadError, load_htk_slice};
[INFO] [stdout]   |                               ^^^ could not find `htk` in `load_tokenizer`
[INFO] [stdout]   |
[INFO] [stdout] note: found an item that was configured out
[INFO] [stdout]  --> src/load_tokenizer/mod.rs:4:9
[INFO] [stdout]   |
[INFO] [stdout] 3 | #[cfg(feature = "htk")]
[INFO] [stdout]   |       --------------- the item is gated behind the `htk` feature
[INFO] [stdout] 4 | pub mod htk;
[INFO] [stdout]   |         ^^^
[INFO] [stdout] 
[INFO] [stdout] 
[INFO] [stdout] error[E0432]: unresolved import `hypertok_format`
[INFO] [stdout]  --> tests/htk_concat_refusal.rs:3:5
[INFO] [stdout]   |
[INFO] [stdout] 3 | use hypertok_format::{HashScheme, SectionId, StructuralClass, encode_u32};
[INFO] [stdout]   |     ^^^^^^^^^^^^^^^ use of unresolved module or unlinked crate `hypertok_format`
[INFO] [stdout]   |
[INFO] [stdout]   = help: if you wanted to use a crate named `hypertok_format`, use `cargo add hypertok_format` to add it to your `Cargo.toml`
[INFO] [stdout] 
[INFO] [stdout] 
[INFO] [stdout] For more information about this error, try `rustc --explain E0432`.
[INFO] [stdout] 
[INFO] [stdout] error[E0432]: unresolved import `hypertok::load_tokenizer::htk`
[INFO] [stdout]  --> tests/htk_structural_classes.rs:1:31
[INFO] [stdout]   |
[INFO] [stdout] 1 | use hypertok::load_tokenizer::htk::{HtkTokenizer, load_htk_slice};
[INFO] [stdout]   |                               ^^^ could not find `htk` in `load_tokenizer`
[INFO] [stdout]   |
[INFO] [stdout] note: found an item that was configured out
[INFO] [stdout]  --> src/load_tokenizer/mod.rs:4:9
[INFO] [stdout]   |
[INFO] [stdout] 3 | #[cfg(feature = "htk")]
[INFO] [stdout]   |       --------------- the item is gated behind the `htk` feature
[INFO] [stdout] 4 | pub mod htk;
[INFO] [stdout]   |         ^^^
[INFO] [stdout] 
[INFO] [stdout] 
[INFO] [stdout] error[E0432]: unresolved import `hypertok_format`
[INFO] [stdout]  --> tests/htk_structural_classes.rs:2:5
[INFO] [stdout]   |
[INFO] [stdout] 2 | use hypertok_format::{StructuralClass, ValidatedFile};
[INFO] [stdout]   |     ^^^^^^^^^^^^^^^ use of unresolved module or unlinked crate `hypertok_format`
[INFO] [stdout]   |
[INFO] [stdout]   = help: if you wanted to use a crate named `hypertok_format`, use `cargo add hypertok_format` to add it to your `Cargo.toml`
[INFO] [stdout] 
[INFO] [stdout] 
[INFO] [stderr] error: could not compile `hypertok` (test "htk_concat_refusal") due to 2 previous errors
[INFO] [stderr] warning: build failed, waiting for other jobs to finish...
[INFO] [stdout] error[E0432]: unresolved import `hypertok::load_tokenizer::htk`
[INFO] [stdout]  --> examples/htk_decode_roundtrip.rs:1:31
[INFO] [stdout]   |
[INFO] [stdout] 1 | use hypertok::load_tokenizer::htk::{HtkDecodeError, LoadedHtk, load_htk_slice};
[INFO] [stdout]   |                               ^^^ could not find `htk` in `load_tokenizer`
[INFO] [stdout]   |
[INFO] [stdout] note: found an item that was configured out
[INFO] [stdout]  --> src/load_tokenizer/mod.rs:4:9
[INFO] [stdout]   |
[INFO] [stdout] 3 | #[cfg(feature = "htk")]
[INFO] [stdout]   |       --------------- the item is gated behind the `htk` feature
[INFO] [stdout] 4 | pub mod htk;
[INFO] [stdout]   |         ^^^
[INFO] [stdout] 
[INFO] [stdout] 
[INFO] [stdout] For more information about this error, try `rustc --explain E0432`.
[INFO] [stdout] 
[INFO] [stdout] For more information about this error, try `rustc --explain E0432`.
[INFO] [stdout] 
[INFO] [stderr] error: could not compile `hypertok` (example "htk_decode_roundtrip") due to 1 previous error
[INFO] [stderr] error: could not compile `hypertok` (test "htk_structural_classes") due to 2 previous errors
[INFO] [stdout] error[E0432]: unresolved import `hypertok::load_tokenizer::htk`
[INFO] [stdout]  --> examples/htk_overlap.rs:1:31
[INFO] [stdout]   |
[INFO] [stdout] 1 | use hypertok::load_tokenizer::htk::{LoadedHtk, load_htk_slice};
[INFO] [stdout]   |                               ^^^ could not find `htk` in `load_tokenizer`
[INFO] [stdout]   |
[INFO] [stdout] note: found an item that was configured out
[INFO] [stdout]  --> src/load_tokenizer/mod.rs:4:9
[INFO] [stdout]   |
[INFO] [stdout] 3 | #[cfg(feature = "htk")]
[INFO] [stdout]   |       --------------- the item is gated behind the `htk` feature
[INFO] [stdout] 4 | pub mod htk;
[INFO] [stdout]   |         ^^^
[INFO] [stdout] 
[INFO] [stdout] 
[INFO] [stdout] error[E0432]: unresolved import `hypertok::load_tokenizer::htk_chunk`
[INFO] [stdout]  --> examples/htk_overlap.rs:2:31
[INFO] [stdout]   |
[INFO] [stdout] 2 | use hypertok::load_tokenizer::htk_chunk::{ChunkConfig, ChunkError};
[INFO] [stdout]   |                               ^^^^^^^^^ could not find `htk_chunk` in `load_tokenizer`
[INFO] [stdout]   |
[INFO] [stdout] note: found an item that was configured out
[INFO] [stdout]  --> src/load_tokenizer/mod.rs:8:9
[INFO] [stdout]   |
[INFO] [stdout] 7 | #[cfg(feature = "htk")]
[INFO] [stdout]   |       --------------- the item is gated behind the `htk` feature
[INFO] [stdout] 8 | pub mod htk_chunk;
[INFO] [stdout]   |         ^^^^^^^^^
[INFO] [stdout] 
[INFO] [stdout] 
[INFO] [stdout] For more information about this error, try `rustc --explain E0432`.
[INFO] [stdout] 
[INFO] [stderr] error: could not compile `hypertok` (example "htk_overlap") due to 2 previous errors
[INFO] running `Command { std: "docker" "inspect" "7e782d76a71135f22e1954a89f824994c0fc2940f944291cfc47fef30553c0ae", kill_on_drop: false }`
[INFO] running `Command { std: "docker" "rm" "-f" "7e782d76a71135f22e1954a89f824994c0fc2940f944291cfc47fef30553c0ae", kill_on_drop: false }`
[INFO] [stdout] 7e782d76a71135f22e1954a89f824994c0fc2940f944291cfc47fef30553c0ae
