[INFO] cloning repository https://github.com/darwin-miden/darwin-relay
[INFO] running `Command { std: "git" "-c" "credential.helper=" "-c" "credential.helper=/workspace/cargo-home/bin/git-credential-null" "clone" "--bare" "https://github.com/darwin-miden/darwin-relay" "/workspace/cache/git-repos/https%3A%2F%2Fgithub.com%2Fdarwin-miden%2Fdarwin-relay", kill_on_drop: false }`
[INFO] [stderr] Cloning into bare repository '/workspace/cache/git-repos/https%3A%2F%2Fgithub.com%2Fdarwin-miden%2Fdarwin-relay'...
[INFO] running `Command { std: "git" "rev-parse" "HEAD", kill_on_drop: false }`
[INFO] [stdout] d51c32f619d4cbdd89035c3d09bd7c46e042ead8
[INFO] checking darwin-miden/darwin-relay against 3154cc1a3e6424e44f438a95007d043ed5ceaaf6 for pr-133502-30
[INFO] running `Command { std: "git" "clone" "/workspace/cache/git-repos/https%3A%2F%2Fgithub.com%2Fdarwin-miden%2Fdarwin-relay" "/workspace/builds/worker-1-tc2/source", kill_on_drop: false }`
[INFO] [stderr] Cloning into '/workspace/builds/worker-1-tc2/source'...
[INFO] [stderr] done.
[INFO] started tweaking git repo https://github.com/darwin-miden/darwin-relay
[INFO] finished tweaking git repo https://github.com/darwin-miden/darwin-relay
[INFO] tweaked toml for git repo https://github.com/darwin-miden/darwin-relay written to /workspace/builds/worker-1-tc2/source/Cargo.toml
[INFO] validating manifest of git repo https://github.com/darwin-miden/darwin-relay on toolchain 3154cc1a3e6424e44f438a95007d043ed5ceaaf6
[INFO] running `Command { std: CARGO_HOME="/workspace/cargo-home" RUSTUP_HOME="/workspace/rustup-home" "/workspace/cargo-home/bin/cargo" "+3154cc1a3e6424e44f438a95007d043ed5ceaaf6" "metadata" "--manifest-path" "Cargo.toml" "--no-deps", kill_on_drop: false }`
[INFO] crate git repo https://github.com/darwin-miden/darwin-relay already has a lockfile, it will not be regenerated
[INFO] running `Command { std: CARGO_HOME="/workspace/cargo-home" RUSTUP_HOME="/workspace/rustup-home" "/workspace/cargo-home/bin/cargo" "+3154cc1a3e6424e44f438a95007d043ed5ceaaf6" "fetch" "--manifest-path" "Cargo.toml", kill_on_drop: false }`
[INFO] running `Command { std: "docker" "create" "-v" "/var/lib/crater-agent-workspace/builds/worker-1-tc2/source:/opt/rustwide/workdir:ro,Z" "-v" "/var/lib/crater-agent-workspace/builds/worker-1-tc2/target:/opt/rustwide/target:rw,Z" "-v" "/var/lib/crater-agent-workspace/cargo-home:/opt/rustwide/cargo-home:ro,Z" "-v" "/var/lib/crater-agent-workspace/rustup-home:/opt/rustwide/rustup-home:ro,Z" "-m" "1610612736" "--network" "none" "ghcr.io/rust-lang/crates-build-env/linux@sha256:77db811e55d90add9212f6832c23229e3de5f1c1f9905e8cb07319ea15df73ac" "sleep" "infinity", kill_on_drop: false }`
[INFO] [stdout] 0cfd38e8ad4e466e9619441e3777ecb973961428d74b643b7439122113d66cb4
[INFO] running `Command { std: "docker" "start" "0cfd38e8ad4e466e9619441e3777ecb973961428d74b643b7439122113d66cb4", kill_on_drop: false }`
[INFO] running `Command { std: "docker" "inspect" "0cfd38e8ad4e466e9619441e3777ecb973961428d74b643b7439122113d66cb4", kill_on_drop: false }`
[INFO] running `Command { std: "docker" "exec" "-e" "SOURCE_DIR=/opt/rustwide/workdir" "-e" "CARGO_HOME=/opt/rustwide/cargo-home" "-e" "RUSTUP_HOME=/opt/rustwide/rustup-home" "-e" "CARGO_TARGET_DIR=/opt/rustwide/target" "-w" "/opt/rustwide/workdir" "--user" "0:0" "0cfd38e8ad4e466e9619441e3777ecb973961428d74b643b7439122113d66cb4" "/opt/rustwide/cargo-home/bin/cargo" "+3154cc1a3e6424e44f438a95007d043ed5ceaaf6" "metadata" "--no-deps" "--format-version=1", kill_on_drop: false }`
[INFO] running `Command { std: "docker" "inspect" "0cfd38e8ad4e466e9619441e3777ecb973961428d74b643b7439122113d66cb4", kill_on_drop: false }`
[INFO] running `Command { std: "docker" "exec" "-e" "SOURCE_DIR=/opt/rustwide/workdir" "-e" "CARGO_HOME=/opt/rustwide/cargo-home" "-e" "RUSTUP_HOME=/opt/rustwide/rustup-home" "-e" "CARGO_TARGET_DIR=/opt/rustwide/target" "-e" "CARGO_INCREMENTAL=0" "-e" "RUST_BACKTRACE=full" "-e" "RUSTFLAGS=--cap-lints=forbid" "-e" "RUSTDOCFLAGS=--cap-lints=forbid" "-w" "/opt/rustwide/workdir" "--user" "0:0" "0cfd38e8ad4e466e9619441e3777ecb973961428d74b643b7439122113d66cb4" "/opt/rustwide/cargo-home/bin/cargo" "+3154cc1a3e6424e44f438a95007d043ed5ceaaf6" "check" "--frozen" "--all" "--all-targets" "--message-format=json", kill_on_drop: false }`
[INFO] [stderr]    Compiling proc-macro2 v1.0.106
[INFO] [stderr]    Compiling serde_core v1.0.228
[INFO] [stderr]    Compiling serde v1.0.228
[INFO] [stderr]    Compiling libc v0.2.186
[INFO] [stderr]     Checking typenum v1.20.0
[INFO] [stderr]    Compiling quote v1.0.45
[INFO] [stderr]    Compiling convert_case v0.10.0
[INFO] [stderr]    Compiling ruint-macro v1.2.1
[INFO] [stderr]     Checking arrayvec v0.7.6
[INFO] [stderr]     Checking foldhash v0.2.0
[INFO] [stderr]     Checking keccak v0.2.0
[INFO] [stderr]     Checking rustc-hash v2.1.2
[INFO] [stderr]    Compiling syn v2.0.117
[INFO] [stderr]    Compiling serde_json v1.0.149
[INFO] [stderr]    Compiling zmij v1.0.21
[INFO] [stderr]    Compiling jobserver v0.1.34
[INFO] [stderr]    Compiling winnow v1.0.3
[INFO] [stderr]    Compiling cc v1.2.62
[INFO] [stderr]     Checking hybrid-array v0.4.12
[INFO] [stderr]     Checking getrandom v0.2.17
[INFO] [stderr]    Compiling memchr v2.8.0
[INFO] [stderr]     Checking rand_core v0.6.4
[INFO] [stderr]     Checking ff v0.13.1
[INFO] [stderr]     Checking group v0.13.0
[INFO] [stderr]     Checking block-buffer v0.12.0
[INFO] [stderr]     Checking crypto-common v0.2.1
[INFO] [stderr]     Checking const-hex v1.19.0
[INFO] [stderr]     Checking hashbrown v0.17.1
[INFO] [stderr]    Compiling proc-macro-error-attr2 v2.0.0
[INFO] [stderr]    Compiling ruint v1.18.0
[INFO] [stderr]     Checking digest v0.11.3
[INFO] [stderr]     Checking sha3 v0.11.0
[INFO] [stderr]     Checking futures-sink v0.3.32
[INFO] [stderr]     Checking mio v1.2.0
[INFO] [stderr]     Checking socket2 v0.6.3
[INFO] [stderr]    Compiling cmake v0.1.58
[INFO] [stderr]     Checking futures-channel v0.3.32
[INFO] [stderr]    Compiling blst v0.3.16
[INFO] [stderr]     Checking num_cpus v1.17.0
[INFO] [stderr]     Checking futures-io v0.3.32
[INFO] [stderr]    Compiling c-kzg v2.1.7
[INFO] [stderr]    Compiling aws-lc-rs v1.17.0
[INFO] [stderr]     Checking threadpool v1.8.1
[INFO] [stderr]    Compiling zerocopy v0.8.48
[INFO] [stderr]    Compiling rustls v0.23.40
[INFO] [stderr]     Checking sync_wrapper v1.0.2
[INFO] [stderr]    Compiling aws-lc-sys v0.41.0
[INFO] [stderr]     Checking futures-utils-wasm v0.1.0
[INFO] [stderr]     Checking getrandom v0.3.4
[INFO] [stderr]     Checking bitflags v2.11.1
[INFO] [stderr]     Checking bimap v0.6.3
[INFO] [stderr]     Checking rand_core v0.9.5
[INFO] [stderr]    Compiling doctest-file v1.1.1
[INFO] [stderr]     Checking hashbrown v0.16.1
[INFO] [stderr]     Checking hashbrown v0.14.5
[INFO] [stderr]    Compiling libsqlite3-sys v0.35.0
[INFO] [stderr]     Checking regex-syntax v0.8.10
[INFO] [stderr]     Checking hashbrown v0.15.5
[INFO] [stderr]    Compiling synstructure v0.13.2
[INFO] [stderr]    Compiling macro-string v0.2.0
[INFO] [stderr]    Compiling syn-solidity v1.6.0
[INFO] [stderr]    Compiling proc-macro-error2 v2.0.1
[INFO] [stderr]     Checking lru v0.16.4
[INFO] [stderr]     Checking regex-automata v0.4.14
[INFO] [stderr]     Checking hashlink v0.10.0
[INFO] [stderr]     Checking tracing-log v0.2.0
[INFO] [stderr]    Compiling serde_derive v1.0.228
[INFO] [stderr]    Compiling zeroize_derive v1.4.3
[INFO] [stderr]    Compiling derive_more-impl v2.1.1
[INFO] [stderr]     Checking zeroize v1.8.2
[INFO] [stderr]     Checking generic-array v0.14.7
[INFO] [stderr]     Checking crypto-common v0.1.7
[INFO] [stderr]     Checking block-buffer v0.10.4
[INFO] [stderr]     Checking digest v0.10.7
[INFO] [stderr]     Checking der v0.7.10
[INFO] [stderr]     Checking hmac v0.12.1
[INFO] [stderr]     Checking crypto-bigint v0.5.5
[INFO] [stderr]     Checking spki v0.7.3
[INFO] [stderr]     Checking pkcs8 v0.10.2
[INFO] [stderr]    Compiling alloy-rlp-derive v0.3.15
[INFO] [stderr]     Checking rfc6979 v0.4.0
[INFO] [stderr]     Checking signature v2.2.0
[INFO] [stderr]     Checking sha2 v0.10.9
[INFO] [stderr]    Compiling thiserror-impl v2.0.18
[INFO] [stderr]    Compiling tracing-attributes v0.1.31
[INFO] [stderr]    Compiling zerofrom-derive v0.1.7
[INFO] [stderr]    Compiling yoke-derive v0.8.2
[INFO] [stderr]     Checking thiserror v2.0.18
[INFO] [stderr]    Compiling zerovec-derive v0.11.3
[INFO] [stderr]     Checking bytes v1.11.1
[INFO] [stderr]     Checking serdect v0.2.0
[INFO] [stderr]     Checking sec1 v0.7.3
[INFO] [stderr]     Checking smallvec v1.15.1
[INFO] [stderr]     Checking elliptic-curve v0.13.8
[INFO] [stderr]     Checking tracing v0.1.44
[INFO] [stderr]    Compiling alloy-sol-type-parser v1.6.0
[INFO] [stderr]     Checking alloy-rlp v0.3.15
[INFO] [stderr]     Checking ecdsa v0.16.9
[INFO] [stderr]     Checking zerofrom v0.1.8
[INFO] [stderr]     Checking derive_more v2.1.1
[INFO] [stderr]     Checking yoke v0.8.2
[INFO] [stderr]    Compiling auto_impl v1.3.0
[INFO] [stderr]     Checking zerovec v0.11.6
[INFO] [stderr]     Checking k256 v0.13.4
[INFO] [stderr]    Compiling alloy-primitives v1.6.0
[INFO] [stderr]     Checking http v1.4.0
[INFO] [stderr]    Compiling darling_core v0.23.0
[INFO] [stderr]    Compiling tokio-macros v2.7.0
[INFO] [stderr]    Compiling displaydoc v0.2.5
[INFO] [stderr]     Checking either v1.15.0
[INFO] [stderr]     Checking tokio v1.52.3
[INFO] [stderr]    Compiling alloy-json-abi v1.6.0
[INFO] [stderr]     Checking tinystr v0.8.3
[INFO] [stderr]    Compiling futures-macro v0.3.32
[INFO] [stderr]     Checking icu_locale_core v2.2.0
[INFO] [stderr]     Checking futures-util v0.3.32
[INFO] [stderr]    Compiling alloy-sol-macro-input v1.6.0
[INFO] [stderr]     Checking zerotrie v0.2.4
[INFO] [stderr]    Compiling alloy-sol-macro-expander v1.6.0
[INFO] [stderr]     Checking potential_utf v0.1.5
[INFO] [stderr]     Checking rustls-pki-types v1.14.1
[INFO] [stderr]     Checking icu_collections v2.2.0
[INFO] [stderr]     Checking icu_provider v2.2.0
[INFO] [stderr]     Checking alloy-serde v1.8.3
[INFO] [stderr]    Compiling darling_macro v0.23.0
[INFO] [stderr]     Checking alloy-eip7928 v0.3.7
[INFO] [stderr]     Checking alloy-eip2930 v0.2.3
[INFO] [stderr]    Compiling darling v0.23.0
[INFO] [stderr]    Compiling serde_with_macros v3.20.0
[INFO] [stderr]     Checking alloy-eip2124 v0.2.0
[INFO] [stderr]     Checking alloy-eip7702 v0.6.3
[INFO] [stderr]     Checking nybbles v0.4.8
[INFO] [stderr]    Compiling alloy-tx-macros v1.8.3
[INFO] [stderr]     Checking icu_properties v2.2.0
[INFO] [stderr]     Checking alloy-trie v0.9.5
[INFO] [stderr]     Checking serde_with v3.20.0
[INFO] [stderr]     Checking icu_normalizer v2.2.0
[INFO] [stderr]     Checking itertools v0.14.0
[INFO] [stderr]     Checking ppv-lite86 v0.2.21
[INFO] [stderr]     Checking http-body v1.0.1
[INFO] [stderr]     Checking parking_lot_core v0.9.12
[INFO] [stderr]     Checking idna_adapter v1.2.2
[INFO] [stderr]     Checking idna v1.1.0
[INFO] [stderr]     Checking futures-executor v0.3.32
[INFO] [stderr]     Checking futures v0.3.32
[INFO] [stderr]     Checking parking_lot v0.12.5
[INFO] [stderr]     Checking rand_chacha v0.9.0
[INFO] [stderr]     Checking url v2.5.8
[INFO] [stderr]     Checking webpki-roots v1.0.7
[INFO] [stderr]     Checking rand v0.9.4
[INFO] [stderr]     Checking tower v0.5.3
[INFO] [stderr]     Checking tokio-util v0.7.18
[INFO] [stderr]     Checking hyper v1.9.0
[INFO] [stderr]    Compiling alloy-sol-macro v1.6.0
[INFO] [stderr]     Checking tokio-stream v0.1.18
[INFO] [stderr]     Checking rustls-native-certs v0.8.3
[INFO] [stderr]     Checking sha1 v0.10.6
[INFO] [stderr]     Checking tower-http v0.6.10
[INFO] [stderr]     Checking webpki-roots v0.26.11
[INFO] [stderr]     Checking alloy-sol-types v1.6.0
[INFO] [stderr]     Checking http-body-util v0.1.3
[INFO] [stderr]    Compiling pin-project-internal v1.1.13
[INFO] [stderr]    Compiling async-trait v0.1.89
[INFO] [stderr]     Checking interprocess v2.4.2
[INFO] [stderr]    Compiling strum_macros v0.27.2
[INFO] [stderr]     Checking hyper-util v0.1.20
[INFO] [stderr]     Checking alloy-eips v1.8.3
[INFO] [stderr]    Compiling num_enum_derive v0.7.6
[INFO] [stderr]     Checking alloy-signer v1.8.3
[INFO] [stderr]     Checking alloy-rpc-types-debug v1.8.3
[INFO] [stderr]     Checking pin-project v1.1.13
[INFO] [stderr]    Compiling async-stream-impl v0.3.6
[INFO] [stderr]     Checking rand_chacha v0.3.1
[INFO] [stderr]     Checking dashmap v6.1.0
[INFO] [stderr]     Checking num_enum v0.7.6
[INFO] [stderr]     Checking async-stream v0.3.6
[INFO] [stderr]     Checking rand v0.8.6
[INFO] [stderr]     Checking alloy-consensus v1.8.3
[INFO] [stderr]     Checking matchers v0.2.0
[INFO] [stderr]    Compiling thiserror-impl v1.0.69
[INFO] [stderr]     Checking tracing-subscriber v0.3.23
[INFO] [stderr]     Checking rusqlite v0.37.0
[INFO] [stderr]     Checking strum v0.27.2
[INFO] [stderr]     Checking alloy-chains v0.2.34
[INFO] [stderr]     Checking alloy-json-rpc v1.8.3
[INFO] [stderr]     Checking alloy-dyn-abi v1.6.0
[INFO] [stderr]     Checking thiserror v1.0.69
[INFO] [stderr]     Checking alloy-transport v1.8.3
[INFO] [stderr]     Checking alloy-core v1.6.0
[INFO] [stderr]     Checking alloy-network-primitives v1.8.3
[INFO] [stderr]     Checking alloy-consensus-any v1.8.3
[INFO] [stderr]     Checking alloy-pubsub v1.8.3
[INFO] [stderr]     Checking alloy-rpc-types-eth v1.8.3
[INFO] [stderr]     Checking alloy-transport-ipc v1.8.3
[INFO] [stderr]     Checking alloy-rpc-types-any v1.8.3
[INFO] [stderr]     Checking alloy-network v1.8.3
[INFO] [stderr]     Checking alloy-rpc-types-anvil v1.8.3
[INFO] [stderr]     Checking alloy-rpc-types-txpool v1.8.3
[INFO] [stderr]     Checking alloy-rpc-types-trace v1.8.3
[INFO] [stderr]     Checking alloy-signer-local v1.8.3
[INFO] [stderr]     Checking alloy-rpc-types v1.8.3
[INFO] [stderr]     Checking rustls-webpki v0.103.13
[INFO] [stderr]     Checking tokio-rustls v0.26.4
[INFO] [stderr]     Checking tungstenite v0.28.0
[INFO] [stderr]     Checking rustls-platform-verifier v0.7.0
[INFO] [stderr]     Checking hyper-rustls v0.27.9
[INFO] [stderr]     Checking reqwest v0.13.3
[INFO] [stderr]     Checking tokio-tungstenite v0.28.0
[INFO] [stderr]     Checking alloy-transport-ws v1.8.3
[INFO] [stderr]     Checking alloy-transport-http v1.8.3
[INFO] [stderr]     Checking alloy-rpc-client v1.8.3
[INFO] [stderr]     Checking alloy-provider v1.8.3
[INFO] [stderr]     Checking alloy-contract v1.8.3
[INFO] [stderr]     Checking alloy v1.8.3
[INFO] [stderr]     Checking darwin-relay v0.1.0 (/opt/rustwide/workdir)
[INFO] [stdout] error[E0433]: cannot find module or crate `miden_assembly` in this scope
[INFO] [stdout]   --> src/bin/send_nav_redeem.rs:19:5
[INFO] [stdout]    |
[INFO] [stdout] 19 | use miden_assembly::ast::{Module, ModuleKind};
[INFO] [stdout]    |     ^^^^^^^^^^^^^^ use of unresolved module or unlinked crate `miden_assembly`
[INFO] [stdout]    |
[INFO] [stdout]    = help: if you wanted to use a crate named `miden_assembly`, use `cargo add miden_assembly` to add it to your `Cargo.toml`
[INFO] [stdout] 
[INFO] [stdout] 
[INFO] [stdout] error[E0433]: cannot find module or crate `miden_assembly` in this scope
[INFO] [stdout]   --> src/bin/send_nav_redeem.rs:19:5
[INFO] [stdout]    |
[INFO] [stdout] 19 | use miden_assembly::ast::{Module, ModuleKind};
[INFO] [stdout]    |     ^^^^^^^^^^^^^^ use of unresolved module or unlinked crate `miden_assembly`
[INFO] [stdout]    |
[INFO] [stdout]    = help: if you wanted to use a crate named `miden_assembly`, use `cargo add miden_assembly` to add it to your `Cargo.toml`
[INFO] [stdout] 
[INFO] [stdout] 
[INFO] [stdout] error[E0433]: cannot find module or crate `miden_client` in this scope
[INFO] [stdout]   --> src/bin/mint_constituent.rs:19:5
[INFO] [stdout]    |
[INFO] [stdout] 19 | use miden_client::account::AccountId;
[INFO] [stdout]    |     ^^^^^^^^^^^^ use of unresolved module or unlinked crate `miden_client`
[INFO] [stdout]    |
[INFO] [stdout]    = help: if you wanted to use a crate named `miden_client`, use `cargo add miden_client` to add it to your `Cargo.toml`
[INFO] [stdout] 
[INFO] [stdout] 
[INFO] [stdout] error[E0433]: cannot find module or crate `miden_client` in this scope
[INFO] [stdout]   --> src/bin/mint_constituent.rs:20:5
[INFO] [stdout]    |
[INFO] [stdout] 20 | use miden_client::asset::{Asset, FungibleAsset};
[INFO] [stdout]    |     ^^^^^^^^^^^^ use of unresolved module or unlinked crate `miden_client`
[INFO] [stdout]    |
[INFO] [stdout]    = help: if you wanted to use a crate named `miden_client`, use `cargo add miden_client` to add it to your `Cargo.toml`
[INFO] [stdout] 
[INFO] [stdout] 
[INFO] [stdout] error[E0433]: cannot find module or crate `miden_client` in this scope
[INFO] [stdout]   --> src/bin/mint_constituent.rs:21:5
[INFO] [stdout]    |
[INFO] [stdout] 21 | use miden_client::builder::ClientBuilder;
[INFO] [stdout]    |     ^^^^^^^^^^^^ use of unresolved module or unlinked crate `miden_client`
[INFO] [stdout]    |
[INFO] [stdout]    = help: if you wanted to use a crate named `miden_client`, use `cargo add miden_client` to add it to your `Cargo.toml`
[INFO] [stdout] 
[INFO] [stdout] 
[INFO] [stdout] error[E0433]: cannot find module or crate `miden_client` in this scope
[INFO] [stdout]   --> src/bin/mint_constituent.rs:22:5
[INFO] [stdout]    |
[INFO] [stdout] 22 | use miden_client::keystore::FilesystemKeyStore;
[INFO] [stdout]    |     ^^^^^^^^^^^^ use of unresolved module or unlinked crate `miden_client`
[INFO] [stdout]    |
[INFO] [stdout]    = help: if you wanted to use a crate named `miden_client`, use `cargo add miden_client` to add it to your `Cargo.toml`
[INFO] [stdout] 
[INFO] [stdout] 
[INFO] [stdout] error[E0433]: cannot find module or crate `miden_client` in this scope
[INFO] [stdout]   --> src/bin/mint_constituent.rs:23:5
[INFO] [stdout]    |
[INFO] [stdout] 23 | use miden_client::note::{NoteTag, NoteType};
[INFO] [stdout]    |     ^^^^^^^^^^^^ use of unresolved module or unlinked crate `miden_client`
[INFO] [stdout]    |
[INFO] [stdout]    = help: if you wanted to use a crate named `miden_client`, use `cargo add miden_client` to add it to your `Cargo.toml`
[INFO] [stdout] 
[INFO] [stdout] 
[INFO] [stdout] error[E0433]: cannot find module or crate `miden_client` in this scope
[INFO] [stdout]   --> src/bin/mint_constituent.rs:24:5
[INFO] [stdout]    |
[INFO] [stdout] 24 | use miden_client::transaction::TransactionRequestBuilder;
[INFO] [stdout]    |     ^^^^^^^^^^^^ use of unresolved module or unlinked crate `miden_client`
[INFO] [stdout]    |
[INFO] [stdout]    = help: if you wanted to use a crate named `miden_client`, use `cargo add miden_client` to add it to your `Cargo.toml`
[INFO] [stdout] 
[INFO] [stdout] 
[INFO] [stdout] error[E0433]: cannot find module or crate `miden_client` in this scope
[INFO] [stdout]   --> src/bin/send_nav_redeem.rs:21:5
[INFO] [stdout]    |
[INFO] [stdout] 21 | use miden_client::account::AccountId;
[INFO] [stdout]    |     ^^^^^^^^^^^^ use of unresolved module or unlinked crate `miden_client`
[INFO] [stdout]    |
[INFO] [stdout]    = help: if you wanted to use a crate named `miden_client`, use `cargo add miden_client` to add it to your `Cargo.toml`
[INFO] [stdout] 
[INFO] [stdout] 
[INFO] [stdout] error[E0433]: cannot find module or crate `miden_client` in this scope
[INFO] [stdout]   --> src/bin/send_nav_redeem.rs:22:5
[INFO] [stdout]    |
[INFO] [stdout] 22 | use miden_client::asset::{Asset, FungibleAsset};
[INFO] [stdout]    |     ^^^^^^^^^^^^ use of unresolved module or unlinked crate `miden_client`
[INFO] [stdout]    |
[INFO] [stdout]    = help: if you wanted to use a crate named `miden_client`, use `cargo add miden_client` to add it to your `Cargo.toml`
[INFO] [stdout] 
[INFO] [stdout] 
[INFO] [stdout] error[E0433]: cannot find module or crate `miden_client` in this scope
[INFO] [stdout]   --> src/bin/send_nav_redeem.rs:23:5
[INFO] [stdout]    |
[INFO] [stdout] 23 | use miden_client::builder::ClientBuilder;
[INFO] [stdout]    |     ^^^^^^^^^^^^ use of unresolved module or unlinked crate `miden_client`
[INFO] [stdout]    |
[INFO] [stdout]    = help: if you wanted to use a crate named `miden_client`, use `cargo add miden_client` to add it to your `Cargo.toml`
[INFO] [stdout] 
[INFO] [stdout] 
[INFO] [stdout] error[E0433]: cannot find module or crate `miden_client` in this scope
[INFO] [stdout]   --> src/bin/send_nav_redeem.rs:24:5
[INFO] [stdout]    |
[INFO] [stdout] 24 | use miden_client::keystore::FilesystemKeyStore;
[INFO] [stdout]    |     ^^^^^^^^^^^^ use of unresolved module or unlinked crate `miden_client`
[INFO] [stdout]    |
[INFO] [stdout]    = help: if you wanted to use a crate named `miden_client`, use `cargo add miden_client` to add it to your `Cargo.toml`
[INFO] [stdout] 
[INFO] [stdout] 
[INFO] [stdout] error[E0433]: cannot find module or crate `miden_client` in this scope
[INFO] [stdout]   --> src/bin/send_nav_redeem.rs:25:5
[INFO] [stdout]    |
[INFO] [stdout] 25 | use miden_client::note::{
[INFO] [stdout]    |     ^^^^^^^^^^^^ use of unresolved module or unlinked crate `miden_client`
[INFO] [stdout]    |
[INFO] [stdout]    = help: if you wanted to use a crate named `miden_client`, use `cargo add miden_client` to add it to your `Cargo.toml`
[INFO] [stdout] 
[INFO] [stdout] 
[INFO] [stdout] error[E0433]: cannot find module or crate `miden_client` in this scope
[INFO] [stdout]   --> src/bin/send_nav_redeem.rs:29:5
[INFO] [stdout]    |
[INFO] [stdout] 29 | use miden_client::transaction::TransactionRequestBuilder;
[INFO] [stdout]    |     ^^^^^^^^^^^^ use of unresolved module or unlinked crate `miden_client`
[INFO] [stdout]    |
[INFO] [stdout]    = help: if you wanted to use a crate named `miden_client`, use `cargo add miden_client` to add it to your `Cargo.toml`
[INFO] [stdout] 
[INFO] [stdout] 
[INFO] [stdout] error[E0433]: cannot find module or crate `miden_client` in this scope
[INFO] [stdout]   --> src/bin/send_nav_redeem.rs:30:5
[INFO] [stdout]    |
[INFO] [stdout] 30 | use miden_client::vm::AdviceInputs;
[INFO] [stdout]    |     ^^^^^^^^^^^^ use of unresolved module or unlinked crate `miden_client`
[INFO] [stdout]    |
[INFO] [stdout]    = help: if you wanted to use a crate named `miden_client`, use `cargo add miden_client` to add it to your `Cargo.toml`
[INFO] [stdout] 
[INFO] [stdout] 
[INFO] [stdout] error[E0432]: unresolved import `miden_assembly`
[INFO] [stdout]   --> src/bin/send_nav_redeem.rs:20:5
[INFO] [stdout]    |
[INFO] [stdout] 20 | use miden_assembly::{Assembler, DefaultSourceManager, Path as MidenPath};
[INFO] [stdout]    |     ^^^^^^^^^^^^^^ use of unresolved module or unlinked crate `miden_assembly`
[INFO] [stdout]    |
[INFO] [stdout]    = help: if you wanted to use a crate named `miden_assembly`, use `cargo add miden_assembly` to add it to your `Cargo.toml`
[INFO] [stdout] 
[INFO] [stdout] 
[INFO] [stdout] error[E0432]: unresolved import `miden_client_sqlite_store`
[INFO] [stdout]   --> src/bin/send_nav_redeem.rs:31:5
[INFO] [stdout]    |
[INFO] [stdout] 31 | use miden_client_sqlite_store::SqliteStore;
[INFO] [stdout]    |     ^^^^^^^^^^^^^^^^^^^^^^^^^ use of unresolved module or unlinked crate `miden_client_sqlite_store`
[INFO] [stdout]    |
[INFO] [stdout]    = help: if you wanted to use a crate named `miden_client_sqlite_store`, use `cargo add miden_client_sqlite_store` to add it to your `Cargo.toml`
[INFO] [stdout] 
[INFO] [stdout] 
[INFO] [stdout] error[E0433]: cannot find module or crate `miden_protocol` in this scope
[INFO] [stdout]   --> src/bin/send_nav_redeem.rs:33:5
[INFO] [stdout]    |
[INFO] [stdout] 33 | use miden_protocol::note::{NoteAttachment, NoteAttachments};
[INFO] [stdout]    |     ^^^^^^^^^^^^^^ use of unresolved module or unlinked crate `miden_protocol`
[INFO] [stdout]    |
[INFO] [stdout]    = help: if you wanted to use a crate named `miden_protocol`, use `cargo add miden_protocol` to add it to your `Cargo.toml`
[INFO] [stdout] 
[INFO] [stdout] 
[INFO] [stdout] error[E0433]: cannot find module or crate `miden_protocol` in this scope
[INFO] [stdout]   --> src/bin/send_nav_redeem.rs:34:5
[INFO] [stdout]    |
[INFO] [stdout] 34 | use miden_protocol::transaction::TransactionKernel;
[INFO] [stdout]    |     ^^^^^^^^^^^^^^ use of unresolved module or unlinked crate `miden_protocol`
[INFO] [stdout]    |
[INFO] [stdout]    = help: if you wanted to use a crate named `miden_protocol`, use `cargo add miden_protocol` to add it to your `Cargo.toml`
[INFO] [stdout] 
[INFO] [stdout] 
[INFO] [stdout] error[E0432]: unresolved import `miden_core_lib`
[INFO] [stdout]   --> src/bin/send_nav_redeem.rs:32:5
[INFO] [stdout]    |
[INFO] [stdout] 32 | use miden_core_lib::CoreLibrary;
[INFO] [stdout]    |     ^^^^^^^^^^^^^^ use of unresolved module or unlinked crate `miden_core_lib`
[INFO] [stdout]    |
[INFO] [stdout]    = help: if you wanted to use a crate named `miden_core_lib`, use `cargo add miden_core_lib` to add it to your `Cargo.toml`
[INFO] [stdout] 
[INFO] [stdout] 
[INFO] [stdout] error[E0433]: cannot find module or crate `miden_standards` in this scope
[INFO] [stdout]   --> src/bin/send_nav_redeem.rs:36:5
[INFO] [stdout]    |
[INFO] [stdout] 36 | use miden_standards::note::{NetworkAccountTarget, NoteExecutionHint, P2idNoteStorage};
[INFO] [stdout]    |     ^^^^^^^^^^^^^^^ use of unresolved module or unlinked crate `miden_standards`
[INFO] [stdout]    |
[INFO] [stdout]    = help: if you wanted to use a crate named `miden_standards`, use `cargo add miden_standards` to add it to your `Cargo.toml`
[INFO] [stdout] 
[INFO] [stdout] 
[INFO] [stdout] error[E0432]: unresolved import `miden_standards`
[INFO] [stdout]   --> src/bin/send_nav_redeem.rs:35:5
[INFO] [stdout]    |
[INFO] [stdout] 35 | use miden_standards::StandardsLib;
[INFO] [stdout]    |     ^^^^^^^^^^^^^^^ use of unresolved module or unlinked crate `miden_standards`
[INFO] [stdout]    |
[INFO] [stdout]    = help: if you wanted to use a crate named `miden_standards`, use `cargo add miden_standards` to add it to your `Cargo.toml`
[INFO] [stdout] 
[INFO] [stdout] 
[INFO] [stdout] error[E0433]: cannot find module or crate `miden_protocol` in this scope
[INFO] [stdout]    --> src/bin/send_nav_redeem.rs:272:13
[INFO] [stdout]     |
[INFO] [stdout] 272 |         use miden_protocol::utils::serde::Serializable;
[INFO] [stdout]     |             ^^^^^^^^^^^^^^ use of unresolved module or unlinked crate `miden_protocol`
[INFO] [stdout]     |
[INFO] [stdout]     = help: if you wanted to use a crate named `miden_protocol`, use `cargo add miden_protocol` to add it to your `Cargo.toml`
[INFO] [stdout] 
[INFO] [stdout] 
[INFO] [stdout] error[E0432]: unresolved import `rand`
[INFO] [stdout]   --> src/bin/send_nav_redeem.rs:37:5
[INFO] [stdout]    |
[INFO] [stdout] 37 | use rand::RngCore;
[INFO] [stdout]    |     ^^^^ use of unresolved module or unlinked crate `rand`
[INFO] [stdout]    |
[INFO] [stdout]    = help: if you wanted to use a crate named `rand`, use `cargo add rand` to add it to your `Cargo.toml`
[INFO] [stdout] 
[INFO] [stdout] 
[INFO] [stdout] error[E0433]: cannot find module or crate `miden_client` in this scope
[INFO] [stdout]   --> src/bin/mint_constituent.rs:19:5
[INFO] [stdout]    |
[INFO] [stdout] 19 | use miden_client::account::AccountId;
[INFO] [stdout]    |     ^^^^^^^^^^^^ use of unresolved module or unlinked crate `miden_client`
[INFO] [stdout]    |
[INFO] [stdout]    = help: if you wanted to use a crate named `miden_client`, use `cargo add miden_client` to add it to your `Cargo.toml`
[INFO] [stdout] 
[INFO] [stdout] 
[INFO] [stdout] error[E0433]: cannot find module or crate `miden_client` in this scope
[INFO] [stdout]   --> src/bin/mint_constituent.rs:20:5
[INFO] [stdout]    |
[INFO] [stdout] 20 | use miden_client::asset::{Asset, FungibleAsset};
[INFO] [stdout]    |     ^^^^^^^^^^^^ use of unresolved module or unlinked crate `miden_client`
[INFO] [stdout]    |
[INFO] [stdout]    = help: if you wanted to use a crate named `miden_client`, use `cargo add miden_client` to add it to your `Cargo.toml`
[INFO] [stdout] 
[INFO] [stdout] 
[INFO] [stdout] error[E0433]: cannot find module or crate `miden_client` in this scope
[INFO] [stdout]   --> src/bin/mint_constituent.rs:21:5
[INFO] [stdout]    |
[INFO] [stdout] 21 | use miden_client::builder::ClientBuilder;
[INFO] [stdout]    |     ^^^^^^^^^^^^ use of unresolved module or unlinked crate `miden_client`
[INFO] [stdout]    |
[INFO] [stdout]    = help: if you wanted to use a crate named `miden_client`, use `cargo add miden_client` to add it to your `Cargo.toml`
[INFO] [stdout] 
[INFO] [stdout] 
[INFO] [stdout] error[E0433]: cannot find module or crate `miden_client` in this scope
[INFO] [stdout]   --> src/bin/mint_constituent.rs:22:5
[INFO] [stdout]    |
[INFO] [stdout] 22 | use miden_client::keystore::FilesystemKeyStore;
[INFO] [stdout]    |     ^^^^^^^^^^^^ use of unresolved module or unlinked crate `miden_client`
[INFO] [stdout]    |
[INFO] [stdout]    = help: if you wanted to use a crate named `miden_client`, use `cargo add miden_client` to add it to your `Cargo.toml`
[INFO] [stdout] 
[INFO] [stdout] 
[INFO] [stdout] error[E0433]: cannot find module or crate `miden_client` in this scope
[INFO] [stdout]   --> src/bin/mint_constituent.rs:23:5
[INFO] [stdout]    |
[INFO] [stdout] 23 | use miden_client::note::{NoteTag, NoteType};
[INFO] [stdout]    |     ^^^^^^^^^^^^ use of unresolved module or unlinked crate `miden_client`
[INFO] [stdout]    |
[INFO] [stdout]    = help: if you wanted to use a crate named `miden_client`, use `cargo add miden_client` to add it to your `Cargo.toml`
[INFO] [stdout] 
[INFO] [stdout] 
[INFO] [stdout] error[E0433]: cannot find module or crate `miden_client` in this scope
[INFO] [stdout]   --> src/bin/mint_constituent.rs:24:5
[INFO] [stdout]    |
[INFO] [stdout] 24 | use miden_client::transaction::TransactionRequestBuilder;
[INFO] [stdout]    |     ^^^^^^^^^^^^ use of unresolved module or unlinked crate `miden_client`
[INFO] [stdout]    |
[INFO] [stdout]    = help: if you wanted to use a crate named `miden_client`, use `cargo add miden_client` to add it to your `Cargo.toml`
[INFO] [stdout] 
[INFO] [stdout] 
[INFO] [stdout] error[E0433]: cannot find module or crate `miden_client` in this scope
[INFO] [stdout]   --> src/bin/send_nav_redeem.rs:21:5
[INFO] [stdout]    |
[INFO] [stdout] 21 | use miden_client::account::AccountId;
[INFO] [stdout]    |     ^^^^^^^^^^^^ use of unresolved module or unlinked crate `miden_client`
[INFO] [stdout]    |
[INFO] [stdout]    = help: if you wanted to use a crate named `miden_client`, use `cargo add miden_client` to add it to your `Cargo.toml`
[INFO] [stdout] 
[INFO] [stdout] 
[INFO] [stdout] error[E0433]: cannot find module or crate `miden_client` in this scope
[INFO] [stdout]   --> src/bin/send_nav_redeem.rs:22:5
[INFO] [stdout]    |
[INFO] [stdout] 22 | use miden_client::asset::{Asset, FungibleAsset};
[INFO] [stdout]    |     ^^^^^^^^^^^^ use of unresolved module or unlinked crate `miden_client`
[INFO] [stdout]    |
[INFO] [stdout]    = help: if you wanted to use a crate named `miden_client`, use `cargo add miden_client` to add it to your `Cargo.toml`
[INFO] [stdout] 
[INFO] [stdout] 
[INFO] [stdout] error[E0433]: cannot find module or crate `miden_client` in this scope
[INFO] [stdout]   --> src/bin/send_nav_redeem.rs:23:5
[INFO] [stdout]    |
[INFO] [stdout] 23 | use miden_client::builder::ClientBuilder;
[INFO] [stdout]    |     ^^^^^^^^^^^^ use of unresolved module or unlinked crate `miden_client`
[INFO] [stdout]    |
[INFO] [stdout]    = help: if you wanted to use a crate named `miden_client`, use `cargo add miden_client` to add it to your `Cargo.toml`
[INFO] [stdout] 
[INFO] [stdout] 
[INFO] [stdout] error[E0433]: cannot find module or crate `miden_client` in this scope
[INFO] [stdout]   --> src/bin/send_nav_redeem.rs:24:5
[INFO] [stdout]    |
[INFO] [stdout] 24 | use miden_client::keystore::FilesystemKeyStore;
[INFO] [stdout]    |     ^^^^^^^^^^^^ use of unresolved module or unlinked crate `miden_client`
[INFO] [stdout]    |
[INFO] [stdout]    = help: if you wanted to use a crate named `miden_client`, use `cargo add miden_client` to add it to your `Cargo.toml`
[INFO] [stdout] 
[INFO] [stdout] 
[INFO] [stdout] error[E0433]: cannot find module or crate `miden_client` in this scope
[INFO] [stdout]   --> src/bin/send_nav_redeem.rs:25:5
[INFO] [stdout]    |
[INFO] [stdout] 25 | use miden_client::note::{
[INFO] [stdout]    |     ^^^^^^^^^^^^ use of unresolved module or unlinked crate `miden_client`
[INFO] [stdout]    |
[INFO] [stdout]    = help: if you wanted to use a crate named `miden_client`, use `cargo add miden_client` to add it to your `Cargo.toml`
[INFO] [stdout] 
[INFO] [stdout] 
[INFO] [stdout] error[E0433]: cannot find module or crate `miden_client` in this scope
[INFO] [stdout]   --> src/bin/send_nav_redeem.rs:29:5
[INFO] [stdout]    |
[INFO] [stdout] 29 | use miden_client::transaction::TransactionRequestBuilder;
[INFO] [stdout]    |     ^^^^^^^^^^^^ use of unresolved module or unlinked crate `miden_client`
[INFO] [stdout]    |
[INFO] [stdout]    = help: if you wanted to use a crate named `miden_client`, use `cargo add miden_client` to add it to your `Cargo.toml`
[INFO] [stdout] 
[INFO] [stdout] 
[INFO] [stdout] error[E0433]: cannot find module or crate `miden_client` in this scope
[INFO] [stdout]   --> src/bin/send_nav_redeem.rs:30:5
[INFO] [stdout]    |
[INFO] [stdout] 30 | use miden_client::vm::AdviceInputs;
[INFO] [stdout]    |     ^^^^^^^^^^^^ use of unresolved module or unlinked crate `miden_client`
[INFO] [stdout]    |
[INFO] [stdout]    = help: if you wanted to use a crate named `miden_client`, use `cargo add miden_client` to add it to your `Cargo.toml`
[INFO] [stdout] 
[INFO] [stdout] 
[INFO] [stdout] error[E0432]: unresolved import `miden_assembly`
[INFO] [stdout]   --> src/bin/send_nav_redeem.rs:20:5
[INFO] [stdout]    |
[INFO] [stdout] 20 | use miden_assembly::{Assembler, DefaultSourceManager, Path as MidenPath};
[INFO] [stdout]    |     ^^^^^^^^^^^^^^ use of unresolved module or unlinked crate `miden_assembly`
[INFO] [stdout]    |
[INFO] [stdout]    = help: if you wanted to use a crate named `miden_assembly`, use `cargo add miden_assembly` to add it to your `Cargo.toml`
[INFO] [stdout] 
[INFO] [stdout] 
[INFO] [stdout] error[E0432]: unresolved import `miden_client_sqlite_store`
[INFO] [stdout]   --> src/bin/send_nav_redeem.rs:31:5
[INFO] [stdout]    |
[INFO] [stdout] 31 | use miden_client_sqlite_store::SqliteStore;
[INFO] [stdout]    |     ^^^^^^^^^^^^^^^^^^^^^^^^^ use of unresolved module or unlinked crate `miden_client_sqlite_store`
[INFO] [stdout]    |
[INFO] [stdout]    = help: if you wanted to use a crate named `miden_client_sqlite_store`, use `cargo add miden_client_sqlite_store` to add it to your `Cargo.toml`
[INFO] [stdout] 
[INFO] [stdout] 
[INFO] [stdout] error[E0433]: cannot find module or crate `miden_protocol` in this scope
[INFO] [stdout]   --> src/bin/send_nav_redeem.rs:33:5
[INFO] [stdout]    |
[INFO] [stdout] 33 | use miden_protocol::note::{NoteAttachment, NoteAttachments};
[INFO] [stdout]    |     ^^^^^^^^^^^^^^ use of unresolved module or unlinked crate `miden_protocol`
[INFO] [stdout]    |
[INFO] [stdout]    = help: if you wanted to use a crate named `miden_protocol`, use `cargo add miden_protocol` to add it to your `Cargo.toml`
[INFO] [stdout] 
[INFO] [stdout] 
[INFO] [stdout] error[E0433]: cannot find module or crate `miden_protocol` in this scope
[INFO] [stdout]   --> src/bin/send_nav_redeem.rs:34:5
[INFO] [stdout]    |
[INFO] [stdout] 34 | use miden_protocol::transaction::TransactionKernel;
[INFO] [stdout]    |     ^^^^^^^^^^^^^^ use of unresolved module or unlinked crate `miden_protocol`
[INFO] [stdout]    |
[INFO] [stdout]    = help: if you wanted to use a crate named `miden_protocol`, use `cargo add miden_protocol` to add it to your `Cargo.toml`
[INFO] [stdout] 
[INFO] [stdout] 
[INFO] [stdout] error[E0432]: unresolved import `miden_core_lib`
[INFO] [stdout]   --> src/bin/send_nav_redeem.rs:32:5
[INFO] [stdout]    |
[INFO] [stdout] 32 | use miden_core_lib::CoreLibrary;
[INFO] [stdout]    |     ^^^^^^^^^^^^^^ use of unresolved module or unlinked crate `miden_core_lib`
[INFO] [stdout]    |
[INFO] [stdout]    = help: if you wanted to use a crate named `miden_core_lib`, use `cargo add miden_core_lib` to add it to your `Cargo.toml`
[INFO] [stdout] 
[INFO] [stdout] 
[INFO] [stdout] error[E0433]: cannot find module or crate `miden_standards` in this scope
[INFO] [stdout]   --> src/bin/send_nav_redeem.rs:36:5
[INFO] [stdout]    |
[INFO] [stdout] 36 | use miden_standards::note::{NetworkAccountTarget, NoteExecutionHint, P2idNoteStorage};
[INFO] [stdout]    |     ^^^^^^^^^^^^^^^ use of unresolved module or unlinked crate `miden_standards`
[INFO] [stdout]    |
[INFO] [stdout]    = help: if you wanted to use a crate named `miden_standards`, use `cargo add miden_standards` to add it to your `Cargo.toml`
[INFO] [stdout] 
[INFO] [stdout] 
[INFO] [stdout] error[E0432]: unresolved import `miden_standards`
[INFO] [stdout]   --> src/bin/send_nav_redeem.rs:35:5
[INFO] [stdout]    |
[INFO] [stdout] 35 | use miden_standards::StandardsLib;
[INFO] [stdout]    |     ^^^^^^^^^^^^^^^ use of unresolved module or unlinked crate `miden_standards`
[INFO] [stdout]    |
[INFO] [stdout]    = help: if you wanted to use a crate named `miden_standards`, use `cargo add miden_standards` to add it to your `Cargo.toml`
[INFO] [stdout] 
[INFO] [stdout] 
[INFO] [stdout] error[E0433]: cannot find module or crate `miden_protocol` in this scope
[INFO] [stdout]    --> src/bin/send_nav_redeem.rs:272:13
[INFO] [stdout]     |
[INFO] [stdout] 272 |         use miden_protocol::utils::serde::Serializable;
[INFO] [stdout]     |             ^^^^^^^^^^^^^^ use of unresolved module or unlinked crate `miden_protocol`
[INFO] [stdout]     |
[INFO] [stdout]     = help: if you wanted to use a crate named `miden_protocol`, use `cargo add miden_protocol` to add it to your `Cargo.toml`
[INFO] [stdout] 
[INFO] [stdout] 
[INFO] [stdout] error[E0432]: unresolved import `rand`
[INFO] [stdout]   --> src/bin/send_nav_redeem.rs:37:5
[INFO] [stdout]    |
[INFO] [stdout] 37 | use rand::RngCore;
[INFO] [stdout]    |     ^^^^ use of unresolved module or unlinked crate `rand`
[INFO] [stdout]    |
[INFO] [stdout]    = help: if you wanted to use a crate named `rand`, use `cargo add rand` to add it to your `Cargo.toml`
[INFO] [stdout] 
[INFO] [stdout] 
[INFO] [stdout] error[E0433]: cannot find module or crate `miden_client` in this scope
[INFO] [stdout]   --> src/bin/send_nav_redeem.rs:48:8
[INFO] [stdout]    |
[INFO] [stdout] 48 |     Ok(miden_client::Word::try_from(
[INFO] [stdout]    |        ^^^^^^^^^^^^ use of unresolved module or unlinked crate `miden_client`
[INFO] [stdout]    |
[INFO] [stdout]    = help: if you wanted to use a crate named `miden_client`, use `cargo add miden_client` to add it to your `Cargo.toml`
[INFO] [stdout] 
[INFO] [stdout] 
[INFO] [stdout] error[E0433]: cannot find module or crate `miden_client` in this scope
[INFO] [stdout]   --> src/bin/send_nav_redeem.rs:54:17
[INFO] [stdout]    |
[INFO] [stdout] 54 |                 miden_client::Felt::new(u64::from_le_bytes(b) & 0xFFFF_FFFE_FFFF_FFFF)
[INFO] [stdout]    |                 ^^^^^^^^^^^^ use of unresolved module or unlinked crate `miden_client`
[INFO] [stdout]    |
[INFO] [stdout]    = help: if you wanted to use a crate named `miden_client`, use `cargo add miden_client` to add it to your `Cargo.toml`
[INFO] [stdout] 
[INFO] [stdout] 
[INFO] [stdout] error[E0433]: cannot find module or crate `miden_client` in this scope
[INFO] [stdout]    --> src/bin/send_nav_redeem.rs:189:23
[INFO] [stdout]     |
[INFO] [stdout] 189 |         .grpc_client(&miden_client::rpc::Endpoint::testnet(), None)
[INFO] [stdout]     |                       ^^^^^^^^^^^^ use of unresolved module or unlinked crate `miden_client`
[INFO] [stdout]     |
[INFO] [stdout]     = help: if you wanted to use a crate named `miden_client`, use `cargo add miden_client` to add it to your `Cargo.toml`
[INFO] [stdout] 
[INFO] [stdout] 
[INFO] [stdout] error[E0433]: cannot find module or crate `miden_client` in this scope
[INFO] [stdout]    --> src/bin/send_nav_redeem.rs:249:24
[INFO] [stdout]     |
[INFO] [stdout] 249 |     storage_felts.push(miden_client::Felt::new(0).unwrap()); // 106 pad
[INFO] [stdout]     |                        ^^^^^^^^^^^^ use of unresolved module or unlinked crate `miden_client`
[INFO] [stdout]     |
[INFO] [stdout]     = help: if you wanted to use a crate named `miden_client`, use `cargo add miden_client` to add it to your `Cargo.toml`
[INFO] [stdout] 
[INFO] [stdout] 
[INFO] [stdout] error[E0433]: cannot find module or crate `miden_protocol` in this scope
[INFO] [stdout]   --> src/bin/mint_constituent.rs:26:5
[INFO] [stdout]    |
[INFO] [stdout] 26 | use miden_protocol::note::{NoteAttachments, NoteDetails, NoteFile};
[INFO] [stdout]    |     ^^^^^^^^^^^^^^ use of unresolved module or unlinked crate `miden_protocol`
[INFO] [stdout]    |
[INFO] [stdout]    = help: if you wanted to use a crate named `miden_protocol`, use `cargo add miden_protocol` to add it to your `Cargo.toml`
[INFO] [stdout] 
[INFO] [stdout] 
[INFO] [stdout] error[E0433]: cannot find module or crate `miden_client` in this scope
[INFO] [stdout]    --> src/bin/send_nav_redeem.rs:250:24
[INFO] [stdout]     |
[INFO] [stdout] 250 |     storage_felts.push(miden_client::Felt::new(0).unwrap()); // 107 pad
[INFO] [stdout]     |                        ^^^^^^^^^^^^ use of unresolved module or unlinked crate `miden_client`
[INFO] [stdout]     |
[INFO] [stdout]     = help: if you wanted to use a crate named `miden_client`, use `cargo add miden_client` to add it to your `Cargo.toml`
[INFO] [stdout] 
[INFO] [stdout] 
[INFO] [stdout] error[E0433]: cannot find module or crate `miden_standards` in this scope
[INFO] [stdout]   --> src/bin/mint_constituent.rs:27:5
[INFO] [stdout]    |
[INFO] [stdout] 27 | use miden_standards::note::P2idNote;
[INFO] [stdout]    |     ^^^^^^^^^^^^^^^ use of unresolved module or unlinked crate `miden_standards`
[INFO] [stdout]    |
[INFO] [stdout]    = help: if you wanted to use a crate named `miden_standards`, use `cargo add miden_standards` to add it to your `Cargo.toml`
[INFO] [stdout] 
[INFO] [stdout] 
[INFO] [stdout] error[E0432]: unresolved import `miden_client_sqlite_store`
[INFO] [stdout]   --> src/bin/mint_constituent.rs:25:5
[INFO] [stdout]    |
[INFO] [stdout] 25 | use miden_client_sqlite_store::SqliteStore;
[INFO] [stdout]    |     ^^^^^^^^^^^^^^^^^^^^^^^^^ use of unresolved module or unlinked crate `miden_client_sqlite_store`
[INFO] [stdout]    |
[INFO] [stdout]    = help: if you wanted to use a crate named `miden_client_sqlite_store`, use `cargo add miden_client_sqlite_store` to add it to your `Cargo.toml`
[INFO] [stdout] 
[INFO] [stdout] 
[INFO] [stdout] error[E0433]: cannot find module or crate `miden_protocol` in this scope
[INFO] [stdout]    --> src/bin/send_nav_redeem.rs:279:28
[INFO] [stdout]     |
[INFO] [stdout] 279 |         let payback_file = miden_protocol::note::NoteFile::NoteDetails {
[INFO] [stdout]     |                            ^^^^^^^^^^^^^^ use of unresolved module or unlinked crate `miden_protocol`
[INFO] [stdout]     |
[INFO] [stdout]     = help: if you wanted to use a crate named `miden_protocol`, use `cargo add miden_protocol` to add it to your `Cargo.toml`
[INFO] [stdout] 
[INFO] [stdout] 
[INFO] [stdout] error[E0433]: cannot find module or crate `miden_protocol` in this scope
[INFO] [stdout]    --> src/bin/send_nav_redeem.rs:321:18
[INFO] [stdout]     |
[INFO] [stdout] 321 |     let details: miden_protocol::note::NoteDetails = payback_note.clone().into();
[INFO] [stdout]     |                  ^^^^^^^^^^^^^^ use of unresolved module or unlinked crate `miden_protocol`
[INFO] [stdout]     |
[INFO] [stdout]     = help: if you wanted to use a crate named `miden_protocol`, use `cargo add miden_protocol` to add it to your `Cargo.toml`
[INFO] [stdout] 
[INFO] [stdout] 
[INFO] [stdout] error[E0433]: cannot find module or crate `miden_protocol` in this scope
[INFO] [stdout]   --> src/bin/mint_constituent.rs:26:5
[INFO] [stdout]    |
[INFO] [stdout] 26 | use miden_protocol::note::{NoteAttachments, NoteDetails, NoteFile};
[INFO] [stdout]    |     ^^^^^^^^^^^^^^ use of unresolved module or unlinked crate `miden_protocol`
[INFO] [stdout]    |
[INFO] [stdout]    = help: if you wanted to use a crate named `miden_protocol`, use `cargo add miden_protocol` to add it to your `Cargo.toml`
[INFO] [stdout] 
[INFO] [stdout] 
[INFO] [stdout] error[E0433]: cannot find module or crate `miden_standards` in this scope
[INFO] [stdout]   --> src/bin/mint_constituent.rs:27:5
[INFO] [stdout]    |
[INFO] [stdout] 27 | use miden_standards::note::P2idNote;
[INFO] [stdout]    |     ^^^^^^^^^^^^^^^ use of unresolved module or unlinked crate `miden_standards`
[INFO] [stdout]    |
[INFO] [stdout]    = help: if you wanted to use a crate named `miden_standards`, use `cargo add miden_standards` to add it to your `Cargo.toml`
[INFO] [stdout] 
[INFO] [stdout] 
[INFO] [stdout] error[E0432]: unresolved import `miden_client_sqlite_store`
[INFO] [stdout]   --> src/bin/mint_constituent.rs:25:5
[INFO] [stdout]    |
[INFO] [stdout] 25 | use miden_client_sqlite_store::SqliteStore;
[INFO] [stdout]    |     ^^^^^^^^^^^^^^^^^^^^^^^^^ use of unresolved module or unlinked crate `miden_client_sqlite_store`
[INFO] [stdout]    |
[INFO] [stdout]    = help: if you wanted to use a crate named `miden_client_sqlite_store`, use `cargo add miden_client_sqlite_store` to add it to your `Cargo.toml`
[INFO] [stdout] 
[INFO] [stdout] 
[INFO] [stdout] error[E0433]: cannot find module or crate `miden_protocol` in this scope
[INFO] [stdout]    --> src/bin/send_nav_redeem.rs:323:25
[INFO] [stdout]     |
[INFO] [stdout] 323 |         .import_notes(&[miden_protocol::note::NoteFile::NoteDetails {
[INFO] [stdout]     |                         ^^^^^^^^^^^^^^ use of unresolved module or unlinked crate `miden_protocol`
[INFO] [stdout]     |
[INFO] [stdout]     = help: if you wanted to use a crate named `miden_protocol`, use `cargo add miden_protocol` to add it to your `Cargo.toml`
[INFO] [stdout] 
[INFO] [stdout] 
[INFO] [stdout] error[E0433]: cannot find module or crate `rand` in this scope
[INFO] [stdout]   --> src/bin/send_nav_redeem.rs:47:5
[INFO] [stdout]    |
[INFO] [stdout] 47 |     rand::thread_rng().fill_bytes(&mut bytes);
[INFO] [stdout]    |     ^^^^ use of unresolved module or unlinked crate `rand`
[INFO] [stdout]    |
[INFO] [stdout]    = help: if you wanted to use a crate named `rand`, use `cargo add rand` to add it to your `Cargo.toml`
[INFO] [stdout] 
[INFO] [stdout] 
[INFO] [stdout] error[E0433]: cannot find module or crate `miden_client` in this scope
[INFO] [stdout]   --> src/bin/send_nav_redeem.rs:48:8
[INFO] [stdout]    |
[INFO] [stdout] 48 |     Ok(miden_client::Word::try_from(
[INFO] [stdout]    |        ^^^^^^^^^^^^ use of unresolved module or unlinked crate `miden_client`
[INFO] [stdout]    |
[INFO] [stdout]    = help: if you wanted to use a crate named `miden_client`, use `cargo add miden_client` to add it to your `Cargo.toml`
[INFO] [stdout] 
[INFO] [stdout] 
[INFO] [stdout] error[E0433]: cannot find module or crate `miden_client` in this scope
[INFO] [stdout]   --> src/bin/send_nav_redeem.rs:54:17
[INFO] [stdout]    |
[INFO] [stdout] 54 |                 miden_client::Felt::new(u64::from_le_bytes(b) & 0xFFFF_FFFE_FFFF_FFFF)
[INFO] [stdout]    |                 ^^^^^^^^^^^^ use of unresolved module or unlinked crate `miden_client`
[INFO] [stdout]    |
[INFO] [stdout]    = help: if you wanted to use a crate named `miden_client`, use `cargo add miden_client` to add it to your `Cargo.toml`
[INFO] [stdout] 
[INFO] [stdout] 
[INFO] [stdout] error[E0433]: cannot find module or crate `miden_client` in this scope
[INFO] [stdout]   --> src/bin/mint_constituent.rs:64:23
[INFO] [stdout]    |
[INFO] [stdout] 64 |         .grpc_client(&miden_client::rpc::Endpoint::testnet(), None)
[INFO] [stdout]    |                       ^^^^^^^^^^^^ use of unresolved module or unlinked crate `miden_client`
[INFO] [stdout]    |
[INFO] [stdout]    = help: if you wanted to use a crate named `miden_client`, use `cargo add miden_client` to add it to your `Cargo.toml`
[INFO] [stdout] 
[INFO] [stdout] 
[INFO] [stdout] error[E0433]: cannot find module or crate `miden_client` in this scope
[INFO] [stdout]   --> src/bin/mint_constituent.rs:64:23
[INFO] [stdout]    |
[INFO] [stdout] 64 |         .grpc_client(&miden_client::rpc::Endpoint::testnet(), None)
[INFO] [stdout]    |                       ^^^^^^^^^^^^ use of unresolved module or unlinked crate `miden_client`
[INFO] [stdout]    |
[INFO] [stdout]    = help: if you wanted to use a crate named `miden_client`, use `cargo add miden_client` to add it to your `Cargo.toml`
[INFO] [stdout] 
[INFO] [stdout] 
[INFO] [stdout] warning: method call on a diverging inference variable
[INFO] [stdout]    --> src/bin/send_nav_redeem.rs:194:12
[INFO] [stdout]     |
[INFO] [stdout] 194 |     client.sync_state().await?;
[INFO] [stdout]     |            ^^^^^^^^^^
[INFO] [stdout]     |
[INFO] [stdout]     = help: consider providing a type annotation
[INFO] [stdout]     = warning: this was previously accepted by the compiler but is being phased out; it will become a hard error in a future release!
[INFO] [stdout]     = note: for more information, see issue #156047 <https://github.com/rust-lang/rust/issues/156047>
[INFO] [stdout]     = note: `#[warn(method_call_on_diverging_infer_var)]` (part of `#[warn(future_incompatible)]`) on by default
[INFO] [stdout] 
[INFO] [stdout] 
[INFO] [stdout] error[E0433]: cannot find module or crate `miden_client` in this scope
[INFO] [stdout]    --> src/bin/send_nav_redeem.rs:189:23
[INFO] [stdout]     |
[INFO] [stdout] 189 |         .grpc_client(&miden_client::rpc::Endpoint::testnet(), None)
[INFO] [stdout]     |                       ^^^^^^^^^^^^ use of unresolved module or unlinked crate `miden_client`
[INFO] [stdout]     |
[INFO] [stdout]     = help: if you wanted to use a crate named `miden_client`, use `cargo add miden_client` to add it to your `Cargo.toml`
[INFO] [stdout] 
[INFO] [stdout] 
[INFO] [stdout] error[E0433]: cannot find module or crate `miden_client` in this scope
[INFO] [stdout]   --> src/bin/mint_constituent.rs:97:23
[INFO] [stdout]    |
[INFO] [stdout] 97 |         .grpc_client(&miden_client::rpc::Endpoint::testnet(), None)
[INFO] [stdout]    |                       ^^^^^^^^^^^^ use of unresolved module or unlinked crate `miden_client`
[INFO] [stdout]    |
[INFO] [stdout]    = help: if you wanted to use a crate named `miden_client`, use `cargo add miden_client` to add it to your `Cargo.toml`
[INFO] [stdout] 
[INFO] [stdout] 
[INFO] [stdout] error[E0433]: cannot find module or crate `miden_client` in this scope
[INFO] [stdout]   --> src/bin/mint_constituent.rs:97:23
[INFO] [stdout]    |
[INFO] [stdout] 97 |         .grpc_client(&miden_client::rpc::Endpoint::testnet(), None)
[INFO] [stdout]    |                       ^^^^^^^^^^^^ use of unresolved module or unlinked crate `miden_client`
[INFO] [stdout]    |
[INFO] [stdout]    = help: if you wanted to use a crate named `miden_client`, use `cargo add miden_client` to add it to your `Cargo.toml`
[INFO] [stdout] 
[INFO] [stdout] 
[INFO] [stdout] error[E0599]: no method named `sync_state` found for type `!` in the current scope
[INFO] [stdout]    --> src/bin/send_nav_redeem.rs:194:12
[INFO] [stdout]     |
[INFO] [stdout] 194 |     client.sync_state().await?;
[INFO] [stdout]     |            ^^^^^^^^^^ method not found in `!`
[INFO] [stdout] 
[INFO] [stdout] 
[INFO] [stdout] error[E0599]: no method named `import_account_by_id` found for type `!` in the current scope
[INFO] [stdout]    --> src/bin/send_nav_redeem.rs:199:20
[INFO] [stdout]     |
[INFO] [stdout] 199 |     let _ = client.import_account_by_id(faucet).await;
[INFO] [stdout]     |                    ^^^^^^^^^^^^^^^^^^^^ method not found in `!`
[INFO] [stdout] 
[INFO] [stdout] 
[INFO] [stdout] warning: unreachable expression
[INFO] [stdout]    --> src/bin/send_nav_redeem.rs:199:41
[INFO] [stdout]     |
[INFO] [stdout] 199 |     let _ = client.import_account_by_id(faucet).await;
[INFO] [stdout]     |             ------                      ^^^^^^ unreachable expression
[INFO] [stdout]     |             |
[INFO] [stdout]     |             any code following this expression is unreachable
[INFO] [stdout]     |
[INFO] [stdout]     = note: `#[warn(unreachable_code)]` (part of `#[warn(unused)]`) on by default
[INFO] [stdout] 
[INFO] [stdout] 
[INFO] [stdout] error[E0433]: cannot find module or crate `miden_client` in this scope
[INFO] [stdout]    --> src/bin/send_nav_redeem.rs:249:24
[INFO] [stdout]     |
[INFO] [stdout] 249 |     storage_felts.push(miden_client::Felt::new(0).unwrap()); // 106 pad
[INFO] [stdout]     |                        ^^^^^^^^^^^^ use of unresolved module or unlinked crate `miden_client`
[INFO] [stdout]     |
[INFO] [stdout]     = help: if you wanted to use a crate named `miden_client`, use `cargo add miden_client` to add it to your `Cargo.toml`
[INFO] [stdout] 
[INFO] [stdout] 
[INFO] [stdout] error[E0599]: no method named `code_builder` found for type `!` in the current scope
[INFO] [stdout]    --> src/bin/send_nav_redeem.rs:202:32
[INFO] [stdout]     |
[INFO] [stdout] 202 |     let supply_script = client.code_builder().compile_tx_script(&format!(
[INFO] [stdout]     |                                ^^^^^^^^^^^^ method not found in `!`
[INFO] [stdout] 
[INFO] [stdout] 
[INFO] [stdout] error[E0433]: cannot find module or crate `miden_client` in this scope
[INFO] [stdout]    --> src/bin/send_nav_redeem.rs:250:24
[INFO] [stdout]     |
[INFO] [stdout] 250 |     storage_felts.push(miden_client::Felt::new(0).unwrap()); // 107 pad
[INFO] [stdout]     |                        ^^^^^^^^^^^^ use of unresolved module or unlinked crate `miden_client`
[INFO] [stdout]     |
[INFO] [stdout]     = help: if you wanted to use a crate named `miden_client`, use `cargo add miden_client` to add it to your `Cargo.toml`
[INFO] [stdout] 
[INFO] [stdout] 
[INFO] [stdout] warning: unreachable call
[INFO] [stdout]    --> src/bin/send_nav_redeem.rs:202:32
[INFO] [stdout]     |
[INFO] [stdout] 202 |     let supply_script = client.code_builder().compile_tx_script(&format!(
[INFO] [stdout]     |                         ------ ^^^^^^^^^^^^ unreachable call
[INFO] [stdout]     |                         |
[INFO] [stdout]     |                         any code following this expression is unreachable
[INFO] [stdout] 
[INFO] [stdout] 
[INFO] [stdout] warning: method call on a diverging inference variable
[INFO] [stdout]   --> src/bin/mint_constituent.rs:69:7
[INFO] [stdout]    |
[INFO] [stdout] 69 |     a.sync_state().await?;
[INFO] [stdout]    |       ^^^^^^^^^^
[INFO] [stdout]    |
[INFO] [stdout]    = help: consider providing a type annotation
[INFO] [stdout]    = warning: this was previously accepted by the compiler but is being phased out; it will become a hard error in a future release!
[INFO] [stdout]    = note: for more information, see issue #156047 <https://github.com/rust-lang/rust/issues/156047>
[INFO] [stdout]    = note: `#[warn(method_call_on_diverging_infer_var)]` (part of `#[warn(future_incompatible)]`) on by default
[INFO] [stdout] 
[INFO] [stdout] 
[INFO] [stdout] warning: method call on a diverging inference variable
[INFO] [stdout]   --> src/bin/mint_constituent.rs:69:7
[INFO] [stdout]    |
[INFO] [stdout] 69 |     a.sync_state().await?;
[INFO] [stdout]    |       ^^^^^^^^^^
[INFO] [stdout]    |
[INFO] [stdout]    = help: consider providing a type annotation
[INFO] [stdout]    = warning: this was previously accepted by the compiler but is being phased out; it will become a hard error in a future release!
[INFO] [stdout]    = note: for more information, see issue #156047 <https://github.com/rust-lang/rust/issues/156047>
[INFO] [stdout]    = note: `#[warn(method_call_on_diverging_infer_var)]` (part of `#[warn(future_incompatible)]`) on by default
[INFO] [stdout] 
[INFO] [stdout] 
[INFO] [stdout] error[E0433]: cannot find module or crate `miden_protocol` in this scope
[INFO] [stdout]    --> src/bin/send_nav_redeem.rs:279:28
[INFO] [stdout]     |
[INFO] [stdout] 279 |         let payback_file = miden_protocol::note::NoteFile::NoteDetails {
[INFO] [stdout]     |                            ^^^^^^^^^^^^^^ use of unresolved module or unlinked crate `miden_protocol`
[INFO] [stdout]     |
[INFO] [stdout]     = help: if you wanted to use a crate named `miden_protocol`, use `cargo add miden_protocol` to add it to your `Cargo.toml`
[INFO] [stdout] 
[INFO] [stdout] 
[INFO] [stdout] error[E0599]: no method named `execute_program` found for type `!` in the current scope
[INFO] [stdout]    --> src/bin/send_nav_redeem.rs:206:10
[INFO] [stdout]     |
[INFO] [stdout] 205 |     let supply = client
[INFO] [stdout] 206 |         .execute_program(faucet, supply_script, AdviceInputs::default(), Default::default())
[INFO] [stdout]     |          ^^^^^^^^^^^^^^^ method not found in `!`
[INFO] [stdout] 
[INFO] [stdout] 
[INFO] [stdout] warning: unreachable expression
[INFO] [stdout]    --> src/bin/send_nav_redeem.rs:206:26
[INFO] [stdout]     |
[INFO] [stdout] 205 |     let supply = client
[INFO] [stdout]     |                  ------ any code following this expression is unreachable
[INFO] [stdout] 206 |         .execute_program(faucet, supply_script, AdviceInputs::default(), Default::default())
[INFO] [stdout]     |                          ^^^^^^ unreachable expression
[INFO] [stdout] 
[INFO] [stdout] 
[INFO] [stdout] error[E0433]: cannot find module or crate `miden_protocol` in this scope
[INFO] [stdout]    --> src/bin/send_nav_redeem.rs:321:18
[INFO] [stdout]     |
[INFO] [stdout] 321 |     let details: miden_protocol::note::NoteDetails = payback_note.clone().into();
[INFO] [stdout]     |                  ^^^^^^^^^^^^^^ use of unresolved module or unlinked crate `miden_protocol`
[INFO] [stdout]     |
[INFO] [stdout]     = help: if you wanted to use a crate named `miden_protocol`, use `cargo add miden_protocol` to add it to your `Cargo.toml`
[INFO] [stdout] 
[INFO] [stdout] 
[INFO] [stdout] error[E0599]: no method named `code_builder` found for type `!` in the current scope
[INFO] [stdout]    --> src/bin/send_nav_redeem.rs:214:31
[INFO] [stdout]     |
[INFO] [stdout] 214 |         let v_script = client.code_builder().compile_tx_script(&format!(
[INFO] [stdout]     |                               ^^^^^^^^^^^^ method not found in `!`
[INFO] [stdout] 
[INFO] [stdout] 
[INFO] [stdout] warning: unreachable call
[INFO] [stdout]    --> src/bin/send_nav_redeem.rs:214:31
[INFO] [stdout]     |
[INFO] [stdout] 214 |         let v_script = client.code_builder().compile_tx_script(&format!(
[INFO] [stdout]     |                        ------ ^^^^^^^^^^^^ unreachable call
[INFO] [stdout]     |                        |
[INFO] [stdout]     |                        any code following this expression is unreachable
[INFO] [stdout] 
[INFO] [stdout] 
[INFO] [stdout] error[E0433]: cannot find module or crate `miden_protocol` in this scope
[INFO] [stdout]    --> src/bin/send_nav_redeem.rs:323:25
[INFO] [stdout]     |
[INFO] [stdout] 323 |         .import_notes(&[miden_protocol::note::NoteFile::NoteDetails {
[INFO] [stdout]     |                         ^^^^^^^^^^^^^^ use of unresolved module or unlinked crate `miden_protocol`
[INFO] [stdout]     |
[INFO] [stdout]     = help: if you wanted to use a crate named `miden_protocol`, use `cargo add miden_protocol` to add it to your `Cargo.toml`
[INFO] [stdout] 
[INFO] [stdout] 
[INFO] [stdout] error[E0433]: cannot find module or crate `rand` in this scope
[INFO] [stdout]   --> src/bin/send_nav_redeem.rs:47:5
[INFO] [stdout]    |
[INFO] [stdout] 47 |     rand::thread_rng().fill_bytes(&mut bytes);
[INFO] [stdout]    |     ^^^^ use of unresolved module or unlinked crate `rand`
[INFO] [stdout]    |
[INFO] [stdout]    = help: if you wanted to use a crate named `rand`, use `cargo add rand` to add it to your `Cargo.toml`
[INFO] [stdout] 
[INFO] [stdout] 
[INFO] [stdout] error[E0599]: no method named `execute_program` found for type `!` in the current scope
[INFO] [stdout]    --> src/bin/send_nav_redeem.rs:218:14
[INFO] [stdout]     |
[INFO] [stdout] 217 |         if let Ok(stack) = client
[INFO] [stdout] 218 |             .execute_program(faucet, v_script, AdviceInputs::default(), Default::default())
[INFO] [stdout]     |              ^^^^^^^^^^^^^^^ method not found in `!`
[INFO] [stdout] 
[INFO] [stdout] 
[INFO] [stdout] warning: unreachable expression
[INFO] [stdout]    --> src/bin/send_nav_redeem.rs:218:30
[INFO] [stdout]     |
[INFO] [stdout] 217 |         if let Ok(stack) = client
[INFO] [stdout]     |                            ------ any code following this expression is unreachable
[INFO] [stdout] 218 |             .execute_program(faucet, v_script, AdviceInputs::default(), Default::default())
[INFO] [stdout]     |                              ^^^^^^ unreachable expression
[INFO] [stdout] 
[INFO] [stdout] 
[INFO] [stdout] error[E0599]: no method named `execute_transaction` found for type `!` in the current scope
[INFO] [stdout]    --> src/bin/send_nav_redeem.rs:306:25
[INFO] [stdout]     |
[INFO] [stdout] 306 |     let result = client.execute_transaction(sender, req).await?;
[INFO] [stdout]     |                         ^^^^^^^^^^^^^^^^^^^ method not found in `!`
[INFO] [stdout] 
[INFO] [stdout] 
[INFO] [stdout] warning: unreachable expression
[INFO] [stdout]    --> src/bin/send_nav_redeem.rs:306:45
[INFO] [stdout]     |
[INFO] [stdout] 306 |     let result = client.execute_transaction(sender, req).await?;
[INFO] [stdout]     |                  ------                     ^^^^^^ unreachable expression
[INFO] [stdout]     |                  |
[INFO] [stdout]     |                  any code following this expression is unreachable
[INFO] [stdout] 
[INFO] [stdout] 
[INFO] [stdout] warning: method call on a diverging inference variable
[INFO] [stdout]    --> src/bin/send_nav_redeem.rs:307:24
[INFO] [stdout]     |
[INFO] [stdout] 307 |     let tx_id = result.executed_transaction().id();
[INFO] [stdout]     |                        ^^^^^^^^^^^^^^^^^^^^
[INFO] [stdout]     |
[INFO] [stdout]     = help: consider providing a type annotation
[INFO] [stdout]     = warning: this was previously accepted by the compiler but is being phased out; it will become a hard error in a future release!
[INFO] [stdout]     = note: for more information, see issue #156047 <https://github.com/rust-lang/rust/issues/156047>
[INFO] [stdout] 
[INFO] [stdout] 
[INFO] [stdout] error[E0599]: no method named `sync_state` found for type `!` in the current scope
[INFO] [stdout]   --> src/bin/mint_constituent.rs:69:7
[INFO] [stdout]    |
[INFO] [stdout] 69 |     a.sync_state().await?;
[INFO] [stdout]    |       ^^^^^^^^^^ method not found in `!`
[INFO] [stdout] 
[INFO] [stdout] 
[INFO] [stdout] error[E0599]: no method named `executed_transaction` found for type `!` in the current scope
[INFO] [stdout]    --> src/bin/send_nav_redeem.rs:307:24
[INFO] [stdout]     |
[INFO] [stdout] 307 |     let tx_id = result.executed_transaction().id();
[INFO] [stdout]     |                        ^^^^^^^^^^^^^^^^^^^^ method not found in `!`
[INFO] [stdout] 
[INFO] [stdout] 
[INFO] [stdout] error[E0599]: no method named `prover` found for type `!` in the current scope
[INFO] [stdout]    --> src/bin/send_nav_redeem.rs:308:25
[INFO] [stdout]     |
[INFO] [stdout] 308 |     let prover = client.prover();
[INFO] [stdout]     |                         ^^^^^^ method not found in `!`
[INFO] [stdout] 
[INFO] [stdout] 
[INFO] [stdout] warning: unreachable call
[INFO] [stdout]    --> src/bin/send_nav_redeem.rs:308:25
[INFO] [stdout]     |
[INFO] [stdout] 308 |     let prover = client.prover();
[INFO] [stdout]     |                  ------ ^^^^^^ unreachable call
[INFO] [stdout]     |                  |
[INFO] [stdout]     |                  any code following this expression is unreachable
[INFO] [stdout] 
[INFO] [stdout] 
[INFO] [stdout] error[E0599]: no method named `prove_transaction_with` found for type `!` in the current scope
[INFO] [stdout]    --> src/bin/send_nav_redeem.rs:309:25
[INFO] [stdout]     |
[INFO] [stdout] 309 |     let proven = client.prove_transaction_with(&result, prover.clone()).await?;
[INFO] [stdout]     |                         ^^^^^^^^^^^^^^^^^^^^^^ method not found in `!`
[INFO] [stdout] 
[INFO] [stdout] 
[INFO] [stdout] warning: unreachable expression
[INFO] [stdout]    --> src/bin/send_nav_redeem.rs:309:48
[INFO] [stdout]     |
[INFO] [stdout] 309 |     let proven = client.prove_transaction_with(&result, prover.clone()).await?;
[INFO] [stdout]     |                  ------                        ^^^^^^^ unreachable expression
[INFO] [stdout]     |                  |
[INFO] [stdout]     |                  any code following this expression is unreachable
[INFO] [stdout] 
[INFO] [stdout] 
[INFO] [stdout] error[E0599]: no method named `sync_state` found for type `!` in the current scope
[INFO] [stdout]   --> src/bin/mint_constituent.rs:69:7
[INFO] [stdout]    |
[INFO] [stdout] 69 |     a.sync_state().await?;
[INFO] [stdout]    |       ^^^^^^^^^^ method not found in `!`
[INFO] [stdout] 
[INFO] [stdout] 
[INFO] [stdout] warning: method call on a diverging inference variable
[INFO] [stdout]    --> src/bin/send_nav_redeem.rs:194:12
[INFO] [stdout]     |
[INFO] [stdout] 194 |     client.sync_state().await?;
[INFO] [stdout]     |            ^^^^^^^^^^
[INFO] [stdout]     |
[INFO] [stdout]     = help: consider providing a type annotation
[INFO] [stdout]     = warning: this was previously accepted by the compiler but is being phased out; it will become a hard error in a future release!
[INFO] [stdout]     = note: for more information, see issue #156047 <https://github.com/rust-lang/rust/issues/156047>
[INFO] [stdout]     = note: `#[warn(method_call_on_diverging_infer_var)]` (part of `#[warn(future_incompatible)]`) on by default
[INFO] [stdout] 
[INFO] [stdout] 
[INFO] [stdout] error[E0599]: no method named `submit_proven_transaction` found for type `!` in the current scope
[INFO] [stdout]    --> src/bin/send_nav_redeem.rs:310:25
[INFO] [stdout]     |
[INFO] [stdout] 310 |     let height = client.submit_proven_transaction(proven, &result).await?;
[INFO] [stdout]     |                         ^^^^^^^^^^^^^^^^^^^^^^^^^ method not found in `!`
[INFO] [stdout] 
[INFO] [stdout] 
[INFO] [stdout] warning: unreachable expression
[INFO] [stdout]    --> src/bin/send_nav_redeem.rs:310:51
[INFO] [stdout]     |
[INFO] [stdout] 310 |     let height = client.submit_proven_transaction(proven, &result).await?;
[INFO] [stdout]     |                  ------                           ^^^^^^ unreachable expression
[INFO] [stdout]     |                  |
[INFO] [stdout]     |                  any code following this expression is unreachable
[INFO] [stdout] 
[INFO] [stdout] 
[INFO] [stdout] error[E0599]: no method named `apply_transaction` found for type `!` in the current scope
[INFO] [stdout]    --> src/bin/send_nav_redeem.rs:311:12
[INFO] [stdout]     |
[INFO] [stdout] 311 |     client.apply_transaction(&result, height).await?;
[INFO] [stdout]     |            ^^^^^^^^^^^^^^^^^ method not found in `!`
[INFO] [stdout] 
[INFO] [stdout] 
[INFO] [stdout] warning: unreachable expression
[INFO] [stdout]    --> src/bin/send_nav_redeem.rs:311:30
[INFO] [stdout]     |
[INFO] [stdout] 311 |     client.apply_transaction(&result, height).await?;
[INFO] [stdout]     |     ------                   ^^^^^^^ unreachable expression
[INFO] [stdout]     |     |
[INFO] [stdout]     |     any code following this expression is unreachable
[INFO] [stdout] 
[INFO] [stdout] 
[INFO] [stdout] error[E0599]: no method named `rng` found for type `!` in the current scope
[INFO] [stdout]   --> src/bin/mint_constituent.rs:78:11
[INFO] [stdout]    |
[INFO] [stdout] 78 |         a.rng(),
[INFO] [stdout]    |           ^^^ method not found in `!`
[INFO] [stdout] 
[INFO] [stdout] 
[INFO] [stdout] warning: unreachable call
[INFO] [stdout]   --> src/bin/mint_constituent.rs:78:11
[INFO] [stdout]    |
[INFO] [stdout] 78 |         a.rng(),
[INFO] [stdout]    |         - ^^^ unreachable call
[INFO] [stdout]    |         |
[INFO] [stdout]    |         any code following this expression is unreachable
[INFO] [stdout]    |
[INFO] [stdout]    = note: `#[warn(unreachable_code)]` (part of `#[warn(unused)]`) on by default
[INFO] [stdout] 
[INFO] [stdout] 
[INFO] [stdout] error[E0599]: no method named `import_notes` found for type `!` in the current scope
[INFO] [stdout]    --> src/bin/send_nav_redeem.rs:323:10
[INFO] [stdout]     |
[INFO] [stdout] 322 |     client
[INFO] [stdout] 323 |         .import_notes(&[miden_protocol::note::NoteFile::NoteDetails {
[INFO] [stdout]     |          ^^^^^^^^^^^^ method not found in `!`
[INFO] [stdout] 
[INFO] [stdout] 
[INFO] [stdout] warning: unreachable expression
[INFO] [stdout]    --> src/bin/send_nav_redeem.rs:323:23
[INFO] [stdout]     |
[INFO] [stdout] 322 |       client
[INFO] [stdout]     |       ------ any code following this expression is unreachable
[INFO] [stdout] 323 |           .import_notes(&[miden_protocol::note::NoteFile::NoteDetails {
[INFO] [stdout]     |  _______________________^
[INFO] [stdout] 324 | |             details,
[INFO] [stdout] 325 | |             after_block_num: height,
[INFO] [stdout] 326 | |             tag: Some(payback_tag),
[INFO] [stdout] 327 | |         }])
[INFO] [stdout]     | |__________^ unreachable expression
[INFO] [stdout] 
[INFO] [stdout] 
[INFO] [stdout] error[E0599]: no method named `sync_state` found for type `!` in the current scope
[INFO] [stdout]    --> src/bin/send_nav_redeem.rs:334:32
[INFO] [stdout]     |
[INFO] [stdout] 334 |         if let Err(e) = client.sync_state().await {
[INFO] [stdout]     |                                ^^^^^^^^^^ method not found in `!`
[INFO] [stdout] 
[INFO] [stdout] 
[INFO] [stdout] warning: unreachable call
[INFO] [stdout]    --> src/bin/send_nav_redeem.rs:334:32
[INFO] [stdout]     |
[INFO] [stdout] 334 |         if let Err(e) = client.sync_state().await {
[INFO] [stdout]     |                         ------ ^^^^^^^^^^ unreachable call
[INFO] [stdout]     |                         |
[INFO] [stdout]     |                         any code following this expression is unreachable
[INFO] [stdout] 
[INFO] [stdout] 
[INFO] [stdout] error[E0599]: no method named `sync_state` found for type `!` in the current scope
[INFO] [stdout]    --> src/bin/send_nav_redeem.rs:194:12
[INFO] [stdout]     |
[INFO] [stdout] 194 |     client.sync_state().await?;
[INFO] [stdout]     |            ^^^^^^^^^^ method not found in `!`
[INFO] [stdout] 
[INFO] [stdout] 
[INFO] [stdout] error[E0599]: no method named `rng` found for type `!` in the current scope
[INFO] [stdout]   --> src/bin/mint_constituent.rs:78:11
[INFO] [stdout]    |
[INFO] [stdout] 78 |         a.rng(),
[INFO] [stdout]    |           ^^^ method not found in `!`
[INFO] [stdout] 
[INFO] [stdout] 
[INFO] [stdout] error[E0599]: no method named `get_input_note` found for type `!` in the current scope
[INFO] [stdout]    --> src/bin/send_nav_redeem.rs:338:34
[INFO] [stdout]     |
[INFO] [stdout] 338 |         let maybe = match client.get_input_note(payback_id).await {
[INFO] [stdout]     |                                  ^^^^^^^^^^^^^^ method not found in `!`
[INFO] [stdout] 
[INFO] [stdout] 
[INFO] [stdout] warning: unreachable expression
[INFO] [stdout]    --> src/bin/send_nav_redeem.rs:338:49
[INFO] [stdout]     |
[INFO] [stdout] 338 |         let maybe = match client.get_input_note(payback_id).await {
[INFO] [stdout]     |                           ------                ^^^^^^^^^^ unreachable expression
[INFO] [stdout]     |                           |
[INFO] [stdout]     |                           any code following this expression is unreachable
[INFO] [stdout] 
[INFO] [stdout] 
[INFO] [stdout] warning: unreachable call
[INFO] [stdout]   --> src/bin/mint_constituent.rs:78:11
[INFO] [stdout]    |
[INFO] [stdout] 78 |         a.rng(),
[INFO] [stdout]    |         - ^^^ unreachable call
[INFO] [stdout]    |         |
[INFO] [stdout]    |         any code following this expression is unreachable
[INFO] [stdout]    |
[INFO] [stdout]    = note: `#[warn(unreachable_code)]` (part of `#[warn(unused)]`) on by default
[INFO] [stdout] 
[INFO] [stdout] 
[INFO] [stdout] error[E0599]: no method named `execute_transaction` found for type `!` in the current scope
[INFO] [stdout]    --> src/bin/send_nav_redeem.rs:351:35
[INFO] [stdout]     |
[INFO] [stdout] 351 |                 let cres = client.execute_transaction(recipient, creq).await?;
[INFO] [stdout]     |                                   ^^^^^^^^^^^^^^^^^^^ method not found in `!`
[INFO] [stdout] 
[INFO] [stdout] 
[INFO] [stdout] warning: unreachable expression
[INFO] [stdout]    --> src/bin/send_nav_redeem.rs:351:55
[INFO] [stdout]     |
[INFO] [stdout] 351 |                 let cres = client.execute_transaction(recipient, creq).await?;
[INFO] [stdout]     |                            ------                     ^^^^^^^^^ unreachable expression
[INFO] [stdout]     |                            |
[INFO] [stdout]     |                            any code following this expression is unreachable
[INFO] [stdout] 
[INFO] [stdout] 
[INFO] [stdout] warning: method call on a diverging inference variable
[INFO] [stdout]    --> src/bin/send_nav_redeem.rs:352:32
[INFO] [stdout]     |
[INFO] [stdout] 352 |                 let ctx = cres.executed_transaction().id();
[INFO] [stdout]     |                                ^^^^^^^^^^^^^^^^^^^^
[INFO] [stdout]     |
[INFO] [stdout]     = help: consider providing a type annotation
[INFO] [stdout]     = warning: this was previously accepted by the compiler but is being phased out; it will become a hard error in a future release!
[INFO] [stdout]     = note: for more information, see issue #156047 <https://github.com/rust-lang/rust/issues/156047>
[INFO] [stdout] 
[INFO] [stdout] 
[INFO] [stdout] error[E0599]: no method named `executed_transaction` found for type `!` in the current scope
[INFO] [stdout]    --> src/bin/send_nav_redeem.rs:352:32
[INFO] [stdout]     |
[INFO] [stdout] 352 |                 let ctx = cres.executed_transaction().id();
[INFO] [stdout]     |                                ^^^^^^^^^^^^^^^^^^^^ method not found in `!`
[INFO] [stdout] 
[INFO] [stdout] 
[INFO] [stdout] error[E0599]: no method named `prove_transaction_with` found for type `!` in the current scope
[INFO] [stdout]    --> src/bin/send_nav_redeem.rs:353:38
[INFO] [stdout]     |
[INFO] [stdout] 353 |                 let cproven = client.prove_transaction_with(&cres, prover.clone()).await?;
[INFO] [stdout]     |                                      ^^^^^^^^^^^^^^^^^^^^^^ method not found in `!`
[INFO] [stdout] 
[INFO] [stdout] 
[INFO] [stdout] warning: unreachable expression
[INFO] [stdout]    --> src/bin/send_nav_redeem.rs:353:61
[INFO] [stdout]     |
[INFO] [stdout] 353 |                 let cproven = client.prove_transaction_with(&cres, prover.clone()).await?;
[INFO] [stdout]     |                               ------                        ^^^^^ unreachable expression
[INFO] [stdout]     |                               |
[INFO] [stdout]     |                               any code following this expression is unreachable
[INFO] [stdout] 
[INFO] [stdout] 
[INFO] [stdout] error[E0599]: no method named `import_account_by_id` found for type `!` in the current scope
[INFO] [stdout]    --> src/bin/send_nav_redeem.rs:199:20
[INFO] [stdout]     |
[INFO] [stdout] 199 |     let _ = client.import_account_by_id(faucet).await;
[INFO] [stdout]     |                    ^^^^^^^^^^^^^^^^^^^^ method not found in `!`
[INFO] [stdout] 
[INFO] [stdout] 
[INFO] [stdout] warning: unreachable expression
[INFO] [stdout]    --> src/bin/send_nav_redeem.rs:199:41
[INFO] [stdout]     |
[INFO] [stdout] 199 |     let _ = client.import_account_by_id(faucet).await;
[INFO] [stdout]     |             ------                      ^^^^^^ unreachable expression
[INFO] [stdout]     |             |
[INFO] [stdout]     |             any code following this expression is unreachable
[INFO] [stdout]     |
[INFO] [stdout]     = note: `#[warn(unreachable_code)]` (part of `#[warn(unused)]`) on by default
[INFO] [stdout] 
[INFO] [stdout] 
[INFO] [stdout] error[E0599]: no method named `submit_proven_transaction` found for type `!` in the current scope
[INFO] [stdout]    --> src/bin/send_nav_redeem.rs:354:38
[INFO] [stdout]     |
[INFO] [stdout] 354 |                 let cheight = client.submit_proven_transaction(cproven, &cres).await?;
[INFO] [stdout]     |                                      ^^^^^^^^^^^^^^^^^^^^^^^^^ method not found in `!`
[INFO] [stdout] 
[INFO] [stdout] 
[INFO] [stdout] warning: unreachable expression
[INFO] [stdout]    --> src/bin/send_nav_redeem.rs:354:64
[INFO] [stdout]     |
[INFO] [stdout] 354 |                 let cheight = client.submit_proven_transaction(cproven, &cres).await?;
[INFO] [stdout]     |                               ------                           ^^^^^^^ unreachable expression
[INFO] [stdout]     |                               |
[INFO] [stdout]     |                               any code following this expression is unreachable
[INFO] [stdout] 
[INFO] [stdout] 
[INFO] [stdout] error[E0599]: no method named `code_builder` found for type `!` in the current scope
[INFO] [stdout]    --> src/bin/send_nav_redeem.rs:202:32
[INFO] [stdout]     |
[INFO] [stdout] 202 |     let supply_script = client.code_builder().compile_tx_script(&format!(
[INFO] [stdout]     |                                ^^^^^^^^^^^^ method not found in `!`
[INFO] [stdout] 
[INFO] [stdout] 
[INFO] [stdout] warning: unreachable call
[INFO] [stdout]    --> src/bin/send_nav_redeem.rs:202:32
[INFO] [stdout]     |
[INFO] [stdout] 202 |     let supply_script = client.code_builder().compile_tx_script(&format!(
[INFO] [stdout]     |                         ------ ^^^^^^^^^^^^ unreachable call
[INFO] [stdout]     |                         |
[INFO] [stdout]     |                         any code following this expression is unreachable
[INFO] [stdout] 
[INFO] [stdout] 
[INFO] [stdout] error[E0599]: no method named `execute_transaction` found for type `!` in the current scope
[INFO] [stdout]   --> src/bin/mint_constituent.rs:87:17
[INFO] [stdout]    |
[INFO] [stdout] 87 |     let res = a.execute_transaction(asset_faucet, req).await?;
[INFO] [stdout]    |                 ^^^^^^^^^^^^^^^^^^^ method not found in `!`
[INFO] [stdout] 
[INFO] [stdout] 
[INFO] [stdout] warning: unreachable expression
[INFO] [stdout]   --> src/bin/mint_constituent.rs:87:37
[INFO] [stdout]    |
[INFO] [stdout] 87 |     let res = a.execute_transaction(asset_faucet, req).await?;
[INFO] [stdout]    |               -                     ^^^^^^^^^^^^ unreachable expression
[INFO] [stdout]    |               |
[INFO] [stdout]    |               any code following this expression is unreachable
[INFO] [stdout] 
[INFO] [stdout] 
[INFO] [stdout] error[E0599]: no method named `apply_transaction` found for type `!` in the current scope
[INFO] [stdout]    --> src/bin/send_nav_redeem.rs:355:24
[INFO] [stdout]     |
[INFO] [stdout] 355 |                 client.apply_transaction(&cres, cheight).await?;
[INFO] [stdout]     |                        ^^^^^^^^^^^^^^^^^ method not found in `!`
[INFO] [stdout] 
[INFO] [stdout] 
[INFO] [stdout] warning: unreachable expression
[INFO] [stdout]    --> src/bin/send_nav_redeem.rs:355:42
[INFO] [stdout]     |
[INFO] [stdout] 355 |                 client.apply_transaction(&cres, cheight).await?;
[INFO] [stdout]     |                 ------                   ^^^^^ unreachable expression
[INFO] [stdout]     |                 |
[INFO] [stdout]     |                 any code following this expression is unreachable
[INFO] [stdout] 
[INFO] [stdout] 
[INFO] [stdout] error[E0599]: no method named `execute_program` found for type `!` in the current scope
[INFO] [stdout]    --> src/bin/send_nav_redeem.rs:206:10
[INFO] [stdout]     |
[INFO] [stdout] 205 |     let supply = client
[INFO] [stdout] 206 |         .execute_program(faucet, supply_script, AdviceInputs::default(), Default::default())
[INFO] [stdout]     |          ^^^^^^^^^^^^^^^ method not found in `!`
[INFO] [stdout] 
[INFO] [stdout] 
[INFO] [stdout] warning: unreachable expression
[INFO] [stdout]    --> src/bin/send_nav_redeem.rs:206:26
[INFO] [stdout]     |
[INFO] [stdout] 205 |     let supply = client
[INFO] [stdout]     |                  ------ any code following this expression is unreachable
[INFO] [stdout] 206 |         .execute_program(faucet, supply_script, AdviceInputs::default(), Default::default())
[INFO] [stdout]     |                          ^^^^^^ unreachable expression
[INFO] [stdout] 
[INFO] [stdout] 
[INFO] [stdout] error[E0433]: cannot find module or crate `miden_client` in this scope
[INFO] [stdout]   --> src/bin/send_nav_redeem.rs:45:26
[INFO] [stdout]    |
[INFO] [stdout] 45 | fn rand_word() -> Result<miden_client::Word> {
[INFO] [stdout]    |                          ^^^^^^^^^^^^ use of unresolved module or unlinked crate `miden_client`
[INFO] [stdout]    |
[INFO] [stdout]    = help: if you wanted to use a crate named `miden_client`, use `cargo add miden_client` to add it to your `Cargo.toml`
[INFO] [stdout] 
[INFO] [stdout] 
[INFO] [stdout] error[E0433]: cannot find module or crate `miden_client` in this scope
[INFO] [stdout]    --> src/bin/send_nav_redeem.rs:245:32
[INFO] [stdout]     |
[INFO] [stdout] 245 |     let mut storage_felts: Vec<miden_client::Felt> = Vec::new();
[INFO] [stdout]     |                                ^^^^^^^^^^^^ use of unresolved module or unlinked crate `miden_client`
[INFO] [stdout]     |
[INFO] [stdout]     = help: if you wanted to use a crate named `miden_client`, use `cargo add miden_client` to add it to your `Cargo.toml`
[INFO] [stdout] 
[INFO] [stdout] 
[INFO] [stdout] error[E0433]: cannot find module or crate `miden_assembly` in this scope
[INFO] [stdout]   --> src/bin/send_nav_redeem.rs:64:21
[INFO] [stdout]    |
[INFO] [stdout] 64 |     let sm: Arc<dyn miden_assembly::SourceManager> = Arc::new(DefaultSourceManager::default());
[INFO] [stdout]    |                     ^^^^^^^^^^^^^^ use of unresolved module or unlinked crate `miden_assembly`
[INFO] [stdout]    |
[INFO] [stdout]    = help: if you wanted to use a crate named `miden_assembly`, use `cargo add miden_assembly` to add it to your `Cargo.toml`
[INFO] [stdout] 
[INFO] [stdout] 
[INFO] [stdout] error[E0433]: cannot find module or crate `miden_assembly` in this scope
[INFO] [stdout]    --> src/bin/send_nav_redeem.rs:115:21
[INFO] [stdout]     |
[INFO] [stdout] 115 |     let sm: Arc<dyn miden_assembly::SourceManager> = Arc::new(DefaultSourceManager::default());
[INFO] [stdout]     |                     ^^^^^^^^^^^^^^ use of unresolved module or unlinked crate `miden_assembly`
[INFO] [stdout]     |
[INFO] [stdout]     = help: if you wanted to use a crate named `miden_assembly`, use `cargo add miden_assembly` to add it to your `Cargo.toml`
[INFO] [stdout] 
[INFO] [stdout] 
[INFO] [stdout] Some errors have detailed explanations: E0432, E0433, E0599.
[INFO] [stdout] 
[INFO] [stdout] For more information about an error, try `rustc --explain E0432`.
[INFO] [stdout] 
[INFO] [stderr] error: could not compile `darwin-relay` (bin "send_nav_redeem" test) due to 50 previous errors; 23 warnings emitted
[INFO] [stderr] warning: build failed, waiting for other jobs to finish...
[INFO] [stdout] error[E0599]: no method named `code_builder` found for type `!` in the current scope
[INFO] [stdout]    --> src/bin/send_nav_redeem.rs:214:31
[INFO] [stdout]     |
[INFO] [stdout] 214 |         let v_script = client.code_builder().compile_tx_script(&format!(
[INFO] [stdout]     |                               ^^^^^^^^^^^^ method not found in `!`
[INFO] [stdout] 
[INFO] [stdout] 
[INFO] [stdout] warning: unreachable call
[INFO] [stdout]    --> src/bin/send_nav_redeem.rs:214:31
[INFO] [stdout]     |
[INFO] [stdout] 214 |         let v_script = client.code_builder().compile_tx_script(&format!(
[INFO] [stdout]     |                        ------ ^^^^^^^^^^^^ unreachable call
[INFO] [stdout]     |                        |
[INFO] [stdout]     |                        any code following this expression is unreachable
[INFO] [stdout] 
[INFO] [stdout] 
[INFO] [stdout] error[E0599]: no method named `execute_program` found for type `!` in the current scope
[INFO] [stdout]    --> src/bin/send_nav_redeem.rs:218:14
[INFO] [stdout]     |
[INFO] [stdout] 217 |         if let Ok(stack) = client
[INFO] [stdout] 218 |             .execute_program(faucet, v_script, AdviceInputs::default(), Default::default())
[INFO] [stdout]     |              ^^^^^^^^^^^^^^^ method not found in `!`
[INFO] [stdout] 
[INFO] [stdout] 
[INFO] [stdout] warning: unreachable expression
[INFO] [stdout]    --> src/bin/send_nav_redeem.rs:218:30
[INFO] [stdout]     |
[INFO] [stdout] 217 |         if let Ok(stack) = client
[INFO] [stdout]     |                            ------ any code following this expression is unreachable
[INFO] [stdout] 218 |             .execute_program(faucet, v_script, AdviceInputs::default(), Default::default())
[INFO] [stdout]     |                              ^^^^^^ unreachable expression
[INFO] [stdout] 
[INFO] [stdout] 
[INFO] [stdout] error[E0599]: no method named `prover` found for type `!` in the current scope
[INFO] [stdout]   --> src/bin/mint_constituent.rs:88:20
[INFO] [stdout]    |
[INFO] [stdout] 88 |     let prover = a.prover();
[INFO] [stdout]    |                    ^^^^^^ method not found in `!`
[INFO] [stdout] 
[INFO] [stdout] 
[INFO] [stdout] warning: unreachable call
[INFO] [stdout]   --> src/bin/mint_constituent.rs:88:20
[INFO] [stdout]    |
[INFO] [stdout] 88 |     let prover = a.prover();
[INFO] [stdout]    |                  - ^^^^^^ unreachable call
[INFO] [stdout]    |                  |
[INFO] [stdout]    |                  any code following this expression is unreachable
[INFO] [stdout] 
[INFO] [stdout] 
[INFO] [stdout] error[E0599]: no method named `execute_transaction` found for type `!` in the current scope
[INFO] [stdout]   --> src/bin/mint_constituent.rs:87:17
[INFO] [stdout]    |
[INFO] [stdout] 87 |     let res = a.execute_transaction(asset_faucet, req).await?;
[INFO] [stdout]    |                 ^^^^^^^^^^^^^^^^^^^ method not found in `!`
[INFO] [stdout] 
[INFO] [stdout] 
[INFO] [stdout] warning: unreachable expression
[INFO] [stdout]   --> src/bin/mint_constituent.rs:87:37
[INFO] [stdout]    |
[INFO] [stdout] 87 |     let res = a.execute_transaction(asset_faucet, req).await?;
[INFO] [stdout]    |               -                     ^^^^^^^^^^^^ unreachable expression
[INFO] [stdout]    |               |
[INFO] [stdout]    |               any code following this expression is unreachable
[INFO] [stdout] 
[INFO] [stdout] 
[INFO] [stdout] error[E0599]: no method named `execute_transaction` found for type `!` in the current scope
[INFO] [stdout]    --> src/bin/send_nav_redeem.rs:306:25
[INFO] [stdout]     |
[INFO] [stdout] 306 |     let result = client.execute_transaction(sender, req).await?;
[INFO] [stdout]     |                         ^^^^^^^^^^^^^^^^^^^ method not found in `!`
[INFO] [stdout] 
[INFO] [stdout] 
[INFO] [stdout] warning: unreachable expression
[INFO] [stdout]    --> src/bin/send_nav_redeem.rs:306:45
[INFO] [stdout]     |
[INFO] [stdout] 306 |     let result = client.execute_transaction(sender, req).await?;
[INFO] [stdout]     |                  ------                     ^^^^^^ unreachable expression
[INFO] [stdout]     |                  |
[INFO] [stdout]     |                  any code following this expression is unreachable
[INFO] [stdout] 
[INFO] [stdout] 
[INFO] [stdout] warning: method call on a diverging inference variable
[INFO] [stdout]    --> src/bin/send_nav_redeem.rs:307:24
[INFO] [stdout]     |
[INFO] [stdout] 307 |     let tx_id = result.executed_transaction().id();
[INFO] [stdout]     |                        ^^^^^^^^^^^^^^^^^^^^
[INFO] [stdout]     |
[INFO] [stdout]     = help: consider providing a type annotation
[INFO] [stdout]     = warning: this was previously accepted by the compiler but is being phased out; it will become a hard error in a future release!
[INFO] [stdout]     = note: for more information, see issue #156047 <https://github.com/rust-lang/rust/issues/156047>
[INFO] [stdout] 
[INFO] [stdout] 
[INFO] [stdout] error[E0599]: no method named `prover` found for type `!` in the current scope
[INFO] [stdout]   --> src/bin/mint_constituent.rs:88:20
[INFO] [stdout]    |
[INFO] [stdout] 88 |     let prover = a.prover();
[INFO] [stdout]    |                    ^^^^^^ method not found in `!`
[INFO] [stdout] 
[INFO] [stdout] 
[INFO] [stdout] warning: unreachable call
[INFO] [stdout]   --> src/bin/mint_constituent.rs:88:20
[INFO] [stdout]    |
[INFO] [stdout] 88 |     let prover = a.prover();
[INFO] [stdout]    |                  - ^^^^^^ unreachable call
[INFO] [stdout]    |                  |
[INFO] [stdout]    |                  any code following this expression is unreachable
[INFO] [stdout] 
[INFO] [stdout] 
[INFO] [stdout] error[E0599]: no method named `prove_transaction_with` found for type `!` in the current scope
[INFO] [stdout]   --> src/bin/mint_constituent.rs:89:20
[INFO] [stdout]    |
[INFO] [stdout] 89 |     let proven = a.prove_transaction_with(&res, prover.clone()).await?;
[INFO] [stdout]    |                    ^^^^^^^^^^^^^^^^^^^^^^ method not found in `!`
[INFO] [stdout] 
[INFO] [stdout] 
[INFO] [stdout] warning: unreachable expression
[INFO] [stdout]   --> src/bin/mint_constituent.rs:89:43
[INFO] [stdout]    |
[INFO] [stdout] 89 |     let proven = a.prove_transaction_with(&res, prover.clone()).await?;
[INFO] [stdout]    |                  -                        ^^^^ unreachable expression
[INFO] [stdout]    |                  |
[INFO] [stdout]    |                  any code following this expression is unreachable
[INFO] [stdout] 
[INFO] [stdout] 
[INFO] [stdout] error[E0599]: no method named `executed_transaction` found for type `!` in the current scope
[INFO] [stdout]    --> src/bin/send_nav_redeem.rs:307:24
[INFO] [stdout]     |
[INFO] [stdout] 307 |     let tx_id = result.executed_transaction().id();
[INFO] [stdout]     |                        ^^^^^^^^^^^^^^^^^^^^ method not found in `!`
[INFO] [stdout] 
[INFO] [stdout] 
[INFO] [stdout] error[E0599]: no method named `submit_proven_transaction` found for type `!` in the current scope
[INFO] [stdout]   --> src/bin/mint_constituent.rs:90:20
[INFO] [stdout]    |
[INFO] [stdout] 90 |     let height = a.submit_proven_transaction(proven, &res).await?;
[INFO] [stdout]    |                    ^^^^^^^^^^^^^^^^^^^^^^^^^ method not found in `!`
[INFO] [stdout] 
[INFO] [stdout] 
[INFO] [stdout] warning: unreachable expression
[INFO] [stdout]   --> src/bin/mint_constituent.rs:90:46
[INFO] [stdout]    |
[INFO] [stdout] 90 |     let height = a.submit_proven_transaction(proven, &res).await?;
[INFO] [stdout]    |                  -                           ^^^^^^ unreachable expression
[INFO] [stdout]    |                  |
[INFO] [stdout]    |                  any code following this expression is unreachable
[INFO] [stdout] 
[INFO] [stdout] 
[INFO] [stdout] error[E0599]: no method named `prove_transaction_with` found for type `!` in the current scope
[INFO] [stdout]   --> src/bin/mint_constituent.rs:89:20
[INFO] [stdout]    |
[INFO] [stdout] 89 |     let proven = a.prove_transaction_with(&res, prover.clone()).await?;
[INFO] [stdout]    |                    ^^^^^^^^^^^^^^^^^^^^^^ method not found in `!`
[INFO] [stdout] 
[INFO] [stdout] 
[INFO] [stdout] error[E0599]: no method named `prover` found for type `!` in the current scope
[INFO] [stdout]    --> src/bin/send_nav_redeem.rs:308:25
[INFO] [stdout]     |
[INFO] [stdout] 308 |     let prover = client.prover();
[INFO] [stdout]     |                         ^^^^^^ method not found in `!`
[INFO] [stdout] 
[INFO] [stdout] 
[INFO] [stdout] warning: unreachable call
[INFO] [stdout]    --> src/bin/send_nav_redeem.rs:308:25
[INFO] [stdout]     |
[INFO] [stdout] 308 |     let prover = client.prover();
[INFO] [stdout]     |                  ------ ^^^^^^ unreachable call
[INFO] [stdout]     |                  |
[INFO] [stdout]     |                  any code following this expression is unreachable
[INFO] [stdout] 
[INFO] [stdout] 
[INFO] [stdout] warning: unreachable expression
[INFO] [stdout]   --> src/bin/mint_constituent.rs:89:43
[INFO] [stdout]    |
[INFO] [stdout] 89 |     let proven = a.prove_transaction_with(&res, prover.clone()).await?;
[INFO] [stdout]    |                  -                        ^^^^ unreachable expression
[INFO] [stdout]    |                  |
[INFO] [stdout]    |                  any code following this expression is unreachable
[INFO] [stdout] 
[INFO] [stdout] 
[INFO] [stdout] error[E0599]: no method named `apply_transaction` found for type `!` in the current scope
[INFO] [stdout]   --> src/bin/mint_constituent.rs:91:7
[INFO] [stdout]    |
[INFO] [stdout] 91 |     a.apply_transaction(&res, height).await?;
[INFO] [stdout]    |       ^^^^^^^^^^^^^^^^^ method not found in `!`
[INFO] [stdout] 
[INFO] [stdout] 
[INFO] [stdout] warning: unreachable expression
[INFO] [stdout]   --> src/bin/mint_constituent.rs:91:25
[INFO] [stdout]    |
[INFO] [stdout] 91 |     a.apply_transaction(&res, height).await?;
[INFO] [stdout]    |     -                   ^^^^ unreachable expression
[INFO] [stdout]    |     |
[INFO] [stdout]    |     any code following this expression is unreachable
[INFO] [stdout] 
[INFO] [stdout] 
[INFO] [stdout] warning: method call on a diverging inference variable
[INFO] [stdout]    --> src/bin/mint_constituent.rs:102:7
[INFO] [stdout]     |
[INFO] [stdout] 102 |     b.sync_state().await?;
[INFO] [stdout]     |       ^^^^^^^^^^
[INFO] [stdout]     |
[INFO] [stdout]     = help: consider providing a type annotation
[INFO] [stdout]     = warning: this was previously accepted by the compiler but is being phased out; it will become a hard error in a future release!
[INFO] [stdout]     = note: for more information, see issue #156047 <https://github.com/rust-lang/rust/issues/156047>
[INFO] [stdout] 
[INFO] [stdout] 
[INFO] [stdout] error[E0599]: no method named `submit_proven_transaction` found for type `!` in the current scope
[INFO] [stdout]   --> src/bin/mint_constituent.rs:90:20
[INFO] [stdout]    |
[INFO] [stdout] 90 |     let height = a.submit_proven_transaction(proven, &res).await?;
[INFO] [stdout]    |                    ^^^^^^^^^^^^^^^^^^^^^^^^^ method not found in `!`
[INFO] [stdout] 
[INFO] [stdout] 
[INFO] [stdout] warning: unreachable expression
[INFO] [stdout]   --> src/bin/mint_constituent.rs:90:46
[INFO] [stdout]    |
[INFO] [stdout] 90 |     let height = a.submit_proven_transaction(proven, &res).await?;
[INFO] [stdout]    |                  -                           ^^^^^^ unreachable expression
[INFO] [stdout]    |                  |
[INFO] [stdout]    |                  any code following this expression is unreachable
[INFO] [stdout] 
[INFO] [stdout] 
[INFO] [stdout] error[E0599]: no method named `prove_transaction_with` found for type `!` in the current scope
[INFO] [stdout]    --> src/bin/send_nav_redeem.rs:309:25
[INFO] [stdout]     |
[INFO] [stdout] 309 |     let proven = client.prove_transaction_with(&result, prover.clone()).await?;
[INFO] [stdout]     |                         ^^^^^^^^^^^^^^^^^^^^^^ method not found in `!`
[INFO] [stdout] 
[INFO] [stdout] 
[INFO] [stdout] warning: unreachable expression
[INFO] [stdout]    --> src/bin/send_nav_redeem.rs:309:48
[INFO] [stdout]     |
[INFO] [stdout] 309 |     let proven = client.prove_transaction_with(&result, prover.clone()).await?;
[INFO] [stdout]     |                  ------                        ^^^^^^^ unreachable expression
[INFO] [stdout]     |                  |
[INFO] [stdout]     |                  any code following this expression is unreachable
[INFO] [stdout] 
[INFO] [stdout] 
[INFO] [stdout] error[E0599]: no method named `sync_state` found for type `!` in the current scope
[INFO] [stdout]    --> src/bin/mint_constituent.rs:102:7
[INFO] [stdout]     |
[INFO] [stdout] 102 |     b.sync_state().await?;
[INFO] [stdout]     |       ^^^^^^^^^^ method not found in `!`
[INFO] [stdout] 
[INFO] [stdout] 
[INFO] [stdout] error[E0599]: no method named `import_notes` found for type `!` in the current scope
[INFO] [stdout]    --> src/bin/mint_constituent.rs:105:7
[INFO] [stdout]     |
[INFO] [stdout] 105 |     b.import_notes(&[NoteFile::NoteDetails {
[INFO] [stdout]     |       ^^^^^^^^^^^^ method not found in `!`
[INFO] [stdout] 
[INFO] [stdout] 
[INFO] [stdout] warning: unreachable expression
[INFO] [stdout]    --> src/bin/mint_constituent.rs:105:20
[INFO] [stdout]     |
[INFO] [stdout] 105 |       b.import_notes(&[NoteFile::NoteDetails {
[INFO] [stdout]     |  _____-______________^
[INFO] [stdout]     | |     |
[INFO] [stdout]     | |     any code following this expression is unreachable
[INFO] [stdout] 106 | |         details,
[INFO] [stdout] 107 | |         after_block_num: height,
[INFO] [stdout] 108 | |         tag: Some(tag),
[INFO] [stdout] 109 | |     }])
[INFO] [stdout]     | |______^ unreachable expression
[INFO] [stdout] 
[INFO] [stdout] 
[INFO] [stdout] error[E0599]: no method named `submit_proven_transaction` found for type `!` in the current scope
[INFO] [stdout]    --> src/bin/send_nav_redeem.rs:310:25
[INFO] [stdout]     |
[INFO] [stdout] 310 |     let height = client.submit_proven_transaction(proven, &result).await?;
[INFO] [stdout]     |                         ^^^^^^^^^^^^^^^^^^^^^^^^^ method not found in `!`
[INFO] [stdout] 
[INFO] [stdout] 
[INFO] [stdout] warning: unreachable expression
[INFO] [stdout]    --> src/bin/send_nav_redeem.rs:310:51
[INFO] [stdout]     |
[INFO] [stdout] 310 |     let height = client.submit_proven_transaction(proven, &result).await?;
[INFO] [stdout]     |                  ------                           ^^^^^^ unreachable expression
[INFO] [stdout]     |                  |
[INFO] [stdout]     |                  any code following this expression is unreachable
[INFO] [stdout] 
[INFO] [stdout] 
[INFO] [stdout] error[E0599]: no method named `apply_transaction` found for type `!` in the current scope
[INFO] [stdout]   --> src/bin/mint_constituent.rs:91:7
[INFO] [stdout]    |
[INFO] [stdout] 91 |     a.apply_transaction(&res, height).await?;
[INFO] [stdout]    |       ^^^^^^^^^^^^^^^^^ method not found in `!`
[INFO] [stdout] 
[INFO] [stdout] 
[INFO] [stdout] warning: unreachable expression
[INFO] [stdout]   --> src/bin/mint_constituent.rs:91:25
[INFO] [stdout]    |
[INFO] [stdout] 91 |     a.apply_transaction(&res, height).await?;
[INFO] [stdout]    |     -                   ^^^^ unreachable expression
[INFO] [stdout]    |     |
[INFO] [stdout]    |     any code following this expression is unreachable
[INFO] [stdout] 
[INFO] [stdout] 
[INFO] [stdout] warning: method call on a diverging inference variable
[INFO] [stdout]    --> src/bin/mint_constituent.rs:102:7
[INFO] [stdout]     |
[INFO] [stdout] 102 |     b.sync_state().await?;
[INFO] [stdout]     |       ^^^^^^^^^^
[INFO] [stdout]     |
[INFO] [stdout]     = help: consider providing a type annotation
[INFO] [stdout]     = warning: this was previously accepted by the compiler but is being phased out; it will become a hard error in a future release!
[INFO] [stdout]     = note: for more information, see issue #156047 <https://github.com/rust-lang/rust/issues/156047>
[INFO] [stdout] 
[INFO] [stdout] 
[INFO] [stdout] error[E0599]: no method named `sync_state` found for type `!` in the current scope
[INFO] [stdout]    --> src/bin/mint_constituent.rs:114:27
[INFO] [stdout]     |
[INFO] [stdout] 114 |         if let Err(e) = b.sync_state().await {
[INFO] [stdout]     |                           ^^^^^^^^^^ method not found in `!`
[INFO] [stdout] 
[INFO] [stdout] 
[INFO] [stdout] warning: unreachable call
[INFO] [stdout]    --> src/bin/mint_constituent.rs:114:27
[INFO] [stdout]     |
[INFO] [stdout] 114 |         if let Err(e) = b.sync_state().await {
[INFO] [stdout]     |                         - ^^^^^^^^^^ unreachable call
[INFO] [stdout]     |                         |
[INFO] [stdout]     |                         any code following this expression is unreachable
[INFO] [stdout] 
[INFO] [stdout] 
[INFO] [stdout] error[E0599]: no method named `apply_transaction` found for type `!` in the current scope
[INFO] [stdout]    --> src/bin/send_nav_redeem.rs:311:12
[INFO] [stdout]     |
[INFO] [stdout] 311 |     client.apply_transaction(&result, height).await?;
[INFO] [stdout]     |            ^^^^^^^^^^^^^^^^^ method not found in `!`
[INFO] [stdout] 
[INFO] [stdout] 
[INFO] [stdout] warning: unreachable expression
[INFO] [stdout]    --> src/bin/send_nav_redeem.rs:311:30
[INFO] [stdout]     |
[INFO] [stdout] 311 |     client.apply_transaction(&result, height).await?;
[INFO] [stdout]     |     ------                   ^^^^^^^ unreachable expression
[INFO] [stdout]     |     |
[INFO] [stdout]     |     any code following this expression is unreachable
[INFO] [stdout] 
[INFO] [stdout] 
[INFO] [stdout] error[E0599]: no method named `import_notes` found for type `!` in the current scope
[INFO] [stdout]    --> src/bin/send_nav_redeem.rs:323:10
[INFO] [stdout]     |
[INFO] [stdout] 322 |     client
[INFO] [stdout] 323 |         .import_notes(&[miden_protocol::note::NoteFile::NoteDetails {
[INFO] [stdout]     |          ^^^^^^^^^^^^ method not found in `!`
[INFO] [stdout] 
[INFO] [stdout] 
[INFO] [stdout] warning: unreachable expression
[INFO] [stdout]    --> src/bin/send_nav_redeem.rs:323:23
[INFO] [stdout]     |
[INFO] [stdout] 322 |       client
[INFO] [stdout]     |       ------ any code following this expression is unreachable
[INFO] [stdout] 323 |           .import_notes(&[miden_protocol::note::NoteFile::NoteDetails {
[INFO] [stdout]     |  _______________________^
[INFO] [stdout] 324 | |             details,
[INFO] [stdout] 325 | |             after_block_num: height,
[INFO] [stdout] 326 | |             tag: Some(payback_tag),
[INFO] [stdout] 327 | |         }])
[INFO] [stdout]     | |__________^ unreachable expression
[INFO] [stdout] 
[INFO] [stdout] 
[INFO] [stdout] error[E0599]: no method named `sync_state` found for type `!` in the current scope
[INFO] [stdout]    --> src/bin/mint_constituent.rs:102:7
[INFO] [stdout]     |
[INFO] [stdout] 102 |     b.sync_state().await?;
[INFO] [stdout]     |       ^^^^^^^^^^ method not found in `!`
[INFO] [stdout] 
[INFO] [stdout] 
[INFO] [stdout] error[E0599]: no method named `get_input_note` found for type `!` in the current scope
[INFO] [stdout]    --> src/bin/mint_constituent.rs:118:32
[INFO] [stdout]     |
[INFO] [stdout] 118 |         let ready = matches!(b.get_input_note(note_id).await, Ok(Some(rec)) if rec.is_committed());
[INFO] [stdout]     |                                ^^^^^^^^^^^^^^ method not found in `!`
[INFO] [stdout] 
[INFO] [stdout] 
[INFO] [stdout] warning: unreachable expression
[INFO] [stdout]    --> src/bin/mint_constituent.rs:118:47
[INFO] [stdout]     |
[INFO] [stdout] 118 |         let ready = matches!(b.get_input_note(note_id).await, Ok(Some(rec)) if rec.is_committed());
[INFO] [stdout]     |                              -                ^^^^^^^ unreachable expression
[INFO] [stdout]     |                              |
[INFO] [stdout]     |                              any code following this expression is unreachable
[INFO] [stdout] 
[INFO] [stdout] 
[INFO] [stdout] error[E0599]: no method named `sync_state` found for type `!` in the current scope
[INFO] [stdout]    --> src/bin/send_nav_redeem.rs:334:32
[INFO] [stdout]     |
[INFO] [stdout] 334 |         if let Err(e) = client.sync_state().await {
[INFO] [stdout]     |                                ^^^^^^^^^^ method not found in `!`
[INFO] [stdout] 
[INFO] [stdout] 
[INFO] [stdout] warning: unreachable call
[INFO] [stdout]    --> src/bin/send_nav_redeem.rs:334:32
[INFO] [stdout]     |
[INFO] [stdout] 334 |         if let Err(e) = client.sync_state().await {
[INFO] [stdout]     |                         ------ ^^^^^^^^^^ unreachable call
[INFO] [stdout]     |                         |
[INFO] [stdout]     |                         any code following this expression is unreachable
[INFO] [stdout] 
[INFO] [stdout] 
[INFO] [stdout] error[E0599]: no method named `import_notes` found for type `!` in the current scope
[INFO] [stdout]    --> src/bin/mint_constituent.rs:105:7
[INFO] [stdout]     |
[INFO] [stdout] 105 |     b.import_notes(&[NoteFile::NoteDetails {
[INFO] [stdout]     |       ^^^^^^^^^^^^ method not found in `!`
[INFO] [stdout] 
[INFO] [stdout] 
[INFO] [stdout] warning: unreachable expression
[INFO] [stdout]    --> src/bin/mint_constituent.rs:105:20
[INFO] [stdout]     |
[INFO] [stdout] 105 |       b.import_notes(&[NoteFile::NoteDetails {
[INFO] [stdout]     |  _____-______________^
[INFO] [stdout]     | |     |
[INFO] [stdout]     | |     any code following this expression is unreachable
[INFO] [stdout] 106 | |         details,
[INFO] [stdout] 107 | |         after_block_num: height,
[INFO] [stdout] 108 | |         tag: Some(tag),
[INFO] [stdout] 109 | |     }])
[INFO] [stdout]     | |______^ unreachable expression
[INFO] [stdout] 
[INFO] [stdout] 
[INFO] [stdout] error[E0599]: no method named `execute_transaction` found for type `!` in the current scope
[INFO] [stdout]    --> src/bin/mint_constituent.rs:125:17
[INFO] [stdout]     |
[INFO] [stdout] 125 |         match b.execute_transaction(relay, creq).await {
[INFO] [stdout]     |                 ^^^^^^^^^^^^^^^^^^^ method not found in `!`
[INFO] [stdout] 
[INFO] [stdout] 
[INFO] [stdout] warning: unreachable expression
[INFO] [stdout]    --> src/bin/mint_constituent.rs:125:37
[INFO] [stdout]     |
[INFO] [stdout] 125 |         match b.execute_transaction(relay, creq).await {
[INFO] [stdout]     |               -                     ^^^^^ unreachable expression
[INFO] [stdout]     |               |
[INFO] [stdout]     |               any code following this expression is unreachable
[INFO] [stdout] 
[INFO] [stdout] 
[INFO] [stdout] error[E0599]: no method named `get_input_note` found for type `!` in the current scope
[INFO] [stdout]    --> src/bin/send_nav_redeem.rs:338:34
[INFO] [stdout]     |
[INFO] [stdout] 338 |         let maybe = match client.get_input_note(payback_id).await {
[INFO] [stdout]     |                                  ^^^^^^^^^^^^^^ method not found in `!`
[INFO] [stdout] 
[INFO] [stdout] 
[INFO] [stdout] warning: unreachable expression
[INFO] [stdout]    --> src/bin/send_nav_redeem.rs:338:49
[INFO] [stdout]     |
[INFO] [stdout] 338 |         let maybe = match client.get_input_note(payback_id).await {
[INFO] [stdout]     |                           ------                ^^^^^^^^^^ unreachable expression
[INFO] [stdout]     |                           |
[INFO] [stdout]     |                           any code following this expression is unreachable
[INFO] [stdout] 
[INFO] [stdout] 
[INFO] [stdout] error[E0599]: no method named `sync_state` found for type `!` in the current scope
[INFO] [stdout]    --> src/bin/mint_constituent.rs:114:27
[INFO] [stdout]     |
[INFO] [stdout] 114 |         if let Err(e) = b.sync_state().await {
[INFO] [stdout]     |                           ^^^^^^^^^^ method not found in `!`
[INFO] [stdout] 
[INFO] [stdout] 
[INFO] [stdout] warning: unreachable call
[INFO] [stdout]    --> src/bin/mint_constituent.rs:114:27
[INFO] [stdout]     |
[INFO] [stdout] 114 |         if let Err(e) = b.sync_state().await {
[INFO] [stdout]     |                         - ^^^^^^^^^^ unreachable call
[INFO] [stdout]     |                         |
[INFO] [stdout]     |                         any code following this expression is unreachable
[INFO] [stdout] 
[INFO] [stdout] 
[INFO] [stdout] error[E0599]: no method named `prove_transaction_with` found for type `!` in the current scope
[INFO] [stdout]    --> src/bin/mint_constituent.rs:128:33
[INFO] [stdout]     |
[INFO] [stdout] 128 |                 let cproven = b.prove_transaction_with(&cres, prover.clone()).await?;
[INFO] [stdout]     |                                 ^^^^^^^^^^^^^^^^^^^^^^ method not found in `!`
[INFO] [stdout] 
[INFO] [stdout] 
[INFO] [stdout] warning: unreachable expression
[INFO] [stdout]    --> src/bin/mint_constituent.rs:128:56
[INFO] [stdout]     |
[INFO] [stdout] 128 |                 let cproven = b.prove_transaction_with(&cres, prover.clone()).await?;
[INFO] [stdout]     |                               -                        ^^^^^ unreachable expression
[INFO] [stdout]     |                               |
[INFO] [stdout]     |                               any code following this expression is unreachable
[INFO] [stdout] 
[INFO] [stdout] 
[INFO] [stdout] error[E0599]: no method named `execute_transaction` found for type `!` in the current scope
[INFO] [stdout]    --> src/bin/send_nav_redeem.rs:351:35
[INFO] [stdout]     |
[INFO] [stdout] 351 |                 let cres = client.execute_transaction(recipient, creq).await?;
[INFO] [stdout]     |                                   ^^^^^^^^^^^^^^^^^^^ method not found in `!`
[INFO] [stdout] 
[INFO] [stdout] 
[INFO] [stdout] warning: unreachable expression
[INFO] [stdout]    --> src/bin/send_nav_redeem.rs:351:55
[INFO] [stdout]     |
[INFO] [stdout] 351 |                 let cres = client.execute_transaction(recipient, creq).await?;
[INFO] [stdout]     |                            ------                     ^^^^^^^^^ unreachable expression
[INFO] [stdout]     |                            |
[INFO] [stdout]     |                            any code following this expression is unreachable
[INFO] [stdout] 
[INFO] [stdout] 
[INFO] [stdout] warning: method call on a diverging inference variable
[INFO] [stdout]    --> src/bin/send_nav_redeem.rs:352:32
[INFO] [stdout]     |
[INFO] [stdout] 352 |                 let ctx = cres.executed_transaction().id();
[INFO] [stdout]     |                                ^^^^^^^^^^^^^^^^^^^^
[INFO] [stdout]     |
[INFO] [stdout]     = help: consider providing a type annotation
[INFO] [stdout]     = warning: this was previously accepted by the compiler but is being phased out; it will become a hard error in a future release!
[INFO] [stdout]     = note: for more information, see issue #156047 <https://github.com/rust-lang/rust/issues/156047>
[INFO] [stdout] 
[INFO] [stdout] 
[INFO] [stdout] error[E0599]: no method named `get_input_note` found for type `!` in the current scope
[INFO] [stdout]    --> src/bin/mint_constituent.rs:118:32
[INFO] [stdout]     |
[INFO] [stdout] 118 |         let ready = matches!(b.get_input_note(note_id).await, Ok(Some(rec)) if rec.is_committed());
[INFO] [stdout]     |                                ^^^^^^^^^^^^^^ method not found in `!`
[INFO] [stdout] 
[INFO] [stdout] 
[INFO] [stdout] warning: unreachable expression
[INFO] [stdout]    --> src/bin/mint_constituent.rs:118:47
[INFO] [stdout]     |
[INFO] [stdout] 118 |         let ready = matches!(b.get_input_note(note_id).await, Ok(Some(rec)) if rec.is_committed());
[INFO] [stdout]     |                              -                ^^^^^^^ unreachable expression
[INFO] [stdout]     |                              |
[INFO] [stdout]     |                              any code following this expression is unreachable
[INFO] [stdout] 
[INFO] [stdout] 
[INFO] [stdout] error[E0599]: no method named `submit_proven_transaction` found for type `!` in the current scope
[INFO] [stdout]    --> src/bin/mint_constituent.rs:129:33
[INFO] [stdout]     |
[INFO] [stdout] 129 |                 let cheight = b.submit_proven_transaction(cproven, &cres).await?;
[INFO] [stdout]     |                                 ^^^^^^^^^^^^^^^^^^^^^^^^^ method not found in `!`
[INFO] [stdout] 
[INFO] [stdout] 
[INFO] [stdout] warning: unreachable expression
[INFO] [stdout]    --> src/bin/mint_constituent.rs:129:59
[INFO] [stdout]     |
[INFO] [stdout] 129 |                 let cheight = b.submit_proven_transaction(cproven, &cres).await?;
[INFO] [stdout]     |                               -                           ^^^^^^^ unreachable expression
[INFO] [stdout]     |                               |
[INFO] [stdout]     |                               any code following this expression is unreachable
[INFO] [stdout] 
[INFO] [stdout] 
[INFO] [stdout] error[E0599]: no method named `executed_transaction` found for type `!` in the current scope
[INFO] [stdout]    --> src/bin/send_nav_redeem.rs:352:32
[INFO] [stdout]     |
[INFO] [stdout] 352 |                 let ctx = cres.executed_transaction().id();
[INFO] [stdout]     |                                ^^^^^^^^^^^^^^^^^^^^ method not found in `!`
[INFO] [stdout] 
[INFO] [stdout] 
[INFO] [stdout] error[E0599]: no method named `apply_transaction` found for type `!` in the current scope
[INFO] [stdout]    --> src/bin/mint_constituent.rs:130:19
[INFO] [stdout]     |
[INFO] [stdout] 130 |                 b.apply_transaction(&cres, cheight).await?;
[INFO] [stdout]     |                   ^^^^^^^^^^^^^^^^^ method not found in `!`
[INFO] [stdout] 
[INFO] [stdout] 
[INFO] [stdout] warning: unreachable expression
[INFO] [stdout]    --> src/bin/mint_constituent.rs:130:37
[INFO] [stdout]     |
[INFO] [stdout] 130 |                 b.apply_transaction(&cres, cheight).await?;
[INFO] [stdout]     |                 -                   ^^^^^ unreachable expression
[INFO] [stdout]     |                 |
[INFO] [stdout]     |                 any code following this expression is unreachable
[INFO] [stdout] 
[INFO] [stdout] 
[INFO] [stdout] error[E0599]: no method named `execute_transaction` found for type `!` in the current scope
[INFO] [stdout]    --> src/bin/mint_constituent.rs:125:17
[INFO] [stdout]     |
[INFO] [stdout] 125 |         match b.execute_transaction(relay, creq).await {
[INFO] [stdout]     |                 ^^^^^^^^^^^^^^^^^^^ method not found in `!`
[INFO] [stdout] 
[INFO] [stdout] 
[INFO] [stdout] warning: unreachable expression
[INFO] [stdout]    --> src/bin/mint_constituent.rs:125:37
[INFO] [stdout]     |
[INFO] [stdout] 125 |         match b.execute_transaction(relay, creq).await {
[INFO] [stdout]     |               -                     ^^^^^ unreachable expression
[INFO] [stdout]     |               |
[INFO] [stdout]     |               any code following this expression is unreachable
[INFO] [stdout] 
[INFO] [stdout] 
[INFO] [stdout] Some errors have detailed explanations: E0432, E0433, E0599.
[INFO] [stdout] 
[INFO] [stdout] For more information about an error, try `rustc --explain E0432`.
[INFO] [stdout] 
[INFO] [stdout] error[E0599]: no method named `prove_transaction_with` found for type `!` in the current scope
[INFO] [stdout]    --> src/bin/send_nav_redeem.rs:353:38
[INFO] [stdout]     |
[INFO] [stdout] 353 |                 let cproven = client.prove_transaction_with(&cres, prover.clone()).await?;
[INFO] [stdout]     |                                      ^^^^^^^^^^^^^^^^^^^^^^ method not found in `!`
[INFO] [stdout] 
[INFO] [stdout] 
[INFO] [stdout] warning: unreachable expression
[INFO] [stdout]    --> src/bin/send_nav_redeem.rs:353:61
[INFO] [stdout]     |
[INFO] [stdout] 353 |                 let cproven = client.prove_transaction_with(&cres, prover.clone()).await?;
[INFO] [stdout]     |                               ------                        ^^^^^ unreachable expression
[INFO] [stdout]     |                               |
[INFO] [stdout]     |                               any code following this expression is unreachable
[INFO] [stdout] 
[INFO] [stdout] 
[INFO] [stderr] error: could not compile `darwin-relay` (bin "mint_constituent" test) due to 26 previous errors; 17 warnings emitted
[INFO] [stdout] error[E0599]: no method named `prove_transaction_with` found for type `!` in the current scope
[INFO] [stdout]    --> src/bin/mint_constituent.rs:128:33
[INFO] [stdout]     |
[INFO] [stdout] 128 |                 let cproven = b.prove_transaction_with(&cres, prover.clone()).await?;
[INFO] [stdout]     |                                 ^^^^^^^^^^^^^^^^^^^^^^ method not found in `!`
[INFO] [stdout] 
[INFO] [stdout] 
[INFO] [stdout] warning: unreachable expression
[INFO] [stdout]    --> src/bin/mint_constituent.rs:128:56
[INFO] [stdout]     |
[INFO] [stdout] 128 |                 let cproven = b.prove_transaction_with(&cres, prover.clone()).await?;
[INFO] [stdout]     |                               -                        ^^^^^ unreachable expression
[INFO] [stdout]     |                               |
[INFO] [stdout]     |                               any code following this expression is unreachable
[INFO] [stdout] 
[INFO] [stdout] 
[INFO] [stdout] error[E0599]: no method named `submit_proven_transaction` found for type `!` in the current scope
[INFO] [stdout]    --> src/bin/send_nav_redeem.rs:354:38
[INFO] [stdout]     |
[INFO] [stdout] 354 |                 let cheight = client.submit_proven_transaction(cproven, &cres).await?;
[INFO] [stdout]     |                                      ^^^^^^^^^^^^^^^^^^^^^^^^^ method not found in `!`
[INFO] [stdout] 
[INFO] [stdout] 
[INFO] [stdout] warning: unreachable expression
[INFO] [stdout]    --> src/bin/send_nav_redeem.rs:354:64
[INFO] [stdout]     |
[INFO] [stdout] 354 |                 let cheight = client.submit_proven_transaction(cproven, &cres).await?;
[INFO] [stdout]     |                               ------                           ^^^^^^^ unreachable expression
[INFO] [stdout]     |                               |
[INFO] [stdout]     |                               any code following this expression is unreachable
[INFO] [stdout] 
[INFO] [stdout] 
[INFO] [stdout] error[E0599]: no method named `submit_proven_transaction` found for type `!` in the current scope
[INFO] [stdout]    --> src/bin/mint_constituent.rs:129:33
[INFO] [stdout]     |
[INFO] [stdout] 129 |                 let cheight = b.submit_proven_transaction(cproven, &cres).await?;
[INFO] [stdout]     |                                 ^^^^^^^^^^^^^^^^^^^^^^^^^ method not found in `!`
[INFO] [stdout] 
[INFO] [stdout] 
[INFO] [stdout] warning: unreachable expression
[INFO] [stdout]    --> src/bin/mint_constituent.rs:129:59
[INFO] [stdout]     |
[INFO] [stdout] 129 |                 let cheight = b.submit_proven_transaction(cproven, &cres).await?;
[INFO] [stdout]     |                               -                           ^^^^^^^ unreachable expression
[INFO] [stdout]     |                               |
[INFO] [stdout]     |                               any code following this expression is unreachable
[INFO] [stdout] 
[INFO] [stdout] 
[INFO] [stdout] error[E0599]: no method named `apply_transaction` found for type `!` in the current scope
[INFO] [stdout]    --> src/bin/send_nav_redeem.rs:355:24
[INFO] [stdout]     |
[INFO] [stdout] 355 |                 client.apply_transaction(&cres, cheight).await?;
[INFO] [stdout]     |                        ^^^^^^^^^^^^^^^^^ method not found in `!`
[INFO] [stdout] 
[INFO] [stdout] 
[INFO] [stdout] warning: unreachable expression
[INFO] [stdout]    --> src/bin/send_nav_redeem.rs:355:42
[INFO] [stdout]     |
[INFO] [stdout] 355 |                 client.apply_transaction(&cres, cheight).await?;
[INFO] [stdout]     |                 ------                   ^^^^^ unreachable expression
[INFO] [stdout]     |                 |
[INFO] [stdout]     |                 any code following this expression is unreachable
[INFO] [stdout] 
[INFO] [stdout] 
[INFO] [stdout] error[E0599]: no method named `apply_transaction` found for type `!` in the current scope
[INFO] [stdout]    --> src/bin/mint_constituent.rs:130:19
[INFO] [stdout]     |
[INFO] [stdout] 130 |                 b.apply_transaction(&cres, cheight).await?;
[INFO] [stdout]     |                   ^^^^^^^^^^^^^^^^^ method not found in `!`
[INFO] [stdout] 
[INFO] [stdout] 
[INFO] [stdout] warning: unreachable expression
[INFO] [stdout]    --> src/bin/mint_constituent.rs:130:37
[INFO] [stdout]     |
[INFO] [stdout] 130 |                 b.apply_transaction(&cres, cheight).await?;
[INFO] [stdout]     |                 -                   ^^^^^ unreachable expression
[INFO] [stdout]     |                 |
[INFO] [stdout]     |                 any code following this expression is unreachable
[INFO] [stdout] 
[INFO] [stdout] 
[INFO] [stdout] error[E0433]: cannot find module or crate `miden_client` in this scope
[INFO] [stdout]   --> src/bin/send_nav_redeem.rs:45:26
[INFO] [stdout]    |
[INFO] [stdout] 45 | fn rand_word() -> Result<miden_client::Word> {
[INFO] [stdout]    |                          ^^^^^^^^^^^^ use of unresolved module or unlinked crate `miden_client`
[INFO] [stdout]    |
[INFO] [stdout]    = help: if you wanted to use a crate named `miden_client`, use `cargo add miden_client` to add it to your `Cargo.toml`
[INFO] [stdout] 
[INFO] [stdout] 
[INFO] [stdout] error[E0433]: cannot find module or crate `miden_client` in this scope
[INFO] [stdout]    --> src/bin/send_nav_redeem.rs:245:32
[INFO] [stdout]     |
[INFO] [stdout] 245 |     let mut storage_felts: Vec<miden_client::Felt> = Vec::new();
[INFO] [stdout]     |                                ^^^^^^^^^^^^ use of unresolved module or unlinked crate `miden_client`
[INFO] [stdout]     |
[INFO] [stdout]     = help: if you wanted to use a crate named `miden_client`, use `cargo add miden_client` to add it to your `Cargo.toml`
[INFO] [stdout] 
[INFO] [stdout] 
[INFO] [stdout] error[E0433]: cannot find module or crate `miden_assembly` in this scope
[INFO] [stdout]   --> src/bin/send_nav_redeem.rs:64:21
[INFO] [stdout]    |
[INFO] [stdout] 64 |     let sm: Arc<dyn miden_assembly::SourceManager> = Arc::new(DefaultSourceManager::default());
[INFO] [stdout]    |                     ^^^^^^^^^^^^^^ use of unresolved module or unlinked crate `miden_assembly`
[INFO] [stdout]    |
[INFO] [stdout]    = help: if you wanted to use a crate named `miden_assembly`, use `cargo add miden_assembly` to add it to your `Cargo.toml`
[INFO] [stdout] 
[INFO] [stdout] 
[INFO] [stdout] error[E0433]: cannot find module or crate `miden_assembly` in this scope
[INFO] [stdout]    --> src/bin/send_nav_redeem.rs:115:21
[INFO] [stdout]     |
[INFO] [stdout] 115 |     let sm: Arc<dyn miden_assembly::SourceManager> = Arc::new(DefaultSourceManager::default());
[INFO] [stdout]     |                     ^^^^^^^^^^^^^^ use of unresolved module or unlinked crate `miden_assembly`
[INFO] [stdout]     |
[INFO] [stdout]     = help: if you wanted to use a crate named `miden_assembly`, use `cargo add miden_assembly` to add it to your `Cargo.toml`
[INFO] [stdout] 
[INFO] [stdout] 
[INFO] [stdout] Some errors have detailed explanations: E0432, E0433, E0599.
[INFO] [stdout] 
[INFO] [stdout] For more information about an error, try `rustc --explain E0432`.
[INFO] [stdout] 
[INFO] [stdout] Some errors have detailed explanations: E0432, E0433, E0599.
[INFO] [stdout] 
[INFO] [stdout] For more information about an error, try `rustc --explain E0432`.
[INFO] [stdout] 
[INFO] [stderr] error: could not compile `darwin-relay` (bin "send_nav_redeem") due to 50 previous errors; 23 warnings emitted
[INFO] [stderr] error: could not compile `darwin-relay` (bin "mint_constituent") due to 26 previous errors; 17 warnings emitted
[INFO] [stderr] warning: unused dependency `alloy`
[INFO] [stderr]   --> Cargo.toml:96:15
[INFO] [stderr]    |
[INFO] [stderr] 96 | [dependencies.alloy]
[INFO] [stderr]    |               ^^^^^^
[INFO] [stderr]    |
[INFO] [stderr]    = note: `cargo::unused_dependencies` is set to `warn` by default
[INFO] [stderr] help: consider removing the dependency on `alloy`
[INFO] [stderr] warning: unused dependency `rusqlite`
[INFO] [stderr]    --> Cargo.toml:152:15
[INFO] [stderr]     |
[INFO] [stderr] 152 | [dependencies.rusqlite]
[INFO] [stderr]     |               ^^^^^^^^^
[INFO] [stderr]     |
[INFO] [stderr] help: consider removing the dependency on `rusqlite`
[INFO] [stderr] warning: unused dependency `thiserror`
[INFO] [stderr]   --> Cargo.toml:93:1
[INFO] [stderr]    |
[INFO] [stderr] 93 | thiserror = "1"
[INFO] [stderr]    | ^^^^^^^^^^^^^^^
[INFO] [stderr]    |
[INFO] [stderr] help: consider removing the dependency on `thiserror`
[INFO] [stderr] warning: unused dependency `tracing-subscriber`
[INFO] [stderr]    --> Cargo.toml:169:15
[INFO] [stderr]     |
[INFO] [stderr] 169 | [dependencies.tracing-subscriber]
[INFO] [stderr]     |               ^^^^^^^^^^^^^^^^^^^
[INFO] [stderr]     |
[INFO] [stderr] help: consider removing the dependency on `tracing-subscriber`
[INFO] [stderr] warning: `darwin-relay` (manifest) generated 4 warnings
[INFO] running `Command { std: "docker" "inspect" "0cfd38e8ad4e466e9619441e3777ecb973961428d74b643b7439122113d66cb4", kill_on_drop: false }`
[INFO] running `Command { std: "docker" "rm" "-f" "0cfd38e8ad4e466e9619441e3777ecb973961428d74b643b7439122113d66cb4", kill_on_drop: false }`
[INFO] [stdout] 0cfd38e8ad4e466e9619441e3777ecb973961428d74b643b7439122113d66cb4
