[INFO] cloning repository https://github.com/darfink/gst-plugins-darfink
[INFO] running `Command { std: "git" "-c" "credential.helper=" "-c" "credential.helper=/workspace/cargo-home/bin/git-credential-null" "clone" "--bare" "https://github.com/darfink/gst-plugins-darfink" "/workspace/cache/git-repos/https%3A%2F%2Fgithub.com%2Fdarfink%2Fgst-plugins-darfink", kill_on_drop: false }`
[INFO] [stderr] Cloning into bare repository '/workspace/cache/git-repos/https%3A%2F%2Fgithub.com%2Fdarfink%2Fgst-plugins-darfink'...
[INFO] running `Command { std: "git" "rev-parse" "HEAD", kill_on_drop: false }`
[INFO] [stdout] 8fbeda5a33ddc8fbd9a90ba1219bee3e288919ca
[INFO] checking darfink/gst-plugins-darfink against 3154cc1a3e6424e44f438a95007d043ed5ceaaf6+rustflags=-Znext-solver=coherence for pr-133502-30
[INFO] running `Command { std: "git" "clone" "/workspace/cache/git-repos/https%3A%2F%2Fgithub.com%2Fdarfink%2Fgst-plugins-darfink" "/workspace/builds/worker-2-tc1/source", kill_on_drop: false }`
[INFO] [stderr] Cloning into '/workspace/builds/worker-2-tc1/source'...
[INFO] [stderr] done.
[INFO] removed /workspace/builds/worker-2-tc1/source/.cargo/config.toml
[INFO] started tweaking git repo https://github.com/darfink/gst-plugins-darfink
[INFO] finished tweaking git repo https://github.com/darfink/gst-plugins-darfink
[INFO] tweaked toml for git repo https://github.com/darfink/gst-plugins-darfink written to /workspace/builds/worker-2-tc1/source/Cargo.toml
[INFO] validating manifest of git repo https://github.com/darfink/gst-plugins-darfink on toolchain 3154cc1a3e6424e44f438a95007d043ed5ceaaf6
[INFO] running `Command { std: CARGO_HOME="/workspace/cargo-home" RUSTUP_HOME="/workspace/rustup-home" "/workspace/cargo-home/bin/cargo" "+3154cc1a3e6424e44f438a95007d043ed5ceaaf6" "metadata" "--manifest-path" "Cargo.toml" "--no-deps", kill_on_drop: false }`
[INFO] crate git repo https://github.com/darfink/gst-plugins-darfink already has a lockfile, it will not be regenerated
[INFO] running `Command { std: CARGO_HOME="/workspace/cargo-home" RUSTUP_HOME="/workspace/rustup-home" "/workspace/cargo-home/bin/cargo" "+3154cc1a3e6424e44f438a95007d043ed5ceaaf6" "fetch" "--manifest-path" "Cargo.toml", kill_on_drop: false }`
[INFO] [stderr]     Updating crates.io index
[INFO] [stderr]  Downloading crates ...
[INFO] [stderr]   Downloaded gstreamer-check-sys v0.25.0
[INFO] [stderr]   Downloaded transcribe-cpp v0.2.3
[INFO] [stderr]   Downloaded gstreamer-check v0.25.0
[INFO] [stderr]   Downloaded gst-plugin-version-helper v0.8.4
[INFO] [stderr]   Downloaded earshot v1.2.1
[INFO] [stderr]   Downloaded gstreamer-audio v0.25.3
[INFO] [stderr]   Downloaded gstreamer-audio-sys v0.25.3
[INFO] [stderr]   Downloaded transcribe-cpp-sys v0.2.3
[INFO] running `Command { std: "docker" "create" "-v" "/var/lib/crater-agent-workspace/builds/worker-2-tc1/source:/opt/rustwide/workdir:ro,Z" "-v" "/var/lib/crater-agent-workspace/builds/worker-2-tc1/target:/opt/rustwide/target:rw,Z" "-v" "/var/lib/crater-agent-workspace/cargo-home:/opt/rustwide/cargo-home:ro,Z" "-v" "/var/lib/crater-agent-workspace/rustup-home:/opt/rustwide/rustup-home:ro,Z" "-m" "1610612736" "--network" "none" "ghcr.io/rust-lang/crates-build-env/linux@sha256:77db811e55d90add9212f6832c23229e3de5f1c1f9905e8cb07319ea15df73ac" "sleep" "infinity", kill_on_drop: false }`
[INFO] [stdout] bd8f22834cbd9ff48f15ea8f880974a336fe93bf2e0ee584a94ba0365adef3f6
[INFO] running `Command { std: "docker" "start" "bd8f22834cbd9ff48f15ea8f880974a336fe93bf2e0ee584a94ba0365adef3f6", kill_on_drop: false }`
[INFO] running `Command { std: "docker" "inspect" "bd8f22834cbd9ff48f15ea8f880974a336fe93bf2e0ee584a94ba0365adef3f6", kill_on_drop: false }`
[INFO] running `Command { std: "docker" "exec" "-e" "SOURCE_DIR=/opt/rustwide/workdir" "-e" "CARGO_HOME=/opt/rustwide/cargo-home" "-e" "RUSTUP_HOME=/opt/rustwide/rustup-home" "-e" "CARGO_TARGET_DIR=/opt/rustwide/target" "-w" "/opt/rustwide/workdir" "--user" "0:0" "bd8f22834cbd9ff48f15ea8f880974a336fe93bf2e0ee584a94ba0365adef3f6" "/opt/rustwide/cargo-home/bin/cargo" "+3154cc1a3e6424e44f438a95007d043ed5ceaaf6" "metadata" "--no-deps" "--format-version=1", kill_on_drop: false }`
[INFO] running `Command { std: "docker" "inspect" "bd8f22834cbd9ff48f15ea8f880974a336fe93bf2e0ee584a94ba0365adef3f6", kill_on_drop: false }`
[INFO] running `Command { std: "docker" "exec" "-e" "SOURCE_DIR=/opt/rustwide/workdir" "-e" "CARGO_HOME=/opt/rustwide/cargo-home" "-e" "RUSTUP_HOME=/opt/rustwide/rustup-home" "-e" "CARGO_TARGET_DIR=/opt/rustwide/target" "-e" "CARGO_INCREMENTAL=0" "-e" "RUST_BACKTRACE=full" "-e" "RUSTFLAGS=--cap-lints=forbid -Znext-solver=coherence" "-e" "RUSTDOCFLAGS=--cap-lints=forbid" "-w" "/opt/rustwide/workdir" "--user" "0:0" "bd8f22834cbd9ff48f15ea8f880974a336fe93bf2e0ee584a94ba0365adef3f6" "/opt/rustwide/cargo-home/bin/cargo" "+3154cc1a3e6424e44f438a95007d043ed5ceaaf6" "check" "--frozen" "--all" "--all-targets" "--message-format=json", kill_on_drop: false }`
[INFO] [stderr]    Compiling target-lexicon v0.13.5
[INFO] [stderr]    Compiling serde_spanned v1.1.1
[INFO] [stderr]    Compiling smallvec v1.15.2
[INFO] [stderr]    Compiling serde_core v1.0.229
[INFO] [stderr]    Compiling syn v3.0.3
[INFO] [stderr]    Compiling num-traits v0.2.19
[INFO] [stderr]     Checking slab v0.4.12
[INFO] [stderr]    Compiling find-msvc-tools v0.1.10
[INFO] [stderr]    Compiling toml v1.1.4+spec-1.1.0
[INFO] [stderr]    Compiling syn v2.0.119
[INFO] [stderr]    Compiling cc v1.4.2
[INFO] [stderr]     Checking futures-channel v0.3.34
[INFO] [stderr]    Compiling pastey v0.2.3
[INFO] [stderr]     Checking num-integer v0.1.47
[INFO] [stderr]    Compiling cfg-expr v0.20.8
[INFO] [stderr]     Checking either v1.17.0
[INFO] [stderr]     Checking num-rational v0.4.2
[INFO] [stderr]     Checking option-operations v0.6.1
[INFO] [stderr]     Checking itertools v0.15.0
[INFO] [stderr]     Checking kstring v2.0.2
[INFO] [stderr]    Compiling cmake v0.1.58
[INFO] [stderr]     Checking muldiv v1.0.1
[INFO] [stderr]    Compiling system-deps v7.0.8
[INFO] [stderr]    Compiling toml_edit v0.25.13+spec-1.1.0
[INFO] [stderr]     Checking atomic_refcell v0.1.14
[INFO] [stderr]    Compiling transcribe-cpp v0.2.3
[INFO] [stderr]     Checking byte-slice-cast v1.2.3
[INFO] [stderr]     Checking earshot v1.2.1
[INFO] [stderr]    Compiling glib-sys v0.22.8
[INFO] [stderr]    Compiling gobject-sys v0.22.6
[INFO] [stderr]    Compiling gstreamer-sys v0.25.2
[INFO] [stderr]    Compiling gio-sys v0.22.8
[INFO] [stderr]    Compiling gstreamer-base-sys v0.25.3
[INFO] [stderr]    Compiling gstreamer-audio-sys v0.25.3
[INFO] [stderr]    Compiling gst-plugin-version-helper v0.8.4
[INFO] [stderr]    Compiling gstreamer-app-sys v0.25.0
[INFO] [stderr]    Compiling gstreamer-check-sys v0.25.0
[INFO] [stderr]    Compiling gst-captions v0.1.0 (/opt/rustwide/workdir/gst-captions)
[INFO] [stderr]    Compiling serde_json v1.0.151
[INFO] [stderr]    Compiling futures-macro v0.3.34
[INFO] [stderr]    Compiling thiserror-impl v2.0.20
[INFO] [stderr]    Compiling serde_derive v1.0.229
[INFO] [stderr]    Compiling glib-macros v0.22.6
[INFO] [stderr]    Compiling transcribe-cpp-sys v0.2.3
[INFO] [stderr]     Checking futures-util v0.3.34
[INFO] [stderr]     Checking thiserror v2.0.20
[INFO] [stderr]     Checking serde v1.0.229
[INFO] [stderr]     Checking futures-executor v0.3.34
[INFO] [stderr]     Checking glib v0.22.8
[INFO] [stderr]     Checking gstreamer v0.25.3
[INFO] [stderr] error: could not compile `gstreamer` (lib)
[INFO] [stderr] 
[INFO] [stderr] Caused by:
[INFO] [stderr]   process didn't exit successfully: `/opt/rustwide/rustup-home/toolchains/3154cc1a3e6424e44f438a95007d043ed5ceaaf6/bin/rustc --crate-name gstreamer --edition=2024 /opt/rustwide/cargo-home/registry/src/index.crates.io-1949cf8c6b5b557f/gstreamer-0.25.3/src/lib.rs --error-format=json --json=diagnostic-rendered-ansi,artifacts,future-incompat,unused-externs-silent --crate-type lib --emit=dep-info,metadata -C embed-bitcode=no -C debuginfo=2 --cfg 'feature="default"' --cfg 'feature="v1_16"' --cfg 'feature="v1_18"' --cfg 'feature="v1_20"' --check-cfg 'cfg(docsrs,test)' --check-cfg 'cfg(feature, values("default", "log", "serde", "serde_bytes", "v1_16", "v1_18", "v1_20", "v1_22", "v1_24", "v1_26", "v1_28", "v1_30"))' -C metadata=f6a315244e2fbe04 -C extra-filename=-99487cddc01e6d6e --out-dir /opt/rustwide/target/debug/build/gstreamer/99487cddc01e6d6e/out -L dependency=/opt/rustwide/target/debug/build/bitflags/c70b3282788e9324/out -L dependency=/opt/rustwide/target/debug/build/cfg-if/455a21b2886a1534/out -L dependency=/opt/rustwide/target/debug/build/either/f1853259e8f85648/out -L dependency=/opt/rustwide/target/debug/build/futures-channel/1e9503fd7b85381b/out -L dependency=/opt/rustwide/target/debug/build/futures-core/89a52963e41357f6/out -L dependency=/opt/rustwide/target/debug/build/futures-executor/e7b1779f77ed32ff/out -L dependency=/opt/rustwide/target/debug/build/futures-macro/81c34d0ee47afceb/out -L dependency=/opt/rustwide/target/debug/build/futures-task/d1ebca5e6911b813/out -L dependency=/opt/rustwide/target/debug/build/futures-util/1d13998b1772056e/out -L dependency=/opt/rustwide/target/debug/build/gio-sys/88b7e4ce2c1ea83f/out -L dependency=/opt/rustwide/target/debug/build/glib-macros/8a8eccd1df913195/out -L dependency=/opt/rustwide/target/debug/build/glib-sys/825a009c2ef64f3c/out -L dependency=/opt/rustwide/target/debug/build/gobject-sys/deb3cd6ed965b1ce/out -L dependency=/opt/rustwide/target/debug/build/libc/6c469ea5525a8374/out -L dependency=/opt/rustwide/target/debug/build/memchr/1dee75255e878028/out -L dependency=/opt/rustwide/target/debug/build/num-integer/286fcdaddfcafc75/out -L dependency=/opt/rustwide/target/debug/build/num-traits/0cbb880166592940/out -L dependency=/opt/rustwide/target/debug/build/pastey/8c239f599fd61641/out -L dependency=/opt/rustwide/target/debug/build/pin-project-lite/bc36f7de3f04be06/out -L dependency=/opt/rustwide/target/debug/build/slab/c929510ac75177ef/out -L dependency=/opt/rustwide/target/debug/build/smallvec/81fdd72a7dac6366/out -L dependency=/opt/rustwide/target/debug/build/static_assertions/ccbe326b41a234c7/out -L dependency=/opt/rustwide/target/debug/build/thiserror-impl/297e9d9cf02b50d1/out --extern cfg_if=/opt/rustwide/target/debug/build/cfg-if/455a21b2886a1534/out/libcfg_if-455a21b2886a1534.rmeta --extern futures_channel=/opt/rustwide/target/debug/build/futures-channel/1e9503fd7b85381b/out/libfutures_channel-1e9503fd7b85381b.rmeta --extern futures_core=/opt/rustwide/target/debug/build/futures-core/89a52963e41357f6/out/libfutures_core-89a52963e41357f6.rmeta --extern futures_util=/opt/rustwide/target/debug/build/futures-util/1d13998b1772056e/out/libfutures_util-1d13998b1772056e.rmeta --extern glib=/opt/rustwide/target/debug/build/glib/abb21e99ae0af412/out/libglib-abb21e99ae0af412.rmeta --extern gstreamer_sys=/opt/rustwide/target/debug/build/gstreamer-sys/bd9be410acf36027/out/libgstreamer_sys-bd9be410acf36027.rmeta --extern itertools=/opt/rustwide/target/debug/build/itertools/f29c52033087c088/out/libitertools-f29c52033087c088.rmeta --extern kstring=/opt/rustwide/target/debug/build/kstring/4b35a47b667fae28/out/libkstring-4b35a47b667fae28.rmeta --extern libc=/opt/rustwide/target/debug/build/libc/6c469ea5525a8374/out/liblibc-6c469ea5525a8374.rmeta --extern muldiv=/opt/rustwide/target/debug/build/muldiv/4bfec531e8d128a6/out/libmuldiv-4bfec531e8d128a6.rmeta --extern num_integer=/opt/rustwide/target/debug/build/num-integer/286fcdaddfcafc75/out/libnum_integer-286fcdaddfcafc75.rmeta --extern num_rational=/opt/rustwide/target/debug/build/num-rational/fc593cddd6122af2/out/libnum_rational-fc593cddd6122af2.rmeta --extern opt_ops=/opt/rustwide/target/debug/build/option-operations/6d5c2e23cf054a67/out/liboption_operations-6d5c2e23cf054a67.rmeta --extern pastey=/opt/rustwide/target/debug/build/pastey/8c239f599fd61641/out/libpastey-8c239f599fd61641.so --extern pin_project_lite=/opt/rustwide/target/debug/build/pin-project-lite/bc36f7de3f04be06/out/libpin_project_lite-bc36f7de3f04be06.rmeta --extern smallvec=/opt/rustwide/target/debug/build/smallvec/81fdd72a7dac6366/out/libsmallvec-81fdd72a7dac6366.rmeta --extern thiserror=/opt/rustwide/target/debug/build/thiserror/b76a824fd90b79dc/out/libthiserror-b76a824fd90b79dc.rmeta --cap-lints allow --cap-lints=forbid -Znext-solver=coherence --force-warn=unused_crate_dependencies` (signal: 9, SIGKILL: kill)
[INFO] [stderr] warning: build failed, waiting for other jobs to finish...
[INFO] [stderr] error: failed to run custom build command for `transcribe-cpp-sys v0.2.3`
[INFO] [stderr] note: To improve backtraces for build dependencies, set the CARGO_PROFILE_DEV_BUILD_OVERRIDE_DEBUG=true environment variable to enable debug information generation.
[INFO] [stderr] 
[INFO] [stderr] Caused by:
[INFO] [stderr]   process didn't exit successfully: `/opt/rustwide/target/debug/build/transcribe-cpp-sys/b795381b34a4b37f/out/build_script_build` (exit status: 101)
[INFO] [stderr]   --- stdout
[INFO] [stderr]   cargo:rerun-if-changed=/opt/rustwide/cargo-home/registry/src/index.crates.io-1949cf8c6b5b557f/transcribe-cpp-sys-0.2.3/CMakeLists.txt
[INFO] [stderr]   cargo:rerun-if-changed=/opt/rustwide/cargo-home/registry/src/index.crates.io-1949cf8c6b5b557f/transcribe-cpp-sys-0.2.3/CMakePresets.json
[INFO] [stderr]   cargo:rerun-if-changed=/opt/rustwide/cargo-home/registry/src/index.crates.io-1949cf8c6b5b557f/transcribe-cpp-sys-0.2.3/include
[INFO] [stderr]   cargo:rerun-if-changed=/opt/rustwide/cargo-home/registry/src/index.crates.io-1949cf8c6b5b557f/transcribe-cpp-sys-0.2.3/src
[INFO] [stderr]   cargo:rerun-if-changed=/opt/rustwide/cargo-home/registry/src/index.crates.io-1949cf8c6b5b557f/transcribe-cpp-sys-0.2.3/ggml
[INFO] [stderr]   cargo:rerun-if-changed=/opt/rustwide/cargo-home/registry/src/index.crates.io-1949cf8c6b5b557f/transcribe-cpp-sys-0.2.3/cmake
[INFO] [stderr]   cargo:rerun-if-changed=/opt/rustwide/cargo-home/registry/src/index.crates.io-1949cf8c6b5b557f/transcribe-cpp-sys-0.2.3/bindings/rust/sys/build.rs
[INFO] [stderr]   cargo:rerun-if-changed=/opt/rustwide/cargo-home/registry/src/index.crates.io-1949cf8c6b5b557f/transcribe-cpp-sys-0.2.3/bindings/rust/sys/src
[INFO] [stderr]   cargo:rerun-if-env-changed=TRANSCRIBE_DIR
[INFO] [stderr]   cargo:rerun-if-env-changed=TRANSCRIBE_CMAKE_ARGS
[INFO] [stderr]   cargo:rerun-if-env-changed=CMAKE_ARGS
[INFO] [stderr]   CMAKE_TOOLCHAIN_FILE_x86_64-unknown-linux-gnu = None
[INFO] [stderr]   CMAKE_TOOLCHAIN_FILE_x86_64_unknown_linux_gnu = None
[INFO] [stderr]   HOST_CMAKE_TOOLCHAIN_FILE = None
[INFO] [stderr]   CMAKE_TOOLCHAIN_FILE = None
[INFO] [stderr]   CMAKE_GENERATOR_x86_64-unknown-linux-gnu = None
[INFO] [stderr]   CMAKE_GENERATOR_x86_64_unknown_linux_gnu = None
[INFO] [stderr]   HOST_CMAKE_GENERATOR = None
[INFO] [stderr]   CMAKE_GENERATOR = None
[INFO] [stderr]   CMAKE_PREFIX_PATH_x86_64-unknown-linux-gnu = None
[INFO] [stderr]   CMAKE_PREFIX_PATH_x86_64_unknown_linux_gnu = None
[INFO] [stderr]   HOST_CMAKE_PREFIX_PATH = None
[INFO] [stderr]   CMAKE_PREFIX_PATH = None
[INFO] [stderr]   CMAKE_x86_64-unknown-linux-gnu = None
[INFO] [stderr]   CMAKE_x86_64_unknown_linux_gnu = None
[INFO] [stderr]   HOST_CMAKE = None
[INFO] [stderr]   CMAKE = None
[INFO] [stderr]   -- The C compiler identification is GNU 15.2.0
[INFO] [stderr]   -- The CXX compiler identification is GNU 15.2.0
[INFO] [stderr]   -- Detecting C compiler ABI info
[INFO] [stderr]   -- Detecting C compiler ABI info - done
[INFO] [stderr]   -- Check for working C compiler: /usr/bin/cc - skipped
[INFO] [stderr]   -- Detecting C compile features
[INFO] [stderr]   -- Detecting C compile features - done
[INFO] [stderr]   -- Detecting CXX compiler ABI info
[INFO] [stderr]   -- Detecting CXX compiler ABI info - done
[INFO] [stderr]   -- Check for working CXX compiler: /usr/bin/c++ - skipped
[INFO] [stderr]   -- Detecting CXX compile features
[INFO] [stderr]   -- Detecting CXX compile features - done
[INFO] [stderr]   -- transcribe version: 0.2.3 (commit unknown)
[INFO] [stderr]   -- The ASM compiler identification is GNU
[INFO] [stderr]   -- Found assembler: /usr/bin/cc
[INFO] [stderr]   -- Performing Test CMAKE_HAVE_LIBC_PTHREAD
[INFO] [stderr]   -- Performing Test CMAKE_HAVE_LIBC_PTHREAD - Success
[INFO] [stderr]   -- Found Threads: TRUE
[INFO] [stderr]   -- Warning: ccache not found - consider installing it for faster compilation or disable this warning with GGML_CCACHE=OFF
[INFO] [stderr]   -- CMAKE_SYSTEM_PROCESSOR: x86_64
[INFO] [stderr]   -- GGML_SYSTEM_ARCH: x86
[INFO] [stderr]   -- Including CPU backend
[INFO] [stderr]   -- x86 detected
[INFO] [stderr]   -- Adding CPU backend variant ggml-cpu: -march=native 
[INFO] [stderr]   -- ggml version: 0.20.2
[INFO] [stderr]   -- ggml commit:  unknown
[INFO] [stderr]   -- Looking for cblas.h
[INFO] [stderr]   -- Looking for cblas.h - found
[INFO] [stderr]   -- transcribe: BLAS found — decoder will use cblas_sgemv
[INFO] [stderr]   -- transcribe install: 0.2.3 shared=OFF backends: cpu (link manifest: lib/transcribe-link.json)
[INFO] [stderr]   -- Configuring done (6.1s)
[INFO] [stderr]   -- Generating done (0.2s)
[INFO] [stderr]   -- Build files have been written to: /opt/rustwide/target/debug/build/transcribe-cpp-sys/1adc305b3069065f/out/build
[INFO] [stderr]   [  1%] Building C object ggml/src/CMakeFiles/ggml-base.dir/ggml-alloc.c.o
[INFO] [stderr]   [  1%] Building C object ggml/src/CMakeFiles/ggml-base.dir/ggml.c.o
[INFO] [stderr]   [  2%] Building CXX object ggml/src/CMakeFiles/ggml-base.dir/ggml-opt.cpp.o
[INFO] [stderr]   [  2%] Building CXX object ggml/src/CMakeFiles/ggml-base.dir/ggml-backend.cpp.o
[INFO] [stderr]   [  3%] Building CXX object ggml/src/CMakeFiles/ggml-base.dir/ggml.cpp.o
[INFO] [stderr]   [  4%] Building CXX object ggml/src/CMakeFiles/ggml-base.dir/ggml-backend-meta.cpp.o
[INFO] [stderr]   [  4%] Building CXX object ggml/src/CMakeFiles/ggml-base.dir/ggml-threading.cpp.o
[INFO] [stderr]   [  5%] Building C object ggml/src/CMakeFiles/ggml-base.dir/ggml-quants.c.o
[INFO] [stderr]   [  6%] Building CXX object ggml/src/CMakeFiles/ggml-base.dir/gguf.cpp.o
[INFO] [stderr]   [  6%] Linking CXX static library libggml-base.a
[INFO] [stderr]   [  6%] Built target ggml-base
[INFO] [stderr]   [  7%] Building CXX object ggml/src/CMakeFiles/ggml-cpu.dir/ggml-cpu/ggml-cpu.cpp.o
[INFO] [stderr]   [  8%] Building C object ggml/src/CMakeFiles/ggml-cpu.dir/ggml-cpu/quants.c.o
[INFO] [stderr]   [  9%] Building CXX object ggml/src/CMakeFiles/ggml-cpu.dir/ggml-cpu/hbm.cpp.o
[INFO] [stderr]   [  9%] Building CXX object ggml/src/CMakeFiles/ggml-cpu.dir/ggml-cpu/traits.cpp.o
[INFO] [stderr]   [ 10%] Building C object ggml/src/CMakeFiles/ggml-cpu.dir/ggml-cpu/ggml-cpu.c.o
[INFO] [stderr]   [ 11%] Building CXX object ggml/src/CMakeFiles/ggml-cpu.dir/ggml-cpu/amx/amx.cpp.o
[INFO] [stderr]   [ 11%] Building CXX object ggml/src/CMakeFiles/ggml-cpu.dir/ggml-cpu/repack.cpp.o
[INFO] [stderr]   [ 12%] Building CXX object ggml/src/CMakeFiles/ggml-cpu.dir/ggml-cpu/amx/mmq.cpp.o
[INFO] [stderr]   [ 12%] Building CXX object ggml/src/CMakeFiles/ggml-cpu.dir/ggml-cpu/binary-ops.cpp.o
[INFO] [stderr]   [ 13%] Building CXX object ggml/src/CMakeFiles/ggml-cpu.dir/ggml-cpu/unary-ops.cpp.o
[INFO] [stderr]   [ 14%] Building CXX object ggml/src/CMakeFiles/ggml-cpu.dir/ggml-cpu/vec.cpp.o
[INFO] [stderr]   [ 14%] Building CXX object ggml/src/CMakeFiles/ggml-cpu.dir/ggml-cpu/ops.cpp.o
[INFO] [stderr]   [ 15%] Building CXX object ggml/src/CMakeFiles/ggml-cpu.dir/ggml-cpu/llamafile/sgemm.cpp.o
[INFO] [stderr]   [ 16%] Building C object ggml/src/CMakeFiles/ggml-cpu.dir/ggml-cpu/arch/x86/quants.c.o
[INFO] [stderr]   [ 16%] Building CXX object ggml/src/CMakeFiles/ggml-cpu.dir/ggml-cpu/arch/x86/repack.cpp.o
[INFO] [stderr] 
[INFO] [stderr]   --- stderr
[INFO] [stderr]   running: cd "/opt/rustwide/target/debug/build/transcribe-cpp-sys/1adc305b3069065f/out/build" && CMAKE_PREFIX_PATH="" LC_ALL="C" "cmake" "/opt/rustwide/cargo-home/registry/src/index.crates.io-1949cf8c6b5b557f/transcribe-cpp-sys-0.2.3" "-B" "/opt/rustwide/target/debug/build/transcribe-cpp-sys/1adc305b3069065f/out/build" "-DTRANSCRIBE_INSTALL=ON" "-DTRANSCRIBE_BUILD_TESTS=OFF" "-DTRANSCRIBE_BUILD_EXAMPLES=OFF" "-DTRANSCRIBE_BUILD_TOOLS=OFF" "-DTRANSCRIBE_BUILD_SHARED=OFF" "-DTRANSCRIBE_USE_OPENMP=OFF" "-DCMAKE_INSTALL_PREFIX=/opt/rustwide/target/debug/build/transcribe-cpp-sys/1adc305b3069065f/out" "-DCMAKE_C_FLAGS= -ffunction-sections -fdata-sections -fPIC -m64 -w" "-DCMAKE_C_COMPILER=/usr/bin/cc" "-DCMAKE_CXX_FLAGS= -ffunction-sections -fdata-sections -fPIC -m64 -w" "-DCMAKE_CXX_COMPILER=/usr/bin/c++" "-DCMAKE_ASM_FLAGS= -ffunction-sections -fdata-sections -fPIC -m64 -w" "-DCMAKE_ASM_COMPILER=/usr/bin/cc" "-DCMAKE_BUILD_TYPE=Release"
[INFO] [stderr]   running: cd "/opt/rustwide/target/debug/build/transcribe-cpp-sys/1adc305b3069065f/out/build" && LC_ALL="C" MAKEFLAGS="-j --jobserver-fds=4,5 --jobserver-auth=4,5" "cmake" "--build" "/opt/rustwide/target/debug/build/transcribe-cpp-sys/1adc305b3069065f/out/build" "--target" "install" "--config" "Release"
[INFO] [stderr]   c++: fatal error: Killed signal terminated program cc1plus
[INFO] [stderr]   compilation terminated.
[INFO] [stderr]   gmake[2]: *** [ggml/src/CMakeFiles/ggml-cpu.dir/build.make:107: ggml/src/CMakeFiles/ggml-cpu.dir/ggml-cpu/repack.cpp.o] Error 1
[INFO] [stderr]   gmake[2]: *** Waiting for unfinished jobs....
[INFO] [stderr]   gmake[1]: *** [CMakeFiles/Makefile2:241: ggml/src/CMakeFiles/ggml-cpu.dir/all] Error 2
[INFO] [stderr]   gmake: *** [Makefile:136: all] Error 2
[INFO] [stderr] 
[INFO] [stderr]   thread 'main' (676) panicked at /opt/rustwide/cargo-home/registry/src/index.crates.io-1949cf8c6b5b557f/cmake-0.1.58/src/lib.rs:1132:5:
[INFO] [stderr] 
[INFO] [stderr]   command did not execute successfully, got: exit status: 2
[INFO] [stderr] 
[INFO] [stderr]   build script failed, must exit now
[INFO] [stderr]   stack backtrace:
[INFO] [stderr]      0:     0x618005c2ce81 - std[3164a59e47d3bde]::backtrace_rs::backtrace::libunwind::trace
[INFO] [stderr]                                  at /rustc/3154cc1a3e6424e44f438a95007d043ed5ceaaf6/library/std/src/../../backtrace/src/backtrace/libunwind.rs:117:9
[INFO] [stderr]      1:     0x618005c2ce81 - std[3164a59e47d3bde]::backtrace_rs::backtrace::trace_unsynchronized::<std[3164a59e47d3bde]::sys::backtrace::_print_fmt::{closure#1}>
[INFO] [stderr]                                  at /rustc/3154cc1a3e6424e44f438a95007d043ed5ceaaf6/library/std/src/../../backtrace/src/backtrace/mod.rs:66:14
[INFO] [stderr]      2:     0x618005c2ce81 - std[3164a59e47d3bde]::sys::backtrace::_print_fmt
[INFO] [stderr]                                  at /rustc/3154cc1a3e6424e44f438a95007d043ed5ceaaf6/library/std/src/sys/backtrace.rs:74:9
[INFO] [stderr]      3:     0x618005c2ce81 - <<std[3164a59e47d3bde]::sys::backtrace::BacktraceLock>::print::DisplayBacktrace as core[934024a1e6126fb4]::fmt::Display>::fmt
[INFO] [stderr]                                  at /rustc/3154cc1a3e6424e44f438a95007d043ed5ceaaf6/library/std/src/sys/backtrace.rs:44:26
[INFO] [stderr]      4:     0x618005c4181a - <core[934024a1e6126fb4]::fmt::rt::Argument>::fmt
[INFO] [stderr]                                  at /rustc/3154cc1a3e6424e44f438a95007d043ed5ceaaf6/library/core/src/fmt/rt.rs:152:76
[INFO] [stderr]      5:     0x618005c4181a - core[934024a1e6126fb4]::fmt::write
[INFO] [stderr]      6:     0x618005c3289c - core[934024a1e6126fb4]::io::write::default_write_fmt::<std[3164a59e47d3bde]::sys::stdio::unix::Stderr>
[INFO] [stderr]                                  at /rustc/3154cc1a3e6424e44f438a95007d043ed5ceaaf6/library/core/src/io/write.rs:402:11
[INFO] [stderr]      7:     0x618005c3289c - <std[3164a59e47d3bde]::sys::stdio::unix::Stderr as core[934024a1e6126fb4]::io::write::Write>::write_fmt
[INFO] [stderr]                                  at /rustc/3154cc1a3e6424e44f438a95007d043ed5ceaaf6/library/core/src/io/write.rs:335:13
[INFO] [stderr]      8:     0x618005c0b006 - <std[3164a59e47d3bde]::sys::backtrace::BacktraceLock>::print
[INFO] [stderr]                                  at /rustc/3154cc1a3e6424e44f438a95007d043ed5ceaaf6/library/std/src/sys/backtrace.rs:47:9
[INFO] [stderr]      9:     0x618005c0b006 - std[3164a59e47d3bde]::panicking::default_hook::{closure#0}
[INFO] [stderr]                                  at /rustc/3154cc1a3e6424e44f438a95007d043ed5ceaaf6/library/std/src/panicking.rs:289:27
[INFO] [stderr]     10:     0x618005c26961 - std[3164a59e47d3bde]::panicking::default_hook
[INFO] [stderr]                                  at /rustc/3154cc1a3e6424e44f438a95007d043ed5ceaaf6/library/std/src/panicking.rs:316:9
[INFO] [stderr]     11:     0x618005c26b1b - std[3164a59e47d3bde]::panicking::panic_with_hook
[INFO] [stderr]                                  at /rustc/3154cc1a3e6424e44f438a95007d043ed5ceaaf6/library/std/src/panicking.rs:811:13
[INFO] [stderr]     12:     0x618005c0b0b2 - std[3164a59e47d3bde]::panicking::panic_handler::{closure#0}
[INFO] [stderr]                                  at /rustc/3154cc1a3e6424e44f438a95007d043ed5ceaaf6/library/std/src/panicking.rs:685:13
[INFO] [stderr]     13:     0x618005c03b59 - std[3164a59e47d3bde]::sys::backtrace::__rust_end_short_backtrace::<std[3164a59e47d3bde]::panicking::panic_handler::{closure#0}, !>
[INFO] [stderr]                                  at /rustc/3154cc1a3e6424e44f438a95007d043ed5ceaaf6/library/std/src/sys/backtrace.rs:182:18
[INFO] [stderr]     14:     0x618005c0b89d - __rustc[2e7b49d4226056d3]::rust_begin_unwind
[INFO] [stderr]                                  at /rustc/3154cc1a3e6424e44f438a95007d043ed5ceaaf6/library/std/src/panicking.rs:676:5
[INFO] [stderr]     15:     0x618005c4200c - core[934024a1e6126fb4]::panicking::panic_fmt
[INFO] [stderr]                                  at /rustc/3154cc1a3e6424e44f438a95007d043ed5ceaaf6/library/core/src/panicking.rs:80:14
[INFO] [stderr]     16:     0x618005b940f7 - cmake[71df874224664742]::fail
[INFO] [stderr]     17:     0x618005b93d83 - cmake[71df874224664742]::run
[INFO] [stderr]     18:     0x618005b99d55 - <cmake[71df874224664742]::Config>::build
[INFO] [stderr]     19:     0x618005b6ac5c - build_script_build[a7844715c4cd94d1]::main
[INFO] [stderr]     20:     0x618005b6d533 - <fn() as core[934024a1e6126fb4]::ops::function::FnOnce<()>>::call_once
[INFO] [stderr]     21:     0x618005b662be - std[3164a59e47d3bde]::sys::backtrace::__rust_begin_short_backtrace::<fn(), ()>
[INFO] [stderr]     22:     0x618005b66959 - std[3164a59e47d3bde]::rt::lang_start::<()>::{closure#0}
[INFO] [stderr]     23:     0x618005c25c68 - <&dyn core[934024a1e6126fb4]::ops::function::Fn<(), Output = i32> + core[934024a1e6126fb4]::marker::Sync + core[934024a1e6126fb4]::panic::unwind_safe::RefUnwindSafe as core[934024a1e6126fb4]::ops::function::FnOnce<()>>::call_once
[INFO] [stderr]                                  at /rustc/3154cc1a3e6424e44f438a95007d043ed5ceaaf6/library/core/src/ops/function.rs:287:21
[INFO] [stderr]     24:     0x618005c25c68 - std[3164a59e47d3bde]::panicking::catch_unwind::do_call::<&dyn core[934024a1e6126fb4]::ops::function::Fn<(), Output = i32> + core[934024a1e6126fb4]::marker::Sync + core[934024a1e6126fb4]::panic::unwind_safe::RefUnwindSafe, i32>
[INFO] [stderr]                                  at /rustc/3154cc1a3e6424e44f438a95007d043ed5ceaaf6/library/std/src/panicking.rs:573:43
[INFO] [stderr]     25:     0x618005c25c68 - std[3164a59e47d3bde]::panicking::catch_unwind::<i32, &dyn core[934024a1e6126fb4]::ops::function::Fn<(), Output = i32> + core[934024a1e6126fb4]::marker::Sync + core[934024a1e6126fb4]::panic::unwind_safe::RefUnwindSafe>
[INFO] [stderr]                                  at /rustc/3154cc1a3e6424e44f438a95007d043ed5ceaaf6/library/std/src/panicking.rs:541:19
[INFO] [stderr]     26:     0x618005c25c68 - std[3164a59e47d3bde]::panic::catch_unwind::<&dyn core[934024a1e6126fb4]::ops::function::Fn<(), Output = i32> + core[934024a1e6126fb4]::marker::Sync + core[934024a1e6126fb4]::panic::unwind_safe::RefUnwindSafe, i32>
[INFO] [stderr]                                  at /rustc/3154cc1a3e6424e44f438a95007d043ed5ceaaf6/library/std/src/panic.rs:359:14
[INFO] [stderr]     27:     0x618005c25c68 - std[3164a59e47d3bde]::rt::lang_start_internal::{closure#0}
[INFO] [stderr]                                  at /rustc/3154cc1a3e6424e44f438a95007d043ed5ceaaf6/library/std/src/rt.rs:175:24
[INFO] [stderr]     28:     0x618005c25c68 - std[3164a59e47d3bde]::panicking::catch_unwind::do_call::<std[3164a59e47d3bde]::rt::lang_start_internal::{closure#0}, isize>
[INFO] [stderr]                                  at /rustc/3154cc1a3e6424e44f438a95007d043ed5ceaaf6/library/std/src/panicking.rs:573:43
[INFO] [stderr]     29:     0x618005c25c68 - std[3164a59e47d3bde]::panicking::catch_unwind::<isize, std[3164a59e47d3bde]::rt::lang_start_internal::{closure#0}>
[INFO] [stderr]                                  at /rustc/3154cc1a3e6424e44f438a95007d043ed5ceaaf6/library/std/src/panicking.rs:541:19
[INFO] [stderr]     30:     0x618005c25c68 - std[3164a59e47d3bde]::panic::catch_unwind::<std[3164a59e47d3bde]::rt::lang_start_internal::{closure#0}, isize>
[INFO] [stderr]                                  at /rustc/3154cc1a3e6424e44f438a95007d043ed5ceaaf6/library/std/src/panic.rs:359:14
[INFO] [stderr]     31:     0x618005c25c68 - std[3164a59e47d3bde]::rt::lang_start_internal
[INFO] [stderr]                                  at /rustc/3154cc1a3e6424e44f438a95007d043ed5ceaaf6/library/std/src/rt.rs:171:5
[INFO] [stderr]     32:     0x618005b662b1 - std[3164a59e47d3bde]::rt::lang_start::<()>
[INFO] [stderr]     33:     0x618005b6d745 - main
[INFO] [stderr]     34:     0x7e6700c83601 - <unknown>
[INFO] [stderr]     35:     0x7e6700c83718 - __libc_start_main
[INFO] [stderr]     36:     0x618005b64425 - _start
[INFO] [stderr]     37:                0x0 - <unknown>
[INFO] running `Command { std: "docker" "inspect" "bd8f22834cbd9ff48f15ea8f880974a336fe93bf2e0ee584a94ba0365adef3f6", kill_on_drop: false }`
[INFO] running `Command { std: "docker" "rm" "-f" "bd8f22834cbd9ff48f15ea8f880974a336fe93bf2e0ee584a94ba0365adef3f6", kill_on_drop: false }`
[INFO] [stdout] bd8f22834cbd9ff48f15ea8f880974a336fe93bf2e0ee584a94ba0365adef3f6
