[INFO] cloning repository https://github.com/dardematheus/nekors
[INFO] running `Command { std: "git" "-c" "credential.helper=" "-c" "credential.helper=/workspace/cargo-home/bin/git-credential-null" "clone" "--bare" "https://github.com/dardematheus/nekors" "/workspace/cache/git-repos/https%3A%2F%2Fgithub.com%2Fdardematheus%2Fnekors", kill_on_drop: false }`
[INFO] [stderr] Cloning into bare repository '/workspace/cache/git-repos/https%3A%2F%2Fgithub.com%2Fdardematheus%2Fnekors'...
[INFO] running `Command { std: "git" "rev-parse" "HEAD", kill_on_drop: false }`
[INFO] [stdout] f9fb2e4e5929759f0ee3df0d138c081929d47fcb
[INFO] checking dardematheus/nekors against 3154cc1a3e6424e44f438a95007d043ed5ceaaf6+rustflags=-Znext-solver=coherence for pr-133502-30
[INFO] running `Command { std: "git" "clone" "/workspace/cache/git-repos/https%3A%2F%2Fgithub.com%2Fdardematheus%2Fnekors" "/workspace/builds/worker-4-tc1/source", kill_on_drop: false }`
[INFO] [stderr] Cloning into '/workspace/builds/worker-4-tc1/source'...
[INFO] [stderr] done.
[INFO] started tweaking git repo https://github.com/dardematheus/nekors
[INFO] finished tweaking git repo https://github.com/dardematheus/nekors
[INFO] tweaked toml for git repo https://github.com/dardematheus/nekors written to /workspace/builds/worker-4-tc1/source/Cargo.toml
[INFO] validating manifest of git repo https://github.com/dardematheus/nekors on toolchain 3154cc1a3e6424e44f438a95007d043ed5ceaaf6
[INFO] running `Command { std: CARGO_HOME="/workspace/cargo-home" RUSTUP_HOME="/workspace/rustup-home" "/workspace/cargo-home/bin/cargo" "+3154cc1a3e6424e44f438a95007d043ed5ceaaf6" "metadata" "--manifest-path" "Cargo.toml" "--no-deps", kill_on_drop: false }`
[INFO] crate git repo https://github.com/dardematheus/nekors already has a lockfile, it will not be regenerated
[INFO] running `Command { std: CARGO_HOME="/workspace/cargo-home" RUSTUP_HOME="/workspace/rustup-home" "/workspace/cargo-home/bin/cargo" "+3154cc1a3e6424e44f438a95007d043ed5ceaaf6" "fetch" "--manifest-path" "Cargo.toml", kill_on_drop: false }`
[INFO] [stderr]  Downloading crates ...
[INFO] [stderr]   Downloaded wasm-bindgen-test-shared v0.2.127
[INFO] [stderr]   Downloaded wasm-bindgen-test-macro v0.3.77
[INFO] [stderr]   Downloaded wasm-bindgen-test v0.3.77
[INFO] running `Command { std: "docker" "create" "-v" "/var/lib/crater-agent-workspace/builds/worker-4-tc1/source:/opt/rustwide/workdir:ro,Z" "-v" "/var/lib/crater-agent-workspace/builds/worker-4-tc1/target:/opt/rustwide/target:rw,Z" "-v" "/var/lib/crater-agent-workspace/cargo-home:/opt/rustwide/cargo-home:ro,Z" "-v" "/var/lib/crater-agent-workspace/rustup-home:/opt/rustwide/rustup-home:ro,Z" "-m" "1610612736" "--network" "none" "ghcr.io/rust-lang/crates-build-env/linux@sha256:77db811e55d90add9212f6832c23229e3de5f1c1f9905e8cb07319ea15df73ac" "sleep" "infinity", kill_on_drop: false }`
[INFO] [stdout] b86efdfd63d2a1624b696a4ed9d938e606ba92f1dd627bf0198eacd0396c1f47
[INFO] running `Command { std: "docker" "start" "b86efdfd63d2a1624b696a4ed9d938e606ba92f1dd627bf0198eacd0396c1f47", kill_on_drop: false }`
[INFO] running `Command { std: "docker" "inspect" "b86efdfd63d2a1624b696a4ed9d938e606ba92f1dd627bf0198eacd0396c1f47", kill_on_drop: false }`
[INFO] running `Command { std: "docker" "exec" "-e" "SOURCE_DIR=/opt/rustwide/workdir" "-e" "CARGO_HOME=/opt/rustwide/cargo-home" "-e" "RUSTUP_HOME=/opt/rustwide/rustup-home" "-e" "CARGO_TARGET_DIR=/opt/rustwide/target" "-w" "/opt/rustwide/workdir" "--user" "0:0" "b86efdfd63d2a1624b696a4ed9d938e606ba92f1dd627bf0198eacd0396c1f47" "/opt/rustwide/cargo-home/bin/cargo" "+3154cc1a3e6424e44f438a95007d043ed5ceaaf6" "metadata" "--no-deps" "--format-version=1", kill_on_drop: false }`
[INFO] running `Command { std: "docker" "inspect" "b86efdfd63d2a1624b696a4ed9d938e606ba92f1dd627bf0198eacd0396c1f47", kill_on_drop: false }`
[INFO] running `Command { std: "docker" "exec" "-e" "SOURCE_DIR=/opt/rustwide/workdir" "-e" "CARGO_HOME=/opt/rustwide/cargo-home" "-e" "RUSTUP_HOME=/opt/rustwide/rustup-home" "-e" "CARGO_TARGET_DIR=/opt/rustwide/target" "-e" "CARGO_INCREMENTAL=0" "-e" "RUST_BACKTRACE=full" "-e" "RUSTFLAGS=--cap-lints=forbid -Znext-solver=coherence" "-e" "RUSTDOCFLAGS=--cap-lints=forbid" "-w" "/opt/rustwide/workdir" "--user" "0:0" "b86efdfd63d2a1624b696a4ed9d938e606ba92f1dd627bf0198eacd0396c1f47" "/opt/rustwide/cargo-home/bin/cargo" "+3154cc1a3e6424e44f438a95007d043ed5ceaaf6" "check" "--frozen" "--all" "--all-targets" "--message-format=json", kill_on_drop: false }`
[INFO] [stderr]    Compiling syn v2.0.119
[INFO] [stderr]    Compiling crossbeam-utils v0.8.22
[INFO] [stderr]    Compiling crossbeam-epoch v0.9.20
[INFO] [stderr]    Compiling wasm-bindgen-shared v0.2.127
[INFO] [stderr]    Compiling syn v3.0.3
[INFO] [stderr]    Compiling crossbeam-deque v0.8.7
[INFO] [stderr]    Compiling bumpalo v3.20.3
[INFO] [stderr]     Checking either v1.17.0
[INFO] [stderr]    Compiling zerocopy v0.8.56
[INFO] [stderr]     Checking arrayvec v0.7.8
[INFO] [stderr]    Compiling wasm-bindgen v0.2.127
[INFO] [stderr]     Checking num-integer v0.1.47
[INFO] [stderr]     Checking bytemuck v1.25.2
[INFO] [stderr]     Checking bitflags v2.13.1
[INFO] [stderr]     Checking once_cell v1.21.4
[INFO] [stderr]     Checking futures-core v0.3.34
[INFO] [stderr]    Compiling pulp v0.22.3
[INFO] [stderr]     Checking futures-util v0.3.34
[INFO] [stderr]     Checking nom v8.0.0
[INFO] [stderr]     Checking no_std_io2 v0.9.4
[INFO] [stderr]    Compiling serde_core v1.0.229
[INFO] [stderr]     Checking num-complex v0.4.6
[INFO] [stderr]     Checking bitstream-io v4.10.0
[INFO] [stderr]     Checking num-bigint v0.4.8
[INFO] [stderr]     Checking flate2 v1.1.9
[INFO] [stderr]     Checking raw-cpuid v11.6.0
[INFO] [stderr]    Compiling simd_helpers v0.1.0
[INFO] [stderr]     Checking itertools v0.14.0
[INFO] [stderr]     Checking pulp-wasm-simd-flag v0.1.1
[INFO] [stderr]     Checking zune-core v0.5.3
[INFO] [stderr]     Checking imgref v1.12.2
[INFO] [stderr]     Checking reborrow v0.5.5
[INFO] [stderr]     Checking avif-serialize v0.8.9
[INFO] [stderr]     Checking zune-inflate v0.2.54
[INFO] [stderr]    Compiling serde_json v1.0.151
[INFO] [stderr]     Checking loop9 v0.1.5
[INFO] [stderr]     Checking smallvec v1.15.2
[INFO] [stderr]     Checking zune-jpeg v0.5.15
[INFO] [stderr]     Checking pxfm v0.1.30
[INFO] [stderr]    Compiling serde v1.0.229
[INFO] [stderr]     Checking png v0.18.1
[INFO] [stderr]     Checking qoi v0.4.1
[INFO] [stderr]     Checking oorandom v11.1.5
[INFO] [stderr]     Checking rayon-core v1.13.0
[INFO] [stderr]     Checking cast v0.3.0
[INFO] [stderr]     Checking nu-ansi-term v0.50.3
[INFO] [stderr]     Checking wasm-bindgen-test-shared v0.2.127
[INFO] [stderr]     Checking rayon v1.12.0
[INFO] [stderr]     Checking num-rational v0.4.2
[INFO] [stderr]     Checking moxcms v0.8.1
[INFO] [stderr]     Checking maybe-rayon v0.1.1
[INFO] [stderr]    Compiling thiserror-impl v2.0.20
[INFO] [stderr]    Compiling serde_derive v1.0.229
[INFO] [stderr]    Compiling async-trait v0.1.92
[INFO] [stderr]     Checking thiserror v2.0.20
[INFO] [stderr]    Compiling wasm-bindgen-macro-support v0.2.127
[INFO] [stderr]    Compiling equator-macro v0.4.2
[INFO] [stderr]    Compiling zerocopy-derive v0.8.56
[INFO] [stderr]    Compiling profiling-procmacros v1.0.18
[INFO] [stderr]    Compiling arg_enum_proc_macro v0.3.4
[INFO] [stderr]    Compiling num-derive v0.4.2
[INFO] [stderr]    Compiling wasm-bindgen-test-macro v0.3.77
[INFO] [stderr]     Checking profiling v1.0.18
[INFO] [stderr]     Checking equator v0.4.2
[INFO] [stderr]     Checking aligned-vec v0.6.4
[INFO] [stderr]     Checking v_frame v0.3.9
[INFO] [stderr]     Checking av1-grain v0.2.5
[INFO] [stderr]     Checking av-scenechange v0.14.1
[INFO] [stderr]     Checking rav1e v0.8.1
[INFO] [stderr]    Compiling wasm-bindgen-macro v0.2.127
[INFO] [stderr]     Checking js-sys v0.3.104
[INFO] [stderr]     Checking half v2.7.1
[INFO] [stderr]     Checking ravif v0.13.0
[INFO] [stderr]     Checking tiff v0.11.3
[INFO] [stderr]     Checking exr v1.74.2
[INFO] [stderr]     Checking image v0.25.10
[INFO] [stderr]     Checking web-sys v0.3.104
[INFO] [stderr]     Checking wasm-bindgen-futures v0.4.77
[INFO] [stderr]     Checking wasm-bindgen-test v0.3.77
[INFO] [stderr]     Checking nekors v0.1.0 (/opt/rustwide/workdir)
[INFO] [stdout] error[E0573]: expected type, found variant `Err`
[INFO] [stdout]   --> src/lib.rs:78:41
[INFO] [stdout]    |
[INFO] [stdout] 78 | pub fn load_sprites() -> Result<String, Err> {
[INFO] [stdout]    |                                         ^^^ not a type
[INFO] [stdout]    |
[INFO] [stdout] help: try using the variant's enum
[INFO] [stdout]    |
[INFO] [stdout] 78 - pub fn load_sprites() -> Result<String, Err> {
[INFO] [stdout] 78 + pub fn load_sprites() -> Result<String, core::result::Result> {
[INFO] [stdout]    |
[INFO] [stdout] 78 - pub fn load_sprites() -> Result<String, Err> {
[INFO] [stdout] 78 + pub fn load_sprites() -> Result<String, std::result::Result> {
[INFO] [stdout]    |
[INFO] [stdout] 
[INFO] [stdout] 
[INFO] [stdout] error[E0573]: expected type, found variant `Err`
[INFO] [stdout]   --> src/lib.rs:95:34
[INFO] [stdout]    |
[INFO] [stdout] 95 | pub fn spawn() -> Result<String, Err> {
[INFO] [stdout]    |                                  ^^^ not a type
[INFO] [stdout]    |
[INFO] [stdout] help: try using the variant's enum
[INFO] [stdout]    |
[INFO] [stdout] 95 - pub fn spawn() -> Result<String, Err> {
[INFO] [stdout] 95 + pub fn spawn() -> Result<String, core::result::Result> {
[INFO] [stdout]    |
[INFO] [stdout] 95 - pub fn spawn() -> Result<String, Err> {
[INFO] [stdout] 95 + pub fn spawn() -> Result<String, std::result::Result> {
[INFO] [stdout]    |
[INFO] [stdout] 
[INFO] [stdout] 
[INFO] [stdout] warning: unused import: `iter::Map`
[INFO] [stdout]  --> src/lib.rs:1:11
[INFO] [stdout]   |
[INFO] [stdout] 1 | use std::{iter::Map, path::Path};
[INFO] [stdout]   |           ^^^^^^^^^
[INFO] [stdout]   |
[INFO] [stdout]   = note: `#[warn(unused_imports)]` (part of `#[warn(unused)]`) on by default
[INFO] [stdout] 
[INFO] [stdout] 
[INFO] [stdout] error[E0573]: expected type, found variant `Err`
[INFO] [stdout]   --> src/lib.rs:78:41
[INFO] [stdout]    |
[INFO] [stdout] 78 | pub fn load_sprites() -> Result<String, Err> {
[INFO] [stdout]    |                                         ^^^ not a type
[INFO] [stdout]    |
[INFO] [stdout] help: try using the variant's enum
[INFO] [stdout]    |
[INFO] [stdout] 78 - pub fn load_sprites() -> Result<String, Err> {
[INFO] [stdout] 78 + pub fn load_sprites() -> Result<String, core::result::Result> {
[INFO] [stdout]    |
[INFO] [stdout] 78 - pub fn load_sprites() -> Result<String, Err> {
[INFO] [stdout] 78 + pub fn load_sprites() -> Result<String, std::result::Result> {
[INFO] [stdout]    |
[INFO] [stdout] 
[INFO] [stdout] 
[INFO] [stdout] error[E0573]: expected type, found variant `Err`
[INFO] [stdout]   --> src/lib.rs:95:34
[INFO] [stdout]    |
[INFO] [stdout] 95 | pub fn spawn() -> Result<String, Err> {
[INFO] [stdout]    |                                  ^^^ not a type
[INFO] [stdout]    |
[INFO] [stdout] help: try using the variant's enum
[INFO] [stdout]    |
[INFO] [stdout] 95 - pub fn spawn() -> Result<String, Err> {
[INFO] [stdout] 95 + pub fn spawn() -> Result<String, core::result::Result> {
[INFO] [stdout]    |
[INFO] [stdout] 95 - pub fn spawn() -> Result<String, Err> {
[INFO] [stdout] 95 + pub fn spawn() -> Result<String, std::result::Result> {
[INFO] [stdout]    |
[INFO] [stdout] 
[INFO] [stdout] 
[INFO] [stdout] warning: unused import: `iter::Map`
[INFO] [stdout]  --> src/lib.rs:1:11
[INFO] [stdout]   |
[INFO] [stdout] 1 | use std::{iter::Map, path::Path};
[INFO] [stdout]   |           ^^^^^^^^^
[INFO] [stdout]   |
[INFO] [stdout]   = note: `#[warn(unused_imports)]` (part of `#[warn(unused)]`) on by default
[INFO] [stdout] 
[INFO] [stdout] 
[INFO] [stdout] warning: unused variable: `gatinho`
[INFO] [stdout]   --> src/lib.rs:29:15
[INFO] [stdout]    |
[INFO] [stdout] 29 | pub fn update(gatinho: Neko) {
[INFO] [stdout]    |               ^^^^^^^ help: if this is intentional, prefix it with an underscore: `_gatinho`
[INFO] [stdout]    |
[INFO] [stdout]    = note: `#[warn(unused_variables)]` (part of `#[warn(unused)]`) on by default
[INFO] [stdout] 
[INFO] [stdout] 
[INFO] [stdout] For more information about this error, try `rustc --explain E0573`.
[INFO] [stdout] 
[INFO] [stderr] error: could not compile `nekors` (lib test) due to 2 previous errors; 2 warnings emitted
[INFO] [stderr] warning: build failed, waiting for other jobs to finish...
[INFO] [stdout] warning: unused variable: `gatinho`
[INFO] [stdout]   --> src/lib.rs:29:15
[INFO] [stdout]    |
[INFO] [stdout] 29 | pub fn update(gatinho: Neko) {
[INFO] [stdout]    |               ^^^^^^^ help: if this is intentional, prefix it with an underscore: `_gatinho`
[INFO] [stdout]    |
[INFO] [stdout]    = note: `#[warn(unused_variables)]` (part of `#[warn(unused)]`) on by default
[INFO] [stdout] 
[INFO] [stdout] 
[INFO] [stdout] For more information about this error, try `rustc --explain E0573`.
[INFO] [stdout] 
[INFO] [stderr] error: could not compile `nekors` (lib) due to 2 previous errors; 2 warnings emitted
[INFO] [stderr] warning: unused dependency `image`
[INFO] [stderr]  --> Cargo.toml:2:1
[INFO] [stderr]   |
[INFO] [stderr] 2 | image = "0.25"
[INFO] [stderr]   | ^^^^^^^^^^^^^^
[INFO] [stderr]   |
[INFO] [stderr]   = note: `cargo::unused_dependencies` is set to `warn` by default
[INFO] [stderr] help: consider removing the dependency on `image`
[INFO] [stderr] warning: `nekors` (manifest) generated 1 warning
[INFO] running `Command { std: "docker" "inspect" "b86efdfd63d2a1624b696a4ed9d938e606ba92f1dd627bf0198eacd0396c1f47", kill_on_drop: false }`
[INFO] running `Command { std: "docker" "rm" "-f" "b86efdfd63d2a1624b696a4ed9d938e606ba92f1dd627bf0198eacd0396c1f47", kill_on_drop: false }`
[INFO] [stdout] b86efdfd63d2a1624b696a4ed9d938e606ba92f1dd627bf0198eacd0396c1f47
