[INFO] cloning repository https://github.com/dante98377/filehop
[INFO] running `Command { std: "git" "-c" "credential.helper=" "-c" "credential.helper=/workspace/cargo-home/bin/git-credential-null" "clone" "--bare" "https://github.com/dante98377/filehop" "/workspace/cache/git-repos/https%3A%2F%2Fgithub.com%2Fdante98377%2Ffilehop", kill_on_drop: false }`
[INFO] [stderr] Cloning into bare repository '/workspace/cache/git-repos/https%3A%2F%2Fgithub.com%2Fdante98377%2Ffilehop'...
[INFO] running `Command { std: "git" "rev-parse" "HEAD", kill_on_drop: false }`
[INFO] [stdout] d0745aa36fdb7901ea7348e5b4bb00f4a36adbb5
[INFO] checking dante98377/filehop against 3154cc1a3e6424e44f438a95007d043ed5ceaaf6 for pr-133502-30
[INFO] running `Command { std: "git" "clone" "/workspace/cache/git-repos/https%3A%2F%2Fgithub.com%2Fdante98377%2Ffilehop" "/workspace/builds/worker-4-tc2/source", kill_on_drop: false }`
[INFO] [stderr] Cloning into '/workspace/builds/worker-4-tc2/source'...
[INFO] [stderr] done.
[INFO] started tweaking git repo https://github.com/dante98377/filehop
[INFO] finished tweaking git repo https://github.com/dante98377/filehop
[INFO] tweaked toml for git repo https://github.com/dante98377/filehop written to /workspace/builds/worker-4-tc2/source/Cargo.toml
[INFO] validating manifest of git repo https://github.com/dante98377/filehop on toolchain 3154cc1a3e6424e44f438a95007d043ed5ceaaf6
[INFO] running `Command { std: CARGO_HOME="/workspace/cargo-home" RUSTUP_HOME="/workspace/rustup-home" "/workspace/cargo-home/bin/cargo" "+3154cc1a3e6424e44f438a95007d043ed5ceaaf6" "metadata" "--manifest-path" "Cargo.toml" "--no-deps", kill_on_drop: false }`
[INFO] crate git repo https://github.com/dante98377/filehop already has a lockfile, it will not be regenerated
[INFO] running `Command { std: CARGO_HOME="/workspace/cargo-home" RUSTUP_HOME="/workspace/rustup-home" "/workspace/cargo-home/bin/cargo" "+3154cc1a3e6424e44f438a95007d043ed5ceaaf6" "fetch" "--manifest-path" "Cargo.toml", kill_on_drop: false }`
[INFO] running `Command { std: "docker" "create" "-v" "/var/lib/crater-agent-workspace/builds/worker-4-tc2/source:/opt/rustwide/workdir:ro,Z" "-v" "/var/lib/crater-agent-workspace/builds/worker-4-tc2/target:/opt/rustwide/target:rw,Z" "-v" "/var/lib/crater-agent-workspace/cargo-home:/opt/rustwide/cargo-home:ro,Z" "-v" "/var/lib/crater-agent-workspace/rustup-home:/opt/rustwide/rustup-home:ro,Z" "-m" "1610612736" "--network" "none" "ghcr.io/rust-lang/crates-build-env/linux@sha256:77db811e55d90add9212f6832c23229e3de5f1c1f9905e8cb07319ea15df73ac" "sleep" "infinity", kill_on_drop: false }`
[INFO] [stdout] 096c86538d8d9a3624ac0d87bd8d981961e987285f1147c7a2333d6e34eb820e
[INFO] running `Command { std: "docker" "start" "096c86538d8d9a3624ac0d87bd8d981961e987285f1147c7a2333d6e34eb820e", kill_on_drop: false }`
[INFO] running `Command { std: "docker" "inspect" "096c86538d8d9a3624ac0d87bd8d981961e987285f1147c7a2333d6e34eb820e", kill_on_drop: false }`
[INFO] running `Command { std: "docker" "exec" "-e" "SOURCE_DIR=/opt/rustwide/workdir" "-e" "CARGO_HOME=/opt/rustwide/cargo-home" "-e" "RUSTUP_HOME=/opt/rustwide/rustup-home" "-e" "CARGO_TARGET_DIR=/opt/rustwide/target" "-w" "/opt/rustwide/workdir" "--user" "0:0" "096c86538d8d9a3624ac0d87bd8d981961e987285f1147c7a2333d6e34eb820e" "/opt/rustwide/cargo-home/bin/cargo" "+3154cc1a3e6424e44f438a95007d043ed5ceaaf6" "metadata" "--no-deps" "--format-version=1", kill_on_drop: false }`
[INFO] running `Command { std: "docker" "inspect" "096c86538d8d9a3624ac0d87bd8d981961e987285f1147c7a2333d6e34eb820e", kill_on_drop: false }`
[INFO] running `Command { std: "docker" "exec" "-e" "SOURCE_DIR=/opt/rustwide/workdir" "-e" "CARGO_HOME=/opt/rustwide/cargo-home" "-e" "RUSTUP_HOME=/opt/rustwide/rustup-home" "-e" "CARGO_TARGET_DIR=/opt/rustwide/target" "-e" "CARGO_INCREMENTAL=0" "-e" "RUST_BACKTRACE=full" "-e" "RUSTFLAGS=--cap-lints=forbid" "-e" "RUSTDOCFLAGS=--cap-lints=forbid" "-w" "/opt/rustwide/workdir" "--user" "0:0" "096c86538d8d9a3624ac0d87bd8d981961e987285f1147c7a2333d6e34eb820e" "/opt/rustwide/cargo-home/bin/cargo" "+3154cc1a3e6424e44f438a95007d043ed5ceaaf6" "check" "--frozen" "--all" "--all-targets" "--message-format=json", kill_on_drop: false }`
[INFO] [stderr]     Checking smallvec v1.16.0
[INFO] [stderr]    Compiling serde_core v1.0.229
[INFO] [stderr]     Checking futures-channel v0.3.34
[INFO] [stderr]     Checking tracing v0.1.44
[INFO] [stderr]     Checking slab v0.4.12
[INFO] [stderr]     Checking sync_wrapper v1.0.2
[INFO] [stderr]     Checking futures-task v0.3.34
[INFO] [stderr]    Compiling syn v3.0.5
[INFO] [stderr]     Checking matchit v0.8.4
[INFO] [stderr]     Checking rand v0.10.2
[INFO] [stderr]     Checking parking_lot_core v0.9.12
[INFO] [stderr]     Checking futures-util v0.3.34
[INFO] [stderr]     Checking parking_lot v0.12.5
[INFO] [stderr]     Checking axum-core v0.5.6
[INFO] [stderr]     Checking serde_json v1.0.151
[INFO] [stderr]     Checking serde_path_to_error v0.1.20
[INFO] [stderr]    Compiling tokio-macros v2.7.2
[INFO] [stderr]    Compiling serde_derive v1.0.229
[INFO] [stderr]     Checking tokio v1.53.1
[INFO] [stderr]     Checking serde v1.0.229
[INFO] [stderr]     Checking serde_urlencoded v0.7.1
[INFO] [stderr]     Checking hyper v1.11.1
[INFO] [stderr]     Checking tower v0.5.3
[INFO] [stderr]     Checking hyper-util v0.1.20
[INFO] [stderr]     Checking axum v0.8.9
[INFO] [stderr]     Checking filehop v0.1.0 (/opt/rustwide/workdir)
[INFO] [stdout] warning: unused import: `rand::Rng`
[INFO] [stdout]  --> src/server/state.rs:1:5
[INFO] [stdout]   |
[INFO] [stdout] 1 | use rand::Rng;
[INFO] [stdout]   |     ^^^^^^^^^
[INFO] [stdout]   |
[INFO] [stdout]   = note: `#[warn(unused_imports)]` (part of `#[warn(unused)]`) on by default
[INFO] [stdout] 
[INFO] [stdout] 
[INFO] [stdout] warning: unused import: `rand::Rng`
[INFO] [stdout]  --> src/server/state.rs:1:5
[INFO] [stdout]   |
[INFO] [stdout] 1 | use rand::Rng;
[INFO] [stdout]   |     ^^^^^^^^^
[INFO] [stdout]   |
[INFO] [stdout]   = note: `#[warn(unused_imports)]` (part of `#[warn(unused)]`) on by default
[INFO] [stdout] 
[INFO] [stdout] 
[INFO] [stdout] error[E0277]: the trait bound `fn() -> impl Future<Output = HealthResponse> {health}: Handler<_, _>` is not satisfied
[INFO] [stdout]    --> src/server/mod.rs:12:35
[INFO] [stdout]     |
[INFO] [stdout]  12 |         .route("/api/health", get(routes::health))
[INFO] [stdout]     |                               --- ^^^^^^^^^^^^^^ the trait `Handler<_, _>` is not implemented for fn item `fn() -> impl Future<Output = HealthResponse> {health}`
[INFO] [stdout]     |                               |
[INFO] [stdout]     |                               required by a bound introduced by this call
[INFO] [stdout]     |
[INFO] [stdout]     = note: Consider using `#[axum::debug_handler]` to improve the error message
[INFO] [stdout] note: required by a bound in `axum::routing::get`
[INFO] [stdout]    --> /opt/rustwide/cargo-home/registry/src/index.crates.io-1949cf8c6b5b557f/axum-0.8.9/src/routing/method_routing.rs:167:16
[INFO] [stdout]     |
[INFO] [stdout] 167 |             H: Handler<T, S>,
[INFO] [stdout]     |                ^^^^^^^^^^^^^ required by this bound in `get`
[INFO] [stdout] ...
[INFO] [stdout] 441 | top_level_handler_fn!(get, GET);
[INFO] [stdout]     | ------------------------------- in this macro invocation
[INFO] [stdout]     = note: this error originates in the macro `top_level_handler_fn` (in Nightly builds, run with -Z macro-backtrace for more info)
[INFO] [stdout] 
[INFO] [stdout] 
[INFO] [stdout] error[E0277]: the trait bound `fn() -> impl Future<Output = HealthResponse> {health}: Handler<_, _>` is not satisfied
[INFO] [stdout]    --> src/server/mod.rs:12:35
[INFO] [stdout]     |
[INFO] [stdout]  12 |         .route("/api/health", get(routes::health))
[INFO] [stdout]     |                               --- ^^^^^^^^^^^^^^ the trait `Handler<_, _>` is not implemented for fn item `fn() -> impl Future<Output = HealthResponse> {health}`
[INFO] [stdout]     |                               |
[INFO] [stdout]     |                               required by a bound introduced by this call
[INFO] [stdout]     |
[INFO] [stdout]     = note: Consider using `#[axum::debug_handler]` to improve the error message
[INFO] [stdout] note: required by a bound in `axum::routing::get`
[INFO] [stdout]    --> /opt/rustwide/cargo-home/registry/src/index.crates.io-1949cf8c6b5b557f/axum-0.8.9/src/routing/method_routing.rs:167:16
[INFO] [stdout]     |
[INFO] [stdout] 167 |             H: Handler<T, S>,
[INFO] [stdout]     |                ^^^^^^^^^^^^^ required by this bound in `get`
[INFO] [stdout] ...
[INFO] [stdout] 441 | top_level_handler_fn!(get, GET);
[INFO] [stdout]     | ------------------------------- in this macro invocation
[INFO] [stdout]     = note: this error originates in the macro `top_level_handler_fn` (in Nightly builds, run with -Z macro-backtrace for more info)
[INFO] [stdout] 
[INFO] [stdout] 
[INFO] [stdout] error[E0277]: the trait bound `fn(State<AppState>) -> impl Future<Output = SessionResponse> {session}: Handler<_, _>` is not satisfied
[INFO] [stdout]    --> src/server/mod.rs:13:36
[INFO] [stdout]     |
[INFO] [stdout]  13 |         .route("/api/session", get(routes::session))
[INFO] [stdout]     |                                --- ^^^^^^^^^^^^^^^ the trait `Handler<_, _>` is not implemented for fn item `fn(State<AppState>) -> impl Future<Output = SessionResponse> {session}`
[INFO] [stdout]     |                                |
[INFO] [stdout]     |                                required by a bound introduced by this call
[INFO] [stdout]     |
[INFO] [stdout]     = note: Consider using `#[axum::debug_handler]` to improve the error message
[INFO] [stdout] note: required by a bound in `axum::routing::get`
[INFO] [stdout]    --> /opt/rustwide/cargo-home/registry/src/index.crates.io-1949cf8c6b5b557f/axum-0.8.9/src/routing/method_routing.rs:167:16
[INFO] [stdout]     |
[INFO] [stdout] 167 |             H: Handler<T, S>,
[INFO] [stdout]     |                ^^^^^^^^^^^^^ required by this bound in `get`
[INFO] [stdout] ...
[INFO] [stdout] 441 | top_level_handler_fn!(get, GET);
[INFO] [stdout]     | ------------------------------- in this macro invocation
[INFO] [stdout]     = note: this error originates in the macro `top_level_handler_fn` (in Nightly builds, run with -Z macro-backtrace for more info)
[INFO] [stdout] 
[INFO] [stdout] 
[INFO] [stdout] error[E0277]: the trait bound `fn(State<AppState>) -> impl Future<Output = SessionResponse> {session}: Handler<_, _>` is not satisfied
[INFO] [stdout]    --> src/server/mod.rs:13:36
[INFO] [stdout]     |
[INFO] [stdout]  13 |         .route("/api/session", get(routes::session))
[INFO] [stdout]     |                                --- ^^^^^^^^^^^^^^^ the trait `Handler<_, _>` is not implemented for fn item `fn(State<AppState>) -> impl Future<Output = SessionResponse> {session}`
[INFO] [stdout]     |                                |
[INFO] [stdout]     |                                required by a bound introduced by this call
[INFO] [stdout]     |
[INFO] [stdout]     = note: Consider using `#[axum::debug_handler]` to improve the error message
[INFO] [stdout] note: required by a bound in `axum::routing::get`
[INFO] [stdout]    --> /opt/rustwide/cargo-home/registry/src/index.crates.io-1949cf8c6b5b557f/axum-0.8.9/src/routing/method_routing.rs:167:16
[INFO] [stdout]     |
[INFO] [stdout] 167 |             H: Handler<T, S>,
[INFO] [stdout]     |                ^^^^^^^^^^^^^ required by this bound in `get`
[INFO] [stdout] ...
[INFO] [stdout] 441 | top_level_handler_fn!(get, GET);
[INFO] [stdout]     | ------------------------------- in this macro invocation
[INFO] [stdout]     = note: this error originates in the macro `top_level_handler_fn` (in Nightly builds, run with -Z macro-backtrace for more info)
[INFO] [stdout] 
[INFO] [stdout] 
[INFO] [stdout] error[E0599]: no method named `random` found for struct `ThreadRng` in the current scope
[INFO] [stdout]    --> src/server/state.rs:14:44
[INFO] [stdout]     |
[INFO] [stdout]  14 |             .map(|_| format!("{:02x}", rng.random::<u8>()))
[INFO] [stdout]     |                                            ^^^^^^
[INFO] [stdout]     |
[INFO] [stdout]    ::: /opt/rustwide/cargo-home/registry/src/index.crates.io-1949cf8c6b5b557f/rand-0.10.2/src/rng.rs:93:8
[INFO] [stdout]     |
[INFO] [stdout]  93 |     fn random<T>(&mut self) -> T
[INFO] [stdout]     |        ------ the method is available for `ThreadRng` here
[INFO] [stdout]     |
[INFO] [stdout]     = help: items from traits can only be used if the trait is in scope
[INFO] [stdout] help: there is a method `random_bool` with a similar name, but with different arguments
[INFO] [stdout]    --> /opt/rustwide/cargo-home/registry/src/index.crates.io-1949cf8c6b5b557f/rand-0.10.2/src/rng.rs:193:5
[INFO] [stdout]     |
[INFO] [stdout] 193 |     fn random_bool(&mut self, p: f64) -> bool {
[INFO] [stdout]     |     ^^^^^^^^^^^^^^^^^^^^^^^^^^^^^^^^^^^^^^^^^
[INFO] [stdout] help: trait `RngExt` which provides `random` is implemented but not in scope; perhaps you want to import it
[INFO] [stdout]     |
[INFO] [stdout]   1 + use rand::RngExt;
[INFO] [stdout]     |
[INFO] [stdout] 
[INFO] [stdout] 
[INFO] [stdout] error[E0599]: no method named `random` found for struct `ThreadRng` in the current scope
[INFO] [stdout]    --> src/server/state.rs:14:44
[INFO] [stdout]     |
[INFO] [stdout]  14 |             .map(|_| format!("{:02x}", rng.random::<u8>()))
[INFO] [stdout]     |                                            ^^^^^^
[INFO] [stdout]     |
[INFO] [stdout]    ::: /opt/rustwide/cargo-home/registry/src/index.crates.io-1949cf8c6b5b557f/rand-0.10.2/src/rng.rs:93:8
[INFO] [stdout]     |
[INFO] [stdout]  93 |     fn random<T>(&mut self) -> T
[INFO] [stdout]     |        ------ the method is available for `ThreadRng` here
[INFO] [stdout]     |
[INFO] [stdout]     = help: items from traits can only be used if the trait is in scope
[INFO] [stdout] help: there is a method `random_bool` with a similar name, but with different arguments
[INFO] [stdout]    --> /opt/rustwide/cargo-home/registry/src/index.crates.io-1949cf8c6b5b557f/rand-0.10.2/src/rng.rs:193:5
[INFO] [stdout]     |
[INFO] [stdout] 193 |     fn random_bool(&mut self, p: f64) -> bool {
[INFO] [stdout]     |     ^^^^^^^^^^^^^^^^^^^^^^^^^^^^^^^^^^^^^^^^^
[INFO] [stdout] help: trait `RngExt` which provides `random` is implemented but not in scope; perhaps you want to import it
[INFO] [stdout]     |
[INFO] [stdout]   1 + use rand::RngExt;
[INFO] [stdout]     |
[INFO] [stdout] 
[INFO] [stdout] 
[INFO] [stdout] error[E0599]: no method named `random_range` found for struct `ThreadRng` in the current scope
[INFO] [stdout]    --> src/server/state.rs:21:33
[INFO] [stdout]     |
[INFO] [stdout]  21 |                 let index = rng.random_range(0..characters.len());
[INFO] [stdout]     |                                 ^^^^^^^^^^^^
[INFO] [stdout]     |
[INFO] [stdout]    ::: /opt/rustwide/cargo-home/registry/src/index.crates.io-1949cf8c6b5b557f/rand-0.10.2/src/rng.rs:163:8
[INFO] [stdout]     |
[INFO] [stdout] 163 |     fn random_range<T, R>(&mut self, range: R) -> T
[INFO] [stdout]     |        ------------ the method is available for `ThreadRng` here
[INFO] [stdout]     |
[INFO] [stdout]     = help: items from traits can only be used if the trait is in scope
[INFO] [stdout] help: there is a method `random` with a similar name, but with different arguments
[INFO] [stdout]    --> /opt/rustwide/cargo-home/registry/src/index.crates.io-1949cf8c6b5b557f/rand-0.10.2/src/rng.rs:93:5
[INFO] [stdout]     |
[INFO] [stdout]  93 | /     fn random<T>(&mut self) -> T
[INFO] [stdout]  94 | |     where
[INFO] [stdout]  95 | |         StandardUniform: Distribution<T>,
[INFO] [stdout]     | |_________________________________________^
[INFO] [stdout] help: trait `RngExt` which provides `random_range` is implemented but not in scope; perhaps you want to import it
[INFO] [stdout]     |
[INFO] [stdout]   1 + use rand::RngExt;
[INFO] [stdout]     |
[INFO] [stdout] 
[INFO] [stdout] 
[INFO] [stdout] error[E0599]: no method named `random_range` found for struct `ThreadRng` in the current scope
[INFO] [stdout]    --> src/server/state.rs:21:33
[INFO] [stdout]     |
[INFO] [stdout]  21 |                 let index = rng.random_range(0..characters.len());
[INFO] [stdout]     |                                 ^^^^^^^^^^^^
[INFO] [stdout]     |
[INFO] [stdout]    ::: /opt/rustwide/cargo-home/registry/src/index.crates.io-1949cf8c6b5b557f/rand-0.10.2/src/rng.rs:163:8
[INFO] [stdout]     |
[INFO] [stdout] 163 |     fn random_range<T, R>(&mut self, range: R) -> T
[INFO] [stdout]     |        ------------ the method is available for `ThreadRng` here
[INFO] [stdout]     |
[INFO] [stdout]     = help: items from traits can only be used if the trait is in scope
[INFO] [stdout] help: there is a method `random` with a similar name, but with different arguments
[INFO] [stdout]    --> /opt/rustwide/cargo-home/registry/src/index.crates.io-1949cf8c6b5b557f/rand-0.10.2/src/rng.rs:93:5
[INFO] [stdout]     |
[INFO] [stdout]  93 | /     fn random<T>(&mut self) -> T
[INFO] [stdout]  94 | |     where
[INFO] [stdout]  95 | |         StandardUniform: Distribution<T>,
[INFO] [stdout]     | |_________________________________________^
[INFO] [stdout] help: trait `RngExt` which provides `random_range` is implemented but not in scope; perhaps you want to import it
[INFO] [stdout]     |
[INFO] [stdout]   1 + use rand::RngExt;
[INFO] [stdout]     |
[INFO] [stdout] 
[INFO] [stdout] 
[INFO] [stdout] Some errors have detailed explanations: E0277, E0599.
[INFO] [stdout] 
[INFO] [stdout] Some errors have detailed explanations: E0277, E0599.
[INFO] [stdout] 
[INFO] [stdout] For more information about an error, try `rustc --explain E0277`.
[INFO] [stdout] 
[INFO] [stdout] For more information about an error, try `rustc --explain E0277`.
[INFO] [stdout] 
[INFO] [stderr] error: could not compile `filehop` (bin "filehop") due to 4 previous errors; 1 warning emitted
[INFO] [stderr] warning: build failed, waiting for other jobs to finish...
[INFO] [stderr] error: could not compile `filehop` (bin "filehop" test) due to 4 previous errors; 1 warning emitted
[INFO] running `Command { std: "docker" "inspect" "096c86538d8d9a3624ac0d87bd8d981961e987285f1147c7a2333d6e34eb820e", kill_on_drop: false }`
[INFO] running `Command { std: "docker" "rm" "-f" "096c86538d8d9a3624ac0d87bd8d981961e987285f1147c7a2333d6e34eb820e", kill_on_drop: false }`
[INFO] [stdout] 096c86538d8d9a3624ac0d87bd8d981961e987285f1147c7a2333d6e34eb820e
