[INFO] cloning repository https://github.com/danrriv/practicas-rust
[INFO] running `Command { std: "git" "-c" "credential.helper=" "-c" "credential.helper=/workspace/cargo-home/bin/git-credential-null" "clone" "--bare" "https://github.com/danrriv/practicas-rust" "/workspace/cache/git-repos/https%3A%2F%2Fgithub.com%2Fdanrriv%2Fpracticas-rust", kill_on_drop: false }`
[INFO] [stderr] Cloning into bare repository '/workspace/cache/git-repos/https%3A%2F%2Fgithub.com%2Fdanrriv%2Fpracticas-rust'...
[INFO] running `Command { std: "git" "rev-parse" "HEAD", kill_on_drop: false }`
[INFO] [stdout] 2c96f5c334b51563bc78247f5d9028839eb012cd
[INFO] checking danrriv/practicas-rust against 3154cc1a3e6424e44f438a95007d043ed5ceaaf6+rustflags=-Znext-solver=coherence for pr-133502-30
[INFO] running `Command { std: "git" "clone" "/workspace/cache/git-repos/https%3A%2F%2Fgithub.com%2Fdanrriv%2Fpracticas-rust" "/workspace/builds/worker-7-tc1/source", kill_on_drop: false }`
[INFO] [stderr] Cloning into '/workspace/builds/worker-7-tc1/source'...
[INFO] [stderr] done.
[INFO] started tweaking git repo https://github.com/danrriv/practicas-rust
[INFO] finished tweaking git repo https://github.com/danrriv/practicas-rust
[INFO] tweaked toml for git repo https://github.com/danrriv/practicas-rust written to /workspace/builds/worker-7-tc1/source/Cargo.toml
[INFO] validating manifest of git repo https://github.com/danrriv/practicas-rust on toolchain 3154cc1a3e6424e44f438a95007d043ed5ceaaf6
[INFO] running `Command { std: CARGO_HOME="/workspace/cargo-home" RUSTUP_HOME="/workspace/rustup-home" "/workspace/cargo-home/bin/cargo" "+3154cc1a3e6424e44f438a95007d043ed5ceaaf6" "metadata" "--manifest-path" "Cargo.toml" "--no-deps", kill_on_drop: false }`
[INFO] crate git repo https://github.com/danrriv/practicas-rust already has a lockfile, it will not be regenerated
[INFO] running `Command { std: CARGO_HOME="/workspace/cargo-home" RUSTUP_HOME="/workspace/rustup-home" "/workspace/cargo-home/bin/cargo" "+3154cc1a3e6424e44f438a95007d043ed5ceaaf6" "fetch" "--manifest-path" "Cargo.toml", kill_on_drop: false }`
[INFO] running `Command { std: "docker" "create" "-v" "/var/lib/crater-agent-workspace/builds/worker-7-tc1/source:/opt/rustwide/workdir:ro,Z" "-v" "/var/lib/crater-agent-workspace/builds/worker-7-tc1/target:/opt/rustwide/target:rw,Z" "-v" "/var/lib/crater-agent-workspace/cargo-home:/opt/rustwide/cargo-home:ro,Z" "-v" "/var/lib/crater-agent-workspace/rustup-home:/opt/rustwide/rustup-home:ro,Z" "-m" "1610612736" "--network" "none" "ghcr.io/rust-lang/crates-build-env/linux@sha256:77db811e55d90add9212f6832c23229e3de5f1c1f9905e8cb07319ea15df73ac" "sleep" "infinity", kill_on_drop: false }`
[INFO] [stdout] a03ecd595e918881b36832ccf801d74f0a393f3d184a4edda57d87f41fba56e5
[INFO] running `Command { std: "docker" "start" "a03ecd595e918881b36832ccf801d74f0a393f3d184a4edda57d87f41fba56e5", kill_on_drop: false }`
[INFO] running `Command { std: "docker" "inspect" "a03ecd595e918881b36832ccf801d74f0a393f3d184a4edda57d87f41fba56e5", kill_on_drop: false }`
[INFO] running `Command { std: "docker" "exec" "-e" "SOURCE_DIR=/opt/rustwide/workdir" "-e" "CARGO_HOME=/opt/rustwide/cargo-home" "-e" "RUSTUP_HOME=/opt/rustwide/rustup-home" "-e" "CARGO_TARGET_DIR=/opt/rustwide/target" "-w" "/opt/rustwide/workdir" "--user" "0:0" "a03ecd595e918881b36832ccf801d74f0a393f3d184a4edda57d87f41fba56e5" "/opt/rustwide/cargo-home/bin/cargo" "+3154cc1a3e6424e44f438a95007d043ed5ceaaf6" "metadata" "--no-deps" "--format-version=1", kill_on_drop: false }`
[INFO] running `Command { std: "docker" "inspect" "a03ecd595e918881b36832ccf801d74f0a393f3d184a4edda57d87f41fba56e5", kill_on_drop: false }`
[INFO] running `Command { std: "docker" "exec" "-e" "SOURCE_DIR=/opt/rustwide/workdir" "-e" "CARGO_HOME=/opt/rustwide/cargo-home" "-e" "RUSTUP_HOME=/opt/rustwide/rustup-home" "-e" "CARGO_TARGET_DIR=/opt/rustwide/target" "-e" "CARGO_INCREMENTAL=0" "-e" "RUST_BACKTRACE=full" "-e" "RUSTFLAGS=--cap-lints=forbid -Znext-solver=coherence" "-e" "RUSTDOCFLAGS=--cap-lints=forbid" "-w" "/opt/rustwide/workdir" "--user" "0:0" "a03ecd595e918881b36832ccf801d74f0a393f3d184a4edda57d87f41fba56e5" "/opt/rustwide/cargo-home/bin/cargo" "+3154cc1a3e6424e44f438a95007d043ed5ceaaf6" "check" "--frozen" "--all" "--all-targets" "--message-format=json", kill_on_drop: false }`
[INFO] [stderr]    Compiling syn v3.0.3
[INFO] [stderr]     Checking serde_json v1.0.151
[INFO] [stderr]    Compiling serde_derive v1.0.229
[INFO] [stderr]     Checking serde v1.0.229
[INFO] [stderr]     Checking ejercicio1 v0.1.0 (/opt/rustwide/workdir)
[INFO] [stdout] error[E0583]: file not found for module `input`
[INFO] [stdout]  --> src/contact.rs:3:1
[INFO] [stdout]   |
[INFO] [stdout] 3 | mod input;
[INFO] [stdout]   | ^^^^^^^^^^
[INFO] [stdout]   |
[INFO] [stdout]   = help: to create the module `input`, create file "src/contact/input.rs" or "src/contact/input/mod.rs"
[INFO] [stdout]   = note: if there is a `mod input` elsewhere in the crate already, import it with `use crate::...` instead
[INFO] [stdout] 
[INFO] [stdout] 
[INFO] [stdout] error[E0583]: file not found for module `input`
[INFO] [stdout]  --> src/contact.rs:3:1
[INFO] [stdout]   |
[INFO] [stdout] 3 | mod input;
[INFO] [stdout]   | ^^^^^^^^^^
[INFO] [stdout]   |
[INFO] [stdout]   = help: to create the module `input`, create file "src/contact/input.rs" or "src/contact/input/mod.rs"
[INFO] [stdout]   = note: if there is a `mod input` elsewhere in the crate already, import it with `use crate::...` instead
[INFO] [stdout] 
[INFO] [stdout] 
[INFO] [stdout] error[E0425]: cannot find function `read_input` in this scope
[INFO] [stdout]   --> src/contact.rs:30:23
[INFO] [stdout]    |
[INFO] [stdout] 30 |         let contact = read_input();
[INFO] [stdout]    |                       ^^^^^^^^^^ not found in this scope
[INFO] [stdout]    |
[INFO] [stdout] help: consider importing this function
[INFO] [stdout]    |
[INFO] [stdout]  1 + use crate::input::read_input;
[INFO] [stdout]    |
[INFO] [stdout] 
[INFO] [stdout] 
[INFO] [stdout] error[E0425]: cannot find function `add_contact` in this scope
[INFO] [stdout]   --> src/main.rs:17:22
[INFO] [stdout]    |
[INFO] [stdout] 17 |                 1 => add_contact(contacts),
[INFO] [stdout]    |                      ^^^^^^^^^^^ not found in this scope
[INFO] [stdout]    |
[INFO] [stdout] note: function `crate::contact::add_contact` exists but is inaccessible
[INFO] [stdout]   --> src/contact.rs:26:1
[INFO] [stdout]    |
[INFO] [stdout] 26 | fn add_contact(list: &mut Vec<Contact>) {
[INFO] [stdout]    | ^^^^^^^^^^^^^^^^^^^^^^^^^^^^^^^^^^^^^^^ not accessible
[INFO] [stdout] 
[INFO] [stdout] 
[INFO] [stdout] error[E0425]: cannot find function `read_input` in this scope
[INFO] [stdout]   --> src/contact.rs:30:23
[INFO] [stdout]    |
[INFO] [stdout] 30 |         let contact = read_input();
[INFO] [stdout]    |                       ^^^^^^^^^^ not found in this scope
[INFO] [stdout]    |
[INFO] [stdout] help: consider importing this function
[INFO] [stdout]    |
[INFO] [stdout]  1 + use crate::input::read_input;
[INFO] [stdout]    |
[INFO] [stdout] 
[INFO] [stdout] 
[INFO] [stdout] error[E0425]: cannot find function `add_contact` in this scope
[INFO] [stdout]   --> src/main.rs:17:22
[INFO] [stdout]    |
[INFO] [stdout] 17 |                 1 => add_contact(contacts),
[INFO] [stdout]    |                      ^^^^^^^^^^^ not found in this scope
[INFO] [stdout]    |
[INFO] [stdout] note: function `crate::contact::add_contact` exists but is inaccessible
[INFO] [stdout]   --> src/contact.rs:26:1
[INFO] [stdout]    |
[INFO] [stdout] 26 | fn add_contact(list: &mut Vec<Contact>) {
[INFO] [stdout]    | ^^^^^^^^^^^^^^^^^^^^^^^^^^^^^^^^^^^^^^^ not accessible
[INFO] [stdout] 
[INFO] [stdout] 
[INFO] [stdout] error[E0425]: cannot find function `print_menu` in this scope
[INFO] [stdout]   --> src/contact.rs:38:13
[INFO] [stdout]    |
[INFO] [stdout] 38 |             print_menu();
[INFO] [stdout]    |             ^^^^^^^^^^ not found in this scope
[INFO] [stdout] 
[INFO] [stdout] 
[INFO] [stdout] error[E0425]: cannot find function `print_menu` in this scope
[INFO] [stdout]   --> src/contact.rs:38:13
[INFO] [stdout]    |
[INFO] [stdout] 38 |             print_menu();
[INFO] [stdout]    |             ^^^^^^^^^^ not found in this scope
[INFO] [stdout] 
[INFO] [stdout] 
[INFO] [stdout] error[E0425]: cannot find function `list_contact` in this scope
[INFO] [stdout]   --> src/main.rs:18:22
[INFO] [stdout]    |
[INFO] [stdout] 18 |                 2 => list_contact(contacts),
[INFO] [stdout]    |                      ^^^^^^^^^^^^ not found in this scope
[INFO] [stdout] 
[INFO] [stdout] 
[INFO] [stdout] error[E0425]: cannot find function `list_contact` in this scope
[INFO] [stdout]   --> src/main.rs:18:22
[INFO] [stdout]    |
[INFO] [stdout] 18 |                 2 => list_contact(contacts),
[INFO] [stdout]    |                      ^^^^^^^^^^^^ not found in this scope
[INFO] [stdout] 
[INFO] [stdout] 
[INFO] [stdout] Some errors have detailed explanations: E0425, E0583.
[INFO] [stdout] 
[INFO] [stdout] For more information about an error, try `rustc --explain E0425`.
[INFO] [stdout] 
[INFO] [stdout] Some errors have detailed explanations: E0425, E0583.
[INFO] [stdout] 
[INFO] [stdout] For more information about an error, try `rustc --explain E0425`.
[INFO] [stdout] 
[INFO] [stderr] error: could not compile `ejercicio1` (bin "ejercicio1") due to 5 previous errors
[INFO] [stderr] warning: build failed, waiting for other jobs to finish...
[INFO] [stderr] error: could not compile `ejercicio1` (bin "ejercicio1" test) due to 5 previous errors
[INFO] running `Command { std: "docker" "inspect" "a03ecd595e918881b36832ccf801d74f0a393f3d184a4edda57d87f41fba56e5", kill_on_drop: false }`
[INFO] running `Command { std: "docker" "rm" "-f" "a03ecd595e918881b36832ccf801d74f0a393f3d184a4edda57d87f41fba56e5", kill_on_drop: false }`
[INFO] [stdout] a03ecd595e918881b36832ccf801d74f0a393f3d184a4edda57d87f41fba56e5
