[INFO] cloning repository https://github.com/danielliwd/binance_rs_async_test
[INFO] running `Command { std: "git" "-c" "credential.helper=" "-c" "credential.helper=/workspace/cargo-home/bin/git-credential-null" "clone" "--bare" "https://github.com/danielliwd/binance_rs_async_test" "/workspace/cache/git-repos/https%3A%2F%2Fgithub.com%2Fdanielliwd%2Fbinance_rs_async_test", kill_on_drop: false }`
[INFO] [stderr] Cloning into bare repository '/workspace/cache/git-repos/https%3A%2F%2Fgithub.com%2Fdanielliwd%2Fbinance_rs_async_test'...
[INFO] running `Command { std: "git" "rev-parse" "HEAD", kill_on_drop: false }`
[INFO] [stdout] 4705322463edd50465582091d31b12b12f7c4009
[INFO] checking danielliwd/binance_rs_async_test against 3154cc1a3e6424e44f438a95007d043ed5ceaaf6 for pr-133502-30
[INFO] running `Command { std: "git" "clone" "/workspace/cache/git-repos/https%3A%2F%2Fgithub.com%2Fdanielliwd%2Fbinance_rs_async_test" "/workspace/builds/worker-4-tc2/source", kill_on_drop: false }`
[INFO] [stderr] Cloning into '/workspace/builds/worker-4-tc2/source'...
[INFO] [stderr] done.
[INFO] started tweaking git repo https://github.com/danielliwd/binance_rs_async_test
[INFO] finished tweaking git repo https://github.com/danielliwd/binance_rs_async_test
[INFO] tweaked toml for git repo https://github.com/danielliwd/binance_rs_async_test written to /workspace/builds/worker-4-tc2/source/Cargo.toml
[INFO] validating manifest of git repo https://github.com/danielliwd/binance_rs_async_test on toolchain 3154cc1a3e6424e44f438a95007d043ed5ceaaf6
[INFO] running `Command { std: CARGO_HOME="/workspace/cargo-home" RUSTUP_HOME="/workspace/rustup-home" "/workspace/cargo-home/bin/cargo" "+3154cc1a3e6424e44f438a95007d043ed5ceaaf6" "metadata" "--manifest-path" "Cargo.toml" "--no-deps", kill_on_drop: false }`
[INFO] crate git repo https://github.com/danielliwd/binance_rs_async_test already has a lockfile, it will not be regenerated
[INFO] running `Command { std: CARGO_HOME="/workspace/cargo-home" RUSTUP_HOME="/workspace/rustup-home" "/workspace/cargo-home/bin/cargo" "+3154cc1a3e6424e44f438a95007d043ed5ceaaf6" "fetch" "--manifest-path" "Cargo.toml", kill_on_drop: false }`
[INFO] running `Command { std: "docker" "create" "-v" "/var/lib/crater-agent-workspace/builds/worker-4-tc2/source:/opt/rustwide/workdir:ro,Z" "-v" "/var/lib/crater-agent-workspace/builds/worker-4-tc2/target:/opt/rustwide/target:rw,Z" "-v" "/var/lib/crater-agent-workspace/cargo-home:/opt/rustwide/cargo-home:ro,Z" "-v" "/var/lib/crater-agent-workspace/rustup-home:/opt/rustwide/rustup-home:ro,Z" "-m" "1610612736" "--network" "none" "ghcr.io/rust-lang/crates-build-env/linux@sha256:77db811e55d90add9212f6832c23229e3de5f1c1f9905e8cb07319ea15df73ac" "sleep" "infinity", kill_on_drop: false }`
[INFO] [stdout] 7b47b4a81ea699d4f503b6d86e11c9f9d083bf7eedaa91da5aa0981ebafab97a
[INFO] running `Command { std: "docker" "start" "7b47b4a81ea699d4f503b6d86e11c9f9d083bf7eedaa91da5aa0981ebafab97a", kill_on_drop: false }`
[INFO] running `Command { std: "docker" "inspect" "7b47b4a81ea699d4f503b6d86e11c9f9d083bf7eedaa91da5aa0981ebafab97a", kill_on_drop: false }`
[INFO] running `Command { std: "docker" "exec" "-e" "SOURCE_DIR=/opt/rustwide/workdir" "-e" "CARGO_HOME=/opt/rustwide/cargo-home" "-e" "RUSTUP_HOME=/opt/rustwide/rustup-home" "-e" "CARGO_TARGET_DIR=/opt/rustwide/target" "-w" "/opt/rustwide/workdir" "--user" "0:0" "7b47b4a81ea699d4f503b6d86e11c9f9d083bf7eedaa91da5aa0981ebafab97a" "/opt/rustwide/cargo-home/bin/cargo" "+3154cc1a3e6424e44f438a95007d043ed5ceaaf6" "metadata" "--no-deps" "--format-version=1", kill_on_drop: false }`
[INFO] running `Command { std: "docker" "inspect" "7b47b4a81ea699d4f503b6d86e11c9f9d083bf7eedaa91da5aa0981ebafab97a", kill_on_drop: false }`
[INFO] running `Command { std: "docker" "exec" "-e" "SOURCE_DIR=/opt/rustwide/workdir" "-e" "CARGO_HOME=/opt/rustwide/cargo-home" "-e" "RUSTUP_HOME=/opt/rustwide/rustup-home" "-e" "CARGO_TARGET_DIR=/opt/rustwide/target" "-e" "CARGO_INCREMENTAL=0" "-e" "RUST_BACKTRACE=full" "-e" "RUSTFLAGS=--cap-lints=forbid" "-e" "RUSTDOCFLAGS=--cap-lints=forbid" "-w" "/opt/rustwide/workdir" "--user" "0:0" "7b47b4a81ea699d4f503b6d86e11c9f9d083bf7eedaa91da5aa0981ebafab97a" "/opt/rustwide/cargo-home/bin/cargo" "+3154cc1a3e6424e44f438a95007d043ed5ceaaf6" "check" "--frozen" "--all" "--all-targets" "--message-format=json", kill_on_drop: false }`
[INFO] [stderr]    Compiling proc-macro2 v1.0.79
[INFO] [stderr]    Compiling libc v0.2.153
[INFO] [stderr]    Compiling autocfg v1.2.0
[INFO] [stderr]    Compiling cc v1.0.92
[INFO] [stderr]     Checking memchr v2.7.2
[INFO] [stderr]     Checking log v0.4.21
[INFO] [stderr]     Checking bytes v1.6.0
[INFO] [stderr]    Compiling serde v1.0.197
[INFO] [stderr]     Checking bitflags v2.5.0
[INFO] [stderr]     Checking smallvec v1.13.2
[INFO] [stderr]     Checking futures-io v0.3.30
[INFO] [stderr]    Compiling openssl v0.10.64
[INFO] [stderr]     Checking indexmap v2.2.6
[INFO] [stderr]     Checking unicode-normalization v0.1.23
[INFO] [stderr]    Compiling proc-macro-error-attr v1.0.4
[INFO] [stderr]    Compiling thiserror v1.0.58
[INFO] [stderr]     Checking ryu v1.0.17
[INFO] [stderr]    Compiling syn v1.0.109
[INFO] [stderr]    Compiling proc-macro-error v1.0.4
[INFO] [stderr]     Checking regex-syntax v0.8.3
[INFO] [stderr]     Checking unicode-width v0.1.11
[INFO] [stderr]     Checking vec_map v0.8.2
[INFO] [stderr]     Checking utf8parse v0.2.1
[INFO] [stderr]    Compiling crossbeam-utils v0.8.19
[INFO] [stderr]     Checking strsim v0.8.0
[INFO] [stderr]     Checking textwrap v0.11.0
[INFO] [stderr]    Compiling lock_api v0.4.11
[INFO] [stderr]    Compiling slab v0.4.9
[INFO] [stderr]    Compiling num-traits v0.2.18
[INFO] [stderr]    Compiling serde_json v1.0.115
[INFO] [stderr]     Checking http v0.2.12
[INFO] [stderr]     Checking aho-corasick v1.1.3
[INFO] [stderr]    Compiling unicode-segmentation v1.11.0
[INFO] [stderr]     Checking ansi_term v0.12.1
[INFO] [stderr]     Checking http v1.1.0
[INFO] [stderr]     Checking sha1 v0.10.6
[INFO] [stderr]     Checking anstyle-parse v0.2.3
[INFO] [stderr]     Checking anstyle v1.0.6
[INFO] [stderr]     Checking idna v0.5.0
[INFO] [stderr]     Checking anstyle-query v1.0.2
[INFO] [stderr]     Checking colorchoice v1.0.0
[INFO] [stderr]    Compiling heck v0.3.3
[INFO] [stderr]     Checking raw-cpuid v11.0.1
[INFO] [stderr]     Checking iana-time-zone v0.1.60
[INFO] [stderr]    Compiling rust_decimal v1.35.0
[INFO] [stderr]     Checking anstream v0.6.13
[INFO] [stderr]     Checking boolinator v2.4.0
[INFO] [stderr]     Checking arrayvec v0.7.4
[INFO] [stderr]     Checking url v2.5.0
[INFO] [stderr]     Checking parking_lot_core v0.9.9
[INFO] [stderr]     Checking socket2 v0.5.6
[INFO] [stderr]     Checking num_cpus v1.16.0
[INFO] [stderr]     Checking mio v0.8.11
[INFO] [stderr]     Checking signal-hook-registry v1.4.1
[INFO] [stderr]     Checking getrandom v0.2.14
[INFO] [stderr]     Checking atty v0.2.14
[INFO] [stderr]    Compiling quote v1.0.36
[INFO] [stderr]     Checking rand_core v0.6.4
[INFO] [stderr]     Checking clap v2.34.0
[INFO] [stderr]    Compiling syn v2.0.58
[INFO] [stderr]     Checking parking_lot v0.12.1
[INFO] [stderr]     Checking rand_chacha v0.3.1
[INFO] [stderr]     Checking http-body v0.4.6
[INFO] [stderr]     Checking rand v0.8.5
[INFO] [stderr]    Compiling openssl-sys v0.9.102
[INFO] [stderr]    Compiling ring v0.17.8
[INFO] [stderr]     Checking regex-automata v0.4.6
[INFO] [stderr]    Compiling native-tls v0.2.11
[INFO] [stderr]     Checking quanta v0.12.3
[INFO] [stderr]     Checking dotenv v0.15.0
[INFO] [stderr]     Checking atomic-interval v0.1.4
[INFO] [stderr]     Checking regex v1.10.4
[INFO] [stderr]     Checking env_filter v0.1.0
[INFO] [stderr]     Checking env_logger v0.11.3
[INFO] [stderr]    Compiling structopt-derive v0.4.18
[INFO] [stderr]     Checking structopt v0.3.26
[INFO] [stderr]    Compiling serde_derive v1.0.197
[INFO] [stderr]    Compiling futures-macro v0.3.30
[INFO] [stderr]    Compiling tokio-macros v2.2.0
[INFO] [stderr]    Compiling openssl-macros v0.1.1
[INFO] [stderr]    Compiling tracing-attributes v0.1.27
[INFO] [stderr]    Compiling thiserror-impl v1.0.58
[INFO] [stderr]    Compiling serde_repr v0.1.19
[INFO] [stderr]     Checking tokio v1.37.0
[INFO] [stderr]     Checking tracing v0.1.40
[INFO] [stderr]     Checking futures-util v0.3.30
[INFO] [stderr]     Checking tungstenite v0.21.0
[INFO] [stderr]     Checking futures-executor v0.3.30
[INFO] [stderr]     Checking futures v0.3.30
[INFO] [stderr]     Checking serde_urlencoded v0.7.1
[INFO] [stderr]     Checking chrono v0.4.37
[INFO] [stderr]     Checking serde_yaml v0.9.34+deprecated
[INFO] [stderr]     Checking serde_qs v0.12.0
[INFO] [stderr]     Checking tokio-util v0.7.10
[INFO] [stderr]     Checking tokio-native-tls v0.3.1
[INFO] [stderr]     Checking tokio-tungstenite v0.21.0
[INFO] [stderr]     Checking h2 v0.3.26
[INFO] [stderr]     Checking configurations v0.1.0 (/opt/rustwide/workdir/configurations)
[INFO] [stderr]     Checking hyper v0.14.28
[INFO] [stderr]     Checking hyper-tls v0.5.0
[INFO] [stderr]     Checking reqwest v0.11.27
[INFO] [stderr]     Checking binance-rs-async v1.3.3
[INFO] [stdout] error[E0277]: the trait bound `for<'de> !: Deserialize<'de>` is not satisfied
[INFO] [stdout]    --> /opt/rustwide/cargo-home/registry/src/index.crates.io-1949cf8c6b5b557f/binance-rs-async-1.3.3/src/futures/account.rs:269:9
[INFO] [stdout]     |
[INFO] [stdout] 269 | /         self.client
[INFO] [stdout] 270 | |             .post_signed_p(
[INFO] [stdout] 271 | |                 "/fapi/v1/positionSide/dual",
[INFO] [stdout] 272 | |                 ChangePositionModeRequest { dual_side_position },
[INFO] [stdout] 273 | |                 self.recv_window,
[INFO] [stdout] 274 | |             )
[INFO] [stdout]     | |_____________^ the trait `for<'de> Deserialize<'de>` is not implemented for `!`
[INFO] [stdout]     |
[INFO] [stdout]     = help: the following other types implement trait `Deserialize<'de>`:
[INFO] [stdout]               &'a Path
[INFO] [stdout]               &'a [u8]
[INFO] [stdout]               &'a str
[INFO] [stdout]               ()
[INFO] [stdout]               (T0, T1)
[INFO] [stdout]               (T0, T1, T2)
[INFO] [stdout]               (T0, T1, T2, T3)
[INFO] [stdout]               (T0, T1, T2, T3, T4)
[INFO] [stdout]             and 338 others
[INFO] [stdout]     = note: this error might have been caused by changes to Rust's type-inference algorithm (see issue #148922 <https://github.com/rust-lang/rust/issues/148922> for more information)
[INFO] [stdout]     = help: you might have intended to use the type `()` here instead
[INFO] [stdout]     = note: required for `!` to implement `DeserializeOwned`
[INFO] [stdout] note: required by a bound in `client::Client::post_signed_p`
[INFO] [stdout]    --> /opt/rustwide/cargo-home/registry/src/index.crates.io-1949cf8c6b5b557f/binance-rs-async-1.3.3/src/client.rs:74:35
[INFO] [stdout]     |
[INFO] [stdout]  24 | impl Client {
[INFO] [stdout] ...
[INFO] [stdout]  74 |     pub async fn post_signed_p<T: de::DeserializeOwned, P: serde::Serialize>(
[INFO] [stdout]     |                                   ^^^^^^^^^^^^^^^^^^^^ required by this bound in `Client::post_signed_p`
[INFO] [stdout] 
[INFO] [stdout] 
[INFO] [stdout] error[E0277]: the trait bound `for<'de> !: Deserialize<'de>` is not satisfied
[INFO] [stdout]    --> /opt/rustwide/cargo-home/registry/src/index.crates.io-1949cf8c6b5b557f/binance-rs-async-1.3.3/src/futures/account.rs:284:9
[INFO] [stdout]     |
[INFO] [stdout] 284 | /         self.client
[INFO] [stdout] 285 | |             .delete_signed_p(
[INFO] [stdout] 286 | |                 "/fapi/v1/allOpenOrders",
[INFO] [stdout] 287 | |                 PairQuery { symbol: symbol.into() },
[INFO] [stdout] 288 | |                 self.recv_window,
[INFO] [stdout] 289 | |             )
[INFO] [stdout]     | |_____________^ the trait `for<'de> Deserialize<'de>` is not implemented for `!`
[INFO] [stdout]     |
[INFO] [stdout]     = help: the following other types implement trait `Deserialize<'de>`:
[INFO] [stdout]               &'a Path
[INFO] [stdout]               &'a [u8]
[INFO] [stdout]               &'a str
[INFO] [stdout]               ()
[INFO] [stdout]               (T0, T1)
[INFO] [stdout]               (T0, T1, T2)
[INFO] [stdout]               (T0, T1, T2, T3)
[INFO] [stdout]               (T0, T1, T2, T3, T4)
[INFO] [stdout]             and 338 others
[INFO] [stdout]     = note: this error might have been caused by changes to Rust's type-inference algorithm (see issue #148922 <https://github.com/rust-lang/rust/issues/148922> for more information)
[INFO] [stdout]     = help: you might have intended to use the type `()` here instead
[INFO] [stdout]     = note: required for `!` to implement `DeserializeOwned`
[INFO] [stdout] note: required by a bound in `client::Client::delete_signed_p`
[INFO] [stdout]    --> /opt/rustwide/cargo-home/registry/src/index.crates.io-1949cf8c6b5b557f/binance-rs-async-1.3.3/src/client.rs:84:37
[INFO] [stdout]     |
[INFO] [stdout]  24 | impl Client {
[INFO] [stdout] ...
[INFO] [stdout]  84 |     pub async fn delete_signed_p<T: de::DeserializeOwned, P: serde::Serialize>(
[INFO] [stdout]     |                                     ^^^^^^^^^^^^^^^^^^^^ required by this bound in `Client::delete_signed_p`
[INFO] [stdout] 
[INFO] [stdout] 
[INFO] [stdout] error[E0277]: the trait bound `for<'de> !: Deserialize<'de>` is not satisfied
[INFO] [stdout]    --> /opt/rustwide/cargo-home/registry/src/index.crates.io-1949cf8c6b5b557f/binance-rs-async-1.3.3/src/futures/general.rs:14:9
[INFO] [stdout]     |
[INFO] [stdout]  14 |         self.client.get("/fapi/v1/ping", None).await?;
[INFO] [stdout]     |         ^^^^^^^^^^^^^^^^^^^^^^^^^^^^^^^^^^^^^^ the trait `for<'de> Deserialize<'de>` is not implemented for `!`
[INFO] [stdout]     |
[INFO] [stdout]     = help: the following other types implement trait `Deserialize<'de>`:
[INFO] [stdout]               &'a Path
[INFO] [stdout]               &'a [u8]
[INFO] [stdout]               &'a str
[INFO] [stdout]               ()
[INFO] [stdout]               (T0, T1)
[INFO] [stdout]               (T0, T1, T2)
[INFO] [stdout]               (T0, T1, T2, T3)
[INFO] [stdout]               (T0, T1, T2, T3, T4)
[INFO] [stdout]             and 338 others
[INFO] [stdout]     = note: this error might have been caused by changes to Rust's type-inference algorithm (see issue #148922 <https://github.com/rust-lang/rust/issues/148922> for more information)
[INFO] [stdout]     = help: you might have intended to use the type `()` here instead
[INFO] [stdout]     = note: required for `!` to implement `DeserializeOwned`
[INFO] [stdout] note: required by a bound in `client::Client::get`
[INFO] [stdout]    --> /opt/rustwide/cargo-home/registry/src/index.crates.io-1949cf8c6b5b557f/binance-rs-async-1.3.3/src/client.rs:106:25
[INFO] [stdout]     |
[INFO] [stdout]  24 | impl Client {
[INFO] [stdout] ...
[INFO] [stdout] 106 |     pub async fn get<T: DeserializeOwned>(&self, endpoint: &str, request: Option<&str>) -> Result<T> {
[INFO] [stdout]     |                         ^^^^^^^^^^^^^^^^ required by this bound in `Client::get`
[INFO] [stdout] 
[INFO] [stdout] 
[INFO] [stdout] For more information about this error, try `rustc --explain E0277`.
[INFO] [stdout] 
[INFO] [stderr] error: could not compile `binance-rs-async` (lib) due to 3 previous errors
[INFO] running `Command { std: "docker" "inspect" "7b47b4a81ea699d4f503b6d86e11c9f9d083bf7eedaa91da5aa0981ebafab97a", kill_on_drop: false }`
[INFO] running `Command { std: "docker" "rm" "-f" "7b47b4a81ea699d4f503b6d86e11c9f9d083bf7eedaa91da5aa0981ebafab97a", kill_on_drop: false }`
[INFO] [stdout] 7b47b4a81ea699d4f503b6d86e11c9f9d083bf7eedaa91da5aa0981ebafab97a
