[INFO] cloning repository https://github.com/danielbbarcelos/keyhold
[INFO] running `Command { std: "git" "-c" "credential.helper=" "-c" "credential.helper=/workspace/cargo-home/bin/git-credential-null" "clone" "--bare" "https://github.com/danielbbarcelos/keyhold" "/workspace/cache/git-repos/https%3A%2F%2Fgithub.com%2Fdanielbbarcelos%2Fkeyhold", kill_on_drop: false }`
[INFO] [stderr] Cloning into bare repository '/workspace/cache/git-repos/https%3A%2F%2Fgithub.com%2Fdanielbbarcelos%2Fkeyhold'...
[INFO] running `Command { std: "git" "rev-parse" "HEAD", kill_on_drop: false }`
[INFO] [stdout] dca8e6fd33c1d8c2cc4536a3fbfa1fd6f7a3d246
[INFO] checking danielbbarcelos/keyhold against 3154cc1a3e6424e44f438a95007d043ed5ceaaf6+rustflags=-Znext-solver=coherence for pr-133502-30
[INFO] running `Command { std: "git" "clone" "/workspace/cache/git-repos/https%3A%2F%2Fgithub.com%2Fdanielbbarcelos%2Fkeyhold" "/workspace/builds/worker-0-tc1/source", kill_on_drop: false }`
[INFO] [stderr] Cloning into '/workspace/builds/worker-0-tc1/source'...
[INFO] [stderr] done.
[INFO] started tweaking git repo https://github.com/danielbbarcelos/keyhold
[INFO] finished tweaking git repo https://github.com/danielbbarcelos/keyhold
[INFO] tweaked toml for git repo https://github.com/danielbbarcelos/keyhold written to /workspace/builds/worker-0-tc1/source/Cargo.toml
[INFO] validating manifest of git repo https://github.com/danielbbarcelos/keyhold on toolchain 3154cc1a3e6424e44f438a95007d043ed5ceaaf6
[INFO] running `Command { std: CARGO_HOME="/workspace/cargo-home" RUSTUP_HOME="/workspace/rustup-home" "/workspace/cargo-home/bin/cargo" "+3154cc1a3e6424e44f438a95007d043ed5ceaaf6" "metadata" "--manifest-path" "Cargo.toml" "--no-deps", kill_on_drop: false }`
[INFO] crate git repo https://github.com/danielbbarcelos/keyhold already has a lockfile, it will not be regenerated
[INFO] running `Command { std: CARGO_HOME="/workspace/cargo-home" RUSTUP_HOME="/workspace/rustup-home" "/workspace/cargo-home/bin/cargo" "+3154cc1a3e6424e44f438a95007d043ed5ceaaf6" "fetch" "--manifest-path" "Cargo.toml", kill_on_drop: false }`
[INFO] [stderr]     Blocking waiting for file lock on package cache
[INFO] [stderr]     Updating crates.io index
[INFO] [stderr]     Blocking waiting for file lock on package cache
[INFO] [stderr]  Downloading crates ...
[INFO] [stderr]   Downloaded zeroize_derive v1.5.0
[INFO] [stderr]   Downloaded quote v1.0.47
[INFO] [stderr]   Downloaded zeroize v1.9.0
[INFO] [stderr]   Downloaded unicode-ident v1.0.24
[INFO] [stderr]   Downloaded errno v0.3.14
[INFO] [stderr]   Downloaded httpdate v1.0.3
[INFO] [stderr]   Downloaded httparse v1.10.1
[INFO] [stderr]   Downloaded http-body v1.1.0
[INFO] [stderr]   Downloaded tokio-macros v2.7.2
[INFO] [stderr]   Downloaded crypto-common v0.1.7
[INFO] [stderr]   Downloaded form_urlencoded v1.2.2
[INFO] [stderr]   Downloaded itoa v1.0.18
[INFO] [stderr]   Downloaded colorchoice v1.0.5
[INFO] [stderr]   Downloaded cfg-if v1.0.4
[INFO] [stderr]   Downloaded block-buffer v0.12.1
[INFO] [stderr]   Downloaded signal-hook-registry v1.4.8
[INFO] [stderr]   Downloaded lock_api v0.4.14
[INFO] [stderr]   Downloaded once_cell_polyfill v1.70.2
[INFO] [stderr]   Downloaded winapi-util v0.1.11
[INFO] [stderr]   Downloaded strsim v0.11.1
[INFO] [stderr]   Downloaded sha1 v0.10.7
[INFO] [stderr]   Downloaded percent-encoding v2.3.2
[INFO] [stderr]   Downloaded cpufeatures v0.2.17
[INFO] [stderr]   Downloaded utf8parse v0.2.2
[INFO] [stderr]   Downloaded anstyle-query v1.1.5
[INFO] [stderr]   Downloaded rust-embed-utils v8.12.0
[INFO] [stderr]   Downloaded futures-task v0.3.34
[INFO] [stderr]   Downloaded futures-core v0.3.34
[INFO] [stderr]   Downloaded slab v0.4.12
[INFO] [stderr]   Downloaded pin-project-lite v0.2.17
[INFO] [stderr]   Downloaded redox_syscall v0.5.18
[INFO] [stderr]   Downloaded crypto-common v0.2.2
[INFO] [stderr]   Downloaded unicase v2.9.0
[INFO] [stderr]   Downloaded hashlink v0.9.1
[INFO] [stderr]   Downloaded anstream v1.0.0
[INFO] [stderr]   Downloaded is_terminal_polyfill v1.70.2
[INFO] [stderr]   Downloaded subtle v2.6.1
[INFO] [stderr]   Downloaded aead v0.5.2
[INFO] [stderr]   Downloaded hyper v1.11.1
[INFO] [stderr]   Downloaded rustversion v1.0.23
[INFO] [stderr]   Downloaded anyhow v1.0.104
[INFO] [stderr]   Downloaded parking_lot v0.12.5
[INFO] [stderr]   Downloaded parking_lot_core v0.9.12
[INFO] [stderr]   Downloaded smallvec v1.15.2
[INFO] [stderr]   Downloaded wasi v0.11.1+wasi-snapshot-preview1
[INFO] [stderr]   Downloaded tempfile v3.27.0
[INFO] [stderr]   Downloaded fallible-streaming-iterator v0.1.9
[INFO] [stderr]   Downloaded anstyle-wincon v3.0.11
[INFO] [stderr]   Downloaded windows-link v0.2.1
[INFO] [stderr]   Downloaded fallible-iterator v0.3.0
[INFO] [stderr]   Downloaded ghash v0.5.1
[INFO] [stderr]   Downloaded zmij v1.0.23
[INFO] [stderr]   Downloaded serde_path_to_error v0.1.20
[INFO] [stderr]   Downloaded opaque-debug v0.3.1
[INFO] [stderr]   Downloaded digest v0.11.3
[INFO] [stderr]   Downloaded rust-embed-impl v8.12.0
[INFO] [stderr]   Downloaded find-msvc-tools v0.1.11
[INFO] [stderr]   Downloaded ppv-lite86 v0.2.21
[INFO] [stderr]   Downloaded anstyle v1.0.14
[INFO] [stderr]   Downloaded once_cell v1.21.4
[INFO] [stderr]   Downloaded fastrand v2.5.0
[INFO] [stderr]   Downloaded shlex v2.0.1
[INFO] [stderr]   Downloaded sha2 v0.10.9
[INFO] [stderr]   Downloaded cpufeatures v0.3.1
[INFO] [stderr]   Downloaded pkg-config v0.3.34
[INFO] [stderr]   Downloaded anstyle-parse v1.0.0
[INFO] [stderr]   Downloaded getrandom v0.2.17
[INFO] [stderr]   Downloaded serde_core v1.0.229
[INFO] [stderr]   Downloaded sha2 v0.11.0
[INFO] [stderr]   Downloaded hybrid-array v0.4.14
[INFO] [stderr]   Downloaded hmac v0.12.1
[INFO] [stderr]   Downloaded proc-macro2 v1.0.107
[INFO] [stderr]   Downloaded socket2 v0.6.5
[INFO] [stderr]   Downloaded universal-hash v0.5.1
[INFO] [stderr]   Downloaded ahash v0.8.12
[INFO] [stderr]   Downloaded clap_derive v4.6.4
[INFO] [stderr]   Downloaded clap_lex v1.1.0
[INFO] [stderr]   Downloaded tracing-core v0.1.36
[INFO] [stderr]   Downloaded bitflags v2.13.1
[INFO] [stderr]   Downloaded inout v0.1.4
[INFO] [stderr]   Downloaded http-body-util v0.1.5
[INFO] [stderr]   Downloaded axum-core v0.4.5
[INFO] [stderr]   Downloaded async-trait v0.1.92
[INFO] [stderr]   Downloaded polyval v0.6.2
[INFO] [stderr]   Downloaded ctr v0.9.2
[INFO] [stderr]   Downloaded cipher v0.4.4
[INFO] [stderr]   Downloaded argon2 v0.5.3
[INFO] [stderr]   Downloaded password-hash v0.5.0
[INFO] [stderr]   Downloaded base64ct v1.8.3
[INFO] [stderr]   Downloaded serde_derive v1.0.229
[INFO] [stderr]   Downloaded log v0.4.34
[INFO] [stderr]   Downloaded r-efi v6.0.0
[INFO] [stderr]   Downloaded const-oid v0.10.2
[INFO] [stderr]   Downloaded clap v4.6.6
[INFO] [stderr]   Downloaded getrandom v0.4.3
[INFO] [stderr]   Downloaded ryu v1.0.23
[INFO] [stderr]   Downloaded matchit v0.7.3
[INFO] [stderr]   Downloaded futures-channel v0.3.34
[INFO] [stderr]   Downloaded blake2 v0.10.6
[INFO] [stderr]   Downloaded bytes v1.12.1
[INFO] [stderr]   Downloaded serde v1.0.229
[INFO] [stderr]   Downloaded rand v0.8.8
[INFO] [stderr]   Downloaded qrcode v0.14.1
[INFO] [stderr]   Downloaded memchr v2.8.3
[INFO] [stderr]   Downloaded cc v1.4.4
[INFO] [stderr]   Downloaded zerocopy-derive v0.8.56
[INFO] [stderr]   Downloaded mio v1.2.2
[INFO] [stderr]   Downloaded typenum v1.20.1
[INFO] [stderr]   Downloaded tower v0.5.3
[INFO] [stderr]   Downloaded hyper-util v0.1.20
[INFO] [stderr]   Downloaded serde_json v1.0.151
[INFO] [stderr]   Downloaded rusqlite v0.31.0
[INFO] [stderr]   Downloaded axum v0.7.9
[INFO] [stderr]   Downloaded http v1.5.0
[INFO] [stderr]   Downloaded aes v0.8.4
[INFO] [stderr]   Downloaded syn v2.0.119
[INFO] [stderr]   Downloaded clap_builder v4.6.6
[INFO] [stderr]   Downloaded futures-util v0.3.34
[INFO] [stderr]   Downloaded aes-gcm v0.10.3
[INFO] [stderr]   Downloaded vcpkg v0.2.15
[INFO] [stderr]   Downloaded zerocopy v0.8.56
[INFO] [stderr]   Downloaded syn v3.0.4
[INFO] [stderr]   Downloaded rustix v1.1.4
[INFO] [stderr]   Downloaded tracing v0.1.44
[INFO] [stderr]   Downloaded libc v0.2.189
[INFO] [stderr]   Downloaded rust-embed v8.12.0
[INFO] [stderr]   Downloaded tokio v1.53.1
[INFO] [stderr]   Downloaded windows-sys v0.61.2
[INFO] [stderr]   Downloaded linux-raw-sys v0.12.1
[INFO] [stderr]   Downloaded libsqlite3-sys v0.28.0
[INFO] running `Command { std: "docker" "create" "-v" "/var/lib/crater-agent-workspace/builds/worker-0-tc1/source:/opt/rustwide/workdir:ro,Z" "-v" "/var/lib/crater-agent-workspace/builds/worker-0-tc1/target:/opt/rustwide/target:rw,Z" "-v" "/var/lib/crater-agent-workspace/cargo-home:/opt/rustwide/cargo-home:ro,Z" "-v" "/var/lib/crater-agent-workspace/rustup-home:/opt/rustwide/rustup-home:ro,Z" "-m" "1610612736" "--network" "none" "ghcr.io/rust-lang/crates-build-env/linux@sha256:77db811e55d90add9212f6832c23229e3de5f1c1f9905e8cb07319ea15df73ac" "sleep" "infinity", kill_on_drop: false }`
[INFO] [stdout] 4821b22007d49c0df2a505cc3989f3ff9313ae2801e0b6755f242ee5c238ef0d
[INFO] running `Command { std: "docker" "start" "4821b22007d49c0df2a505cc3989f3ff9313ae2801e0b6755f242ee5c238ef0d", kill_on_drop: false }`
[INFO] running `Command { std: "docker" "inspect" "4821b22007d49c0df2a505cc3989f3ff9313ae2801e0b6755f242ee5c238ef0d", kill_on_drop: false }`
[INFO] running `Command { std: "docker" "exec" "-e" "SOURCE_DIR=/opt/rustwide/workdir" "-e" "CARGO_HOME=/opt/rustwide/cargo-home" "-e" "RUSTUP_HOME=/opt/rustwide/rustup-home" "-e" "CARGO_TARGET_DIR=/opt/rustwide/target" "-w" "/opt/rustwide/workdir" "--user" "0:0" "4821b22007d49c0df2a505cc3989f3ff9313ae2801e0b6755f242ee5c238ef0d" "/opt/rustwide/cargo-home/bin/cargo" "+3154cc1a3e6424e44f438a95007d043ed5ceaaf6" "metadata" "--no-deps" "--format-version=1", kill_on_drop: false }`
[INFO] running `Command { std: "docker" "inspect" "4821b22007d49c0df2a505cc3989f3ff9313ae2801e0b6755f242ee5c238ef0d", kill_on_drop: false }`
[INFO] running `Command { std: "docker" "exec" "-e" "SOURCE_DIR=/opt/rustwide/workdir" "-e" "CARGO_HOME=/opt/rustwide/cargo-home" "-e" "RUSTUP_HOME=/opt/rustwide/rustup-home" "-e" "CARGO_TARGET_DIR=/opt/rustwide/target" "-e" "CARGO_INCREMENTAL=0" "-e" "RUST_BACKTRACE=full" "-e" "RUSTFLAGS=--cap-lints=forbid -Znext-solver=coherence" "-e" "RUSTDOCFLAGS=--cap-lints=forbid" "-w" "/opt/rustwide/workdir" "--user" "0:0" "4821b22007d49c0df2a505cc3989f3ff9313ae2801e0b6755f242ee5c238ef0d" "/opt/rustwide/cargo-home/bin/cargo" "+3154cc1a3e6424e44f438a95007d043ed5ceaaf6" "check" "--frozen" "--all" "--all-targets" "--message-format=json", kill_on_drop: false }`
[INFO] [stderr]     Checking cfg-if v1.0.4
[INFO] [stderr]    Compiling libc v0.2.189
[INFO] [stderr]    Compiling version_check v0.9.5
[INFO] [stderr]     Checking typenum v1.20.1
[INFO] [stderr]    Compiling proc-macro2 v1.0.107
[INFO] [stderr]    Compiling quote v1.0.47
[INFO] [stderr]    Compiling unicode-ident v1.0.24
[INFO] [stderr]     Checking subtle v2.6.1
[INFO] [stderr]     Checking once_cell v1.21.4
[INFO] [stderr]     Checking itoa v1.0.18
[INFO] [stderr]    Compiling zerocopy v0.8.56
[INFO] [stderr]     Checking pin-project-lite v0.2.17
[INFO] [stderr]     Checking bytes v1.12.1
[INFO] [stderr]     Checking smallvec v1.15.2
[INFO] [stderr]    Compiling parking_lot_core v0.9.12
[INFO] [stderr]     Checking futures-core v0.3.34
[INFO] [stderr]     Checking scopeguard v1.2.0
[INFO] [stderr]    Compiling serde_core v1.0.229
[INFO] [stderr]     Checking cpufeatures v0.2.17
[INFO] [stderr]    Compiling unicase v2.9.0
[INFO] [stderr]    Compiling const-oid v0.10.2
[INFO] [stderr]    Compiling httparse v1.10.1
[INFO] [stderr]     Checking lock_api v0.4.14
[INFO] [stderr]    Compiling find-msvc-tools v0.1.11
[INFO] [stderr]    Compiling shlex v2.0.1
[INFO] [stderr]    Compiling zmij v1.0.23
[INFO] [stderr]     Checking tracing-core v0.1.36
[INFO] [stderr]     Checking tower-service v0.3.3
[INFO] [stderr]    Compiling cc v1.4.4
[INFO] [stderr]    Compiling mime_guess v2.0.5
[INFO] [stderr]    Compiling generic-array v0.14.7
[INFO] [stderr]    Compiling ahash v0.8.12
[INFO] [stderr]    Compiling serde v1.0.229
[INFO] [stderr]     Checking slab v0.4.12
[INFO] [stderr]     Checking futures-task v0.3.34
[INFO] [stderr]    Compiling rustversion v1.0.23
[INFO] [stderr]     Checking http v1.5.0
[INFO] [stderr]    Compiling same-file v1.0.6
[INFO] [stderr]    Compiling cpufeatures v0.3.1
[INFO] [stderr]     Checking utf8parse v0.2.2
[INFO] [stderr]    Compiling vcpkg v0.2.15
[INFO] [stderr]     Checking log v0.4.34
[INFO] [stderr]    Compiling pkg-config v0.3.34
[INFO] [stderr]     Checking anstyle-parse v1.0.0
[INFO] [stderr]     Checking futures-util v0.3.34
[INFO] [stderr]    Compiling walkdir v2.5.0
[INFO] [stderr]     Checking hybrid-array v0.4.14
[INFO] [stderr]     Checking http-body v1.1.0
[INFO] [stderr]     Checking tracing v0.1.44
[INFO] [stderr]    Compiling syn v3.0.4
[INFO] [stderr]    Compiling syn v2.0.119
[INFO] [stderr]     Checking futures-channel v0.3.34
[INFO] [stderr]     Checking anstyle-query v1.1.5
[INFO] [stderr]     Checking mime v0.3.17
[INFO] [stderr]     Checking colorchoice v1.0.5
[INFO] [stderr]     Checking opaque-debug v0.3.1
[INFO] [stderr]     Checking is_terminal_polyfill v1.70.2
[INFO] [stderr]     Checking percent-encoding v2.3.2
[INFO] [stderr]     Checking atomic-waker v1.1.2
[INFO] [stderr]     Checking httpdate v1.0.3
[INFO] [stderr]     Checking bitflags v2.13.1
[INFO] [stderr]     Checking anstyle v1.0.14
[INFO] [stderr]     Checking sync_wrapper v1.0.2
[INFO] [stderr]    Compiling serde_json v1.0.151
[INFO] [stderr]     Checking crypto-common v0.2.2
[INFO] [stderr]     Checking block-buffer v0.12.1
[INFO] [stderr]     Checking tower-layer v0.3.3
[INFO] [stderr]     Checking form_urlencoded v1.2.2
[INFO] [stderr]     Checking anstream v1.0.0
[INFO] [stderr]     Checking block-buffer v0.10.4
[INFO] [stderr]     Checking inout v0.1.4
[INFO] [stderr]     Checking http-body-util v0.1.5
[INFO] [stderr]     Checking getrandom v0.2.17
[INFO] [stderr]     Checking errno v0.3.14
[INFO] [stderr]     Checking mio v1.2.2
[INFO] [stderr]     Checking rand_core v0.6.4
[INFO] [stderr]     Checking socket2 v0.6.5
[INFO] [stderr]     Checking crypto-common v0.1.7
[INFO] [stderr]     Checking signal-hook-registry v1.4.8
[INFO] [stderr]     Checking digest v0.10.7
[INFO] [stderr]     Checking parking_lot v0.12.5
[INFO] [stderr]     Checking cipher v0.4.4
[INFO] [stderr]     Checking universal-hash v0.5.1
[INFO] [stderr]     Checking ryu v1.0.23
[INFO] [stderr]    Compiling anyhow v1.0.104
[INFO] [stderr]     Checking base64ct v1.8.3
[INFO] [stderr]     Checking polyval v0.6.2
[INFO] [stderr]     Checking clap_lex v1.1.0
[INFO] [stderr]     Checking digest v0.11.3
[INFO] [stderr]    Compiling thiserror v1.0.69
[INFO] [stderr]    Compiling libsqlite3-sys v0.28.0
[INFO] [stderr]     Checking strsim v0.11.1
[INFO] [stderr]    Compiling heck v0.5.0
[INFO] [stderr]     Checking memchr v2.8.3
[INFO] [stderr]     Checking ghash v0.5.1
[INFO] [stderr]     Checking blake2 v0.10.6
[INFO] [stderr]     Checking sha2 v0.11.0
[INFO] [stderr]     Checking ctr v0.9.2
[INFO] [stderr]     Checking password-hash v0.5.0
[INFO] [stderr]     Checking clap_builder v4.6.6
[INFO] [stderr]     Checking aes v0.8.4
[INFO] [stderr]     Checking aead v0.5.2
[INFO] [stderr]     Checking matchit v0.7.3
[INFO] [stderr]     Checking fallible-iterator v0.3.0
[INFO] [stderr]     Checking fallible-streaming-iterator v0.1.9
[INFO] [stderr]    Compiling getrandom v0.4.3
[INFO] [stderr]    Compiling rustix v1.1.4
[INFO] [stderr]     Checking aes-gcm v0.10.3
[INFO] [stderr]     Checking argon2 v0.5.3
[INFO] [stderr]     Checking serde_path_to_error v0.1.20
[INFO] [stderr]     Checking sha2 v0.10.9
[INFO] [stderr]     Checking sha1 v0.10.7
[INFO] [stderr]     Checking hmac v0.12.1
[INFO] [stderr]     Checking linux-raw-sys v0.12.1
[INFO] [stderr]     Checking qrcode v0.14.1
[INFO] [stderr]     Checking rust-embed-utils v8.12.0
[INFO] [stderr]     Checking fastrand v2.5.0
[INFO] [stderr]    Compiling tokio-macros v2.7.2
[INFO] [stderr]    Compiling serde_derive v1.0.229
[INFO] [stderr]    Compiling async-trait v0.1.92
[INFO] [stderr]    Compiling clap_derive v4.6.4
[INFO] [stderr]     Checking tokio v1.53.1
[INFO] [stderr]     Checking axum-core v0.4.5
[INFO] [stderr]     Checking clap v4.6.6
[INFO] [stderr]     Checking tempfile v3.27.0
[INFO] [stderr]     Checking ppv-lite86 v0.2.21
[INFO] [stderr]     Checking hashbrown v0.14.5
[INFO] [stderr]     Checking rand_chacha v0.3.1
[INFO] [stderr]    Compiling thiserror-impl v1.0.69
[INFO] [stderr]    Compiling rust-embed-impl v8.12.0
[INFO] [stderr]    Compiling zeroize_derive v1.5.0
[INFO] [stderr]     Checking rand v0.8.8
[INFO] [stderr]     Checking hashlink v0.9.1
[INFO] [stderr]     Checking zeroize v1.9.0
[INFO] [stderr]     Checking rust-embed v8.12.0
[INFO] [stderr]     Checking hyper v1.11.1
[INFO] [stderr]     Checking tower v0.5.3
[INFO] [stderr]     Checking serde_urlencoded v0.7.1
[INFO] [stderr]     Checking hyper-util v0.1.20
[INFO] [stderr]     Checking axum v0.7.9
[INFO] [stderr]     Checking rusqlite v0.31.0
[INFO] [stderr]     Checking keyhold v0.1.0 (/opt/rustwide/workdir)
[INFO] [stdout] error: #[derive(RustEmbed)] folder '/opt/rustwide/workdir/web/dist' does not exist. cwd: '/opt/rustwide/workdir'
[INFO] [stdout]   --> src/http/mod.rs:52:1
[INFO] [stdout]    |
[INFO] [stdout] 52 | / #[folder = "web/dist"]
[INFO] [stdout] 53 | | struct Assets;
[INFO] [stdout]    | |______________^
[INFO] [stdout] 
[INFO] [stdout] 
[INFO] [stdout] error: #[derive(RustEmbed)] folder '/opt/rustwide/workdir/web/dist' does not exist. cwd: '/opt/rustwide/workdir'
[INFO] [stdout]   --> src/http/mod.rs:52:1
[INFO] [stdout]    |
[INFO] [stdout] 52 | / #[folder = "web/dist"]
[INFO] [stdout] 53 | | struct Assets;
[INFO] [stdout]    | |______________^
[INFO] [stdout] 
[INFO] [stdout] 
[INFO] [stdout] error[E0599]: no associated function or constant named `get` found for struct `Assets` in the current scope
[INFO] [stdout]     --> src/http/mod.rs:1043:19
[INFO] [stdout]      |
[INFO] [stdout]   53 | struct Assets;
[INFO] [stdout]      | ------------- associated function or constant `get` not found for this struct
[INFO] [stdout] ...
[INFO] [stdout] 1043 |     match Assets::get(candidate).or_else(|| Assets::get("index.html")) {
[INFO] [stdout]      |                   ^^^ associated function or constant not found in `Assets`
[INFO] [stdout]      |
[INFO] [stdout]      = help: items from traits can only be used if the trait is implemented and in scope
[INFO] [stdout]      = note: the following traits define an item `get`, perhaps you need to implement one of them:
[INFO] [stdout]              candidate #1: `Embed`
[INFO] [stdout]              candidate #2: `SliceIndex`
[INFO] [stdout]              candidate #3: `fallible_streaming_iterator::FallibleStreamingIterator`
[INFO] [stdout] 
[INFO] [stdout] 
[INFO] [stdout] error[E0599]: no associated function or constant named `get` found for struct `Assets` in the current scope
[INFO] [stdout]     --> src/http/mod.rs:1043:19
[INFO] [stdout]      |
[INFO] [stdout]   53 | struct Assets;
[INFO] [stdout]      | ------------- associated function or constant `get` not found for this struct
[INFO] [stdout] ...
[INFO] [stdout] 1043 |     match Assets::get(candidate).or_else(|| Assets::get("index.html")) {
[INFO] [stdout]      |                   ^^^ associated function or constant not found in `Assets`
[INFO] [stdout]      |
[INFO] [stdout]      = help: items from traits can only be used if the trait is implemented and in scope
[INFO] [stdout]      = note: the following traits define an item `get`, perhaps you need to implement one of them:
[INFO] [stdout]              candidate #1: `Embed`
[INFO] [stdout]              candidate #2: `SliceIndex`
[INFO] [stdout]              candidate #3: `fallible_streaming_iterator::FallibleStreamingIterator`
[INFO] [stdout] 
[INFO] [stdout] 
[INFO] [stdout] error[E0599]: no associated function or constant named `get` found for struct `Assets` in the current scope
[INFO] [stdout]     --> src/http/mod.rs:1043:53
[INFO] [stdout]      |
[INFO] [stdout]   53 | struct Assets;
[INFO] [stdout]      | ------------- associated function or constant `get` not found for this struct
[INFO] [stdout] ...
[INFO] [stdout] 1043 |     match Assets::get(candidate).or_else(|| Assets::get("index.html")) {
[INFO] [stdout]      |                                                     ^^^ associated function or constant not found in `Assets`
[INFO] [stdout]      |
[INFO] [stdout]      = help: items from traits can only be used if the trait is implemented and in scope
[INFO] [stdout]      = note: the following traits define an item `get`, perhaps you need to implement one of them:
[INFO] [stdout]              candidate #1: `Embed`
[INFO] [stdout]              candidate #2: `SliceIndex`
[INFO] [stdout]              candidate #3: `fallible_streaming_iterator::FallibleStreamingIterator`
[INFO] [stdout] 
[INFO] [stdout] 
[INFO] [stdout] error[E0599]: no associated function or constant named `get` found for struct `Assets` in the current scope
[INFO] [stdout]     --> src/http/mod.rs:1043:53
[INFO] [stdout]      |
[INFO] [stdout]   53 | struct Assets;
[INFO] [stdout]      | ------------- associated function or constant `get` not found for this struct
[INFO] [stdout] ...
[INFO] [stdout] 1043 |     match Assets::get(candidate).or_else(|| Assets::get("index.html")) {
[INFO] [stdout]      |                                                     ^^^ associated function or constant not found in `Assets`
[INFO] [stdout]      |
[INFO] [stdout]      = help: items from traits can only be used if the trait is implemented and in scope
[INFO] [stdout]      = note: the following traits define an item `get`, perhaps you need to implement one of them:
[INFO] [stdout]              candidate #1: `Embed`
[INFO] [stdout]              candidate #2: `SliceIndex`
[INFO] [stdout]              candidate #3: `fallible_streaming_iterator::FallibleStreamingIterator`
[INFO] [stdout] 
[INFO] [stdout] 
[INFO] [stdout] warning: unused variable: `lock`
[INFO] [stdout]    --> src/audit.rs:584:27
[INFO] [stdout]     |
[INFO] [stdout] 584 |         let (_dir, store, lock) = scratch();
[INFO] [stdout]     |                           ^^^^ help: if this is intentional, prefix it with an underscore: `_lock`
[INFO] [stdout]     |
[INFO] [stdout]     = note: `#[warn(unused_variables)]` (part of `#[warn(unused)]`) on by default
[INFO] [stdout] 
[INFO] [stdout] 
[INFO] [stdout] For more information about this error, try `rustc --explain E0599`.
[INFO] [stdout] 
[INFO] [stderr] error: could not compile `keyhold` (lib) due to 3 previous errors
[INFO] [stderr] warning: build failed, waiting for other jobs to finish...
[INFO] [stdout] For more information about this error, try `rustc --explain E0599`.
[INFO] [stdout] 
[INFO] [stderr] error: could not compile `keyhold` (lib test) due to 3 previous errors; 1 warning emitted
[INFO] running `Command { std: "docker" "inspect" "4821b22007d49c0df2a505cc3989f3ff9313ae2801e0b6755f242ee5c238ef0d", kill_on_drop: false }`
[INFO] running `Command { std: "docker" "rm" "-f" "4821b22007d49c0df2a505cc3989f3ff9313ae2801e0b6755f242ee5c238ef0d", kill_on_drop: false }`
[INFO] [stdout] 4821b22007d49c0df2a505cc3989f3ff9313ae2801e0b6755f242ee5c238ef0d
