[INFO] cloning repository https://github.com/damody/mprofiler-proto
[INFO] running `Command { std: "git" "-c" "credential.helper=" "-c" "credential.helper=/workspace/cargo-home/bin/git-credential-null" "clone" "--bare" "https://github.com/damody/mprofiler-proto" "/workspace/cache/git-repos/https%3A%2F%2Fgithub.com%2Fdamody%2Fmprofiler-proto", kill_on_drop: false }`
[INFO] [stderr] Cloning into bare repository '/workspace/cache/git-repos/https%3A%2F%2Fgithub.com%2Fdamody%2Fmprofiler-proto'...
[INFO] running `Command { std: "git" "rev-parse" "HEAD", kill_on_drop: false }`
[INFO] [stdout] e5317c163b6016ed4e7e888d7bbde825ee0ac800
[INFO] checking damody/mprofiler-proto against 3154cc1a3e6424e44f438a95007d043ed5ceaaf6+rustflags=-Znext-solver=coherence for pr-133502-30
[INFO] running `Command { std: "git" "clone" "/workspace/cache/git-repos/https%3A%2F%2Fgithub.com%2Fdamody%2Fmprofiler-proto" "/workspace/builds/worker-0-tc1/source", kill_on_drop: false }`
[INFO] [stderr] Cloning into '/workspace/builds/worker-0-tc1/source'...
[INFO] [stderr] done.
[INFO] started tweaking git repo https://github.com/damody/mprofiler-proto
[INFO] finished tweaking git repo https://github.com/damody/mprofiler-proto
[INFO] tweaked toml for git repo https://github.com/damody/mprofiler-proto written to /workspace/builds/worker-0-tc1/source/Cargo.toml
[INFO] validating manifest of git repo https://github.com/damody/mprofiler-proto on toolchain 3154cc1a3e6424e44f438a95007d043ed5ceaaf6
[INFO] running `Command { std: CARGO_HOME="/workspace/cargo-home" RUSTUP_HOME="/workspace/rustup-home" "/workspace/cargo-home/bin/cargo" "+3154cc1a3e6424e44f438a95007d043ed5ceaaf6" "metadata" "--manifest-path" "Cargo.toml" "--no-deps", kill_on_drop: false }`
[INFO] crate git repo https://github.com/damody/mprofiler-proto already has a lockfile, it will not be regenerated
[INFO] running `Command { std: CARGO_HOME="/workspace/cargo-home" RUSTUP_HOME="/workspace/rustup-home" "/workspace/cargo-home/bin/cargo" "+3154cc1a3e6424e44f438a95007d043ed5ceaaf6" "fetch" "--manifest-path" "Cargo.toml", kill_on_drop: false }`
[INFO] [stderr]     Updating crates.io index
[INFO] [stderr]  Downloading crates ...
[INFO] [stderr]   Downloaded unicode-ident v1.0.23
[INFO] [stderr]   Downloaded protoc-bin-vendored v3.2.0
[INFO] [stderr]   Downloaded tempfile v3.25.0
[INFO] [stderr]   Downloaded getrandom v0.4.1
[INFO] [stderr]   Downloaded syn v2.0.115
[INFO] [stderr]   Downloaded libc v0.2.181
[INFO] [stderr]   Downloaded protoc-bin-vendored-macos-aarch_64 v3.2.0
[INFO] [stderr]   Downloaded protoc-bin-vendored-macos-x86_64 v3.2.0
[INFO] [stderr]   Downloaded protoc-bin-vendored-win32 v3.2.0
[INFO] [stderr]   Downloaded protoc-bin-vendored-linux-aarch_64 v3.2.0
[INFO] [stderr]   Downloaded protoc-bin-vendored-linux-x86_64 v3.2.0
[INFO] [stderr]   Downloaded protoc-bin-vendored-linux-x86_32 v3.2.0
[INFO] [stderr]   Downloaded protoc-bin-vendored-linux-ppcle_64 v3.2.0
[INFO] [stderr]   Downloaded protoc-bin-vendored-linux-s390_64 v3.2.0
[INFO] running `Command { std: "docker" "create" "-v" "/var/lib/crater-agent-workspace/builds/worker-0-tc1/source:/opt/rustwide/workdir:ro,Z" "-v" "/var/lib/crater-agent-workspace/builds/worker-0-tc1/target:/opt/rustwide/target:rw,Z" "-v" "/var/lib/crater-agent-workspace/cargo-home:/opt/rustwide/cargo-home:ro,Z" "-v" "/var/lib/crater-agent-workspace/rustup-home:/opt/rustwide/rustup-home:ro,Z" "-m" "1610612736" "--network" "none" "ghcr.io/rust-lang/crates-build-env/linux@sha256:77db811e55d90add9212f6832c23229e3de5f1c1f9905e8cb07319ea15df73ac" "sleep" "infinity", kill_on_drop: false }`
[INFO] [stdout] 1333430b3efd36b3d0ec398f3abbd58eef6786b015a2d5797c5e01e09786d9fb
[INFO] running `Command { std: "docker" "start" "1333430b3efd36b3d0ec398f3abbd58eef6786b015a2d5797c5e01e09786d9fb", kill_on_drop: false }`
[INFO] running `Command { std: "docker" "inspect" "1333430b3efd36b3d0ec398f3abbd58eef6786b015a2d5797c5e01e09786d9fb", kill_on_drop: false }`
[INFO] running `Command { std: "docker" "exec" "-e" "SOURCE_DIR=/opt/rustwide/workdir" "-e" "CARGO_HOME=/opt/rustwide/cargo-home" "-e" "RUSTUP_HOME=/opt/rustwide/rustup-home" "-e" "CARGO_TARGET_DIR=/opt/rustwide/target" "-w" "/opt/rustwide/workdir" "--user" "0:0" "1333430b3efd36b3d0ec398f3abbd58eef6786b015a2d5797c5e01e09786d9fb" "/opt/rustwide/cargo-home/bin/cargo" "+3154cc1a3e6424e44f438a95007d043ed5ceaaf6" "metadata" "--no-deps" "--format-version=1", kill_on_drop: false }`
[INFO] running `Command { std: "docker" "inspect" "1333430b3efd36b3d0ec398f3abbd58eef6786b015a2d5797c5e01e09786d9fb", kill_on_drop: false }`
[INFO] running `Command { std: "docker" "exec" "-e" "SOURCE_DIR=/opt/rustwide/workdir" "-e" "CARGO_HOME=/opt/rustwide/cargo-home" "-e" "RUSTUP_HOME=/opt/rustwide/rustup-home" "-e" "CARGO_TARGET_DIR=/opt/rustwide/target" "-e" "CARGO_INCREMENTAL=0" "-e" "RUST_BACKTRACE=full" "-e" "RUSTFLAGS=--cap-lints=forbid -Znext-solver=coherence" "-e" "RUSTDOCFLAGS=--cap-lints=forbid" "-w" "/opt/rustwide/workdir" "--user" "0:0" "1333430b3efd36b3d0ec398f3abbd58eef6786b015a2d5797c5e01e09786d9fb" "/opt/rustwide/cargo-home/bin/cargo" "+3154cc1a3e6424e44f438a95007d043ed5ceaaf6" "check" "--frozen" "--all" "--all-targets" "--message-format=json", kill_on_drop: false }`
[INFO] [stderr]    Compiling quote v1.0.44
[INFO] [stderr]    Compiling unicode-ident v1.0.23
[INFO] [stderr]    Compiling libc v0.2.181
[INFO] [stderr]    Compiling anyhow v1.0.101
[INFO] [stderr]    Compiling either v1.15.0
[INFO] [stderr]    Compiling getrandom v0.4.1
[INFO] [stderr]    Compiling rustix v1.1.3
[INFO] [stderr]    Compiling bitflags v2.10.0
[INFO] [stderr]    Compiling proc-macro2 v1.0.106
[INFO] [stderr]    Compiling linux-raw-sys v0.11.0
[INFO] [stderr]    Compiling bytes v1.11.1
[INFO] [stderr]    Compiling hashbrown v0.16.1
[INFO] [stderr]    Compiling itertools v0.14.0
[INFO] [stderr]    Compiling prettyplease v0.2.37
[INFO] [stderr]    Compiling regex-syntax v0.8.9
[INFO] [stderr]    Compiling once_cell v1.21.3
[INFO] [stderr]     Checking pin-project-lite v0.2.16
[INFO] [stderr]    Compiling fixedbitset v0.5.7
[INFO] [stderr]    Compiling indexmap v2.13.0
[INFO] [stderr]    Compiling syn v2.0.115
[INFO] [stderr]    Compiling fastrand v2.3.0
[INFO] [stderr]    Compiling multimap v0.10.1
[INFO] [stderr]     Checking itoa v1.0.17
[INFO] [stderr]    Compiling zstd-safe v7.2.4
[INFO] [stderr]     Checking http v1.4.0
[INFO] [stderr]    Compiling protoc-bin-vendored-linux-x86_32 v3.2.0
[INFO] [stderr]    Compiling jobserver v0.1.34
[INFO] [stderr]    Compiling protoc-bin-vendored-linux-aarch_64 v3.2.0
[INFO] [stderr]    Compiling protoc-bin-vendored-linux-x86_64 v3.2.0
[INFO] [stderr]    Compiling cc v1.2.60
[INFO] [stderr]    Compiling petgraph v0.7.1
[INFO] [stderr]    Compiling protoc-bin-vendored-linux-ppcle_64 v3.2.0
[INFO] [stderr]    Compiling regex-automata v0.4.14
[INFO] [stderr]    Compiling protoc-bin-vendored-macos-aarch_64 v3.2.0
[INFO] [stderr]    Compiling tempfile v3.25.0
[INFO] [stderr]    Compiling protoc-bin-vendored-linux-s390_64 v3.2.0
[INFO] [stderr]    Compiling protoc-bin-vendored-macos-x86_64 v3.2.0
[INFO] [stderr]    Compiling protoc-bin-vendored-win32 v3.2.0
[INFO] [stderr]     Checking futures-core v0.3.31
[INFO] [stderr]    Compiling protoc-bin-vendored v3.2.0
[INFO] [stderr]     Checking http-body v1.0.1
[INFO] [stderr]     Checking tracing-core v0.1.36
[INFO] [stderr]     Checking tokio v1.49.0
[INFO] [stderr]     Checking http-body-util v0.1.3
[INFO] [stderr]    Compiling zstd-sys v2.0.16+zstd.1.5.7
[INFO] [stderr]     Checking tokio-stream v0.1.18
[INFO] [stderr]    Compiling regex v1.12.3
[INFO] [stderr]    Compiling prost-derive v0.13.5
[INFO] [stderr]    Compiling tracing-attributes v0.1.31
[INFO] [stderr]    Compiling pin-project-internal v1.1.10
[INFO] [stderr]    Compiling async-trait v0.1.89
[INFO] [stderr]     Checking pin-project v1.1.10
[INFO] [stderr]     Checking tracing v0.1.44
[INFO] [stderr]    Compiling prost v0.13.5
[INFO] [stderr]    Compiling prost-types v0.13.5
[INFO] [stderr]     Checking zstd v0.13.3
[INFO] [stderr]     Checking tonic v0.12.3
[INFO] [stderr]    Compiling prost-build v0.13.5
[INFO] [stderr]    Compiling tonic-build v0.12.3
[INFO] [stderr]    Compiling mprofiler-proto v0.1.0 (/opt/rustwide/workdir)
[INFO] [stdout] error[E0433]: cannot find `transport` in `tonic`
[INFO] [stdout]     --> /opt/rustwide/target/debug/build/mprofiler-proto/8a57c16c4e8a83ad/out/mprofiler.rs:1192:39
[INFO] [stdout]      |
[INFO] [stdout] 1192 |     impl ProfilerServiceClient<tonic::transport::Channel> {
[INFO] [stdout]      |                                       ^^^^^^^^^ could not find `transport` in `tonic`
[INFO] [stdout]      |
[INFO] [stdout] note: found an item that was configured out
[INFO] [stdout]     --> /opt/rustwide/cargo-home/registry/src/index.crates.io-1949cf8c6b5b557f/tonic-0.12.3/src/lib.rs:110:9
[INFO] [stdout]      |
[INFO] [stdout]  109 | #[cfg(any(feature = "server", feature = "channel"))]
[INFO] [stdout]      |          ----------------------------------------- the item is gated here
[INFO] [stdout]  110 | pub mod transport;
[INFO] [stdout]      |         ^^^^^^^^^
[INFO] [stdout] 
[INFO] [stdout] 
[INFO] [stdout] error[E0433]: cannot find `transport` in `tonic`
[INFO] [stdout]     --> /opt/rustwide/target/debug/build/mprofiler-proto/8a57c16c4e8a83ad/out/mprofiler.rs:1192:39
[INFO] [stdout]      |
[INFO] [stdout] 1192 |     impl ProfilerServiceClient<tonic::transport::Channel> {
[INFO] [stdout]      |                                       ^^^^^^^^^ could not find `transport` in `tonic`
[INFO] [stdout]      |
[INFO] [stdout] note: found an item that was configured out
[INFO] [stdout]     --> /opt/rustwide/cargo-home/registry/src/index.crates.io-1949cf8c6b5b557f/tonic-0.12.3/src/lib.rs:110:9
[INFO] [stdout]      |
[INFO] [stdout]  109 | #[cfg(any(feature = "server", feature = "channel"))]
[INFO] [stdout]      |          ----------------------------------------- the item is gated here
[INFO] [stdout]  110 | pub mod transport;
[INFO] [stdout]      |         ^^^^^^^^^
[INFO] [stdout] 
[INFO] [stdout] 
[INFO] [stdout] error[E0433]: cannot find `transport` in `tonic`
[INFO] [stdout]     --> /opt/rustwide/target/debug/build/mprofiler-proto/8a57c16c4e8a83ad/out/mprofiler.rs:1196:31
[INFO] [stdout]      |
[INFO] [stdout] 1196 |             D: TryInto<tonic::transport::Endpoint>,
[INFO] [stdout]      |                               ^^^^^^^^^ could not find `transport` in `tonic`
[INFO] [stdout]      |
[INFO] [stdout] note: found an item that was configured out
[INFO] [stdout]     --> /opt/rustwide/cargo-home/registry/src/index.crates.io-1949cf8c6b5b557f/tonic-0.12.3/src/lib.rs:110:9
[INFO] [stdout]      |
[INFO] [stdout]  109 | #[cfg(any(feature = "server", feature = "channel"))]
[INFO] [stdout]      |          ----------------------------------------- the item is gated here
[INFO] [stdout]  110 | pub mod transport;
[INFO] [stdout]      |         ^^^^^^^^^
[INFO] [stdout] 
[INFO] [stdout] 
[INFO] [stdout] error[E0433]: cannot find `transport` in `tonic`
[INFO] [stdout]     --> /opt/rustwide/target/debug/build/mprofiler-proto/8a57c16c4e8a83ad/out/mprofiler.rs:1196:31
[INFO] [stdout]      |
[INFO] [stdout] 1196 |             D: TryInto<tonic::transport::Endpoint>,
[INFO] [stdout]      |                               ^^^^^^^^^ could not find `transport` in `tonic`
[INFO] [stdout]      |
[INFO] [stdout] note: found an item that was configured out
[INFO] [stdout]     --> /opt/rustwide/cargo-home/registry/src/index.crates.io-1949cf8c6b5b557f/tonic-0.12.3/src/lib.rs:110:9
[INFO] [stdout]      |
[INFO] [stdout]  109 | #[cfg(any(feature = "server", feature = "channel"))]
[INFO] [stdout]      |          ----------------------------------------- the item is gated here
[INFO] [stdout]  110 | pub mod transport;
[INFO] [stdout]      |         ^^^^^^^^^
[INFO] [stdout] 
[INFO] [stdout] 
[INFO] [stdout] error[E0433]: cannot find `transport` in `tonic`
[INFO] [stdout]     --> /opt/rustwide/target/debug/build/mprofiler-proto/8a57c16c4e8a83ad/out/mprofiler.rs:1194:64
[INFO] [stdout]      |
[INFO] [stdout] 1194 |         pub async fn connect<D>(dst: D) -> Result<Self, tonic::transport::Error>
[INFO] [stdout]      |                                                                ^^^^^^^^^ could not find `transport` in `tonic`
[INFO] [stdout]      |
[INFO] [stdout] note: found an item that was configured out
[INFO] [stdout]     --> /opt/rustwide/cargo-home/registry/src/index.crates.io-1949cf8c6b5b557f/tonic-0.12.3/src/lib.rs:110:9
[INFO] [stdout]      |
[INFO] [stdout]  109 | #[cfg(any(feature = "server", feature = "channel"))]
[INFO] [stdout]      |          ----------------------------------------- the item is gated here
[INFO] [stdout]  110 | pub mod transport;
[INFO] [stdout]      |         ^^^^^^^^^
[INFO] [stdout] 
[INFO] [stdout] 
[INFO] [stdout] error[E0433]: cannot find `transport` in `tonic`
[INFO] [stdout]     --> /opt/rustwide/target/debug/build/mprofiler-proto/8a57c16c4e8a83ad/out/mprofiler.rs:1199:31
[INFO] [stdout]      |
[INFO] [stdout] 1199 |             let conn = tonic::transport::Endpoint::new(dst)?.connect().await?;
[INFO] [stdout]      |                               ^^^^^^^^^ could not find `transport` in `tonic`
[INFO] [stdout]      |
[INFO] [stdout] note: found an item that was configured out
[INFO] [stdout]     --> /opt/rustwide/cargo-home/registry/src/index.crates.io-1949cf8c6b5b557f/tonic-0.12.3/src/lib.rs:110:9
[INFO] [stdout]      |
[INFO] [stdout]  109 | #[cfg(any(feature = "server", feature = "channel"))]
[INFO] [stdout]      |          ----------------------------------------- the item is gated here
[INFO] [stdout]  110 | pub mod transport;
[INFO] [stdout]      |         ^^^^^^^^^
[INFO] [stdout] 
[INFO] [stdout] 
[INFO] [stdout] error[E0433]: cannot find `transport` in `tonic`
[INFO] [stdout]     --> /opt/rustwide/target/debug/build/mprofiler-proto/8a57c16c4e8a83ad/out/mprofiler.rs:1194:64
[INFO] [stdout]      |
[INFO] [stdout] 1194 |         pub async fn connect<D>(dst: D) -> Result<Self, tonic::transport::Error>
[INFO] [stdout]      |                                                                ^^^^^^^^^ could not find `transport` in `tonic`
[INFO] [stdout]      |
[INFO] [stdout] note: found an item that was configured out
[INFO] [stdout]     --> /opt/rustwide/cargo-home/registry/src/index.crates.io-1949cf8c6b5b557f/tonic-0.12.3/src/lib.rs:110:9
[INFO] [stdout]      |
[INFO] [stdout]  109 | #[cfg(any(feature = "server", feature = "channel"))]
[INFO] [stdout]      |          ----------------------------------------- the item is gated here
[INFO] [stdout]  110 | pub mod transport;
[INFO] [stdout]      |         ^^^^^^^^^
[INFO] [stdout] 
[INFO] [stdout] 
[INFO] [stdout] error[E0433]: cannot find `transport` in `tonic`
[INFO] [stdout]     --> /opt/rustwide/target/debug/build/mprofiler-proto/8a57c16c4e8a83ad/out/mprofiler.rs:1199:31
[INFO] [stdout]      |
[INFO] [stdout] 1199 |             let conn = tonic::transport::Endpoint::new(dst)?.connect().await?;
[INFO] [stdout]      |                               ^^^^^^^^^ could not find `transport` in `tonic`
[INFO] [stdout]      |
[INFO] [stdout] note: found an item that was configured out
[INFO] [stdout]     --> /opt/rustwide/cargo-home/registry/src/index.crates.io-1949cf8c6b5b557f/tonic-0.12.3/src/lib.rs:110:9
[INFO] [stdout]      |
[INFO] [stdout]  109 | #[cfg(any(feature = "server", feature = "channel"))]
[INFO] [stdout]      |          ----------------------------------------- the item is gated here
[INFO] [stdout]  110 | pub mod transport;
[INFO] [stdout]      |         ^^^^^^^^^
[INFO] [stdout] 
[INFO] [stdout] 
[INFO] [stdout] For more information about this error, try `rustc --explain E0433`.
[INFO] [stdout] 
[INFO] [stderr] error: could not compile `mprofiler-proto` (lib) due to 4 previous errors
[INFO] [stderr] warning: build failed, waiting for other jobs to finish...
[INFO] [stdout] For more information about this error, try `rustc --explain E0433`.
[INFO] [stdout] 
[INFO] [stderr] error: could not compile `mprofiler-proto` (lib test) due to 4 previous errors
[INFO] running `Command { std: "docker" "inspect" "1333430b3efd36b3d0ec398f3abbd58eef6786b015a2d5797c5e01e09786d9fb", kill_on_drop: false }`
[INFO] running `Command { std: "docker" "rm" "-f" "1333430b3efd36b3d0ec398f3abbd58eef6786b015a2d5797c5e01e09786d9fb", kill_on_drop: false }`
[INFO] [stdout] 1333430b3efd36b3d0ec398f3abbd58eef6786b015a2d5797c5e01e09786d9fb
