[INFO] cloning repository https://github.com/cyprich/minecraft-wrapped
[INFO] running `Command { std: "git" "-c" "credential.helper=" "-c" "credential.helper=/workspace/cargo-home/bin/git-credential-null" "clone" "--bare" "https://github.com/cyprich/minecraft-wrapped" "/workspace/cache/git-repos/https%3A%2F%2Fgithub.com%2Fcyprich%2Fminecraft-wrapped", kill_on_drop: false }`
[INFO] [stderr] Cloning into bare repository '/workspace/cache/git-repos/https%3A%2F%2Fgithub.com%2Fcyprich%2Fminecraft-wrapped'...
[INFO] running `Command { std: "git" "rev-parse" "HEAD", kill_on_drop: false }`
[INFO] [stdout] 49354b3a3ae0b165c094dddba5b6b9a7f2dfb1ed
[INFO] checking cyprich/minecraft-wrapped against 3154cc1a3e6424e44f438a95007d043ed5ceaaf6 for pr-133502-30
[INFO] running `Command { std: "git" "clone" "/workspace/cache/git-repos/https%3A%2F%2Fgithub.com%2Fcyprich%2Fminecraft-wrapped" "/workspace/builds/worker-1-tc2/source", kill_on_drop: false }`
[INFO] [stderr] Cloning into '/workspace/builds/worker-1-tc2/source'...
[INFO] [stderr] done.
[INFO] started tweaking git repo https://github.com/cyprich/minecraft-wrapped
[INFO] finished tweaking git repo https://github.com/cyprich/minecraft-wrapped
[INFO] tweaked toml for git repo https://github.com/cyprich/minecraft-wrapped written to /workspace/builds/worker-1-tc2/source/Cargo.toml
[INFO] validating manifest of git repo https://github.com/cyprich/minecraft-wrapped on toolchain 3154cc1a3e6424e44f438a95007d043ed5ceaaf6
[INFO] running `Command { std: CARGO_HOME="/workspace/cargo-home" RUSTUP_HOME="/workspace/rustup-home" "/workspace/cargo-home/bin/cargo" "+3154cc1a3e6424e44f438a95007d043ed5ceaaf6" "metadata" "--manifest-path" "Cargo.toml" "--no-deps", kill_on_drop: false }`
[INFO] crate git repo https://github.com/cyprich/minecraft-wrapped already has a lockfile, it will not be regenerated
[INFO] running `Command { std: CARGO_HOME="/workspace/cargo-home" RUSTUP_HOME="/workspace/rustup-home" "/workspace/cargo-home/bin/cargo" "+3154cc1a3e6424e44f438a95007d043ed5ceaaf6" "fetch" "--manifest-path" "Cargo.toml", kill_on_drop: false }`
[INFO] running `Command { std: "docker" "create" "-v" "/var/lib/crater-agent-workspace/builds/worker-1-tc2/source:/opt/rustwide/workdir:ro,Z" "-v" "/var/lib/crater-agent-workspace/builds/worker-1-tc2/target:/opt/rustwide/target:rw,Z" "-v" "/var/lib/crater-agent-workspace/cargo-home:/opt/rustwide/cargo-home:ro,Z" "-v" "/var/lib/crater-agent-workspace/rustup-home:/opt/rustwide/rustup-home:ro,Z" "-m" "1610612736" "--network" "none" "ghcr.io/rust-lang/crates-build-env/linux@sha256:77db811e55d90add9212f6832c23229e3de5f1c1f9905e8cb07319ea15df73ac" "sleep" "infinity", kill_on_drop: false }`
[INFO] [stdout] bcb61aabe6ff85a43aceeb8fd52f9a3dea627f928edbb4385f8a22a3f0b7f03d
[INFO] running `Command { std: "docker" "start" "bcb61aabe6ff85a43aceeb8fd52f9a3dea627f928edbb4385f8a22a3f0b7f03d", kill_on_drop: false }`
[INFO] running `Command { std: "docker" "inspect" "bcb61aabe6ff85a43aceeb8fd52f9a3dea627f928edbb4385f8a22a3f0b7f03d", kill_on_drop: false }`
[INFO] running `Command { std: "docker" "exec" "-e" "SOURCE_DIR=/opt/rustwide/workdir" "-e" "CARGO_HOME=/opt/rustwide/cargo-home" "-e" "RUSTUP_HOME=/opt/rustwide/rustup-home" "-e" "CARGO_TARGET_DIR=/opt/rustwide/target" "-w" "/opt/rustwide/workdir" "--user" "0:0" "bcb61aabe6ff85a43aceeb8fd52f9a3dea627f928edbb4385f8a22a3f0b7f03d" "/opt/rustwide/cargo-home/bin/cargo" "+3154cc1a3e6424e44f438a95007d043ed5ceaaf6" "metadata" "--no-deps" "--format-version=1", kill_on_drop: false }`
[INFO] running `Command { std: "docker" "inspect" "bcb61aabe6ff85a43aceeb8fd52f9a3dea627f928edbb4385f8a22a3f0b7f03d", kill_on_drop: false }`
[INFO] running `Command { std: "docker" "exec" "-e" "SOURCE_DIR=/opt/rustwide/workdir" "-e" "CARGO_HOME=/opt/rustwide/cargo-home" "-e" "RUSTUP_HOME=/opt/rustwide/rustup-home" "-e" "CARGO_TARGET_DIR=/opt/rustwide/target" "-e" "CARGO_INCREMENTAL=0" "-e" "RUST_BACKTRACE=full" "-e" "RUSTFLAGS=--cap-lints=forbid" "-e" "RUSTDOCFLAGS=--cap-lints=forbid" "-w" "/opt/rustwide/workdir" "--user" "0:0" "bcb61aabe6ff85a43aceeb8fd52f9a3dea627f928edbb4385f8a22a3f0b7f03d" "/opt/rustwide/cargo-home/bin/cargo" "+3154cc1a3e6424e44f438a95007d043ed5ceaaf6" "check" "--frozen" "--all" "--all-targets" "--message-format=json", kill_on_drop: false }`
[INFO] [stderr]    Compiling proc-macro2 v1.0.107
[INFO] [stderr]    Compiling unicode-ident v1.0.24
[INFO] [stderr]    Compiling quote v1.0.47
[INFO] [stderr]    Compiling serde_core v1.0.229
[INFO] [stderr]    Compiling libc v0.2.189
[INFO] [stderr]    Compiling serde v1.0.229
[INFO] [stderr]    Compiling autocfg v1.5.1
[INFO] [stderr]     Checking cfg-if v1.0.4
[INFO] [stderr]    Compiling zmij v1.0.23
[INFO] [stderr]    Compiling version_check v0.9.5
[INFO] [stderr]    Compiling stable_deref_trait v1.2.1
[INFO] [stderr]    Compiling serde_json v1.0.151
[INFO] [stderr]    Compiling icu_normalizer_data v2.2.0
[INFO] [stderr]    Compiling typenum v1.20.1
[INFO] [stderr]    Compiling generic-array v0.14.9
[INFO] [stderr]    Compiling icu_properties_data v2.2.0
[INFO] [stderr]    Compiling parking_lot_core v0.9.12
[INFO] [stderr]    Compiling num-traits v0.2.19
[INFO] [stderr]     Checking log v0.4.33
[INFO] [stderr]    Compiling syn v3.0.3
[INFO] [stderr]    Compiling syn v2.0.119
[INFO] [stderr]     Checking memchr v2.8.3
[INFO] [stderr]     Checking iana-time-zone v0.1.65
[INFO] [stderr]     Checking chrono v0.4.45
[INFO] [stderr]    Compiling writeable v0.6.3
[INFO] [stderr]     Checking itoa v1.0.18
[INFO] [stderr]    Compiling litemap v0.8.2
[INFO] [stderr]    Compiling crossbeam-utils v0.8.22
[INFO] [stderr]    Compiling hybrid-array v0.4.14
[INFO] [stderr]     Checking uuid v1.24.0
[INFO] [stderr]    Compiling utf8_iter v1.0.4
[INFO] [stderr]    Compiling thiserror v2.0.20
[INFO] [stderr]    Compiling pin-project-lite v0.2.17
[INFO] [stderr]     Checking once_cell v1.21.4
[INFO] [stderr]    Compiling anyhow v1.0.104
[INFO] [stderr]    Compiling getrandom v0.4.3
[INFO] [stderr]    Compiling cmov v0.5.4
[INFO] [stderr]    Compiling block-buffer v0.12.1
[INFO] [stderr]    Compiling ctutils v0.4.2
[INFO] [stderr]    Compiling crypto-common v0.2.2
[INFO] [stderr]    Compiling pkg-config v0.3.33
[INFO] [stderr]    Compiling futures-core v0.3.33
[INFO] [stderr]     Checking byteorder v1.5.0
[INFO] [stderr]     Checking scopeguard v1.2.0
[INFO] [stderr]    Compiling equivalent v1.0.2
[INFO] [stderr]    Compiling lock_api v0.4.14
[INFO] [stderr]    Compiling digest v0.11.3
[INFO] [stderr]    Compiling crypto-common v0.1.6
[INFO] [stderr]    Compiling block-buffer v0.10.4
[INFO] [stderr]    Compiling mio v1.2.2
[INFO] [stderr]    Compiling socket2 v0.6.5
[INFO] [stderr]    Compiling foldhash v0.2.0
[INFO] [stderr]    Compiling cpufeatures v0.3.0
[INFO] [stderr]    Compiling futures-sink v0.3.34
[INFO] [stderr]    Compiling crc32fast v1.5.0
[INFO] [stderr]    Compiling percent-encoding v2.3.2
[INFO] [stderr]     Checking simd-adler32 v0.3.10
[INFO] [stderr]    Compiling tinyvec_macros v0.1.1
[INFO] [stderr]    Compiling rand_core v0.10.1
[INFO] [stderr]    Compiling shlex v2.0.1
[INFO] [stderr]    Compiling allocator-api2 v0.2.21
[INFO] [stderr]    Compiling bytes v1.12.1
[INFO] [stderr]    Compiling find-msvc-tools v0.1.10
[INFO] [stderr]    Compiling serde_derive v1.0.229
[INFO] [stderr]    Compiling displaydoc v0.2.7
[INFO] [stderr]    Compiling thiserror-impl v2.0.20
[INFO] [stderr]    Compiling semver v1.0.28
[INFO] [stderr]    Compiling hashbrown v0.16.1
[INFO] [stderr]    Compiling synstructure v0.13.2
[INFO] [stderr]    Compiling tokio v1.53.1
[INFO] [stderr]    Compiling rustc_version v0.4.1
[INFO] [stderr]    Compiling cc v1.4.2
[INFO] [stderr]    Compiling tracing-core v0.1.36
[INFO] [stderr]    Compiling tinyvec v1.12.0
[INFO] [stderr]    Compiling form_urlencoded v1.2.2
[INFO] [stderr]    Compiling digest v0.10.7
[INFO] [stderr]     Checking errno v0.3.14
[INFO] [stderr]    Compiling parking v2.2.1
[INFO] [stderr]    Compiling futures-task v0.3.33
[INFO] [stderr]    Compiling futures-io v0.3.34
[INFO] [stderr]     Checking bitflags v2.13.1
[INFO] [stderr]    Compiling slab v0.4.12
[INFO] [stderr]     Checking adler2 v2.0.1
[INFO] [stderr]    Compiling hashbrown v0.17.1
[INFO] [stderr]    Compiling cpufeatures v0.2.17
[INFO] [stderr]    Compiling crc-catalog v2.5.0
[INFO] [stderr]    Compiling sha2 v0.10.9
[INFO] [stderr]    Compiling crc v3.4.0
[INFO] [stderr]    Compiling crossbeam-queue v0.3.13
[INFO] [stderr]     Checking miniz_oxide v0.8.9
[INFO] [stderr]    Compiling futures-util v0.3.33
[INFO] [stderr]    Compiling freetype-sys v0.20.1
[INFO] [stderr]    Compiling zerofrom-derive v0.1.7
[INFO] [stderr]    Compiling yoke-derive v0.8.2
[INFO] [stderr]    Compiling zerovec-derive v0.11.3
[INFO] [stderr]    Compiling tracing-attributes v0.1.31
[INFO] [stderr]    Compiling indexmap v2.14.0
[INFO] [stderr]    Compiling zerofrom v0.1.8
[INFO] [stderr]    Compiling yoke v0.8.3
[INFO] [stderr]    Compiling zerovec v0.11.6
[INFO] [stderr]     Checking smallvec v1.15.2
[INFO] [stderr]    Compiling zerotrie v0.2.4
[INFO] [stderr]     Checking parking_lot v0.12.5
[INFO] [stderr]    Compiling tinystr v0.8.3
[INFO] [stderr]    Compiling potential_utf v0.1.5
[INFO] [stderr]    Compiling icu_collections v2.2.0
[INFO] [stderr]    Compiling icu_locale_core v2.2.0
[INFO] [stderr]     Checking shared v0.1.0 (/opt/rustwide/workdir/crates/shared)
[INFO] [stderr]    Compiling futures-intrusive v0.5.0
[INFO] [stderr]    Compiling either v1.17.0
[INFO] [stderr]    Compiling tracing v0.1.44
[INFO] [stderr]    Compiling event-listener v5.4.2
[INFO] [stderr]    Compiling tokio-stream v0.1.19
[INFO] [stderr]     Checking signal-hook-registry v1.4.8
[INFO] [stderr]     Checking icu_provider v2.2.0
[INFO] [stderr]    Compiling unicode-normalization v0.1.25
[INFO] [stderr]    Compiling hashlink v0.11.1
[INFO] [stderr]    Compiling pathfinder_simd v0.5.6
[INFO] [stderr]     Checking icu_properties v2.2.0
[INFO] [stderr]     Checking icu_normalizer v2.2.0
[INFO] [stderr]    Compiling tokio-macros v2.7.2
[INFO] [stderr]    Compiling chacha20 v0.10.1
[INFO] [stderr]    Compiling hmac v0.13.0
[INFO] [stderr]    Compiling yeslogic-fontconfig-sys v6.0.1
[INFO] [stderr]    Compiling num-conv v0.2.2
[INFO] [stderr]    Compiling time-core v0.1.9
[INFO] [stderr]    Compiling base64 v0.22.1
[INFO] [stderr]    Compiling unicode-properties v0.1.4
[INFO] [stderr]    Compiling unicode-bidi v0.3.18
[INFO] [stderr]    Compiling time-macros v0.2.32
[INFO] [stderr]    Compiling hkdf v0.13.0
[INFO] [stderr]    Compiling rand v0.10.2
[INFO] [stderr]     Checking idna_adapter v1.2.2
[INFO] [stderr]    Compiling stringprep v0.1.5
[INFO] [stderr]     Checking idna v1.1.0
[INFO] [stderr]     Checking flate2 v1.1.9
[INFO] [stderr]    Compiling atoi v2.0.0
[INFO] [stderr]     Checking fdeflate v0.3.7
[INFO] [stderr]    Compiling futures-channel v0.3.33
[INFO] [stderr]    Compiling sha2 v0.11.0
[INFO] [stderr]    Compiling md-5 v0.11.0
[INFO] [stderr]    Compiling url v2.5.8
[INFO] [stderr]     Checking libloading v0.8.9
[INFO] [stderr]    Compiling whoami v2.1.2
[INFO] [stderr]     Checking powerfmt v0.2.0
[INFO] [stderr]    Compiling hex v0.4.3
[INFO] [stderr]    Compiling dotenvy v0.15.7
[INFO] [stderr]    Compiling sqlx-core v0.9.0
[INFO] [stderr]     Checking deranged v0.5.8
[INFO] [stderr]     Checking option-ext v0.2.0
[INFO] [stderr]     Checking bitflags v1.3.2
[INFO] [stderr]     Checking color_quant v1.1.0
[INFO] [stderr]     Checking num_threads v0.1.7
[INFO] [stderr]     Checking png v0.17.16
[INFO] [stderr]     Checking dirs-sys v0.5.0
[INFO] [stderr]     Checking dlib v0.5.3
[INFO] [stderr]     Checking time v0.3.55
[INFO] [stderr]     Checking same-file v1.0.6
[INFO] [stderr]     Checking plotters-backend v0.3.7
[INFO] [stderr]    Compiling font-kit v0.14.3
[INFO] [stderr]     Checking colored v3.1.1
[INFO] [stderr]     Checking bytemuck v1.25.2
[INFO] [stderr]    Compiling heck v0.5.0
[INFO] [stderr]     Checking weezl v0.1.12
[INFO] [stderr]     Checking jpeg-decoder v0.3.2
[INFO] [stderr]     Checking gif v0.12.0
[INFO] [stderr]     Checking walkdir v2.5.0
[INFO] [stderr]     Checking pathfinder_geometry v0.5.1
[INFO] [stderr]     Checking dirs v6.0.0
[INFO] [stderr]     Checking image v0.24.9
[INFO] [stderr]     Checking float-ord v0.3.2
[INFO] [stderr]     Checking lazy_static v1.5.0
[INFO] [stderr]     Checking simple_logger v5.2.0
[INFO] [stderr]     Checking plotters-svg v0.3.7
[INFO] [stderr]     Checking ttf-parser v0.20.0
[INFO] [stderr]     Checking importer v0.1.0 (/opt/rustwide/workdir/crates/importer)
[INFO] [stderr]     Checking processor v0.1.0 (/opt/rustwide/workdir/crates/processor)
[INFO] [stderr]     Checking collector v0.1.0 (/opt/rustwide/workdir/crates/collector)
[INFO] [stderr]     Checking reporter v0.1.0 (/opt/rustwide/workdir/crates/reporter)
[INFO] [stderr]    Compiling sqlx-postgres v0.9.0
[INFO] [stderr]     Checking plotters-bitmap v0.3.7
[INFO] [stderr]     Checking plotters v0.3.7
[INFO] [stderr]     Checking charter v0.1.0 (/opt/rustwide/workdir/crates/charter)
[INFO] [stderr]    Compiling sqlx-macros-core v0.9.0
[INFO] [stderr]    Compiling sqlx-macros v0.9.0
[INFO] [stderr]     Checking sqlx v0.9.0
[INFO] [stderr]     Checking db v0.1.0 (/opt/rustwide/workdir/crates/db)
[INFO] [stdout] error: set `DATABASE_URL` to use query macros online, or run `cargo sqlx prepare` to update the query cache
[INFO] [stdout]   --> crates/db/src/insert.rs:18:14
[INFO] [stdout]    |
[INFO] [stdout] 18 |       let id = query_scalar!(
[INFO] [stdout]    |  ______________^
[INFO] [stdout] 19 | |         "insert into players (name, color_hex) values ($1, $2) returning id",
[INFO] [stdout] 20 | |         name,
[INFO] [stdout] 21 | |         color_hex
[INFO] [stdout] 22 | |     )
[INFO] [stdout]    | |_____^
[INFO] [stdout]    |
[INFO] [stdout]    = note: this error originates in the macro `$crate::sqlx_macros::expand_query` which comes from the expansion of the macro `query_scalar` (in Nightly builds, run with -Z macro-backtrace for more info)
[INFO] [stdout] 
[INFO] [stdout] 
[INFO] [stdout] error: set `DATABASE_URL` to use query macros online, or run `cargo sqlx prepare` to update the query cache
[INFO] [stdout]   --> crates/db/src/insert.rs:34:5
[INFO] [stdout]    |
[INFO] [stdout] 34 | /     query!(
[INFO] [stdout] 35 | |         "insert into player_uuids (uuid) values ($1) on conflict do nothing",
[INFO] [stdout] 36 | |         uuid
[INFO] [stdout] 37 | |     )
[INFO] [stdout]    | |_____^
[INFO] [stdout]    |
[INFO] [stdout]    = note: this error originates in the macro `$crate::sqlx_macros::expand_query` which comes from the expansion of the macro `query` (in Nightly builds, run with -Z macro-backtrace for more info)
[INFO] [stdout] 
[INFO] [stdout] 
[INFO] [stdout] error: set `DATABASE_URL` to use query macros online, or run `cargo sqlx prepare` to update the query cache
[INFO] [stdout]   --> crates/db/src/select.rs:11:19
[INFO] [stdout]    |
[INFO] [stdout] 11 |     let players = query_as!(PlayerRow, "select * from players")
[INFO] [stdout]    |                   ^^^^^^^^^^^^^^^^^^^^^^^^^^^^^^^^^^^^^^^^^^^^^
[INFO] [stdout]    |
[INFO] [stdout]    = note: this error originates in the macro `$crate::sqlx_macros::expand_query` which comes from the expansion of the macro `query_as` (in Nightly builds, run with -Z macro-backtrace for more info)
[INFO] [stdout] 
[INFO] [stdout] 
[INFO] [stdout] error: set `DATABASE_URL` to use query macros online, or run `cargo sqlx prepare` to update the query cache
[INFO] [stdout]   --> crates/db/src/select.rs:15:17
[INFO] [stdout]    |
[INFO] [stdout] 15 |       let uuids = query_as!(
[INFO] [stdout]    |  _________________^
[INFO] [stdout] 16 | |         PlayerUuidRow,
[INFO] [stdout] 17 | |         "select * from player_uuids where player_id is not null"
[INFO] [stdout] 18 | |     )
[INFO] [stdout]    | |_____^
[INFO] [stdout]    |
[INFO] [stdout]    = note: this error originates in the macro `$crate::sqlx_macros::expand_query` which comes from the expansion of the macro `query_as` (in Nightly builds, run with -Z macro-backtrace for more info)
[INFO] [stdout] 
[INFO] [stdout] 
[INFO] [stdout] error: set `DATABASE_URL` to use query macros online, or run `cargo sqlx prepare` to update the query cache
[INFO] [stdout]   --> crates/db/src/select.rs:43:17
[INFO] [stdout]    |
[INFO] [stdout] 43 |     let count = query_scalar!("select count(*) from stats")
[INFO] [stdout]    |                 ^^^^^^^^^^^^^^^^^^^^^^^^^^^^^^^^^^^^^^^^^^^
[INFO] [stdout]    |
[INFO] [stdout]    = note: this error originates in the macro `$crate::sqlx_macros::expand_query` which comes from the expansion of the macro `query_scalar` (in Nightly builds, run with -Z macro-backtrace for more info)
[INFO] [stdout] 
[INFO] [stdout] 
[INFO] [stdout] error: set `DATABASE_URL` to use query macros online, or run `cargo sqlx prepare` to update the query cache
[INFO] [stdout]   --> crates/db/src/select.rs:72:27
[INFO] [stdout]    |
[INFO] [stdout] 72 |           let stats_chunk = query_as!(
[INFO] [stdout]    |  ___________________________^
[INFO] [stdout] 73 | |             StatRow,
[INFO] [stdout] 74 | |             "select * from stats limit $1 offset $2",
[INFO] [stdout] 75 | |             SELECT_CHUNK_SIZE,
[INFO] [stdout] 76 | |             offset
[INFO] [stdout] 77 | |         )
[INFO] [stdout]    | |_________^
[INFO] [stdout]    |
[INFO] [stdout]    = note: this error originates in the macro `$crate::sqlx_macros::expand_query` which comes from the expansion of the macro `query_as` (in Nightly builds, run with -Z macro-backtrace for more info)
[INFO] [stdout] 
[INFO] [stdout] 
[INFO] [stdout] warning: unused imports: `PlayerRow`, `PlayerUuidRow`, and `StatRow`
[INFO] [stdout]  --> crates/db/src/select.rs:7:21
[INFO] [stdout]   |
[INFO] [stdout] 7 | use crate::models::{PlayerRow, PlayerUuidRow, StatRow};
[INFO] [stdout]   |                     ^^^^^^^^^  ^^^^^^^^^^^^^  ^^^^^^^
[INFO] [stdout]   |
[INFO] [stdout]   = note: `#[warn(unused_imports)]` (part of `#[warn(unused)]`) on by default
[INFO] [stdout] 
[INFO] [stdout] 
[INFO] [stdout] warning: method call on a diverging inference variable
[INFO] [stdout]   --> crates/db/src/select.rs:23:10
[INFO] [stdout]    |
[INFO] [stdout] 23 |         .into_iter()
[INFO] [stdout]    |          ^^^^^^^^^
[INFO] [stdout]    |
[INFO] [stdout]    = help: consider providing a type annotation
[INFO] [stdout]    = warning: this was previously accepted by the compiler but is being phased out; it will become a hard error in a future release!
[INFO] [stdout]    = note: for more information, see issue #156047 <https://github.com/rust-lang/rust/issues/156047>
[INFO] [stdout]    = note: `#[warn(method_call_on_diverging_infer_var)]` (part of `#[warn(future_incompatible)]`) on by default
[INFO] [stdout] 
[INFO] [stdout] 
[INFO] [stdout] error: set `DATABASE_URL` to use query macros online, or run `cargo sqlx prepare` to update the query cache
[INFO] [stdout]   --> crates/db/src/insert.rs:18:14
[INFO] [stdout]    |
[INFO] [stdout] 18 |       let id = query_scalar!(
[INFO] [stdout]    |  ______________^
[INFO] [stdout] 19 | |         "insert into players (name, color_hex) values ($1, $2) returning id",
[INFO] [stdout] 20 | |         name,
[INFO] [stdout] 21 | |         color_hex
[INFO] [stdout] 22 | |     )
[INFO] [stdout]    | |_____^
[INFO] [stdout]    |
[INFO] [stdout]    = note: this error originates in the macro `$crate::sqlx_macros::expand_query` which comes from the expansion of the macro `query_scalar` (in Nightly builds, run with -Z macro-backtrace for more info)
[INFO] [stdout] 
[INFO] [stdout] 
[INFO] [stdout] error: set `DATABASE_URL` to use query macros online, or run `cargo sqlx prepare` to update the query cache
[INFO] [stdout]   --> crates/db/src/insert.rs:34:5
[INFO] [stdout]    |
[INFO] [stdout] 34 | /     query!(
[INFO] [stdout] 35 | |         "insert into player_uuids (uuid) values ($1) on conflict do nothing",
[INFO] [stdout] 36 | |         uuid
[INFO] [stdout] 37 | |     )
[INFO] [stdout]    | |_____^
[INFO] [stdout]    |
[INFO] [stdout]    = note: this error originates in the macro `$crate::sqlx_macros::expand_query` which comes from the expansion of the macro `query` (in Nightly builds, run with -Z macro-backtrace for more info)
[INFO] [stdout] 
[INFO] [stdout] 
[INFO] [stdout] error: set `DATABASE_URL` to use query macros online, or run `cargo sqlx prepare` to update the query cache
[INFO] [stdout]   --> crates/db/src/select.rs:11:19
[INFO] [stdout]    |
[INFO] [stdout] 11 |     let players = query_as!(PlayerRow, "select * from players")
[INFO] [stdout]    |                   ^^^^^^^^^^^^^^^^^^^^^^^^^^^^^^^^^^^^^^^^^^^^^
[INFO] [stdout]    |
[INFO] [stdout]    = note: this error originates in the macro `$crate::sqlx_macros::expand_query` which comes from the expansion of the macro `query_as` (in Nightly builds, run with -Z macro-backtrace for more info)
[INFO] [stdout] 
[INFO] [stdout] 
[INFO] [stdout] error: set `DATABASE_URL` to use query macros online, or run `cargo sqlx prepare` to update the query cache
[INFO] [stdout]   --> crates/db/src/select.rs:15:17
[INFO] [stdout]    |
[INFO] [stdout] 15 |       let uuids = query_as!(
[INFO] [stdout]    |  _________________^
[INFO] [stdout] 16 | |         PlayerUuidRow,
[INFO] [stdout] 17 | |         "select * from player_uuids where player_id is not null"
[INFO] [stdout] 18 | |     )
[INFO] [stdout]    | |_____^
[INFO] [stdout]    |
[INFO] [stdout]    = note: this error originates in the macro `$crate::sqlx_macros::expand_query` which comes from the expansion of the macro `query_as` (in Nightly builds, run with -Z macro-backtrace for more info)
[INFO] [stdout] 
[INFO] [stdout] 
[INFO] [stdout] error: set `DATABASE_URL` to use query macros online, or run `cargo sqlx prepare` to update the query cache
[INFO] [stdout]   --> crates/db/src/select.rs:43:17
[INFO] [stdout]    |
[INFO] [stdout] 43 |     let count = query_scalar!("select count(*) from stats")
[INFO] [stdout]    |                 ^^^^^^^^^^^^^^^^^^^^^^^^^^^^^^^^^^^^^^^^^^^
[INFO] [stdout]    |
[INFO] [stdout]    = note: this error originates in the macro `$crate::sqlx_macros::expand_query` which comes from the expansion of the macro `query_scalar` (in Nightly builds, run with -Z macro-backtrace for more info)
[INFO] [stdout] 
[INFO] [stdout] 
[INFO] [stdout] error: set `DATABASE_URL` to use query macros online, or run `cargo sqlx prepare` to update the query cache
[INFO] [stdout]   --> crates/db/src/select.rs:72:27
[INFO] [stdout]    |
[INFO] [stdout] 72 |           let stats_chunk = query_as!(
[INFO] [stdout]    |  ___________________________^
[INFO] [stdout] 73 | |             StatRow,
[INFO] [stdout] 74 | |             "select * from stats limit $1 offset $2",
[INFO] [stdout] 75 | |             SELECT_CHUNK_SIZE,
[INFO] [stdout] 76 | |             offset
[INFO] [stdout] 77 | |         )
[INFO] [stdout]    | |_________^
[INFO] [stdout]    |
[INFO] [stdout]    = note: this error originates in the macro `$crate::sqlx_macros::expand_query` which comes from the expansion of the macro `query_as` (in Nightly builds, run with -Z macro-backtrace for more info)
[INFO] [stdout] 
[INFO] [stdout] 
[INFO] [stdout] warning: unused imports: `PlayerRow`, `PlayerUuidRow`, and `StatRow`
[INFO] [stdout]  --> crates/db/src/select.rs:7:21
[INFO] [stdout]   |
[INFO] [stdout] 7 | use crate::models::{PlayerRow, PlayerUuidRow, StatRow};
[INFO] [stdout]   |                     ^^^^^^^^^  ^^^^^^^^^^^^^  ^^^^^^^
[INFO] [stdout]   |
[INFO] [stdout]   = note: `#[warn(unused_imports)]` (part of `#[warn(unused)]`) on by default
[INFO] [stdout] 
[INFO] [stdout] 
[INFO] [stdout] error[E0599]: `!` is not an iterator
[INFO] [stdout]   --> crates/db/src/select.rs:23:10
[INFO] [stdout]    |
[INFO] [stdout] 22 |     let mut players = players
[INFO] [stdout] 23 |         .into_iter()
[INFO] [stdout]    |          ^^^^^^^^^ `!` is not an iterator
[INFO] [stdout]    |
[INFO] [stdout]    = note: the following trait bounds were not satisfied:
[INFO] [stdout]            `!: Iterator`
[INFO] [stdout]            which is required by `!: IntoIterator`
[INFO] [stdout]            `&!: Iterator`
[INFO] [stdout]            which is required by `&!: IntoIterator`
[INFO] [stdout]            `!: Iterator`
[INFO] [stdout]            which is required by `&mut !: IntoIterator`
[INFO] [stdout] 
[INFO] [stdout] 
[INFO] [stdout] warning: method call on a diverging inference variable
[INFO] [stdout]   --> crates/db/src/select.rs:46:10
[INFO] [stdout]    |
[INFO] [stdout] 46 |         .unwrap();
[INFO] [stdout]    |          ^^^^^^
[INFO] [stdout]    |
[INFO] [stdout]    = help: consider providing a type annotation
[INFO] [stdout]    = warning: this was previously accepted by the compiler but is being phased out; it will become a hard error in a future release!
[INFO] [stdout]    = note: for more information, see issue #156047 <https://github.com/rust-lang/rust/issues/156047>
[INFO] [stdout] 
[INFO] [stdout] 
[INFO] [stdout] error[E0599]: no method named `unwrap` found for type `!` in the current scope
[INFO] [stdout]   --> crates/db/src/select.rs:46:10
[INFO] [stdout]    |
[INFO] [stdout] 43 |     let count = query_scalar!("select count(*) from stats")
[INFO] [stdout] 44 |         .fetch_one(&manager.pool)
[INFO] [stdout] 45 |         .await?
[INFO] [stdout] 46 |         .unwrap();
[INFO] [stdout]    |          ^^^^^^ method not found in `!`
[INFO] [stdout] 
[INFO] [stdout] 
[INFO] [stdout] warning: method call on a diverging inference variable
[INFO] [stdout]   --> crates/db/src/select.rs:23:10
[INFO] [stdout]    |
[INFO] [stdout] 23 |         .into_iter()
[INFO] [stdout]    |          ^^^^^^^^^
[INFO] [stdout]    |
[INFO] [stdout]    = help: consider providing a type annotation
[INFO] [stdout]    = warning: this was previously accepted by the compiler but is being phased out; it will become a hard error in a future release!
[INFO] [stdout]    = note: for more information, see issue #156047 <https://github.com/rust-lang/rust/issues/156047>
[INFO] [stdout]    = note: `#[warn(method_call_on_diverging_infer_var)]` (part of `#[warn(future_incompatible)]`) on by default
[INFO] [stdout] 
[INFO] [stdout] 
[INFO] [stdout] For more information about this error, try `rustc --explain E0599`.
[INFO] [stdout] 
[INFO] [stderr] error: could not compile `db` (lib test) due to 8 previous errors; 5 warnings emitted
[INFO] [stderr] warning: build failed, waiting for other jobs to finish...
[INFO] [stdout] error[E0599]: `!` is not an iterator
[INFO] [stdout]   --> crates/db/src/select.rs:23:10
[INFO] [stdout]    |
[INFO] [stdout] 22 |     let mut players = players
[INFO] [stdout] 23 |         .into_iter()
[INFO] [stdout]    |          ^^^^^^^^^ `!` is not an iterator
[INFO] [stdout]    |
[INFO] [stdout]    = note: the following trait bounds were not satisfied:
[INFO] [stdout]            `!: Iterator`
[INFO] [stdout]            which is required by `!: IntoIterator`
[INFO] [stdout]            `&!: Iterator`
[INFO] [stdout]            which is required by `&!: IntoIterator`
[INFO] [stdout]            `!: Iterator`
[INFO] [stdout]            which is required by `&mut !: IntoIterator`
[INFO] [stdout] 
[INFO] [stdout] 
[INFO] [stdout] warning: method call on a diverging inference variable
[INFO] [stdout]   --> crates/db/src/select.rs:46:10
[INFO] [stdout]    |
[INFO] [stdout] 46 |         .unwrap();
[INFO] [stdout]    |          ^^^^^^
[INFO] [stdout]    |
[INFO] [stdout]    = help: consider providing a type annotation
[INFO] [stdout]    = warning: this was previously accepted by the compiler but is being phased out; it will become a hard error in a future release!
[INFO] [stdout]    = note: for more information, see issue #156047 <https://github.com/rust-lang/rust/issues/156047>
[INFO] [stdout] 
[INFO] [stdout] 
[INFO] [stdout] error[E0599]: no method named `unwrap` found for type `!` in the current scope
[INFO] [stdout]   --> crates/db/src/select.rs:46:10
[INFO] [stdout]    |
[INFO] [stdout] 43 |     let count = query_scalar!("select count(*) from stats")
[INFO] [stdout] 44 |         .fetch_one(&manager.pool)
[INFO] [stdout] 45 |         .await?
[INFO] [stdout] 46 |         .unwrap();
[INFO] [stdout]    |          ^^^^^^ method not found in `!`
[INFO] [stdout] 
[INFO] [stdout] 
[INFO] [stdout] For more information about this error, try `rustc --explain E0599`.
[INFO] [stdout] 
[INFO] [stderr] error: could not compile `db` (lib) due to 8 previous errors; 5 warnings emitted
[INFO] [stderr] warning: unused dependency `simple_logger`
[INFO] [stderr]   --> crates/db/Cargo.toml:12:1
[INFO] [stderr]    |
[INFO] [stderr] 12 | simple_logger = "5.2.0"
[INFO] [stderr]    | ^^^^^^^^^^^^^^^^^^^^^^^
[INFO] [stderr]    |
[INFO] [stderr]    = note: `cargo::unused_dependencies` is set to `warn` by default
[INFO] [stderr] help: consider removing the dependency on `simple_logger`
[INFO] [stderr] warning: `db` (manifest) generated 1 warning
[INFO] [stderr] warning: unused dependency `simple_logger`
[INFO] [stderr]   --> crates/importer/Cargo.toml:10:1
[INFO] [stderr]    |
[INFO] [stderr] 10 | simple_logger = "5.2.0"
[INFO] [stderr]    | ^^^^^^^^^^^^^^^^^^^^^^^
[INFO] [stderr]    |
[INFO] [stderr]    = note: `cargo::unused_dependencies` is set to `warn` by default
[INFO] [stderr] help: consider removing the dependency on `simple_logger`
[INFO] [stderr] warning: `importer` (manifest) generated 1 warning
[INFO] [stderr] warning: unused dependency `serde`
[INFO] [stderr]   --> crates/shared/Cargo.toml:10:1
[INFO] [stderr]    |
[INFO] [stderr] 10 | serde = "1.0.229"
[INFO] [stderr]    | ^^^^^^^^^^^^^^^^^
[INFO] [stderr]    |
[INFO] [stderr]    = note: `cargo::unused_dependencies` is set to `warn` by default
[INFO] [stderr] help: consider removing the dependency on `serde`
[INFO] [stderr] warning: `shared` (manifest) generated 1 warning
[INFO] running `Command { std: "docker" "inspect" "bcb61aabe6ff85a43aceeb8fd52f9a3dea627f928edbb4385f8a22a3f0b7f03d", kill_on_drop: false }`
[INFO] running `Command { std: "docker" "rm" "-f" "bcb61aabe6ff85a43aceeb8fd52f9a3dea627f928edbb4385f8a22a3f0b7f03d", kill_on_drop: false }`
[INFO] [stdout] bcb61aabe6ff85a43aceeb8fd52f9a3dea627f928edbb4385f8a22a3f0b7f03d
