[INFO] cloning repository https://github.com/ctison/macos-sendkeys
[INFO] running `Command { std: "git" "-c" "credential.helper=" "-c" "credential.helper=/workspace/cargo-home/bin/git-credential-null" "clone" "--bare" "https://github.com/ctison/macos-sendkeys" "/workspace/cache/git-repos/https%3A%2F%2Fgithub.com%2Fctison%2Fmacos-sendkeys", kill_on_drop: false }`
[INFO] [stderr] Cloning into bare repository '/workspace/cache/git-repos/https%3A%2F%2Fgithub.com%2Fctison%2Fmacos-sendkeys'...
[INFO] running `Command { std: "git" "rev-parse" "HEAD", kill_on_drop: false }`
[INFO] [stdout] 34ddd04dc43e92d2239213893ff9da2d6117d816
[INFO] checking ctison/macos-sendkeys against 3154cc1a3e6424e44f438a95007d043ed5ceaaf6 for pr-133502-30
[INFO] running `Command { std: "git" "clone" "/workspace/cache/git-repos/https%3A%2F%2Fgithub.com%2Fctison%2Fmacos-sendkeys" "/workspace/builds/worker-6-tc2/source", kill_on_drop: false }`
[INFO] [stderr] Cloning into '/workspace/builds/worker-6-tc2/source'...
[INFO] [stderr] done.
[INFO] started tweaking git repo https://github.com/ctison/macos-sendkeys
[INFO] finished tweaking git repo https://github.com/ctison/macos-sendkeys
[INFO] tweaked toml for git repo https://github.com/ctison/macos-sendkeys written to /workspace/builds/worker-6-tc2/source/Cargo.toml
[INFO] validating manifest of git repo https://github.com/ctison/macos-sendkeys on toolchain 3154cc1a3e6424e44f438a95007d043ed5ceaaf6
[INFO] running `Command { std: CARGO_HOME="/workspace/cargo-home" RUSTUP_HOME="/workspace/rustup-home" "/workspace/cargo-home/bin/cargo" "+3154cc1a3e6424e44f438a95007d043ed5ceaaf6" "metadata" "--manifest-path" "Cargo.toml" "--no-deps", kill_on_drop: false }`
[INFO] crate git repo https://github.com/ctison/macos-sendkeys already has a lockfile, it will not be regenerated
[INFO] running `Command { std: CARGO_HOME="/workspace/cargo-home" RUSTUP_HOME="/workspace/rustup-home" "/workspace/cargo-home/bin/cargo" "+3154cc1a3e6424e44f438a95007d043ed5ceaaf6" "fetch" "--manifest-path" "Cargo.toml", kill_on_drop: false }`
[INFO] running `Command { std: "docker" "create" "-v" "/var/lib/crater-agent-workspace/builds/worker-6-tc2/source:/opt/rustwide/workdir:ro,Z" "-v" "/var/lib/crater-agent-workspace/builds/worker-6-tc2/target:/opt/rustwide/target:rw,Z" "-v" "/var/lib/crater-agent-workspace/cargo-home:/opt/rustwide/cargo-home:ro,Z" "-v" "/var/lib/crater-agent-workspace/rustup-home:/opt/rustwide/rustup-home:ro,Z" "-m" "1610612736" "--network" "none" "ghcr.io/rust-lang/crates-build-env/linux@sha256:77db811e55d90add9212f6832c23229e3de5f1c1f9905e8cb07319ea15df73ac" "sleep" "infinity", kill_on_drop: false }`
[INFO] [stdout] 822a41c1da30f578620164dc35ee7a1d55cd4dce9ab2e86900bf617c28958a6b
[INFO] running `Command { std: "docker" "start" "822a41c1da30f578620164dc35ee7a1d55cd4dce9ab2e86900bf617c28958a6b", kill_on_drop: false }`
[INFO] running `Command { std: "docker" "inspect" "822a41c1da30f578620164dc35ee7a1d55cd4dce9ab2e86900bf617c28958a6b", kill_on_drop: false }`
[INFO] running `Command { std: "docker" "exec" "-e" "SOURCE_DIR=/opt/rustwide/workdir" "-e" "CARGO_HOME=/opt/rustwide/cargo-home" "-e" "RUSTUP_HOME=/opt/rustwide/rustup-home" "-e" "CARGO_TARGET_DIR=/opt/rustwide/target" "-w" "/opt/rustwide/workdir" "--user" "0:0" "822a41c1da30f578620164dc35ee7a1d55cd4dce9ab2e86900bf617c28958a6b" "/opt/rustwide/cargo-home/bin/cargo" "+3154cc1a3e6424e44f438a95007d043ed5ceaaf6" "metadata" "--no-deps" "--format-version=1", kill_on_drop: false }`
[INFO] running `Command { std: "docker" "inspect" "822a41c1da30f578620164dc35ee7a1d55cd4dce9ab2e86900bf617c28958a6b", kill_on_drop: false }`
[INFO] running `Command { std: "docker" "exec" "-e" "SOURCE_DIR=/opt/rustwide/workdir" "-e" "CARGO_HOME=/opt/rustwide/cargo-home" "-e" "RUSTUP_HOME=/opt/rustwide/rustup-home" "-e" "CARGO_TARGET_DIR=/opt/rustwide/target" "-e" "CARGO_INCREMENTAL=0" "-e" "RUST_BACKTRACE=full" "-e" "RUSTFLAGS=--cap-lints=forbid" "-e" "RUSTDOCFLAGS=--cap-lints=forbid" "-w" "/opt/rustwide/workdir" "--user" "0:0" "822a41c1da30f578620164dc35ee7a1d55cd4dce9ab2e86900bf617c28958a6b" "/opt/rustwide/cargo-home/bin/cargo" "+3154cc1a3e6424e44f438a95007d043ed5ceaaf6" "check" "--frozen" "--all" "--all-targets" "--message-format=json", kill_on_drop: false }`
[INFO] [stderr]    Compiling libc v0.2.189
[INFO] [stderr]     Checking objc2-core-foundation v0.3.2
[INFO] [stderr]    Compiling sendkeys v0.0.0 (/opt/rustwide/workdir)
[INFO] [stderr]     Checking clap_builder v4.6.5
[INFO] [stderr]     Checking objc2-core-graphics v0.3.2
[INFO] [stdout] error[E0425]: cannot find type `boolean_t` in crate `libc`
[INFO] [stdout]    --> /opt/rustwide/cargo-home/registry/src/index.crates.io-1949cf8c6b5b557f/objc2-core-graphics-0.3.2/src/generated/CGRemoteOperation.rs:189:41
[INFO] [stdout]     |
[INFO] [stdout] 189 |         fn CGCursorIsVisible() -> libc::boolean_t;
[INFO] [stdout]     |                                         ^^^^^^^^^ not found in `libc`
[INFO] [stdout] 
[INFO] [stdout] 
[INFO] [stdout] error[E0425]: cannot find type `boolean_t` in crate `libc`
[INFO] [stdout]    --> /opt/rustwide/cargo-home/registry/src/index.crates.io-1949cf8c6b5b557f/objc2-core-graphics-0.3.2/src/generated/CGRemoteOperation.rs:200:52
[INFO] [stdout]     |
[INFO] [stdout] 200 |         fn CGCursorIsDrawnInFramebuffer() -> libc::boolean_t;
[INFO] [stdout]     |                                                    ^^^^^^^^^ not found in `libc`
[INFO] [stdout] 
[INFO] [stdout] 
[INFO] [stdout] error[E0455]: link kind `framework` is only supported on Apple targets
[INFO] [stdout]   --> /opt/rustwide/cargo-home/registry/src/index.crates.io-1949cf8c6b5b557f/objc2-core-graphics-0.3.2/src/generated/mod.rs:20:38
[INFO] [stdout]    |
[INFO] [stdout] 20 | #[link(name = "CoreGraphics", kind = "framework")]
[INFO] [stdout]    |                                      ^^^^^^^^^^^
[INFO] [stdout] 
[INFO] [stdout] 
[INFO] [stdout] Some errors have detailed explanations: E0425, E0455.
[INFO] [stdout] 
[INFO] [stdout] For more information about an error, try `rustc --explain E0425`.
[INFO] [stdout] 
[INFO] [stderr] error: could not compile `objc2-core-graphics` (lib) due to 3 previous errors
[INFO] [stderr] warning: build failed, waiting for other jobs to finish...
[INFO] running `Command { std: "docker" "inspect" "822a41c1da30f578620164dc35ee7a1d55cd4dce9ab2e86900bf617c28958a6b", kill_on_drop: false }`
[INFO] running `Command { std: "docker" "rm" "-f" "822a41c1da30f578620164dc35ee7a1d55cd4dce9ab2e86900bf617c28958a6b", kill_on_drop: false }`
[INFO] [stdout] 822a41c1da30f578620164dc35ee7a1d55cd4dce9ab2e86900bf617c28958a6b
