[INFO] cloning repository https://github.com/crypt0g30rgy/rustie-api
[INFO] running `Command { std: "git" "-c" "credential.helper=" "-c" "credential.helper=/workspace/cargo-home/bin/git-credential-null" "clone" "--bare" "https://github.com/crypt0g30rgy/rustie-api" "/workspace/cache/git-repos/https%3A%2F%2Fgithub.com%2Fcrypt0g30rgy%2Frustie-api", kill_on_drop: false }`
[INFO] [stderr] Cloning into bare repository '/workspace/cache/git-repos/https%3A%2F%2Fgithub.com%2Fcrypt0g30rgy%2Frustie-api'...
[INFO] running `Command { std: "git" "rev-parse" "HEAD", kill_on_drop: false }`
[INFO] [stdout] 2eaf755925174d01e9ec9dcd206720a02b358a26
[INFO] checking crypt0g30rgy/rustie-api against 3154cc1a3e6424e44f438a95007d043ed5ceaaf6 for pr-133502-30
[INFO] running `Command { std: "git" "clone" "/workspace/cache/git-repos/https%3A%2F%2Fgithub.com%2Fcrypt0g30rgy%2Frustie-api" "/workspace/builds/worker-3-tc2/source", kill_on_drop: false }`
[INFO] [stderr] Cloning into '/workspace/builds/worker-3-tc2/source'...
[INFO] [stderr] done.
[INFO] started tweaking git repo https://github.com/crypt0g30rgy/rustie-api
[INFO] finished tweaking git repo https://github.com/crypt0g30rgy/rustie-api
[INFO] tweaked toml for git repo https://github.com/crypt0g30rgy/rustie-api written to /workspace/builds/worker-3-tc2/source/Cargo.toml
[INFO] validating manifest of git repo https://github.com/crypt0g30rgy/rustie-api on toolchain 3154cc1a3e6424e44f438a95007d043ed5ceaaf6
[INFO] running `Command { std: CARGO_HOME="/workspace/cargo-home" RUSTUP_HOME="/workspace/rustup-home" "/workspace/cargo-home/bin/cargo" "+3154cc1a3e6424e44f438a95007d043ed5ceaaf6" "metadata" "--manifest-path" "Cargo.toml" "--no-deps", kill_on_drop: false }`
[INFO] crate git repo https://github.com/crypt0g30rgy/rustie-api already has a lockfile, it will not be regenerated
[INFO] running `Command { std: CARGO_HOME="/workspace/cargo-home" RUSTUP_HOME="/workspace/rustup-home" "/workspace/cargo-home/bin/cargo" "+3154cc1a3e6424e44f438a95007d043ed5ceaaf6" "fetch" "--manifest-path" "Cargo.toml", kill_on_drop: false }`
[INFO] [stderr]     Updating crates.io index
[INFO] [stderr]      Locking 101 packages to highest compatible versions
[INFO] [stderr]       Adding actix-codec v0.5.4
[INFO] [stderr]       Adding actix-http v3.18.12
[INFO] [stderr]       Adding actix-macros v0.2.5
[INFO] [stderr]       Adding actix-router v0.5.4
[INFO] [stderr]       Adding actix-rt v2.15.0
[INFO] [stderr]       Adding actix-server v2.8.0 (available: v2.9.8)
[INFO] [stderr]       Adding actix-service v2.0.3
[INFO] [stderr]       Adding actix-utils v3.0.2
[INFO] [stderr]       Adding actix-web v4.15.0
[INFO] [stderr]       Adding actix-web-codegen v4.4.0
[INFO] [stderr]       Adding adler2 v2.0.1
[INFO] [stderr]       Adding alloc-no-stdlib v2.0.4
[INFO] [stderr]       Adding alloc-stdlib v0.2.4
[INFO] [stderr]       Adding anstream v1.0.0
[INFO] [stderr]       Adding anstyle v1.0.14
[INFO] [stderr]       Adding anstyle-parse v1.0.0
[INFO] [stderr]       Adding anstyle-query v1.1.5
[INFO] [stderr]       Adding anstyle-wincon v3.0.11
[INFO] [stderr]       Adding base64 v0.22.1
[INFO] [stderr]       Adding bitflags v1.3.2
[INFO] [stderr]       Adding block-buffer v0.12.1
[INFO] [stderr]       Adding brotli v8.0.4
[INFO] [stderr]       Adding brotli-decompressor v5.0.3
[INFO] [stderr]       Adding bytestring v1.5.1
[INFO] [stderr]       Adding cc v1.7.0
[INFO] [stderr]       Adding chacha20 v0.10.2
[INFO] [stderr]       Adding colorchoice v1.0.5
[INFO] [stderr]       Adding const-oid v0.10.2
[INFO] [stderr]       Adding convert_case v0.10.0
[INFO] [stderr]       Adding cookie v0.16.2
[INFO] [stderr]       Adding core_detect v1.0.0
[INFO] [stderr]       Adding cpufeatures v0.3.1
[INFO] [stderr]       Adding crc32fast v1.5.2
[INFO] [stderr]       Adding crypto-common v0.2.2
[INFO] [stderr]       Adding defmt v1.1.1
[INFO] [stderr]       Adding defmt-macros v1.1.1
[INFO] [stderr]       Adding defmt-parser v1.0.0
[INFO] [stderr]       Adding deranged v0.5.8
[INFO] [stderr]       Adding derive_more v2.1.1
[INFO] [stderr]       Adding derive_more-impl v2.1.1
[INFO] [stderr]       Adding digest v0.11.3
[INFO] [stderr]       Adding encoding_rs v0.8.42
[INFO] [stderr]       Adding env_filter v2.0.0
[INFO] [stderr]       Adding env_logger v0.11.11
[INFO] [stderr]       Adding equivalent v1.0.2
[INFO] [stderr]       Adding find-msvc-tools v0.1.14
[INFO] [stderr]       Adding flate2 v1.1.10
[INFO] [stderr]       Adding fnv v1.0.7
[INFO] [stderr]       Adding foldhash v0.2.0
[INFO] [stderr]       Adding getrandom v0.4.3
[INFO] [stderr]       Adding h2 v0.3.27
[INFO] [stderr]       Adding hashbrown v0.17.1
[INFO] [stderr]  Downgrading http v1.4.0 -> v0.2.12
[INFO] [stderr]       Adding hybrid-array v0.4.15
[INFO] [stderr]       Adding impl-more v0.3.10
[INFO] [stderr]       Adding indexmap v2.14.2
[INFO] [stderr]       Adding is_terminal_polyfill v1.70.2
[INFO] [stderr]       Adding jiff v0.2.38
[INFO] [stderr]       Adding jiff-core v0.1.1
[INFO] [stderr]       Adding jiff-static v0.2.38
[INFO] [stderr]       Adding jobserver v0.1.35
[INFO] [stderr]       Adding language-tags v0.3.2
[INFO] [stderr]       Adding local-channel v0.1.5
[INFO] [stderr]       Adding local-waker v0.1.4
[INFO] [stderr]     Updating log v0.4.28 -> v0.4.34
[INFO] [stderr]       Adding miniz_oxide v0.9.1
[INFO] [stderr]       Adding multiversion_no_op v1.0.0
[INFO] [stderr]       Adding num-conv v0.2.2
[INFO] [stderr]       Adding once_cell_polyfill v1.70.2
[INFO] [stderr]       Adding pkg-config v0.3.34
[INFO] [stderr]       Adding portable-atomic v1.15.0
[INFO] [stderr]       Adding portable-atomic-util v0.2.8
[INFO] [stderr]       Adding powerfmt v0.2.1
[INFO] [stderr]       Adding r-efi v6.0.0
[INFO] [stderr]       Adding rand v0.10.3
[INFO] [stderr]       Adding rand_core v0.10.1
[INFO] [stderr]       Adding regex v1.13.1
[INFO] [stderr]     Updating regex-automata v0.4.13 -> v0.4.18
[INFO] [stderr]       Adding regex-lite v0.1.9
[INFO] [stderr]     Updating regex-syntax v0.8.8 -> v0.8.11
[INFO] [stderr]       Adding rustc_version v0.4.1
[INFO] [stderr]       Adding semver v1.0.28
[INFO] [stderr]       Adding sha1 v0.11.0
[INFO] [stderr]       Adding shlex v2.0.1
[INFO] [stderr]       Adding simd-adler32 v0.3.10
[INFO] [stderr]       Adding simdutf8 v0.1.5
[INFO] [stderr]       Adding syn v3.0.7
[INFO] [stderr]       Adding thiserror v2.0.21
[INFO] [stderr]       Adding thiserror-impl v2.0.21
[INFO] [stderr]       Adding time v0.3.55
[INFO] [stderr]       Adding time-core v0.1.9
[INFO] [stderr]       Adding time-macros v0.2.32
[INFO] [stderr]       Adding typenum v1.20.1
[INFO] [stderr]       Adding unicode-segmentation v1.13.3
[INFO] [stderr]       Adding unicode-xid v0.2.6
[INFO] [stderr]       Adding utf8parse v0.2.2
[INFO] [stderr]       Adding version_check v0.9.5
[INFO] [stderr]       Adding zlib-rs v0.6.8
[INFO] [stderr]       Adding zstd v0.13.3
[INFO] [stderr]       Adding zstd-safe v7.3.0
[INFO] [stderr]       Adding zstd-sys v2.1.1+zstd.1.5.7
[INFO] running `Command { std: "docker" "create" "-v" "/var/lib/crater-agent-workspace/builds/worker-3-tc2/source:/opt/rustwide/workdir:ro,Z" "-v" "/var/lib/crater-agent-workspace/builds/worker-3-tc2/target:/opt/rustwide/target:rw,Z" "-v" "/var/lib/crater-agent-workspace/cargo-home:/opt/rustwide/cargo-home:ro,Z" "-v" "/var/lib/crater-agent-workspace/rustup-home:/opt/rustwide/rustup-home:ro,Z" "-m" "1610612736" "--network" "none" "ghcr.io/rust-lang/crates-build-env/linux@sha256:77db811e55d90add9212f6832c23229e3de5f1c1f9905e8cb07319ea15df73ac" "sleep" "infinity", kill_on_drop: false }`
[INFO] [stdout] 4c05a90ed82da5feed3bab6a7852498c51de163342715c6a5bdad82065387f62
[INFO] running `Command { std: "docker" "start" "4c05a90ed82da5feed3bab6a7852498c51de163342715c6a5bdad82065387f62", kill_on_drop: false }`
[INFO] running `Command { std: "docker" "inspect" "4c05a90ed82da5feed3bab6a7852498c51de163342715c6a5bdad82065387f62", kill_on_drop: false }`
[INFO] running `Command { std: "docker" "exec" "-e" "SOURCE_DIR=/opt/rustwide/workdir" "-e" "CARGO_HOME=/opt/rustwide/cargo-home" "-e" "RUSTUP_HOME=/opt/rustwide/rustup-home" "-e" "CARGO_TARGET_DIR=/opt/rustwide/target" "-w" "/opt/rustwide/workdir" "--user" "0:0" "4c05a90ed82da5feed3bab6a7852498c51de163342715c6a5bdad82065387f62" "/opt/rustwide/cargo-home/bin/cargo" "+3154cc1a3e6424e44f438a95007d043ed5ceaaf6" "metadata" "--no-deps" "--format-version=1", kill_on_drop: false }`
[INFO] running `Command { std: "docker" "inspect" "4c05a90ed82da5feed3bab6a7852498c51de163342715c6a5bdad82065387f62", kill_on_drop: false }`
[INFO] running `Command { std: "docker" "exec" "-e" "SOURCE_DIR=/opt/rustwide/workdir" "-e" "CARGO_HOME=/opt/rustwide/cargo-home" "-e" "RUSTUP_HOME=/opt/rustwide/rustup-home" "-e" "CARGO_TARGET_DIR=/opt/rustwide/target" "-e" "CARGO_INCREMENTAL=0" "-e" "RUST_BACKTRACE=full" "-e" "RUSTFLAGS=--cap-lints=forbid" "-e" "RUSTDOCFLAGS=--cap-lints=forbid" "-w" "/opt/rustwide/workdir" "--user" "0:0" "4c05a90ed82da5feed3bab6a7852498c51de163342715c6a5bdad82065387f62" "/opt/rustwide/cargo-home/bin/cargo" "+3154cc1a3e6424e44f438a95007d043ed5ceaaf6" "check" "--frozen" "--all" "--all-targets" "--message-format=json", kill_on_drop: false }`
[INFO] [stderr]    Compiling proc-macro2 v1.0.103
[INFO] [stderr]    Compiling quote v1.0.42
[INFO] [stderr]    Compiling libc v0.2.177
[INFO] [stderr]     Checking smallvec v1.15.1
[INFO] [stderr]    Compiling find-msvc-tools v0.1.14
[INFO] [stderr]     Checking futures-channel v0.3.31
[INFO] [stderr]    Compiling icu_properties_data v2.1.1
[INFO] [stderr]     Checking tracing-core v0.1.35
[INFO] [stderr]    Compiling zerocopy v0.8.30
[INFO] [stderr]     Checking aho-corasick v1.1.4
[INFO] [stderr]    Compiling serde v1.0.228
[INFO] [stderr]    Compiling crc32fast v1.5.2
[INFO] [stderr]     Checking local-waker v0.1.4
[INFO] [stderr]    Compiling zstd-safe v7.3.0
[INFO] [stderr]    Compiling getrandom v0.4.3
[INFO] [stderr]     Checking alloc-stdlib v0.2.4
[INFO] [stderr]    Compiling encoding_rs v0.8.42
[INFO] [stderr]     Checking http v0.2.12
[INFO] [stderr]    Compiling serde_core v1.0.228
[INFO] [stderr]    Compiling pin-project-lite v0.2.16
[INFO] [stderr]     Checking simd-adler32 v0.3.10
[INFO] [stderr]    Compiling bytes v1.11.0
[INFO] [stderr]    Compiling cookie v0.16.2
[INFO] [stderr]     Checking digest v0.11.3
[INFO] [stderr]     Checking miniz_oxide v0.9.1
[INFO] [stderr]     Checking brotli-decompressor v5.0.3
[INFO] [stderr]     Checking actix-utils v3.0.2
[INFO] [stderr]     Checking chacha20 v0.10.2
[INFO] [stderr]     Checking bytestring v1.5.1
[INFO] [stderr]     Checking actix-service v2.0.3
[INFO] [stderr]     Checking core_detect v1.0.0
[INFO] [stderr]    Compiling serde_json v1.0.145
[INFO] [stderr]     Checking simdutf8 v0.1.5
[INFO] [stderr]    Compiling multiversion_no_op v1.0.0
[INFO] [stderr]    Compiling regex-lite v0.1.9
[INFO] [stderr]     Checking powerfmt v0.2.1
[INFO] [stderr]     Checking sha1 v0.11.0
[INFO] [stderr]     Checking flate2 v1.1.10
[INFO] [stderr]     Checking time v0.3.55
[INFO] [stderr]     Checking local-channel v0.1.5
[INFO] [stderr]     Checking language-tags v0.3.2
[INFO] [stderr]    Compiling tracing v0.1.43
[INFO] [stderr]    Compiling syn v2.0.111
[INFO] [stderr]    Compiling syn v3.0.7
[INFO] [stderr]     Checking brotli v8.0.4
[INFO] [stderr]     Checking foldhash v0.2.0
[INFO] [stderr]     Checking regex-automata v0.4.18
[INFO] [stderr]     Checking jiff-core v0.1.1
[INFO] [stderr]     Checking anstream v1.0.0
[INFO] [stderr]    Compiling jobserver v0.1.35
[INFO] [stderr]     Checking arc-swap v1.7.1
[INFO] [stderr]     Checking impl-more v0.3.10
[INFO] [stderr]     Checking sha1_smol v1.0.1
[INFO] [stderr]    Compiling cc v1.7.0
[INFO] [stderr]     Checking parking_lot_core v0.9.12
[INFO] [stderr]     Checking socket2 v0.6.1
[INFO] [stderr]     Checking mio v1.1.0
[INFO] [stderr]     Checking signal-hook-registry v1.4.7
[INFO] [stderr]     Checking getrandom v0.2.16
[INFO] [stderr]     Checking rand_core v0.6.4
[INFO] [stderr]     Checking rand v0.10.3
[INFO] [stderr]     Checking parking_lot v0.12.5
[INFO] [stderr]     Checking socket2 v0.4.10
[INFO] [stderr]     Checking jiff v0.2.38
[INFO] [stderr]    Compiling zstd-sys v2.1.1+zstd.1.5.7
[INFO] [stderr]     Checking ppv-lite86 v0.2.21
[INFO] [stderr]    Compiling actix-router v0.5.4
[INFO] [stderr]     Checking rand_chacha v0.3.1
[INFO] [stderr]     Checking rand v0.8.5
[INFO] [stderr]     Checking regex v1.13.1
[INFO] [stderr]     Checking env_filter v2.0.0
[INFO] [stderr]    Compiling synstructure v0.13.2
[INFO] [stderr]     Checking env_logger v0.11.11
[INFO] [stderr]    Compiling zerofrom-derive v0.1.6
[INFO] [stderr]    Compiling yoke-derive v0.8.1
[INFO] [stderr]    Compiling zerovec-derive v0.11.2
[INFO] [stderr]    Compiling displaydoc v0.2.5
[INFO] [stderr]    Compiling tokio-macros v2.6.0
[INFO] [stderr]    Compiling futures-macro v0.3.31
[INFO] [stderr]    Compiling tracing-attributes v0.1.31
[INFO] [stderr]    Compiling serde_derive v1.0.228
[INFO] [stderr]    Compiling pin-project-internal v1.1.10
[INFO] [stderr]    Compiling derive_more-impl v2.1.1
[INFO] [stderr]    Compiling async-trait v0.1.89
[INFO] [stderr]    Compiling actix-macros v0.2.5
[INFO] [stderr]    Compiling actix-web-codegen v4.4.0
[INFO] [stderr]     Checking tokio v1.48.0
[INFO] [stderr]     Checking futures-util v0.3.31
[INFO] [stderr]     Checking pin-project v1.1.10
[INFO] [stderr]     Checking zerofrom v0.1.6
[INFO] [stderr]     Checking yoke v0.8.1
[INFO] [stderr]     Checking zerovec v0.11.5
[INFO] [stderr]     Checking zerotrie v0.2.3
[INFO] [stderr]     Checking zstd v0.13.3
[INFO] [stderr]     Checking tinystr v0.8.2
[INFO] [stderr]     Checking potential_utf v0.1.4
[INFO] [stderr]     Checking icu_locale_core v2.1.1
[INFO] [stderr]     Checking icu_collections v2.1.1
[INFO] [stderr]     Checking icu_provider v2.1.1
[INFO] [stderr]     Checking icu_properties v2.1.1
[INFO] [stderr]     Checking icu_normalizer v2.1.1
[INFO] [stderr]     Checking serde_urlencoded v0.7.1
[INFO] [stderr]     Checking derive_more v2.1.1
[INFO] [stderr]     Checking idna_adapter v1.2.1
[INFO] [stderr]     Checking idna v1.1.0
[INFO] [stderr]     Checking futures-executor v0.3.31
[INFO] [stderr]     Checking url v2.5.7
[INFO] [stderr]     Checking futures v0.3.31
[INFO] [stderr]     Checking tokio-util v0.7.17
[INFO] [stderr]     Checking actix-rt v2.15.0
[INFO] [stderr]     Checking tokio-retry v0.3.0
[INFO] [stderr]     Checking actix-server v2.8.0
[INFO] [stdout] error[E0432]: unresolved import `actix_rt::net`
[INFO] [stdout]   --> /opt/rustwide/cargo-home/registry/src/index.crates.io-1949cf8c6b5b557f/actix-server-2.8.0/src/builder.rs:3:15
[INFO] [stdout]    |
[INFO] [stdout]  3 | use actix_rt::net::TcpStream;
[INFO] [stdout]    |               ^^^ could not find `net` in `actix_rt`
[INFO] [stdout]    |
[INFO] [stdout] note: found an item that was configured out
[INFO] [stdout]   --> /opt/rustwide/cargo-home/registry/src/index.crates.io-1949cf8c6b5b557f/actix-rt-2.15.0/src/lib.rs:82:9
[INFO] [stdout]    |
[INFO] [stdout] 81 | #[cfg(feature = "net")]
[INFO] [stdout]    |       --------------- the item is gated behind the `net` feature
[INFO] [stdout] 82 | pub mod net {
[INFO] [stdout]    |         ^^^
[INFO] [stdout] 
[INFO] [stdout] 
[INFO] [stdout] error[E0432]: unresolved import `actix_rt::signal`
[INFO] [stdout]   --> /opt/rustwide/cargo-home/registry/src/index.crates.io-1949cf8c6b5b557f/actix-server-2.8.0/src/signals.rs:82:27
[INFO] [stdout]    |
[INFO] [stdout] 82 |             use actix_rt::signal::unix;
[INFO] [stdout]    |                           ^^^^^^ could not find `signal` in `actix_rt`
[INFO] [stdout]    |
[INFO] [stdout] note: found an item that was configured out
[INFO] [stdout]   --> /opt/rustwide/cargo-home/registry/src/index.crates.io-1949cf8c6b5b557f/actix-rt-2.15.0/src/lib.rs:70:9
[INFO] [stdout]    |
[INFO] [stdout] 69 | #[cfg(feature = "signal")]
[INFO] [stdout]    |       ------------------ the item is gated behind the `signal` feature
[INFO] [stdout] 70 | pub mod signal {
[INFO] [stdout]    |         ^^^^^^
[INFO] [stdout] 
[INFO] [stdout] 
[INFO] [stdout] error[E0432]: unresolved import `actix_rt::net`
[INFO] [stdout]   --> /opt/rustwide/cargo-home/registry/src/index.crates.io-1949cf8c6b5b557f/actix-server-2.8.0/src/socket.rs:6:15
[INFO] [stdout]    |
[INFO] [stdout]  6 | use actix_rt::net::TcpStream;
[INFO] [stdout]    |               ^^^ could not find `net` in `actix_rt`
[INFO] [stdout]    |
[INFO] [stdout] note: found an item that was configured out
[INFO] [stdout]   --> /opt/rustwide/cargo-home/registry/src/index.crates.io-1949cf8c6b5b557f/actix-rt-2.15.0/src/lib.rs:82:9
[INFO] [stdout]    |
[INFO] [stdout] 81 | #[cfg(feature = "net")]
[INFO] [stdout]    |       --------------- the item is gated behind the `net` feature
[INFO] [stdout] 82 | pub mod net {
[INFO] [stdout]    |         ^^^
[INFO] [stdout] 
[INFO] [stdout] 
[INFO] [stdout] error[E0432]: unresolved import `actix_rt::net`
[INFO] [stdout]    --> /opt/rustwide/cargo-home/registry/src/index.crates.io-1949cf8c6b5b557f/actix-server-2.8.0/src/socket.rs:181:19
[INFO] [stdout]     |
[INFO] [stdout] 181 |     use actix_rt::net::UnixStream;
[INFO] [stdout]     |                   ^^^ could not find `net` in `actix_rt`
[INFO] [stdout]     |
[INFO] [stdout] note: found an item that was configured out
[INFO] [stdout]    --> /opt/rustwide/cargo-home/registry/src/index.crates.io-1949cf8c6b5b557f/actix-rt-2.15.0/src/lib.rs:82:9
[INFO] [stdout]     |
[INFO] [stdout]  81 | #[cfg(feature = "net")]
[INFO] [stdout]     |       --------------- the item is gated behind the `net` feature
[INFO] [stdout]  82 | pub mod net {
[INFO] [stdout]     |         ^^^
[INFO] [stdout] 
[INFO] [stdout] 
[INFO] [stdout] error[E0432]: unresolved import `actix_rt::net`
[INFO] [stdout]   --> /opt/rustwide/cargo-home/registry/src/index.crates.io-1949cf8c6b5b557f/actix-server-2.8.0/src/test_server.rs:3:16
[INFO] [stdout]    |
[INFO] [stdout]  3 | use actix_rt::{net::TcpStream, System};
[INFO] [stdout]    |                ^^^ could not find `net` in `actix_rt`
[INFO] [stdout]    |
[INFO] [stdout] note: found an item that was configured out
[INFO] [stdout]   --> /opt/rustwide/cargo-home/registry/src/index.crates.io-1949cf8c6b5b557f/actix-rt-2.15.0/src/lib.rs:82:9
[INFO] [stdout]    |
[INFO] [stdout] 81 | #[cfg(feature = "net")]
[INFO] [stdout]    |       --------------- the item is gated behind the `net` feature
[INFO] [stdout] 82 | pub mod net {
[INFO] [stdout]    |         ^^^
[INFO] [stdout] 
[INFO] [stdout] 
[INFO] [stdout] error[E0433]: cannot find `net` in `actix_rt`
[INFO] [stdout]    --> /opt/rustwide/cargo-home/registry/src/index.crates.io-1949cf8c6b5b557f/actix-server-2.8.0/src/builder.rs:346:43
[INFO] [stdout]     |
[INFO] [stdout] 346 |         F: ServerServiceFactory<actix_rt::net::UnixStream>,
[INFO] [stdout]     |                                           ^^^ could not find `net` in `actix_rt`
[INFO] [stdout]     |
[INFO] [stdout] note: found an item that was configured out
[INFO] [stdout]    --> /opt/rustwide/cargo-home/registry/src/index.crates.io-1949cf8c6b5b557f/actix-rt-2.15.0/src/lib.rs:82:9
[INFO] [stdout]     |
[INFO] [stdout]  81 | #[cfg(feature = "net")]
[INFO] [stdout]     |       --------------- the item is gated behind the `net` feature
[INFO] [stdout]  82 | pub mod net {
[INFO] [stdout]     |         ^^^
[INFO] [stdout] help: consider importing one of these modules
[INFO] [stdout]     |
[INFO] [stdout]   1 + use std::os::unix::net;
[INFO] [stdout]     |
[INFO] [stdout]   1 + use mio::net;
[INFO] [stdout]     |
[INFO] [stdout]   1 + use tokio::net;
[INFO] [stdout]     |
[INFO] [stdout] help: if you import `net`, refer to it directly
[INFO] [stdout]     |
[INFO] [stdout] 346 -         F: ServerServiceFactory<actix_rt::net::UnixStream>,
[INFO] [stdout] 346 +         F: ServerServiceFactory<net::UnixStream>,
[INFO] [stdout]     |
[INFO] [stdout] 
[INFO] [stdout] 
[INFO] [stdout] error[E0433]: cannot find `net` in `actix_rt`
[INFO] [stdout]    --> /opt/rustwide/cargo-home/registry/src/index.crates.io-1949cf8c6b5b557f/actix-server-2.8.0/src/builder.rs:378:43
[INFO] [stdout]     |
[INFO] [stdout] 378 |         F: ServerServiceFactory<actix_rt::net::UnixStream>,
[INFO] [stdout]     |                                           ^^^ could not find `net` in `actix_rt`
[INFO] [stdout]     |
[INFO] [stdout] note: found an item that was configured out
[INFO] [stdout]    --> /opt/rustwide/cargo-home/registry/src/index.crates.io-1949cf8c6b5b557f/actix-rt-2.15.0/src/lib.rs:82:9
[INFO] [stdout]     |
[INFO] [stdout]  81 | #[cfg(feature = "net")]
[INFO] [stdout]     |       --------------- the item is gated behind the `net` feature
[INFO] [stdout]  82 | pub mod net {
[INFO] [stdout]     |         ^^^
[INFO] [stdout] help: consider importing one of these modules
[INFO] [stdout]     |
[INFO] [stdout]   1 + use std::os::unix::net;
[INFO] [stdout]     |
[INFO] [stdout]   1 + use mio::net;
[INFO] [stdout]     |
[INFO] [stdout]   1 + use tokio::net;
[INFO] [stdout]     |
[INFO] [stdout] help: if you import `net`, refer to it directly
[INFO] [stdout]     |
[INFO] [stdout] 378 -         F: ServerServiceFactory<actix_rt::net::UnixStream>,
[INFO] [stdout] 378 +         F: ServerServiceFactory<net::UnixStream>,
[INFO] [stdout]     |
[INFO] [stdout] 
[INFO] [stdout] 
[INFO] [stdout] error[E0433]: cannot find `signal` in `actix_rt`
[INFO] [stdout]   --> /opt/rustwide/cargo-home/registry/src/index.crates.io-1949cf8c6b5b557f/actix-server-2.8.0/src/signals.rs:65:41
[INFO] [stdout]    |
[INFO] [stdout] 65 |     signals: Vec<(SignalKind, actix_rt::signal::unix::Signal)>,
[INFO] [stdout]    |                                         ^^^^^^ could not find `signal` in `actix_rt`
[INFO] [stdout]    |
[INFO] [stdout] note: found an item that was configured out
[INFO] [stdout]   --> /opt/rustwide/cargo-home/registry/src/index.crates.io-1949cf8c6b5b557f/actix-rt-2.15.0/src/lib.rs:70:9
[INFO] [stdout]    |
[INFO] [stdout] 69 | #[cfg(feature = "signal")]
[INFO] [stdout]    |       ------------------ the item is gated behind the `signal` feature
[INFO] [stdout] 70 | pub mod signal {
[INFO] [stdout]    |         ^^^^^^
[INFO] [stdout] help: consider importing this module
[INFO] [stdout]    |
[INFO] [stdout]  1 + use tokio::signal::unix;
[INFO] [stdout]    |
[INFO] [stdout] help: if you import `unix`, refer to it directly
[INFO] [stdout]    |
[INFO] [stdout] 65 -     signals: Vec<(SignalKind, actix_rt::signal::unix::Signal)>,
[INFO] [stdout] 65 +     signals: Vec<(SignalKind, unix::Signal)>,
[INFO] [stdout]    |
[INFO] [stdout] 
[INFO] [stdout] 
[INFO] [stderr]     Checking actix-codec v0.5.4
[INFO] [stderr]     Checking h2 v0.3.27
[INFO] [stderr]     Checking combine v4.6.7
[INFO] [stdout] Some errors have detailed explanations: E0432, E0433.
[INFO] [stdout] 
[INFO] [stdout] For more information about an error, try `rustc --explain E0432`.
[INFO] [stdout] 
[INFO] [stderr] error: could not compile `actix-server` (lib) due to 8 previous errors
[INFO] [stderr] warning: build failed, waiting for other jobs to finish...
[INFO] running `Command { std: "docker" "inspect" "4c05a90ed82da5feed3bab6a7852498c51de163342715c6a5bdad82065387f62", kill_on_drop: false }`
[INFO] running `Command { std: "docker" "rm" "-f" "4c05a90ed82da5feed3bab6a7852498c51de163342715c6a5bdad82065387f62", kill_on_drop: false }`
[INFO] [stdout] 4c05a90ed82da5feed3bab6a7852498c51de163342715c6a5bdad82065387f62
