[INFO] cloning repository https://github.com/crobinaud/musicpresence
[INFO] running `Command { std: "git" "-c" "credential.helper=" "-c" "credential.helper=/workspace/cargo-home/bin/git-credential-null" "clone" "--bare" "https://github.com/crobinaud/musicpresence" "/workspace/cache/git-repos/https%3A%2F%2Fgithub.com%2Fcrobinaud%2Fmusicpresence", kill_on_drop: false }`
[INFO] [stderr] Cloning into bare repository '/workspace/cache/git-repos/https%3A%2F%2Fgithub.com%2Fcrobinaud%2Fmusicpresence'...
[INFO] running `Command { std: "git" "rev-parse" "HEAD", kill_on_drop: false }`
[INFO] [stdout] 6b3d64d8a21e5f8b2153d921cacf706beb890e6a
[INFO] checking crobinaud/musicpresence against 3154cc1a3e6424e44f438a95007d043ed5ceaaf6+rustflags=-Znext-solver=coherence for pr-133502-30
[INFO] running `Command { std: "git" "clone" "/workspace/cache/git-repos/https%3A%2F%2Fgithub.com%2Fcrobinaud%2Fmusicpresence" "/workspace/builds/worker-7-tc1/source", kill_on_drop: false }`
[INFO] [stderr] Cloning into '/workspace/builds/worker-7-tc1/source'...
[INFO] [stderr] done.
[INFO] started tweaking git repo https://github.com/crobinaud/musicpresence
[INFO] finished tweaking git repo https://github.com/crobinaud/musicpresence
[INFO] tweaked toml for git repo https://github.com/crobinaud/musicpresence written to /workspace/builds/worker-7-tc1/source/Cargo.toml
[INFO] validating manifest of git repo https://github.com/crobinaud/musicpresence on toolchain 3154cc1a3e6424e44f438a95007d043ed5ceaaf6
[INFO] running `Command { std: CARGO_HOME="/workspace/cargo-home" RUSTUP_HOME="/workspace/rustup-home" "/workspace/cargo-home/bin/cargo" "+3154cc1a3e6424e44f438a95007d043ed5ceaaf6" "metadata" "--manifest-path" "Cargo.toml" "--no-deps", kill_on_drop: false }`
[INFO] crate git repo https://github.com/crobinaud/musicpresence already has a lockfile, it will not be regenerated
[INFO] running `Command { std: CARGO_HOME="/workspace/cargo-home" RUSTUP_HOME="/workspace/rustup-home" "/workspace/cargo-home/bin/cargo" "+3154cc1a3e6424e44f438a95007d043ed5ceaaf6" "fetch" "--manifest-path" "Cargo.toml", kill_on_drop: false }`
[INFO] running `Command { std: "docker" "create" "-v" "/var/lib/crater-agent-workspace/builds/worker-7-tc1/source:/opt/rustwide/workdir:ro,Z" "-v" "/var/lib/crater-agent-workspace/builds/worker-7-tc1/target:/opt/rustwide/target:rw,Z" "-v" "/var/lib/crater-agent-workspace/cargo-home:/opt/rustwide/cargo-home:ro,Z" "-v" "/var/lib/crater-agent-workspace/rustup-home:/opt/rustwide/rustup-home:ro,Z" "-m" "1610612736" "--network" "none" "ghcr.io/rust-lang/crates-build-env/linux@sha256:77db811e55d90add9212f6832c23229e3de5f1c1f9905e8cb07319ea15df73ac" "sleep" "infinity", kill_on_drop: false }`
[INFO] [stdout] e95d1a4a227d929aeba15e2ba9f0e8ea11dd3fba58b9d0b7c44f4dfb9d65020d
[INFO] running `Command { std: "docker" "start" "e95d1a4a227d929aeba15e2ba9f0e8ea11dd3fba58b9d0b7c44f4dfb9d65020d", kill_on_drop: false }`
[INFO] running `Command { std: "docker" "inspect" "e95d1a4a227d929aeba15e2ba9f0e8ea11dd3fba58b9d0b7c44f4dfb9d65020d", kill_on_drop: false }`
[INFO] running `Command { std: "docker" "exec" "-e" "SOURCE_DIR=/opt/rustwide/workdir" "-e" "CARGO_HOME=/opt/rustwide/cargo-home" "-e" "RUSTUP_HOME=/opt/rustwide/rustup-home" "-e" "CARGO_TARGET_DIR=/opt/rustwide/target" "-w" "/opt/rustwide/workdir" "--user" "0:0" "e95d1a4a227d929aeba15e2ba9f0e8ea11dd3fba58b9d0b7c44f4dfb9d65020d" "/opt/rustwide/cargo-home/bin/cargo" "+3154cc1a3e6424e44f438a95007d043ed5ceaaf6" "metadata" "--no-deps" "--format-version=1", kill_on_drop: false }`
[INFO] running `Command { std: "docker" "inspect" "e95d1a4a227d929aeba15e2ba9f0e8ea11dd3fba58b9d0b7c44f4dfb9d65020d", kill_on_drop: false }`
[INFO] running `Command { std: "docker" "exec" "-e" "SOURCE_DIR=/opt/rustwide/workdir" "-e" "CARGO_HOME=/opt/rustwide/cargo-home" "-e" "RUSTUP_HOME=/opt/rustwide/rustup-home" "-e" "CARGO_TARGET_DIR=/opt/rustwide/target" "-e" "CARGO_INCREMENTAL=0" "-e" "RUST_BACKTRACE=full" "-e" "RUSTFLAGS=--cap-lints=forbid -Znext-solver=coherence" "-e" "RUSTDOCFLAGS=--cap-lints=forbid" "-w" "/opt/rustwide/workdir" "--user" "0:0" "e95d1a4a227d929aeba15e2ba9f0e8ea11dd3fba58b9d0b7c44f4dfb9d65020d" "/opt/rustwide/cargo-home/bin/cargo" "+3154cc1a3e6424e44f438a95007d043ed5ceaaf6" "check" "--frozen" "--all" "--all-targets" "--message-format=json", kill_on_drop: false }`
[INFO] [stderr]    Compiling cc v1.4.4
[INFO] [stderr]    Compiling windows_x86_64_gnu v0.52.6
[INFO] [stderr]    Compiling syn v2.0.119
[INFO] [stderr]    Compiling syn v3.0.4
[INFO] [stderr]    Compiling serde_core v1.0.229
[INFO] [stderr]     Checking smallvec v1.15.2
[INFO] [stderr]     Checking getrandom v0.2.17
[INFO] [stderr]    Compiling crc32fast v1.5.1
[INFO] [stderr]     Checking percent-encoding v2.3.2
[INFO] [stderr]    Compiling rustls v0.23.43
[INFO] [stderr]     Checking miniz_oxide v0.9.1
[INFO] [stderr]     Checking windows-targets v0.52.6
[INFO] [stderr]     Checking windows-result v0.2.0
[INFO] [stderr]     Checking form_urlencoded v1.2.2
[INFO] [stderr]     Checking indexmap v2.14.1
[INFO] [stderr]     Checking windows-strings v0.1.0
[INFO] [stderr]     Checking serde_json v1.0.151
[INFO] [stderr]     Checking webpki-roots v0.26.11
[INFO] [stderr]     Checking flate2 v1.1.10
[INFO] [stderr]    Compiling ring v0.17.14
[INFO] [stderr]    Compiling zerovec-derive v0.11.6
[INFO] [stderr]    Compiling displaydoc v0.2.7
[INFO] [stderr]    Compiling serde_derive v1.0.229
[INFO] [stderr]    Compiling serde v1.0.229
[INFO] [stderr]    Compiling toml v0.5.11
[INFO] [stderr]    Compiling winres v0.1.12
[INFO] [stderr]    Compiling synstructure v0.13.2
[INFO] [stderr]    Compiling musicpresence v1.1.0 (/opt/rustwide/workdir)
[INFO] [stderr]    Compiling zerofrom-derive v0.1.7
[INFO] [stderr]    Compiling yoke-derive v0.8.2
[INFO] [stderr]    Compiling windows-interface v0.58.0
[INFO] [stderr]    Compiling windows-implement v0.58.0
[INFO] [stderr]     Checking rustls-webpki v0.103.15
[INFO] [stderr]     Checking windows-core v0.58.0
[INFO] [stderr]     Checking zerofrom v0.1.8
[INFO] [stderr]     Checking windows v0.58.0
[INFO] [stderr]     Checking yoke v0.8.3
[INFO] [stderr]     Checking zerovec v0.11.8
[INFO] [stderr]     Checking zerotrie v0.2.5
[INFO] [stderr]     Checking serde_spanned v0.6.9
[INFO] [stderr]     Checking toml_datetime v0.6.11
[INFO] [stderr]     Checking toml_edit v0.22.27
[INFO] [stderr]     Checking tinystr v0.8.4
[INFO] [stderr]     Checking potential_utf v0.1.6
[INFO] [stderr]     Checking icu_collections v2.3.0
[INFO] [stderr]     Checking icu_locale_core v2.3.0
[INFO] [stderr]     Checking icu_provider v2.3.1
[INFO] [stderr]     Checking icu_normalizer v2.3.0
[INFO] [stderr]     Checking icu_properties v2.3.0
[INFO] [stderr]     Checking toml v0.8.23
[INFO] [stderr]     Checking idna_adapter v1.2.2
[INFO] [stderr]     Checking idna v1.1.0
[INFO] [stderr]     Checking url v2.5.8
[INFO] [stderr]     Checking ureq v2.12.1
[INFO] [stdout] error[E0433]: cannot find `windows` in `os`
[INFO] [stdout]  --> src/autostart.rs:3:14
[INFO] [stdout]   |
[INFO] [stdout] 3 | use std::os::windows::ffi::OsStrExt;
[INFO] [stdout]   |              ^^^^^^^ could not find `windows` in `os`
[INFO] [stdout]   |
[INFO] [stdout] note: found an item that was configured out
[INFO] [stdout]  --> /rustc/3154cc1a3e6424e44f438a95007d043ed5ceaaf6/library/std/src/os/mod.rs:62:4
[INFO] [stdout]   |
[INFO] [stdout]   = note: the item is gated behind the `windows` feature
[INFO] [stdout] 
[INFO] [stdout] 
[INFO] [stdout] error[E0433]: cannot find `Win32` in `windows`
[INFO] [stdout]  --> src/autostart.rs:4:14
[INFO] [stdout]   |
[INFO] [stdout] 4 | use windows::Win32::System::Registry::{
[INFO] [stdout]   |              ^^^^^ could not find `Win32` in `windows`
[INFO] [stdout] 
[INFO] [stdout] 
[INFO] [stdout] error[E0433]: cannot find `windows` in `os`
[INFO] [stdout]  --> src/gui.rs:4:14
[INFO] [stdout]   |
[INFO] [stdout] 4 | use std::os::windows::ffi::OsStrExt;
[INFO] [stdout]   |              ^^^^^^^ could not find `windows` in `os`
[INFO] [stdout]   |
[INFO] [stdout] note: found an item that was configured out
[INFO] [stdout]  --> /rustc/3154cc1a3e6424e44f438a95007d043ed5ceaaf6/library/std/src/os/mod.rs:62:4
[INFO] [stdout]   |
[INFO] [stdout]   = note: the item is gated behind the `windows` feature
[INFO] [stdout] 
[INFO] [stdout] 
[INFO] [stdout] error[E0433]: cannot find `Win32` in `windows`
[INFO] [stdout]  --> src/gui.rs:8:14
[INFO] [stdout]   |
[INFO] [stdout] 8 | use windows::Win32::Foundation::{COLORREF, HINSTANCE, HWND, LPARAM, LRESULT, WPARAM};
[INFO] [stdout]   |              ^^^^^ could not find `Win32` in `windows`
[INFO] [stdout] 
[INFO] [stdout] 
[INFO] [stdout] error[E0433]: cannot find `Win32` in `windows`
[INFO] [stdout]  --> src/gui.rs:9:14
[INFO] [stdout]   |
[INFO] [stdout] 9 | use windows::Win32::Graphics::Dwm::{DWMWA_USE_IMMERSIVE_DARK_MODE, DwmSetWindowAttribute};
[INFO] [stdout]   |              ^^^^^ could not find `Win32` in `windows`
[INFO] [stdout] 
[INFO] [stdout] 
[INFO] [stdout] error[E0433]: cannot find `Win32` in `windows`
[INFO] [stdout]   --> src/gui.rs:10:14
[INFO] [stdout]    |
[INFO] [stdout] 10 | use windows::Win32::Graphics::Gdi::{
[INFO] [stdout]    |              ^^^^^ could not find `Win32` in `windows`
[INFO] [stdout] 
[INFO] [stdout] 
[INFO] [stdout] error[E0433]: cannot find `Win32` in `windows`
[INFO] [stdout]   --> src/gui.rs:15:14
[INFO] [stdout]    |
[INFO] [stdout] 15 | use windows::Win32::System::LibraryLoader::GetModuleHandleW;
[INFO] [stdout]    |              ^^^^^ could not find `Win32` in `windows`
[INFO] [stdout] 
[INFO] [stdout] 
[INFO] [stdout] error[E0433]: cannot find `Win32` in `windows`
[INFO] [stdout]   --> src/gui.rs:16:14
[INFO] [stdout]    |
[INFO] [stdout] 16 | use windows::Win32::UI::WindowsAndMessaging::{
[INFO] [stdout]    |              ^^^^^ could not find `Win32` in `windows`
[INFO] [stdout] 
[INFO] [stdout] 
[INFO] [stdout] error[E0432]: unresolved import `windows::core`
[INFO] [stdout]  --> src/autostart.rs:8:14
[INFO] [stdout]   |
[INFO] [stdout] 8 | use windows::core::{PCWSTR, w};
[INFO] [stdout]   |              ^^^^ could not find `core` in `windows`
[INFO] [stdout] 
[INFO] [stdout] 
[INFO] [stdout] error[E0433]: cannot find `Media` in `windows`
[INFO] [stdout]  --> src/media.rs:1:14
[INFO] [stdout]   |
[INFO] [stdout] 1 | use windows::Media::Control::{
[INFO] [stdout]   |              ^^^^^ could not find `Media` in `windows`
[INFO] [stdout] 
[INFO] [stdout] 
[INFO] [stdout] error[E0433]: cannot find `windows` in `os`
[INFO] [stdout]  --> src/tray.rs:3:14
[INFO] [stdout]   |
[INFO] [stdout] 3 | use std::os::windows::ffi::OsStrExt;
[INFO] [stdout]   |              ^^^^^^^ could not find `windows` in `os`
[INFO] [stdout]   |
[INFO] [stdout] note: found an item that was configured out
[INFO] [stdout]  --> /rustc/3154cc1a3e6424e44f438a95007d043ed5ceaaf6/library/std/src/os/mod.rs:62:4
[INFO] [stdout]   |
[INFO] [stdout]   = note: the item is gated behind the `windows` feature
[INFO] [stdout] 
[INFO] [stdout] 
[INFO] [stdout] error[E0433]: cannot find `Win32` in `windows`
[INFO] [stdout]  --> src/tray.rs:7:14
[INFO] [stdout]   |
[INFO] [stdout] 7 | use windows::Win32::Foundation::{HWND, LPARAM, LRESULT, POINT, WPARAM};
[INFO] [stdout]   |              ^^^^^ could not find `Win32` in `windows`
[INFO] [stdout] 
[INFO] [stdout] 
[INFO] [stdout] error[E0433]: cannot find `Win32` in `windows`
[INFO] [stdout]  --> src/tray.rs:8:14
[INFO] [stdout]   |
[INFO] [stdout] 8 | use windows::Win32::System::LibraryLoader::GetModuleHandleW;
[INFO] [stdout]   |              ^^^^^ could not find `Win32` in `windows`
[INFO] [stdout] 
[INFO] [stdout] 
[INFO] [stdout] error[E0433]: cannot find `Win32` in `windows`
[INFO] [stdout]  --> src/tray.rs:9:14
[INFO] [stdout]   |
[INFO] [stdout] 9 | use windows::Win32::UI::Shell::{
[INFO] [stdout]   |              ^^^^^ could not find `Win32` in `windows`
[INFO] [stdout] 
[INFO] [stdout] 
[INFO] [stdout] error[E0433]: cannot find `Win32` in `windows`
[INFO] [stdout]   --> src/tray.rs:13:14
[INFO] [stdout]    |
[INFO] [stdout] 13 | use windows::Win32::UI::WindowsAndMessaging::{
[INFO] [stdout]    |              ^^^^^ could not find `Win32` in `windows`
[INFO] [stdout] 
[INFO] [stdout] 
[INFO] [stdout] error[E0432]: unresolved import `windows::core`
[INFO] [stdout]   --> src/gui.rs:27:14
[INFO] [stdout]    |
[INFO] [stdout] 27 | use windows::core::{PCWSTR, w};
[INFO] [stdout]    |              ^^^^ could not find `core` in `windows`
[INFO] [stdout] 
[INFO] [stdout] 
[INFO] [stdout] error[E0432]: unresolved import `windows::core`
[INFO] [stdout]   --> src/tray.rs:22:14
[INFO] [stdout]    |
[INFO] [stdout] 22 | use windows::core::{PCWSTR, w};
[INFO] [stdout]    |              ^^^^ could not find `core` in `windows`
[INFO] [stdout] 
[INFO] [stdout] 
[INFO] [stdout] error[E0433]: cannot find `windows` in `os`
[INFO] [stdout]  --> src/autostart.rs:3:14
[INFO] [stdout]   |
[INFO] [stdout] 3 | use std::os::windows::ffi::OsStrExt;
[INFO] [stdout]   |              ^^^^^^^ could not find `windows` in `os`
[INFO] [stdout]   |
[INFO] [stdout] note: found an item that was configured out
[INFO] [stdout]  --> /rustc/3154cc1a3e6424e44f438a95007d043ed5ceaaf6/library/std/src/os/mod.rs:62:4
[INFO] [stdout]   |
[INFO] [stdout]   = note: the item is gated behind the `windows` feature
[INFO] [stdout] 
[INFO] [stdout] 
[INFO] [stdout] error[E0433]: cannot find `Win32` in `windows`
[INFO] [stdout]  --> src/autostart.rs:4:14
[INFO] [stdout]   |
[INFO] [stdout] 4 | use windows::Win32::System::Registry::{
[INFO] [stdout]   |              ^^^^^ could not find `Win32` in `windows`
[INFO] [stdout] 
[INFO] [stdout] 
[INFO] [stdout] error[E0433]: cannot find `windows` in `os`
[INFO] [stdout]  --> src/gui.rs:4:14
[INFO] [stdout]   |
[INFO] [stdout] 4 | use std::os::windows::ffi::OsStrExt;
[INFO] [stdout]   |              ^^^^^^^ could not find `windows` in `os`
[INFO] [stdout]   |
[INFO] [stdout] note: found an item that was configured out
[INFO] [stdout]  --> /rustc/3154cc1a3e6424e44f438a95007d043ed5ceaaf6/library/std/src/os/mod.rs:62:4
[INFO] [stdout]   |
[INFO] [stdout]   = note: the item is gated behind the `windows` feature
[INFO] [stdout] 
[INFO] [stdout] 
[INFO] [stdout] error[E0433]: cannot find `Win32` in `windows`
[INFO] [stdout]  --> src/gui.rs:8:14
[INFO] [stdout]   |
[INFO] [stdout] 8 | use windows::Win32::Foundation::{COLORREF, HINSTANCE, HWND, LPARAM, LRESULT, WPARAM};
[INFO] [stdout]   |              ^^^^^ could not find `Win32` in `windows`
[INFO] [stdout] 
[INFO] [stdout] 
[INFO] [stdout] error[E0433]: cannot find `Win32` in `windows`
[INFO] [stdout]  --> src/gui.rs:9:14
[INFO] [stdout]   |
[INFO] [stdout] 9 | use windows::Win32::Graphics::Dwm::{DWMWA_USE_IMMERSIVE_DARK_MODE, DwmSetWindowAttribute};
[INFO] [stdout]   |              ^^^^^ could not find `Win32` in `windows`
[INFO] [stdout] 
[INFO] [stdout] 
[INFO] [stdout] error[E0433]: cannot find `Win32` in `windows`
[INFO] [stdout]   --> src/gui.rs:10:14
[INFO] [stdout]    |
[INFO] [stdout] 10 | use windows::Win32::Graphics::Gdi::{
[INFO] [stdout]    |              ^^^^^ could not find `Win32` in `windows`
[INFO] [stdout] 
[INFO] [stdout] 
[INFO] [stdout] error[E0433]: cannot find `Win32` in `windows`
[INFO] [stdout]   --> src/gui.rs:15:14
[INFO] [stdout]    |
[INFO] [stdout] 15 | use windows::Win32::System::LibraryLoader::GetModuleHandleW;
[INFO] [stdout]    |              ^^^^^ could not find `Win32` in `windows`
[INFO] [stdout] 
[INFO] [stdout] 
[INFO] [stdout] error[E0433]: cannot find `Win32` in `windows`
[INFO] [stdout]   --> src/gui.rs:16:14
[INFO] [stdout]    |
[INFO] [stdout] 16 | use windows::Win32::UI::WindowsAndMessaging::{
[INFO] [stdout]    |              ^^^^^ could not find `Win32` in `windows`
[INFO] [stdout] 
[INFO] [stdout] 
[INFO] [stdout] error[E0432]: unresolved import `windows::core`
[INFO] [stdout]  --> src/autostart.rs:8:14
[INFO] [stdout]   |
[INFO] [stdout] 8 | use windows::core::{PCWSTR, w};
[INFO] [stdout]   |              ^^^^ could not find `core` in `windows`
[INFO] [stdout] 
[INFO] [stdout] 
[INFO] [stdout] error[E0433]: cannot find `Media` in `windows`
[INFO] [stdout]  --> src/media.rs:1:14
[INFO] [stdout]   |
[INFO] [stdout] 1 | use windows::Media::Control::{
[INFO] [stdout]   |              ^^^^^ could not find `Media` in `windows`
[INFO] [stdout] 
[INFO] [stdout] 
[INFO] [stdout] error[E0433]: cannot find `windows` in `os`
[INFO] [stdout]  --> src/tray.rs:3:14
[INFO] [stdout]   |
[INFO] [stdout] 3 | use std::os::windows::ffi::OsStrExt;
[INFO] [stdout]   |              ^^^^^^^ could not find `windows` in `os`
[INFO] [stdout]   |
[INFO] [stdout] note: found an item that was configured out
[INFO] [stdout]  --> /rustc/3154cc1a3e6424e44f438a95007d043ed5ceaaf6/library/std/src/os/mod.rs:62:4
[INFO] [stdout]   |
[INFO] [stdout]   = note: the item is gated behind the `windows` feature
[INFO] [stdout] 
[INFO] [stdout] 
[INFO] [stdout] error[E0433]: cannot find `Win32` in `windows`
[INFO] [stdout]  --> src/tray.rs:7:14
[INFO] [stdout]   |
[INFO] [stdout] 7 | use windows::Win32::Foundation::{HWND, LPARAM, LRESULT, POINT, WPARAM};
[INFO] [stdout]   |              ^^^^^ could not find `Win32` in `windows`
[INFO] [stdout] 
[INFO] [stdout] 
[INFO] [stdout] error[E0433]: cannot find `Win32` in `windows`
[INFO] [stdout]  --> src/tray.rs:8:14
[INFO] [stdout]   |
[INFO] [stdout] 8 | use windows::Win32::System::LibraryLoader::GetModuleHandleW;
[INFO] [stdout]   |              ^^^^^ could not find `Win32` in `windows`
[INFO] [stdout] 
[INFO] [stdout] 
[INFO] [stdout] error[E0433]: cannot find `Win32` in `windows`
[INFO] [stdout]  --> src/tray.rs:9:14
[INFO] [stdout]   |
[INFO] [stdout] 9 | use windows::Win32::UI::Shell::{
[INFO] [stdout]   |              ^^^^^ could not find `Win32` in `windows`
[INFO] [stdout] 
[INFO] [stdout] 
[INFO] [stdout] error[E0433]: cannot find `Win32` in `windows`
[INFO] [stdout]   --> src/tray.rs:13:14
[INFO] [stdout]    |
[INFO] [stdout] 13 | use windows::Win32::UI::WindowsAndMessaging::{
[INFO] [stdout]    |              ^^^^^ could not find `Win32` in `windows`
[INFO] [stdout] 
[INFO] [stdout] 
[INFO] [stdout] error[E0432]: unresolved import `windows::core`
[INFO] [stdout]   --> src/gui.rs:27:14
[INFO] [stdout]    |
[INFO] [stdout] 27 | use windows::core::{PCWSTR, w};
[INFO] [stdout]    |              ^^^^ could not find `core` in `windows`
[INFO] [stdout] 
[INFO] [stdout] 
[INFO] [stdout] error[E0432]: unresolved import `windows::core`
[INFO] [stdout]   --> src/tray.rs:22:14
[INFO] [stdout]    |
[INFO] [stdout] 22 | use windows::core::{PCWSTR, w};
[INFO] [stdout]    |              ^^^^ could not find `core` in `windows`
[INFO] [stdout] 
[INFO] [stdout] 
[INFO] [stdout] error[E0433]: cannot find `Win32` in `windows`
[INFO] [stdout]    --> src/gui.rs:392:22
[INFO] [stdout]     |
[INFO] [stdout] 392 |             windows::Win32::UI::WindowsAndMessaging::HMENU(ID_EDIT_POLL_INTERVAL as *mut _),
[INFO] [stdout]     |                      ^^^^^ could not find `Win32` in `windows`
[INFO] [stdout] 
[INFO] [stdout] 
[INFO] [stdout] error[E0433]: cannot find `Win32` in `windows`
[INFO] [stdout]    --> src/gui.rs:392:22
[INFO] [stdout]     |
[INFO] [stdout] 392 |             windows::Win32::UI::WindowsAndMessaging::HMENU(ID_EDIT_POLL_INTERVAL as *mut _),
[INFO] [stdout]     |                      ^^^^^ could not find `Win32` in `windows`
[INFO] [stdout] 
[INFO] [stdout] 
[INFO] [stdout] error[E0433]: cannot find `Win32` in `windows`
[INFO] [stdout]    --> src/gui.rs:465:22
[INFO] [stdout]     |
[INFO] [stdout] 465 |             windows::Win32::UI::WindowsAndMessaging::HMENU(ID_EDIT_BUTTON_LABEL as *mut _),
[INFO] [stdout]     |                      ^^^^^ could not find `Win32` in `windows`
[INFO] [stdout] 
[INFO] [stdout] 
[INFO] [stdout] error[E0433]: cannot find `Win32` in `windows`
[INFO] [stdout]    --> src/gui.rs:465:22
[INFO] [stdout]     |
[INFO] [stdout] 465 |             windows::Win32::UI::WindowsAndMessaging::HMENU(ID_EDIT_BUTTON_LABEL as *mut _),
[INFO] [stdout]     |                      ^^^^^ could not find `Win32` in `windows`
[INFO] [stdout] 
[INFO] [stdout] 
[INFO] [stdout] error[E0433]: cannot find `Win32` in `windows`
[INFO] [stdout]    --> src/gui.rs:514:22
[INFO] [stdout]     |
[INFO] [stdout] 514 |             windows::Win32::UI::WindowsAndMessaging::HMENU(ID_CHK_AUTOSTART as *mut _),
[INFO] [stdout]     |                      ^^^^^ could not find `Win32` in `windows`
[INFO] [stdout] 
[INFO] [stdout] 
[INFO] [stdout] error[E0433]: cannot find `Win32` in `windows`
[INFO] [stdout]    --> src/gui.rs:514:22
[INFO] [stdout]     |
[INFO] [stdout] 514 |             windows::Win32::UI::WindowsAndMessaging::HMENU(ID_CHK_AUTOSTART as *mut _),
[INFO] [stdout]     |                      ^^^^^ could not find `Win32` in `windows`
[INFO] [stdout] 
[INFO] [stdout] 
[INFO] [stdout] error[E0433]: cannot find `Win32` in `windows`
[INFO] [stdout]    --> src/gui.rs:551:22
[INFO] [stdout]     |
[INFO] [stdout] 551 |             windows::Win32::UI::WindowsAndMessaging::HMENU(ID_CHK_AUTOUPDATE as *mut _),
[INFO] [stdout]     |                      ^^^^^ could not find `Win32` in `windows`
[INFO] [stdout] 
[INFO] [stdout] 
[INFO] [stdout] error[E0433]: cannot find `Win32` in `windows`
[INFO] [stdout]    --> src/gui.rs:587:22
[INFO] [stdout]     |
[INFO] [stdout] 587 |             windows::Win32::UI::WindowsAndMessaging::HMENU(ID_BTN_CHECK_UPDATE as *mut _),
[INFO] [stdout]     |                      ^^^^^ could not find `Win32` in `windows`
[INFO] [stdout] 
[INFO] [stdout] 
[INFO] [stdout] error[E0433]: cannot find `Win32` in `windows`
[INFO] [stdout]    --> src/gui.rs:551:22
[INFO] [stdout]     |
[INFO] [stdout] 551 |             windows::Win32::UI::WindowsAndMessaging::HMENU(ID_CHK_AUTOUPDATE as *mut _),
[INFO] [stdout]     |                      ^^^^^ could not find `Win32` in `windows`
[INFO] [stdout] 
[INFO] [stdout] 
[INFO] [stdout] error[E0433]: cannot find `Win32` in `windows`
[INFO] [stdout]    --> src/gui.rs:612:22
[INFO] [stdout]     |
[INFO] [stdout] 612 |             windows::Win32::UI::WindowsAndMessaging::HMENU(ID_BTN_RESET as *mut _),
[INFO] [stdout]     |                      ^^^^^ could not find `Win32` in `windows`
[INFO] [stdout] 
[INFO] [stdout] 
[INFO] [stdout] error[E0433]: cannot find `Win32` in `windows`
[INFO] [stdout]    --> src/gui.rs:587:22
[INFO] [stdout]     |
[INFO] [stdout] 587 |             windows::Win32::UI::WindowsAndMessaging::HMENU(ID_BTN_CHECK_UPDATE as *mut _),
[INFO] [stdout]     |                      ^^^^^ could not find `Win32` in `windows`
[INFO] [stdout] 
[INFO] [stdout] 
[INFO] [stdout] error[E0433]: cannot find `Win32` in `windows`
[INFO] [stdout]    --> src/gui.rs:636:22
[INFO] [stdout]     |
[INFO] [stdout] 636 |             windows::Win32::UI::WindowsAndMessaging::HMENU(ID_BTN_CANCEL as *mut _),
[INFO] [stdout]     |                      ^^^^^ could not find `Win32` in `windows`
[INFO] [stdout] 
[INFO] [stdout] 
[INFO] [stdout] error[E0433]: cannot find `Win32` in `windows`
[INFO] [stdout]    --> src/gui.rs:660:22
[INFO] [stdout]     |
[INFO] [stdout] 660 |             windows::Win32::UI::WindowsAndMessaging::HMENU(ID_BTN_SAVE as *mut _),
[INFO] [stdout]     |                      ^^^^^ could not find `Win32` in `windows`
[INFO] [stdout] 
[INFO] [stdout] 
[INFO] [stdout] error[E0433]: cannot find `Win32` in `windows`
[INFO] [stdout]    --> src/gui.rs:612:22
[INFO] [stdout]     |
[INFO] [stdout] 612 |             windows::Win32::UI::WindowsAndMessaging::HMENU(ID_BTN_RESET as *mut _),
[INFO] [stdout]     |                      ^^^^^ could not find `Win32` in `windows`
[INFO] [stdout] 
[INFO] [stdout] 
[INFO] [stdout] error[E0408]: variable `WM_CTLCOLORDLG` is not bound in all patterns
[INFO] [stdout]    --> src/gui.rs:872:13
[INFO] [stdout]     |
[INFO] [stdout] 872 |             WM_CTLCOLORSTATIC | WM_CTLCOLORDLG | WM_CTLCOLORBTN => {
[INFO] [stdout]     |             ^^^^^^^^^^^^^^^^^   --------------   ^^^^^^^^^^^^^^ pattern doesn't bind `WM_CTLCOLORDLG`
[INFO] [stdout]     |             |                   |
[INFO] [stdout]     |             |                   variable not in all patterns
[INFO] [stdout]     |             pattern doesn't bind `WM_CTLCOLORDLG`
[INFO] [stdout]     |
[INFO] [stdout] help: if you meant to match on a unit struct, unit variant or a `const` item, consider making the path in the pattern qualified: `path::to::ModOrType::WM_CTLCOLORDLG`
[INFO] [stdout]    --> src/gui.rs:872:33
[INFO] [stdout]     |
[INFO] [stdout] 872 |             WM_CTLCOLORSTATIC | WM_CTLCOLORDLG | WM_CTLCOLORBTN => {
[INFO] [stdout]     |                                 ^^^^^^^^^^^^^^
[INFO] [stdout] 
[INFO] [stdout] 
[INFO] [stdout] error[E0408]: variable `WM_CTLCOLORBTN` is not bound in all patterns
[INFO] [stdout]    --> src/gui.rs:872:13
[INFO] [stdout]     |
[INFO] [stdout] 872 |             WM_CTLCOLORSTATIC | WM_CTLCOLORDLG | WM_CTLCOLORBTN => {
[INFO] [stdout]     |             ^^^^^^^^^^^^^^^^^   ^^^^^^^^^^^^^^   -------------- variable not in all patterns
[INFO] [stdout]     |             |                   |
[INFO] [stdout]     |             |                   pattern doesn't bind `WM_CTLCOLORBTN`
[INFO] [stdout]     |             pattern doesn't bind `WM_CTLCOLORBTN`
[INFO] [stdout]     |
[INFO] [stdout] help: if you meant to match on a unit struct, unit variant or a `const` item, consider making the path in the pattern qualified: `path::to::ModOrType::WM_CTLCOLORBTN`
[INFO] [stdout]    --> src/gui.rs:872:50
[INFO] [stdout]     |
[INFO] [stdout] 872 |             WM_CTLCOLORSTATIC | WM_CTLCOLORDLG | WM_CTLCOLORBTN => {
[INFO] [stdout]     |                                                  ^^^^^^^^^^^^^^
[INFO] [stdout] 
[INFO] [stdout] 
[INFO] [stdout] error[E0408]: variable `WM_CTLCOLORSTATIC` is not bound in all patterns
[INFO] [stdout]    --> src/gui.rs:872:33
[INFO] [stdout]     |
[INFO] [stdout] 872 |             WM_CTLCOLORSTATIC | WM_CTLCOLORDLG | WM_CTLCOLORBTN => {
[INFO] [stdout]     |             -----------------   ^^^^^^^^^^^^^^   ^^^^^^^^^^^^^^ pattern doesn't bind `WM_CTLCOLORSTATIC`
[INFO] [stdout]     |             |                   |
[INFO] [stdout]     |             |                   pattern doesn't bind `WM_CTLCOLORSTATIC`
[INFO] [stdout]     |             variable not in all patterns
[INFO] [stdout]     |
[INFO] [stdout] help: if you meant to match on a unit struct, unit variant or a `const` item, consider making the path in the pattern qualified: `path::to::ModOrType::WM_CTLCOLORSTATIC`
[INFO] [stdout]    --> src/gui.rs:872:13
[INFO] [stdout]     |
[INFO] [stdout] 872 |             WM_CTLCOLORSTATIC | WM_CTLCOLORDLG | WM_CTLCOLORBTN => {
[INFO] [stdout]     |             ^^^^^^^^^^^^^^^^^
[INFO] [stdout] 
[INFO] [stdout] 
[INFO] [stdout] error[E0433]: cannot find `Win32` in `windows`
[INFO] [stdout]    --> src/gui.rs:636:22
[INFO] [stdout]     |
[INFO] [stdout] 636 |             windows::Win32::UI::WindowsAndMessaging::HMENU(ID_BTN_CANCEL as *mut _),
[INFO] [stdout]     |                      ^^^^^ could not find `Win32` in `windows`
[INFO] [stdout] 
[INFO] [stdout] 
[INFO] [stdout] error[E0433]: cannot find `Win32` in `windows`
[INFO] [stdout]    --> src/gui.rs:660:22
[INFO] [stdout]     |
[INFO] [stdout] 660 |             windows::Win32::UI::WindowsAndMessaging::HMENU(ID_BTN_SAVE as *mut _),
[INFO] [stdout]     |                      ^^^^^ could not find `Win32` in `windows`
[INFO] [stdout] 
[INFO] [stdout] 
[INFO] [stdout] error[E0408]: variable `WM_CTLCOLORDLG` is not bound in all patterns
[INFO] [stdout]    --> src/gui.rs:872:13
[INFO] [stdout]     |
[INFO] [stdout] 872 |             WM_CTLCOLORSTATIC | WM_CTLCOLORDLG | WM_CTLCOLORBTN => {
[INFO] [stdout]     |             ^^^^^^^^^^^^^^^^^   --------------   ^^^^^^^^^^^^^^ pattern doesn't bind `WM_CTLCOLORDLG`
[INFO] [stdout]     |             |                   |
[INFO] [stdout]     |             |                   variable not in all patterns
[INFO] [stdout]     |             pattern doesn't bind `WM_CTLCOLORDLG`
[INFO] [stdout]     |
[INFO] [stdout] help: if you meant to match on a unit struct, unit variant or a `const` item, consider making the path in the pattern qualified: `path::to::ModOrType::WM_CTLCOLORDLG`
[INFO] [stdout]    --> src/gui.rs:872:33
[INFO] [stdout]     |
[INFO] [stdout] 872 |             WM_CTLCOLORSTATIC | WM_CTLCOLORDLG | WM_CTLCOLORBTN => {
[INFO] [stdout]     |                                 ^^^^^^^^^^^^^^
[INFO] [stdout] 
[INFO] [stdout] 
[INFO] [stdout] error[E0408]: variable `WM_CTLCOLORBTN` is not bound in all patterns
[INFO] [stdout]    --> src/gui.rs:872:13
[INFO] [stdout]     |
[INFO] [stdout] 872 |             WM_CTLCOLORSTATIC | WM_CTLCOLORDLG | WM_CTLCOLORBTN => {
[INFO] [stdout]     |             ^^^^^^^^^^^^^^^^^   ^^^^^^^^^^^^^^   -------------- variable not in all patterns
[INFO] [stdout]     |             |                   |
[INFO] [stdout]     |             |                   pattern doesn't bind `WM_CTLCOLORBTN`
[INFO] [stdout]     |             pattern doesn't bind `WM_CTLCOLORBTN`
[INFO] [stdout]     |
[INFO] [stdout] help: if you meant to match on a unit struct, unit variant or a `const` item, consider making the path in the pattern qualified: `path::to::ModOrType::WM_CTLCOLORBTN`
[INFO] [stdout]    --> src/gui.rs:872:50
[INFO] [stdout]     |
[INFO] [stdout] 872 |             WM_CTLCOLORSTATIC | WM_CTLCOLORDLG | WM_CTLCOLORBTN => {
[INFO] [stdout]     |                                                  ^^^^^^^^^^^^^^
[INFO] [stdout] 
[INFO] [stdout] 
[INFO] [stdout] error[E0408]: variable `WM_CTLCOLORSTATIC` is not bound in all patterns
[INFO] [stdout]    --> src/gui.rs:872:33
[INFO] [stdout]     |
[INFO] [stdout] 872 |             WM_CTLCOLORSTATIC | WM_CTLCOLORDLG | WM_CTLCOLORBTN => {
[INFO] [stdout]     |             -----------------   ^^^^^^^^^^^^^^   ^^^^^^^^^^^^^^ pattern doesn't bind `WM_CTLCOLORSTATIC`
[INFO] [stdout]     |             |                   |
[INFO] [stdout]     |             |                   pattern doesn't bind `WM_CTLCOLORSTATIC`
[INFO] [stdout]     |             variable not in all patterns
[INFO] [stdout]     |
[INFO] [stdout] help: if you meant to match on a unit struct, unit variant or a `const` item, consider making the path in the pattern qualified: `path::to::ModOrType::WM_CTLCOLORSTATIC`
[INFO] [stdout]    --> src/gui.rs:872:13
[INFO] [stdout]     |
[INFO] [stdout] 872 |             WM_CTLCOLORSTATIC | WM_CTLCOLORDLG | WM_CTLCOLORBTN => {
[INFO] [stdout]     |             ^^^^^^^^^^^^^^^^^
[INFO] [stdout] 
[INFO] [stdout] 
[INFO] [stdout] error[E0599]: no method named `encode_wide` found for reference `&OsStr` in the current scope
[INFO] [stdout]   --> src/autostart.rs:47:18
[INFO] [stdout]    |
[INFO] [stdout] 46 |             let wide_path: Vec<u16> = OsStr::new(&path_str)
[INFO] [stdout] 47 |                 .encode_wide()
[INFO] [stdout]    |                  ^^^^^^^^^^^ method not found in `&OsStr`
[INFO] [stdout] 
[INFO] [stdout] 
[INFO] [stdout] error[E0599]: no method named `encode_wide` found for reference `&OsStr` in the current scope
[INFO] [stdout]   --> src/autostart.rs:47:18
[INFO] [stdout]    |
[INFO] [stdout] 46 |             let wide_path: Vec<u16> = OsStr::new(&path_str)
[INFO] [stdout] 47 |                 .encode_wide()
[INFO] [stdout]    |                  ^^^^^^^^^^^ method not found in `&OsStr`
[INFO] [stdout] 
[INFO] [stdout] 
[INFO] [stdout] error[E0599]: no method named `encode_wide` found for reference `&OsStr` in the current scope
[INFO] [stdout]   --> src/gui.rs:78:10
[INFO] [stdout]    |
[INFO] [stdout] 77 |     OsStr::new(s)
[INFO] [stdout] 78 |         .encode_wide()
[INFO] [stdout]    |          ^^^^^^^^^^^ method not found in `&OsStr`
[INFO] [stdout] 
[INFO] [stdout] 
[INFO] [stdout] error[E0599]: no method named `encode_wide` found for reference `&OsStr` in the current scope
[INFO] [stdout]   --> src/gui.rs:78:10
[INFO] [stdout]    |
[INFO] [stdout] 77 |     OsStr::new(s)
[INFO] [stdout] 78 |         .encode_wide()
[INFO] [stdout]    |          ^^^^^^^^^^^ method not found in `&OsStr`
[INFO] [stdout] 
[INFO] [stdout] 
[INFO] [stdout] warning: method call on a diverging inference variable
[INFO] [stdout]    --> src/media.rs:103:14
[INFO] [stdout]     |
[INFO] [stdout] 103 |             .Title()
[INFO] [stdout]     |              ^^^^^
[INFO] [stdout]     |
[INFO] [stdout]     = help: consider providing a type annotation
[INFO] [stdout]     = warning: this was previously accepted by the compiler but is being phased out; it will become a hard error in a future release!
[INFO] [stdout]     = note: for more information, see issue #156047 <https://github.com/rust-lang/rust/issues/156047>
[INFO] [stdout]     = note: `#[warn(method_call_on_diverging_infer_var)]` (part of `#[warn(future_incompatible)]`) on by default
[INFO] [stdout] 
[INFO] [stdout] 
[INFO] [stdout] error[E0599]: no method named `Title` found for type `!` in the current scope
[INFO] [stdout]    --> src/media.rs:103:14
[INFO] [stdout]     |
[INFO] [stdout] 102 |         let title = media_props
[INFO] [stdout] 103 |             .Title()
[INFO] [stdout]     |              ^^^^^ method not found in `!`
[INFO] [stdout] 
[INFO] [stdout] 
[INFO] [stdout] error[E0599]: no method named `Artist` found for type `!` in the current scope
[INFO] [stdout]    --> src/media.rs:107:14
[INFO] [stdout]     |
[INFO] [stdout] 106 |         let artist = media_props
[INFO] [stdout] 107 |             .Artist()
[INFO] [stdout]     |              ^^^^^^ method not found in `!`
[INFO] [stdout] 
[INFO] [stdout] 
[INFO] [stdout] warning: unreachable call
[INFO] [stdout]    --> src/media.rs:107:14
[INFO] [stdout]     |
[INFO] [stdout] 106 |         let artist = media_props
[INFO] [stdout]     |                      ----------- any code following this expression is unreachable
[INFO] [stdout] 107 |             .Artist()
[INFO] [stdout]     |              ^^^^^^ unreachable call
[INFO] [stdout]     |
[INFO] [stdout]     = note: `#[warn(unreachable_code)]` (part of `#[warn(unused)]`) on by default
[INFO] [stdout] 
[INFO] [stdout] 
[INFO] [stdout] error[E0599]: no method named `AlbumTitle` found for type `!` in the current scope
[INFO] [stdout]    --> src/media.rs:111:14
[INFO] [stdout]     |
[INFO] [stdout] 110 |         let album = media_props
[INFO] [stdout] 111 |             .AlbumTitle()
[INFO] [stdout]     |              ^^^^^^^^^^ method not found in `!`
[INFO] [stdout] 
[INFO] [stdout] 
[INFO] [stdout] warning: unreachable call
[INFO] [stdout]    --> src/media.rs:111:14
[INFO] [stdout]     |
[INFO] [stdout] 110 |         let album = media_props
[INFO] [stdout]     |                     ----------- any code following this expression is unreachable
[INFO] [stdout] 111 |             .AlbumTitle()
[INFO] [stdout]     |              ^^^^^^^^^^ unreachable call
[INFO] [stdout] 
[INFO] [stdout] 
[INFO] [stdout] error[E0599]: no method named `encode_wide` found for reference `&OsStr` in the current scope
[INFO] [stdout]    --> src/tray.rs:107:10
[INFO] [stdout]     |
[INFO] [stdout] 106 |     let class_name: Vec<u16> = OsStr::new("AppleMusicPresenceTrayClass")
[INFO] [stdout] 107 |         .encode_wide()
[INFO] [stdout]     |          ^^^^^^^^^^^ method not found in `&OsStr`
[INFO] [stdout] 
[INFO] [stdout] 
[INFO] [stdout] error[E0599]: no method named `encode_wide` found for reference `&OsStr` in the current scope
[INFO] [stdout]    --> src/tray.rs:163:14
[INFO] [stdout]     |
[INFO] [stdout] 162 |         let tip: Vec<u16> = OsStr::new("Apple Music Discord Presence")
[INFO] [stdout] 163 |             .encode_wide()
[INFO] [stdout]     |              ^^^^^^^^^^^ method not found in `&OsStr`
[INFO] [stdout] 
[INFO] [stdout] 
[INFO] [stdout] warning: method call on a diverging inference variable
[INFO] [stdout]    --> src/media.rs:103:14
[INFO] [stdout]     |
[INFO] [stdout] 103 |             .Title()
[INFO] [stdout]     |              ^^^^^
[INFO] [stdout]     |
[INFO] [stdout]     = help: consider providing a type annotation
[INFO] [stdout]     = warning: this was previously accepted by the compiler but is being phased out; it will become a hard error in a future release!
[INFO] [stdout]     = note: for more information, see issue #156047 <https://github.com/rust-lang/rust/issues/156047>
[INFO] [stdout]     = note: `#[warn(method_call_on_diverging_infer_var)]` (part of `#[warn(future_incompatible)]`) on by default
[INFO] [stdout] 
[INFO] [stdout] 
[INFO] [stdout] error[E0599]: no method named `encode_wide` found for reference `&OsStr` in the current scope
[INFO] [stdout]    --> src/tray.rs:241:26
[INFO] [stdout]     |
[INFO] [stdout] 240 |                     let tip_w: Vec<u16> = OsStr::new(&full_tip)
[INFO] [stdout] 241 |                         .encode_wide()
[INFO] [stdout]     |                          ^^^^^^^^^^^ method not found in `&OsStr`
[INFO] [stdout] 
[INFO] [stdout] 
[INFO] [stdout] error[E0599]: no method named `Title` found for type `!` in the current scope
[INFO] [stdout]    --> src/media.rs:103:14
[INFO] [stdout]     |
[INFO] [stdout] 102 |         let title = media_props
[INFO] [stdout] 103 |             .Title()
[INFO] [stdout]     |              ^^^^^ method not found in `!`
[INFO] [stdout] 
[INFO] [stdout] 
[INFO] [stdout] error[E0599]: no method named `encode_wide` found for reference `&OsStr` in the current scope
[INFO] [stdout]    --> src/tray.rs:287:14
[INFO] [stdout]     |
[INFO] [stdout] 286 |         let presence_w: Vec<u16> = OsStr::new("Music Presence")
[INFO] [stdout] 287 |             .encode_wide()
[INFO] [stdout]     |              ^^^^^^^^^^^ method not found in `&OsStr`
[INFO] [stdout] 
[INFO] [stdout] 
[INFO] [stdout] error[E0599]: no method named `encode_wide` found for reference `&OsStr` in the current scope
[INFO] [stdout]    --> src/tray.rs:291:14
[INFO] [stdout]     |
[INFO] [stdout] 290 |         let quit_w: Vec<u16> = OsStr::new("Quit")
[INFO] [stdout] 291 |             .encode_wide()
[INFO] [stdout]     |              ^^^^^^^^^^^ method not found in `&OsStr`
[INFO] [stdout] 
[INFO] [stdout] 
[INFO] [stdout] error[E0599]: no method named `Artist` found for type `!` in the current scope
[INFO] [stdout]    --> src/media.rs:107:14
[INFO] [stdout]     |
[INFO] [stdout] 106 |         let artist = media_props
[INFO] [stdout] 107 |             .Artist()
[INFO] [stdout]     |              ^^^^^^ method not found in `!`
[INFO] [stdout] 
[INFO] [stdout] 
[INFO] [stdout] warning: unreachable call
[INFO] [stdout]    --> src/media.rs:107:14
[INFO] [stdout]     |
[INFO] [stdout] 106 |         let artist = media_props
[INFO] [stdout]     |                      ----------- any code following this expression is unreachable
[INFO] [stdout] 107 |             .Artist()
[INFO] [stdout]     |              ^^^^^^ unreachable call
[INFO] [stdout]     |
[INFO] [stdout]     = note: `#[warn(unreachable_code)]` (part of `#[warn(unused)]`) on by default
[INFO] [stdout] 
[INFO] [stdout] 
[INFO] [stdout] error[E0599]: no method named `AlbumTitle` found for type `!` in the current scope
[INFO] [stdout]    --> src/media.rs:111:14
[INFO] [stdout]     |
[INFO] [stdout] 110 |         let album = media_props
[INFO] [stdout] 111 |             .AlbumTitle()
[INFO] [stdout]     |              ^^^^^^^^^^ method not found in `!`
[INFO] [stdout] 
[INFO] [stdout] 
[INFO] [stdout] warning: unreachable call
[INFO] [stdout]    --> src/media.rs:111:14
[INFO] [stdout]     |
[INFO] [stdout] 110 |         let album = media_props
[INFO] [stdout]     |                     ----------- any code following this expression is unreachable
[INFO] [stdout] 111 |             .AlbumTitle()
[INFO] [stdout]     |              ^^^^^^^^^^ unreachable call
[INFO] [stdout] 
[INFO] [stdout] 
[INFO] [stdout] error[E0599]: no method named `encode_wide` found for reference `&OsStr` in the current scope
[INFO] [stdout]    --> src/tray.rs:107:10
[INFO] [stdout]     |
[INFO] [stdout] 106 |     let class_name: Vec<u16> = OsStr::new("AppleMusicPresenceTrayClass")
[INFO] [stdout] 107 |         .encode_wide()
[INFO] [stdout]     |          ^^^^^^^^^^^ method not found in `&OsStr`
[INFO] [stdout] 
[INFO] [stdout] 
[INFO] [stdout] error[E0599]: no method named `encode_wide` found for reference `&OsStr` in the current scope
[INFO] [stdout]    --> src/tray.rs:163:14
[INFO] [stdout]     |
[INFO] [stdout] 162 |         let tip: Vec<u16> = OsStr::new("Apple Music Discord Presence")
[INFO] [stdout] 163 |             .encode_wide()
[INFO] [stdout]     |              ^^^^^^^^^^^ method not found in `&OsStr`
[INFO] [stdout] 
[INFO] [stdout] 
[INFO] [stdout] error[E0599]: no method named `encode_wide` found for reference `&OsStr` in the current scope
[INFO] [stdout]    --> src/tray.rs:241:26
[INFO] [stdout]     |
[INFO] [stdout] 240 |                     let tip_w: Vec<u16> = OsStr::new(&full_tip)
[INFO] [stdout] 241 |                         .encode_wide()
[INFO] [stdout]     |                          ^^^^^^^^^^^ method not found in `&OsStr`
[INFO] [stdout] 
[INFO] [stdout] 
[INFO] [stdout] error[E0599]: no method named `encode_wide` found for reference `&OsStr` in the current scope
[INFO] [stdout]    --> src/tray.rs:287:14
[INFO] [stdout]     |
[INFO] [stdout] 286 |         let presence_w: Vec<u16> = OsStr::new("Music Presence")
[INFO] [stdout] 287 |             .encode_wide()
[INFO] [stdout]     |              ^^^^^^^^^^^ method not found in `&OsStr`
[INFO] [stdout] 
[INFO] [stdout] 
[INFO] [stdout] error[E0599]: no method named `encode_wide` found for reference `&OsStr` in the current scope
[INFO] [stdout]    --> src/tray.rs:291:14
[INFO] [stdout]     |
[INFO] [stdout] 290 |         let quit_w: Vec<u16> = OsStr::new("Quit")
[INFO] [stdout] 291 |             .encode_wide()
[INFO] [stdout]     |              ^^^^^^^^^^^ method not found in `&OsStr`
[INFO] [stdout] 
[INFO] [stdout] 
[INFO] [stdout] Some errors have detailed explanations: E0408, E0432, E0433, E0599.
[INFO] [stdout] 
[INFO] [stdout] For more information about an error, try `rustc --explain E0408`.
[INFO] [stdout] 
[INFO] [stderr] error: could not compile `musicpresence` (bin "MusicPresence") due to 38 previous errors; 4 warnings emitted
[INFO] [stderr] warning: build failed, waiting for other jobs to finish...
[INFO] [stdout] Some errors have detailed explanations: E0408, E0432, E0433, E0599.
[INFO] [stdout] 
[INFO] [stdout] For more information about an error, try `rustc --explain E0408`.
[INFO] [stdout] 
[INFO] [stderr] error: could not compile `musicpresence` (bin "MusicPresence" test) due to 38 previous errors; 4 warnings emitted
[INFO] [stderr] warning: unused dependency `winres`
[INFO] [stderr]  --> Cargo.toml:6:1
[INFO] [stderr]   |
[INFO] [stderr] 6 | winres = "0.1.12"
[INFO] [stderr]   | ^^^^^^^^^^^^^^^^^
[INFO] [stderr]   |
[INFO] [stderr]   = note: `cargo::unused_dependencies` is set to `warn` by default
[INFO] [stderr] help: consider removing the dependency on `winres`
[INFO] [stderr] warning: `musicpresence` (manifest) generated 1 warning
[INFO] running `Command { std: "docker" "inspect" "e95d1a4a227d929aeba15e2ba9f0e8ea11dd3fba58b9d0b7c44f4dfb9d65020d", kill_on_drop: false }`
[INFO] running `Command { std: "docker" "rm" "-f" "e95d1a4a227d929aeba15e2ba9f0e8ea11dd3fba58b9d0b7c44f4dfb9d65020d", kill_on_drop: false }`
[INFO] [stdout] e95d1a4a227d929aeba15e2ba9f0e8ea11dd3fba58b9d0b7c44f4dfb9d65020d
