[INFO] cloning repository https://github.com/crazazy/fireWHY-zero
[INFO] running `Command { std: "git" "-c" "credential.helper=" "-c" "credential.helper=/workspace/cargo-home/bin/git-credential-null" "clone" "--bare" "https://github.com/crazazy/fireWHY-zero" "/workspace/cache/git-repos/https%3A%2F%2Fgithub.com%2Fcrazazy%2FfireWHY-zero", kill_on_drop: false }`
[INFO] [stderr] Cloning into bare repository '/workspace/cache/git-repos/https%3A%2F%2Fgithub.com%2Fcrazazy%2FfireWHY-zero'...
[INFO] running `Command { std: "git" "rev-parse" "HEAD", kill_on_drop: false }`
[INFO] [stdout] eb2bcb08b6df1240d0548c4eaa134ab00b7d3887
[INFO] checking crazazy/fireWHY-zero against 3154cc1a3e6424e44f438a95007d043ed5ceaaf6+rustflags=-Znext-solver=coherence for pr-133502-30
[INFO] running `Command { std: "git" "clone" "/workspace/cache/git-repos/https%3A%2F%2Fgithub.com%2Fcrazazy%2FfireWHY-zero" "/workspace/builds/worker-6-tc1/source", kill_on_drop: false }`
[INFO] [stderr] Cloning into '/workspace/builds/worker-6-tc1/source'...
[INFO] [stderr] done.
[INFO] removed /workspace/builds/worker-6-tc1/source/.cargo/config.toml
[INFO] started tweaking git repo https://github.com/crazazy/fireWHY-zero
[INFO] finished tweaking git repo https://github.com/crazazy/fireWHY-zero
[INFO] tweaked toml for git repo https://github.com/crazazy/fireWHY-zero written to /workspace/builds/worker-6-tc1/source/Cargo.toml
[INFO] validating manifest of git repo https://github.com/crazazy/fireWHY-zero on toolchain 3154cc1a3e6424e44f438a95007d043ed5ceaaf6
[INFO] running `Command { std: CARGO_HOME="/workspace/cargo-home" RUSTUP_HOME="/workspace/rustup-home" "/workspace/cargo-home/bin/cargo" "+3154cc1a3e6424e44f438a95007d043ed5ceaaf6" "metadata" "--manifest-path" "Cargo.toml" "--no-deps", kill_on_drop: false }`
[INFO] crate git repo https://github.com/crazazy/fireWHY-zero already has a lockfile, it will not be regenerated
[INFO] running `Command { std: CARGO_HOME="/workspace/cargo-home" RUSTUP_HOME="/workspace/rustup-home" "/workspace/cargo-home/bin/cargo" "+3154cc1a3e6424e44f438a95007d043ed5ceaaf6" "fetch" "--manifest-path" "Cargo.toml", kill_on_drop: false }`
[INFO] [stderr] warning: profiles for the non root package will be ignored, specify profiles at the workspace root:
[INFO] [stderr] package:   /workspace/builds/worker-6-tc1/source/fire-why/Cargo.toml
[INFO] [stderr] workspace: /workspace/builds/worker-6-tc1/source/Cargo.toml
[INFO] [stderr]     Updating crates.io index
[INFO] [stderr]  Downloading crates ...
[INFO] [stderr]   Downloaded kasuari v0.4.12
[INFO] [stderr]   Downloaded why2025-badge-embedded-graphics v0.2.0
[INFO] [stderr]   Downloaded instability v0.3.14
[INFO] [stderr]   Downloaded line-clipping v0.3.8
[INFO] [stderr]   Downloaded firefly-types v0.12.1
[INFO] [stderr]   Downloaded why2025-badge-sys v0.2.0
[INFO] [stderr]   Downloaded ratatui v0.30.2
[INFO] [stderr]   Downloaded mousefood v0.3.0
[INFO] [stderr]   Downloaded ratatui-core v0.1.2
[INFO] [stderr]   Downloaded ratatui-widgets v0.3.2
[INFO] [stderr]   Downloaded embedded-graphics-unicodefonts v0.2.0
[INFO] running `Command { std: "docker" "create" "-v" "/var/lib/crater-agent-workspace/builds/worker-6-tc1/source:/opt/rustwide/workdir:ro,Z" "-v" "/var/lib/crater-agent-workspace/builds/worker-6-tc1/target:/opt/rustwide/target:rw,Z" "-v" "/var/lib/crater-agent-workspace/cargo-home:/opt/rustwide/cargo-home:ro,Z" "-v" "/var/lib/crater-agent-workspace/rustup-home:/opt/rustwide/rustup-home:ro,Z" "-m" "1610612736" "--network" "none" "ghcr.io/rust-lang/crates-build-env/linux@sha256:77db811e55d90add9212f6832c23229e3de5f1c1f9905e8cb07319ea15df73ac" "sleep" "infinity", kill_on_drop: false }`
[INFO] [stdout] 9278b993b8b3fff6f7ebbe6fd526573e54df3d025420bf0e0f6552645c83b055
[INFO] running `Command { std: "docker" "start" "9278b993b8b3fff6f7ebbe6fd526573e54df3d025420bf0e0f6552645c83b055", kill_on_drop: false }`
[INFO] running `Command { std: "docker" "inspect" "9278b993b8b3fff6f7ebbe6fd526573e54df3d025420bf0e0f6552645c83b055", kill_on_drop: false }`
[INFO] running `Command { std: "docker" "exec" "-e" "SOURCE_DIR=/opt/rustwide/workdir" "-e" "CARGO_HOME=/opt/rustwide/cargo-home" "-e" "RUSTUP_HOME=/opt/rustwide/rustup-home" "-e" "CARGO_TARGET_DIR=/opt/rustwide/target" "-w" "/opt/rustwide/workdir" "--user" "0:0" "9278b993b8b3fff6f7ebbe6fd526573e54df3d025420bf0e0f6552645c83b055" "/opt/rustwide/cargo-home/bin/cargo" "+3154cc1a3e6424e44f438a95007d043ed5ceaaf6" "metadata" "--no-deps" "--format-version=1", kill_on_drop: false }`
[INFO] running `Command { std: "docker" "inspect" "9278b993b8b3fff6f7ebbe6fd526573e54df3d025420bf0e0f6552645c83b055", kill_on_drop: false }`
[INFO] running `Command { std: "docker" "exec" "-e" "SOURCE_DIR=/opt/rustwide/workdir" "-e" "CARGO_HOME=/opt/rustwide/cargo-home" "-e" "RUSTUP_HOME=/opt/rustwide/rustup-home" "-e" "CARGO_TARGET_DIR=/opt/rustwide/target" "-e" "CARGO_INCREMENTAL=0" "-e" "RUST_BACKTRACE=full" "-e" "RUSTFLAGS=--cap-lints=forbid -Znext-solver=coherence" "-e" "RUSTDOCFLAGS=--cap-lints=forbid" "-w" "/opt/rustwide/workdir" "--user" "0:0" "9278b993b8b3fff6f7ebbe6fd526573e54df3d025420bf0e0f6552645c83b055" "/opt/rustwide/cargo-home/bin/cargo" "+3154cc1a3e6424e44f438a95007d043ed5ceaaf6" "check" "--frozen" "--all" "--all-targets" "--message-format=json", kill_on_drop: false }`
[INFO] [stderr] warning: profiles for the non root package will be ignored, specify profiles at the workspace root:
[INFO] [stderr] package:   /opt/rustwide/workdir/fire-why/Cargo.toml
[INFO] [stderr] workspace: /opt/rustwide/workdir/Cargo.toml
[INFO] [stderr]    Compiling thiserror v2.0.21
[INFO] [stderr]    Compiling proc-macro2 v1.0.107
[INFO] [stderr]    Compiling num-traits v0.2.19
[INFO] [stderr]    Compiling az v1.2.1
[INFO] [stderr]     Checking micromath v2.1.0
[INFO] [stderr]    Compiling serde_core v1.0.229
[INFO] [stderr]     Checking castaway v0.2.4
[INFO] [stderr]     Checking itertools v0.14.0
[INFO] [stderr]     Checking bitflags v2.13.2
[INFO] [stderr]    Compiling serde v1.0.229
[INFO] [stderr]     Checking compact_str v0.9.1
[INFO] [stderr]     Checking lru v0.18.5
[INFO] [stderr]    Compiling heapless v0.7.17
[INFO] [stderr]    Compiling quote v1.0.47
[INFO] [stderr]     Checking hash32 v0.2.1
[INFO] [stderr]    Compiling syn v3.0.6
[INFO] [stderr]    Compiling syn v2.0.119
[INFO] [stderr]     Checking why2025-badge-sys v0.2.0
[INFO] [stderr]     Checking line-clipping v0.3.8
[INFO] [stdout] error[E0080]: index out of bounds: the length is 1 but the index is 16
[INFO] [stdout]    --> /opt/rustwide/cargo-home/registry/src/index.crates.io-1949cf8c6b5b557f/why2025-badge-sys-0.2.0/src/lib.rs:411:5
[INFO] [stdout]     |
[INFO] [stdout] 410 | const _: () = {
[INFO] [stdout] 411 |     ["Size of option"][::core::mem::size_of::<option>() - 16usize];
[INFO] [stdout]     |     ^^^^^^^^^^^^^^^^^^^^^^^^^^^^^^^^^^^^^^^^^^^^^^^^^^^^^^^^^^^^^^ evaluation of `_` failed here
[INFO] [stdout] 
[INFO] [stdout] 
[INFO] [stdout] error[E0080]: index out of bounds: the length is 1 but the index is 40
[INFO] [stdout]    --> /opt/rustwide/cargo-home/registry/src/index.crates.io-1949cf8c6b5b557f/why2025-badge-sys-0.2.0/src/lib.rs:675:5
[INFO] [stdout]     |
[INFO] [stdout] 674 | const _: () = {
[INFO] [stdout] 675 |     ["Size of lconv"][::core::mem::size_of::<lconv>() - 56usize];
[INFO] [stdout]     |     ^^^^^^^^^^^^^^^^^^^^^^^^^^^^^^^^^^^^^^^^^^^^^^^^^^^^^^^^^^^^ evaluation of `_` failed here
[INFO] [stdout] 
[INFO] [stdout] 
[INFO] [stdout] error[E0080]: index out of bounds: the length is 1 but the index is 8
[INFO] [stdout]     --> /opt/rustwide/cargo-home/registry/src/index.crates.io-1949cf8c6b5b557f/why2025-badge-sys-0.2.0/src/lib.rs:1345:5
[INFO] [stdout]      |
[INFO] [stdout] 1344 | const _: () = {
[INFO] [stdout] 1345 |     ["Size of regex_t"][::core::mem::size_of::<regex_t>() - 16usize];
[INFO] [stdout]      |     ^^^^^^^^^^^^^^^^^^^^^^^^^^^^^^^^^^^^^^^^^^^^^^^^^^^^^^^^^^^^^^^^ evaluation of `_` failed here
[INFO] [stdout] 
[INFO] [stdout] 
[INFO] [stdout] error[E0080]: index out of bounds: the length is 1 but the index is 8
[INFO] [stdout]     --> /opt/rustwide/cargo-home/registry/src/index.crates.io-1949cf8c6b5b557f/why2025-badge-sys-0.2.0/src/lib.rs:1360:5
[INFO] [stdout]      |
[INFO] [stdout] 1359 | const _: () = {
[INFO] [stdout] 1360 |     ["Size of regmatch_t"][::core::mem::size_of::<regmatch_t>() - 8usize];
[INFO] [stdout]      |     ^^^^^^^^^^^^^^^^^^^^^^^^^^^^^^^^^^^^^^^^^^^^^^^^^^^^^^^^^^^^^^^^^^^^^ evaluation of `_` failed here
[INFO] [stdout] 
[INFO] [stdout] 
[INFO] [stdout] error[E0080]: index out of bounds: the length is 1 but the index is 12
[INFO] [stdout]     --> /opt/rustwide/cargo-home/registry/src/index.crates.io-1949cf8c6b5b557f/why2025-badge-sys-0.2.0/src/lib.rs:1484:5
[INFO] [stdout]      |
[INFO] [stdout] 1483 | const _: () = {
[INFO] [stdout] 1484 |     ["Size of __file"][::core::mem::size_of::<__file>() - 20usize];
[INFO] [stdout]      |     ^^^^^^^^^^^^^^^^^^^^^^^^^^^^^^^^^^^^^^^^^^^^^^^^^^^^^^^^^^^^^^ evaluation of `_` failed here
[INFO] [stdout] 
[INFO] [stdout] 
[INFO] [stdout] error[E0080]: index out of bounds: the length is 1 but the index is 8
[INFO] [stdout]     --> /opt/rustwide/cargo-home/registry/src/index.crates.io-1949cf8c6b5b557f/why2025-badge-sys-0.2.0/src/lib.rs:1822:5
[INFO] [stdout]      |
[INFO] [stdout] 1821 | const _: () = {
[INFO] [stdout] 1822 |     ["Size of ldiv_t"][::core::mem::size_of::<ldiv_t>() - 8usize];
[INFO] [stdout]      |     ^^^^^^^^^^^^^^^^^^^^^^^^^^^^^^^^^^^^^^^^^^^^^^^^^^^^^^^^^^^^^ evaluation of `_` failed here
[INFO] [stdout] 
[INFO] [stdout] 
[INFO] [stdout] error[E0080]: index out of bounds: the length is 1 but the index is 8
[INFO] [stdout]     --> /opt/rustwide/cargo-home/registry/src/index.crates.io-1949cf8c6b5b557f/why2025-badge-sys-0.2.0/src/lib.rs:2528:5
[INFO] [stdout]      |
[INFO] [stdout] 2527 | const _: () = {
[INFO] [stdout] 2528 |     ["Size of fd_set"][::core::mem::size_of::<fd_set>() - 8usize];
[INFO] [stdout]      |     ^^^^^^^^^^^^^^^^^^^^^^^^^^^^^^^^^^^^^^^^^^^^^^^^^^^^^^^^^^^^^ evaluation of `_` failed here
[INFO] [stdout] 
[INFO] [stdout] 
[INFO] [stdout] error[E0080]: index out of bounds: the length is 1 but the index is 16
[INFO] [stdout]     --> /opt/rustwide/cargo-home/registry/src/index.crates.io-1949cf8c6b5b557f/why2025-badge-sys-0.2.0/src/lib.rs:2554:5
[INFO] [stdout]      |
[INFO] [stdout] 2553 | const _: () = {
[INFO] [stdout] 2554 |     ["Size of tms"][::core::mem::size_of::<tms>() - 16usize];
[INFO] [stdout]      |     ^^^^^^^^^^^^^^^^^^^^^^^^^^^^^^^^^^^^^^^^^^^^^^^^^^^^^^^^ evaluation of `_` failed here
[INFO] [stdout] 
[INFO] [stdout] 
[INFO] [stdout] error[E0080]: index out of bounds: the length is 1 but the index is 24
[INFO] [stdout]     --> /opt/rustwide/cargo-home/registry/src/index.crates.io-1949cf8c6b5b557f/why2025-badge-sys-0.2.0/src/lib.rs:3157:5
[INFO] [stdout]      |
[INFO] [stdout] 3156 | const _: () = {
[INFO] [stdout] 3157 |     ["Size of path_t"][::core::mem::size_of::<path_t>() - 24usize];
[INFO] [stdout]      |     ^^^^^^^^^^^^^^^^^^^^^^^^^^^^^^^^^^^^^^^^^^^^^^^^^^^^^^^^^^^^^^ evaluation of `_` failed here
[INFO] [stdout] 
[INFO] [stdout] 
[INFO] [stdout] error[E0080]: index out of bounds: the length is 1 but the index is 36
[INFO] [stdout]     --> /opt/rustwide/cargo-home/registry/src/index.crates.io-1949cf8c6b5b557f/why2025-badge-sys-0.2.0/src/lib.rs:3240:5
[INFO] [stdout]      |
[INFO] [stdout] 3239 | const _: () = {
[INFO] [stdout] 3240 |     ["Size of application_t"][::core::mem::size_of::<application_t>() - 36usize];
[INFO] [stdout]      |     ^^^^^^^^^^^^^^^^^^^^^^^^^^^^^^^^^^^^^^^^^^^^^^^^^^^^^^^^^^^^^^^^^^^^^^^^^^^^ evaluation of `_` failed here
[INFO] [stdout] 
[INFO] [stdout] 
[INFO] [stdout] error[E0080]: index out of bounds: the length is 1 but the index is 8
[INFO] [stdout]     --> /opt/rustwide/cargo-home/registry/src/index.crates.io-1949cf8c6b5b557f/why2025-badge-sys-0.2.0/src/lib.rs:3851:5
[INFO] [stdout]      |
[INFO] [stdout] 3850 | const _: () = {
[INFO] [stdout] 3851 |     ["Size of framebuffer_t"][::core::mem::size_of::<framebuffer_t>() - 16usize];
[INFO] [stdout]      |     ^^^^^^^^^^^^^^^^^^^^^^^^^^^^^^^^^^^^^^^^^^^^^^^^^^^^^^^^^^^^^^^^^^^^^^^^^^^^ evaluation of `_` failed here
[INFO] [stdout] 
[INFO] [stdout] 
[INFO] [stderr]     Checking talc v4.4.3
[INFO] [stdout] error[E0080]: index out of bounds: the length is 1 but the index is 16
[INFO] [stdout]     --> /opt/rustwide/cargo-home/registry/src/index.crates.io-1949cf8c6b5b557f/why2025-badge-sys-0.2.0/src/lib.rs:4101:5
[INFO] [stdout]      |
[INFO] [stdout] 4100 | const _: () = {
[INFO] [stdout] 4101 |     ["Size of stat"][::core::mem::size_of::<stat>() - 88usize];
[INFO] [stdout]      |     ^^^^^^^^^^^^^^^^^^^^^^^^^^^^^^^^^^^^^^^^^^^^^^^^^^^^^^^^^^ evaluation of `_` failed here
[INFO] [stdout] 
[INFO] [stdout] 
[INFO] [stdout] error[E0080]: index out of bounds: the length is 1 but the index is 28
[INFO] [stdout]     --> /opt/rustwide/cargo-home/registry/src/index.crates.io-1949cf8c6b5b557f/why2025-badge-sys-0.2.0/src/lib.rs:4185:5
[INFO] [stdout]      |
[INFO] [stdout] 4184 | const _: () = {
[INFO] [stdout] 4185 |     ["Size of device"][::core::mem::size_of::<device>() - 28usize];
[INFO] [stdout]      |     ^^^^^^^^^^^^^^^^^^^^^^^^^^^^^^^^^^^^^^^^^^^^^^^^^^^^^^^^^^^^^^ evaluation of `_` failed here
[INFO] [stdout] 
[INFO] [stdout] 
[INFO] [stdout] error[E0080]: index out of bounds: the length is 1 but the index is 8
[INFO] [stdout]     --> /opt/rustwide/cargo-home/registry/src/index.crates.io-1949cf8c6b5b557f/why2025-badge-sys-0.2.0/src/lib.rs:4370:5
[INFO] [stdout]      |
[INFO] [stdout] 4369 | const _: () = {
[INFO] [stdout] 4370 |     ["Size of curl_slist"][::core::mem::size_of::<curl_slist>() - 8usize];
[INFO] [stdout]      |     ^^^^^^^^^^^^^^^^^^^^^^^^^^^^^^^^^^^^^^^^^^^^^^^^^^^^^^^^^^^^^^^^^^^^^ evaluation of `_` failed here
[INFO] [stdout] 
[INFO] [stdout] 
[INFO] [stdout] error[E0080]: index out of bounds: the length is 1 but the index is 16
[INFO] [stdout]     --> /opt/rustwide/cargo-home/registry/src/index.crates.io-1949cf8c6b5b557f/why2025-badge-sys-0.2.0/src/lib.rs:4487:5
[INFO] [stdout]      |
[INFO] [stdout] 4486 | const _: () = {
[INFO] [stdout] 4487 |     ["Size of addrinfo"][::core::mem::size_of::<addrinfo>() - 32usize];
[INFO] [stdout]      |     ^^^^^^^^^^^^^^^^^^^^^^^^^^^^^^^^^^^^^^^^^^^^^^^^^^^^^^^^^^^^^^^^^^ evaluation of `_` failed here
[INFO] [stdout] 
[INFO] [stdout] 
[INFO] [stdout] For more information about this error, try `rustc --explain E0080`.
[INFO] [stdout] 
[INFO] [stderr] error: could not compile `why2025-badge-sys` (lib) due to 15 previous errors
[INFO] [stderr] warning: build failed, waiting for other jobs to finish...
[INFO] running `Command { std: "docker" "inspect" "9278b993b8b3fff6f7ebbe6fd526573e54df3d025420bf0e0f6552645c83b055", kill_on_drop: false }`
[INFO] running `Command { std: "docker" "rm" "-f" "9278b993b8b3fff6f7ebbe6fd526573e54df3d025420bf0e0f6552645c83b055", kill_on_drop: false }`
[INFO] [stdout] 9278b993b8b3fff6f7ebbe6fd526573e54df3d025420bf0e0f6552645c83b055
