[INFO] cloning repository https://github.com/cputils/rsbundler
[INFO] running `Command { std: "git" "-c" "credential.helper=" "-c" "credential.helper=/workspace/cargo-home/bin/git-credential-null" "clone" "--bare" "https://github.com/cputils/rsbundler" "/workspace/cache/git-repos/https%3A%2F%2Fgithub.com%2Fcputils%2Frsbundler", kill_on_drop: false }`
[INFO] [stderr] Cloning into bare repository '/workspace/cache/git-repos/https%3A%2F%2Fgithub.com%2Fcputils%2Frsbundler'...
[INFO] running `Command { std: "git" "rev-parse" "HEAD", kill_on_drop: false }`
[INFO] [stdout] 7372fd7e69ca86a882edf32fa440637ae28f5694
[INFO] checking cputils/rsbundler against 3154cc1a3e6424e44f438a95007d043ed5ceaaf6+rustflags=-Znext-solver=coherence for pr-133502-30
[INFO] running `Command { std: "git" "clone" "/workspace/cache/git-repos/https%3A%2F%2Fgithub.com%2Fcputils%2Frsbundler" "/workspace/builds/worker-6-tc1/source", kill_on_drop: false }`
[INFO] [stderr] Cloning into '/workspace/builds/worker-6-tc1/source'...
[INFO] [stderr] done.
[INFO] removed /workspace/builds/worker-6-tc1/source/.cargo/config.toml
[INFO] started tweaking git repo https://github.com/cputils/rsbundler
[INFO] finished tweaking git repo https://github.com/cputils/rsbundler
[INFO] tweaked toml for git repo https://github.com/cputils/rsbundler written to /workspace/builds/worker-6-tc1/source/Cargo.toml
[INFO] validating manifest of git repo https://github.com/cputils/rsbundler on toolchain 3154cc1a3e6424e44f438a95007d043ed5ceaaf6
[INFO] running `Command { std: CARGO_HOME="/workspace/cargo-home" RUSTUP_HOME="/workspace/rustup-home" "/workspace/cargo-home/bin/cargo" "+3154cc1a3e6424e44f438a95007d043ed5ceaaf6" "metadata" "--manifest-path" "Cargo.toml" "--no-deps", kill_on_drop: false }`
[INFO] crate git repo https://github.com/cputils/rsbundler already has a lockfile, it will not be regenerated
[INFO] running `Command { std: CARGO_HOME="/workspace/cargo-home" RUSTUP_HOME="/workspace/rustup-home" "/workspace/cargo-home/bin/cargo" "+3154cc1a3e6424e44f438a95007d043ed5ceaaf6" "fetch" "--manifest-path" "Cargo.toml", kill_on_drop: false }`
[INFO] [stderr]     Updating crates.io index
[INFO] [stderr]  Downloading crates ...
[INFO] [stderr]   Downloaded ra_ap_tt v0.0.334
[INFO] [stderr]   Downloaded ra_ap_stdx v0.0.334
[INFO] [stderr]   Downloaded ra_ap_span v0.0.334
[INFO] [stderr]   Downloaded jod-thread v1.0.0
[INFO] [stderr]   Downloaded ra_ap_syntax-bridge v0.0.334
[INFO] [stderr]   Downloaded temp-dir v0.1.16
[INFO] [stderr]   Downloaded ra_ap_vfs v0.0.334
[INFO] [stderr]   Downloaded ra-ap-rustc_lexer v0.165.0
[INFO] [stderr]   Downloaded drop_bomb v0.1.5
[INFO] [stderr]   Downloaded la-arena v0.3.1
[INFO] [stderr]   Downloaded ra_ap_edition v0.0.349
[INFO] [stderr]   Downloaded ra_ap_paths v0.0.334
[INFO] [stderr]   Downloaded rowan v0.15.18
[INFO] [stderr]   Downloaded rustc-literal-escaper v0.0.4
[INFO] [stderr]   Downloaded ra_ap_edition v0.0.334
[INFO] [stderr]   Downloaded ra-ap-rustc_lexer v0.166.0
[INFO] [stderr]   Downloaded rustc-literal-escaper v0.0.7
[INFO] [stderr]   Downloaded ra_ap_intern v0.0.334
[INFO] [stderr]   Downloaded ra_ap_syntax v0.0.349
[INFO] [stderr]   Downloaded ra_ap_stdx v0.0.349
[INFO] [stderr]   Downloaded ra_ap_proc_macro_srv v0.0.334
[INFO] [stderr]   Downloaded ra_ap_proc_macro_api v0.0.334
[INFO] [stderr]   Downloaded rowan v0.17.0
[INFO] [stderr]   Downloaded ra_ap_syntax v0.0.334
[INFO] [stderr]   Downloaded ra_ap_parser v0.0.334
[INFO] [stderr]   Downloaded ra_ap_parser v0.0.349
[INFO] running `Command { std: "docker" "create" "-v" "/var/lib/crater-agent-workspace/builds/worker-6-tc1/source:/opt/rustwide/workdir:ro,Z" "-v" "/var/lib/crater-agent-workspace/builds/worker-6-tc1/target:/opt/rustwide/target:rw,Z" "-v" "/var/lib/crater-agent-workspace/cargo-home:/opt/rustwide/cargo-home:ro,Z" "-v" "/var/lib/crater-agent-workspace/rustup-home:/opt/rustwide/rustup-home:ro,Z" "-m" "1610612736" "--network" "none" "ghcr.io/rust-lang/crates-build-env/linux@sha256:77db811e55d90add9212f6832c23229e3de5f1c1f9905e8cb07319ea15df73ac" "sleep" "infinity", kill_on_drop: false }`
[INFO] [stdout] 5ea4b41ff435367bebb924d44bba0447d76b6ac88295589d388339c3c4012786
[INFO] running `Command { std: "docker" "start" "5ea4b41ff435367bebb924d44bba0447d76b6ac88295589d388339c3c4012786", kill_on_drop: false }`
[INFO] running `Command { std: "docker" "inspect" "5ea4b41ff435367bebb924d44bba0447d76b6ac88295589d388339c3c4012786", kill_on_drop: false }`
[INFO] running `Command { std: "docker" "exec" "-e" "SOURCE_DIR=/opt/rustwide/workdir" "-e" "CARGO_HOME=/opt/rustwide/cargo-home" "-e" "RUSTUP_HOME=/opt/rustwide/rustup-home" "-e" "CARGO_TARGET_DIR=/opt/rustwide/target" "-w" "/opt/rustwide/workdir" "--user" "0:0" "5ea4b41ff435367bebb924d44bba0447d76b6ac88295589d388339c3c4012786" "/opt/rustwide/cargo-home/bin/cargo" "+3154cc1a3e6424e44f438a95007d043ed5ceaaf6" "metadata" "--no-deps" "--format-version=1", kill_on_drop: false }`
[INFO] running `Command { std: "docker" "inspect" "5ea4b41ff435367bebb924d44bba0447d76b6ac88295589d388339c3c4012786", kill_on_drop: false }`
[INFO] running `Command { std: "docker" "exec" "-e" "SOURCE_DIR=/opt/rustwide/workdir" "-e" "CARGO_HOME=/opt/rustwide/cargo-home" "-e" "RUSTUP_HOME=/opt/rustwide/rustup-home" "-e" "CARGO_TARGET_DIR=/opt/rustwide/target" "-e" "CARGO_INCREMENTAL=0" "-e" "RUST_BACKTRACE=full" "-e" "RUSTFLAGS=--cap-lints=forbid -Znext-solver=coherence" "-e" "RUSTDOCFLAGS=--cap-lints=forbid" "-w" "/opt/rustwide/workdir" "--user" "0:0" "5ea4b41ff435367bebb924d44bba0447d76b6ac88295589d388339c3c4012786" "/opt/rustwide/cargo-home/bin/cargo" "+3154cc1a3e6424e44f438a95007d043ed5ceaaf6" "check" "--frozen" "--all" "--all-targets" "--message-format=json", kill_on_drop: false }`
[INFO] [stderr]    Compiling serde_core v1.0.229
[INFO] [stderr]     Checking either v1.18.0
[INFO] [stderr]     Checking hashbrown v0.14.5
[INFO] [stderr]     Checking unicode-properties v0.1.4
[INFO] [stderr]     Checking crossbeam-channel v0.5.16
[INFO] [stderr]     Checking winnow v0.7.15
[INFO] [stderr]     Checking jod-thread v1.0.0
[INFO] [stderr]    Compiling camino v1.2.5
[INFO] [stderr]     Checking text-size v1.1.1
[INFO] [stderr]     Checking memoffset v0.9.1
[INFO] [stderr]     Checking drop_bomb v0.1.5
[INFO] [stderr]     Checking countme v3.0.1
[INFO] [stderr]    Compiling syn v3.0.4
[INFO] [stderr]     Checking triomphe v0.1.16
[INFO] [stderr]    Compiling fst v0.4.7
[INFO] [stderr]     Checking ra_ap_edition v0.0.334
[INFO] [stderr]     Checking rustc-literal-escaper v0.0.4
[INFO] [stderr]     Checking smol_str v0.3.6
[INFO] [stderr]     Checking parking_lot_core v0.9.12
[INFO] [stderr]     Checking la-arena v0.3.1
[INFO] [stderr]     Checking ra-ap-rustc_lexer v0.165.0
[INFO] [stderr]    Compiling heapless v0.7.17
[INFO] [stderr]    Compiling object v0.36.7
[INFO] [stderr]     Checking hash32 v0.2.1
[INFO] [stderr]    Compiling serde_json v1.0.151
[INFO] [stderr]    Compiling ra_ap_proc_macro_srv v0.0.334
[INFO] [stderr]     Checking ra-ap-rustc_lexer v0.166.0
[INFO] [stderr]     Checking rustc-literal-escaper v0.0.7
[INFO] [stderr]     Checking temp-dir v0.1.16
[INFO] [stderr]     Checking ra_ap_edition v0.0.349
[INFO] [stderr]     Checking itertools v0.14.0
[INFO] [stderr]     Checking rayon v1.12.0
[INFO] [stderr]     Checking itertools v0.15.0
[INFO] [stderr]     Checking semver v1.0.28
[INFO] [stderr]     Checking rowan v0.15.18
[INFO] [stderr]     Checking dashmap v6.1.0
[INFO] [stderr]     Checking rowan v0.17.0
[INFO] [stderr]     Checking ra_ap_intern v0.0.334
[INFO] [stderr]     Checking ra_ap_parser v0.0.334
[INFO] [stderr]     Checking ra_ap_parser v0.0.349
[INFO] [stderr]     Checking ra_ap_stdx v0.0.334
[INFO] [stderr]     Checking ra_ap_stdx v0.0.349
[INFO] [stderr]     Checking ra_ap_syntax v0.0.334
[INFO] [stderr]     Checking ra_ap_syntax v0.0.349
[INFO] [stderr]     Checking indexmap v2.14.1
[INFO] [stderr]     Checking toml_datetime v0.7.5+spec-1.1.0
[INFO] [stderr]     Checking serde_spanned v1.1.1
[INFO] [stderr]     Checking toml v0.9.12+spec-1.1.0
[INFO] [stderr]     Checking ra_ap_paths v0.0.334
[INFO] [stderr]    Compiling thiserror-impl v2.0.20
[INFO] [stderr]    Compiling serde_derive v1.0.229
[INFO] [stderr]    Compiling clap_derive v4.6.4
[INFO] [stderr]     Checking ra_ap_vfs v0.0.334
[INFO] [stderr]     Checking thiserror v2.0.20
[INFO] [stderr]     Checking cobs v0.3.0
[INFO] [stderr]     Checking ra_ap_span v0.0.334
[INFO] [stderr]     Checking clap v4.6.6
[INFO] [stderr]     Checking ra_ap_tt v0.0.334
[INFO] [stdout] error[E0433]: cannot find `ProcMacro` in `client`
[INFO] [stdout]   --> /opt/rustwide/cargo-home/registry/src/index.crates.io-1949cf8c6b5b557f/ra_ap_proc_macro_srv-0.0.334/src/dylib/proc_macros.rs:32:33
[INFO] [stdout]    |
[INFO] [stdout] 32 |                 bridge::client::ProcMacro::CustomDerive { trait_name, client, .. }
[INFO] [stdout]    |                                 ^^^^^^^^^ could not find `ProcMacro` in `client`
[INFO] [stdout] 
[INFO] [stdout] 
[INFO] [stdout] error[E0433]: cannot find `ProcMacro` in `client`
[INFO] [stdout]   --> /opt/rustwide/cargo-home/registry/src/index.crates.io-1949cf8c6b5b557f/ra_ap_proc_macro_srv-0.0.334/src/dylib/proc_macros.rs:43:33
[INFO] [stdout]    |
[INFO] [stdout] 43 |                 bridge::client::ProcMacro::Bang { name, client } if *name == macro_name => {
[INFO] [stdout]    |                                 ^^^^^^^^^ could not find `ProcMacro` in `client`
[INFO] [stdout] 
[INFO] [stdout] 
[INFO] [stdout] error[E0433]: cannot find `ProcMacro` in `client`
[INFO] [stdout]   --> /opt/rustwide/cargo-home/registry/src/index.crates.io-1949cf8c6b5b557f/ra_ap_proc_macro_srv-0.0.334/src/dylib/proc_macros.rs:52:33
[INFO] [stdout]    |
[INFO] [stdout] 52 |                 bridge::client::ProcMacro::Attr { name, client } if *name == macro_name => {
[INFO] [stdout]    |                                 ^^^^^^^^^ could not find `ProcMacro` in `client`
[INFO] [stdout] 
[INFO] [stdout] 
[INFO] [stdout] error[E0433]: cannot find `ProcMacro` in `client`
[INFO] [stdout]   --> /opt/rustwide/cargo-home/registry/src/index.crates.io-1949cf8c6b5b557f/ra_ap_proc_macro_srv-0.0.334/src/dylib/proc_macros.rs:71:29
[INFO] [stdout]    |
[INFO] [stdout] 71 |             bridge::client::ProcMacro::CustomDerive { trait_name, .. } => {
[INFO] [stdout]    |                             ^^^^^^^^^ could not find `ProcMacro` in `client`
[INFO] [stdout] 
[INFO] [stdout] 
[INFO] [stdout] error[E0433]: cannot find `ProcMacro` in `client`
[INFO] [stdout]   --> /opt/rustwide/cargo-home/registry/src/index.crates.io-1949cf8c6b5b557f/ra_ap_proc_macro_srv-0.0.334/src/dylib/proc_macros.rs:74:29
[INFO] [stdout]    |
[INFO] [stdout] 74 |             bridge::client::ProcMacro::Bang { name, .. } => (name, ProcMacroKind::Bang),
[INFO] [stdout]    |                             ^^^^^^^^^ could not find `ProcMacro` in `client`
[INFO] [stdout] 
[INFO] [stdout] 
[INFO] [stdout] error[E0433]: cannot find `ProcMacro` in `client`
[INFO] [stdout]   --> /opt/rustwide/cargo-home/registry/src/index.crates.io-1949cf8c6b5b557f/ra_ap_proc_macro_srv-0.0.334/src/dylib/proc_macros.rs:75:29
[INFO] [stdout]    |
[INFO] [stdout] 75 |             bridge::client::ProcMacro::Attr { name, .. } => (name, ProcMacroKind::Attr),
[INFO] [stdout]    |                             ^^^^^^^^^ could not find `ProcMacro` in `client`
[INFO] [stdout] 
[INFO] [stdout] 
[INFO] [stdout] error[E0407]: method `injected_env_var` is not a member of trait `server::Server`
[INFO] [stdout]   --> /opt/rustwide/cargo-home/registry/src/index.crates.io-1949cf8c6b5b557f/ra_ap_proc_macro_srv-0.0.334/src/server_impl/rust_analyzer_span.rs:49:5
[INFO] [stdout]    |
[INFO] [stdout] 49 | /     fn injected_env_var(&mut self, _: &str) -> Option<std::string::String> {
[INFO] [stdout] 50 | |         None
[INFO] [stdout] 51 | |     }
[INFO] [stdout]    | |_____^ not a member of trait `server::Server`
[INFO] [stdout] 
[INFO] [stdout] 
[INFO] [stdout] error[E0407]: method `injected_env_var` is not a member of trait `server::Server`
[INFO] [stdout]   --> /opt/rustwide/cargo-home/registry/src/index.crates.io-1949cf8c6b5b557f/ra_ap_proc_macro_srv-0.0.334/src/server_impl/token_id.rs:53:5
[INFO] [stdout]    |
[INFO] [stdout] 53 | /     fn injected_env_var(&mut self, _: &str) -> Option<std::string::String> {
[INFO] [stdout] 54 | |         None
[INFO] [stdout] 55 | |     }
[INFO] [stdout]    | |_____^ not a member of trait `server::Server`
[INFO] [stdout] 
[INFO] [stdout] 
[INFO] [stdout] error[E0425]: cannot find type `ProcMacro` in module `bridge::client`
[INFO] [stdout]  --> /opt/rustwide/cargo-home/registry/src/index.crates.io-1949cf8c6b5b557f/ra_ap_proc_macro_srv-0.0.334/src/dylib/proc_macros.rs:8:47
[INFO] [stdout]   |
[INFO] [stdout] 8 | pub(crate) struct ProcMacros([bridge::client::ProcMacro]);
[INFO] [stdout]   |                                               ^^^^^^^^^ not found in `bridge::client`
[INFO] [stdout] 
[INFO] [stdout] 
[INFO] [stderr]     Checking ra_ap_syntax-bridge v0.0.334
[INFO] [stdout] error[E0560]: struct `rustc_proc_macro::bridge::Ident<S, ra_ap_intern::Symbol>` has no field named `is_raw`
[INFO] [stdout]    --> /opt/rustwide/cargo-home/registry/src/index.crates.io-1949cf8c6b5b557f/ra_ap_proc_macro_srv-0.0.334/src/token_stream.rs:203:33
[INFO] [stdout]     |
[INFO] [stdout] 203 | ...                   is_raw: false,
[INFO] [stdout]     |                       ^^^^^^ `rustc_proc_macro::bridge::Ident<_, ra_ap_intern::Symbol>` does not have this field
[INFO] [stdout]     |
[INFO] [stdout]     = note: available fields are: `kind`
[INFO] [stdout] 
[INFO] [stdout] 
[INFO] [stdout] error[E0560]: struct `rustc_proc_macro::bridge::Ident<S, ra_ap_intern::Symbol>` has no field named `is_raw`
[INFO] [stdout]    --> /opt/rustwide/cargo-home/registry/src/index.crates.io-1949cf8c6b5b557f/ra_ap_proc_macro_srv-0.0.334/src/token_stream.rs:229:33
[INFO] [stdout]     |
[INFO] [stdout] 229 | ...                   is_raw: false,
[INFO] [stdout]     |                       ^^^^^^ `rustc_proc_macro::bridge::Ident<_, ra_ap_intern::Symbol>` does not have this field
[INFO] [stdout]     |
[INFO] [stdout]     = note: available fields are: `kind`
[INFO] [stdout] 
[INFO] [stdout] 
[INFO] [stdout] error[E0560]: struct `rustc_proc_macro::bridge::Ident<S, ra_ap_intern::Symbol>` has no field named `is_raw`
[INFO] [stdout]    --> /opt/rustwide/cargo-home/registry/src/index.crates.io-1949cf8c6b5b557f/ra_ap_proc_macro_srv-0.0.334/src/token_stream.rs:270:21
[INFO] [stdout]     |
[INFO] [stdout] 270 |                     is_raw: false,
[INFO] [stdout]     |                     ^^^^^^ `rustc_proc_macro::bridge::Ident<_, ra_ap_intern::Symbol>` does not have this field
[INFO] [stdout]     |
[INFO] [stdout]     = note: available fields are: `kind`
[INFO] [stdout] 
[INFO] [stdout] 
[INFO] [stdout] error[E0560]: struct `rustc_proc_macro::bridge::Ident<S, ra_ap_intern::Symbol>` has no field named `is_raw`
[INFO] [stdout]    --> /opt/rustwide/cargo-home/registry/src/index.crates.io-1949cf8c6b5b557f/ra_ap_proc_macro_srv-0.0.334/src/token_stream.rs:280:25
[INFO] [stdout]     |
[INFO] [stdout] 280 |                         is_raw: true,
[INFO] [stdout]     |                         ^^^^^^ `rustc_proc_macro::bridge::Ident<_, ra_ap_intern::Symbol>` does not have this field
[INFO] [stdout]     |
[INFO] [stdout]     = note: available fields are: `kind`
[INFO] [stdout] 
[INFO] [stdout] 
[INFO] [stdout] error[E0560]: struct `rustc_proc_macro::bridge::Ident<S, ra_ap_intern::Symbol>` has no field named `is_raw`
[INFO] [stdout]    --> /opt/rustwide/cargo-home/registry/src/index.crates.io-1949cf8c6b5b557f/ra_ap_proc_macro_srv-0.0.334/src/token_stream.rs:301:25
[INFO] [stdout]     |
[INFO] [stdout] 301 |                         is_raw: true,
[INFO] [stdout]     |                         ^^^^^^ `rustc_proc_macro::bridge::Ident<_, ra_ap_intern::Symbol>` does not have this field
[INFO] [stdout]     |
[INFO] [stdout]     = note: available fields are: `kind`
[INFO] [stdout] 
[INFO] [stdout] 
[INFO] [stdout] error[E0560]: struct `rustc_proc_macro::bridge::Ident<S, ra_ap_intern::Symbol>` has no field named `is_raw`
[INFO] [stdout]    --> /opt/rustwide/cargo-home/registry/src/index.crates.io-1949cf8c6b5b557f/ra_ap_proc_macro_srv-0.0.334/src/token_stream.rs:317:25
[INFO] [stdout]     |
[INFO] [stdout] 317 |                         is_raw: false,
[INFO] [stdout]     |                         ^^^^^^ `rustc_proc_macro::bridge::Ident<_, ra_ap_intern::Symbol>` does not have this field
[INFO] [stdout]     |
[INFO] [stdout]     = note: available fields are: `kind`
[INFO] [stdout] 
[INFO] [stdout] 
[INFO] [stdout] error[E0026]: struct `rustc_proc_macro::bridge::Ident` does not have a field named `is_raw`
[INFO] [stdout]    --> /opt/rustwide/cargo-home/registry/src/index.crates.io-1949cf8c6b5b557f/ra_ap_proc_macro_srv-0.0.334/src/token_stream.rs:487:39
[INFO] [stdout]     |
[INFO] [stdout] 487 |         TokenTree::Ident(Ident { sym, is_raw, span: _ }) => {
[INFO] [stdout]     |                                       ^^^^^^
[INFO] [stdout]     |                                       |
[INFO] [stdout]     |                                       struct `rustc_proc_macro::bridge::Ident` does not have this field
[INFO] [stdout]     |                                       help: `rustc_proc_macro::bridge::Ident` has a field named `kind`
[INFO] [stdout] 
[INFO] [stdout] 
[INFO] [stdout] error[E0027]: pattern does not mention field `kind`
[INFO] [stdout]    --> /opt/rustwide/cargo-home/registry/src/index.crates.io-1949cf8c6b5b557f/ra_ap_proc_macro_srv-0.0.334/src/token_stream.rs:487:26
[INFO] [stdout]     |
[INFO] [stdout] 487 |         TokenTree::Ident(Ident { sym, is_raw, span: _ }) => {
[INFO] [stdout]     |                          ^^^^^^^^^^^^^^^^^^^^^^^^^^^^^^ missing field `kind`
[INFO] [stdout]     |
[INFO] [stdout] help: include the missing field in the pattern
[INFO] [stdout]     |
[INFO] [stdout] 487 |         TokenTree::Ident(Ident { sym, is_raw, span: _, kind }) => {
[INFO] [stdout]     |                                                      ++++++
[INFO] [stdout] help: if you don't care about this missing field, you can explicitly ignore it
[INFO] [stdout]     |
[INFO] [stdout] 487 |         TokenTree::Ident(Ident { sym, is_raw, span: _, kind: _ }) => {
[INFO] [stdout]     |                                                      +++++++++
[INFO] [stdout] help: or always ignore missing fields here
[INFO] [stdout]     |
[INFO] [stdout] 487 |         TokenTree::Ident(Ident { sym, is_raw, span: _, .. }) => {
[INFO] [stdout]     |                                                      ++++
[INFO] [stdout] 
[INFO] [stdout] 
[INFO] [stdout] error[E0026]: struct `rustc_proc_macro::bridge::Ident` does not have a field named `is_raw`
[INFO] [stdout]    --> /opt/rustwide/cargo-home/registry/src/index.crates.io-1949cf8c6b5b557f/ra_ap_proc_macro_srv-0.0.334/src/token_stream.rs:616:39
[INFO] [stdout]     |
[INFO] [stdout] 616 |         TokenTree::Ident(Ident { sym, is_raw, span }) => {
[INFO] [stdout]     |                                       ^^^^^^
[INFO] [stdout]     |                                       |
[INFO] [stdout]     |                                       struct `rustc_proc_macro::bridge::Ident` does not have this field
[INFO] [stdout]     |                                       help: `rustc_proc_macro::bridge::Ident` has a field named `kind`
[INFO] [stdout] 
[INFO] [stdout] 
[INFO] [stdout] error[E0027]: pattern does not mention field `kind`
[INFO] [stdout]    --> /opt/rustwide/cargo-home/registry/src/index.crates.io-1949cf8c6b5b557f/ra_ap_proc_macro_srv-0.0.334/src/token_stream.rs:616:26
[INFO] [stdout]     |
[INFO] [stdout] 616 |         TokenTree::Ident(Ident { sym, is_raw, span }) => {
[INFO] [stdout]     |                          ^^^^^^^^^^^^^^^^^^^^^^^^^^^ missing field `kind`
[INFO] [stdout]     |
[INFO] [stdout] help: include the missing field in the pattern
[INFO] [stdout]     |
[INFO] [stdout] 616 |         TokenTree::Ident(Ident { sym, is_raw, span, kind }) => {
[INFO] [stdout]     |                                                   ++++++
[INFO] [stdout] help: if you don't care about this missing field, you can explicitly ignore it
[INFO] [stdout]     |
[INFO] [stdout] 616 |         TokenTree::Ident(Ident { sym, is_raw, span, kind: _ }) => {
[INFO] [stdout]     |                                                   +++++++++
[INFO] [stdout] help: or always ignore missing fields here
[INFO] [stdout]     |
[INFO] [stdout] 616 |         TokenTree::Ident(Ident { sym, is_raw, span, .. }) => {
[INFO] [stdout]     |                                                   ++++
[INFO] [stdout] 
[INFO] [stdout] 
[INFO] [stdout] Some errors have detailed explanations: E0026, E0027, E0407, E0425, E0433, E0560.
[INFO] [stdout] 
[INFO] [stdout] For more information about an error, try `rustc --explain E0026`.
[INFO] [stdout] 
[INFO] [stderr] error: could not compile `ra_ap_proc_macro_srv` (lib) due to 19 previous errors
[INFO] [stderr] warning: build failed, waiting for other jobs to finish...
[INFO] running `Command { std: "docker" "inspect" "5ea4b41ff435367bebb924d44bba0447d76b6ac88295589d388339c3c4012786", kill_on_drop: false }`
[INFO] running `Command { std: "docker" "rm" "-f" "5ea4b41ff435367bebb924d44bba0447d76b6ac88295589d388339c3c4012786", kill_on_drop: false }`
[INFO] [stdout] 5ea4b41ff435367bebb924d44bba0447d76b6ac88295589d388339c3c4012786
