[INFO] cloning repository https://github.com/connythecreator/ace
[INFO] running `Command { std: "git" "-c" "credential.helper=" "-c" "credential.helper=/workspace/cargo-home/bin/git-credential-null" "clone" "--bare" "https://github.com/connythecreator/ace" "/workspace/cache/git-repos/https%3A%2F%2Fgithub.com%2Fconnythecreator%2Face", kill_on_drop: false }`
[INFO] [stderr] Cloning into bare repository '/workspace/cache/git-repos/https%3A%2F%2Fgithub.com%2Fconnythecreator%2Face'...
[INFO] running `Command { std: "git" "rev-parse" "HEAD", kill_on_drop: false }`
[INFO] [stdout] 7240af2357591bf278ba2d2ee5accc5a04a5eef5
[INFO] checking connythecreator/ace against 3154cc1a3e6424e44f438a95007d043ed5ceaaf6 for pr-133502-30
[INFO] running `Command { std: "git" "clone" "/workspace/cache/git-repos/https%3A%2F%2Fgithub.com%2Fconnythecreator%2Face" "/workspace/builds/worker-0-tc2/source", kill_on_drop: false }`
[INFO] [stderr] Cloning into '/workspace/builds/worker-0-tc2/source'...
[INFO] [stderr] done.
[INFO] started tweaking git repo https://github.com/connythecreator/ace
[INFO] finished tweaking git repo https://github.com/connythecreator/ace
[INFO] tweaked toml for git repo https://github.com/connythecreator/ace written to /workspace/builds/worker-0-tc2/source/Cargo.toml
[INFO] validating manifest of git repo https://github.com/connythecreator/ace on toolchain 3154cc1a3e6424e44f438a95007d043ed5ceaaf6
[INFO] running `Command { std: CARGO_HOME="/workspace/cargo-home" RUSTUP_HOME="/workspace/rustup-home" "/workspace/cargo-home/bin/cargo" "+3154cc1a3e6424e44f438a95007d043ed5ceaaf6" "metadata" "--manifest-path" "Cargo.toml" "--no-deps", kill_on_drop: false }`
[INFO] crate git repo https://github.com/connythecreator/ace already has a lockfile, it will not be regenerated
[INFO] running `Command { std: CARGO_HOME="/workspace/cargo-home" RUSTUP_HOME="/workspace/rustup-home" "/workspace/cargo-home/bin/cargo" "+3154cc1a3e6424e44f438a95007d043ed5ceaaf6" "fetch" "--manifest-path" "Cargo.toml", kill_on_drop: false }`
[INFO] running `Command { std: "docker" "create" "-v" "/var/lib/crater-agent-workspace/builds/worker-0-tc2/source:/opt/rustwide/workdir:ro,Z" "-v" "/var/lib/crater-agent-workspace/builds/worker-0-tc2/target:/opt/rustwide/target:rw,Z" "-v" "/var/lib/crater-agent-workspace/cargo-home:/opt/rustwide/cargo-home:ro,Z" "-v" "/var/lib/crater-agent-workspace/rustup-home:/opt/rustwide/rustup-home:ro,Z" "-m" "1610612736" "--network" "none" "ghcr.io/rust-lang/crates-build-env/linux@sha256:77db811e55d90add9212f6832c23229e3de5f1c1f9905e8cb07319ea15df73ac" "sleep" "infinity", kill_on_drop: false }`
[INFO] [stdout] b8e4dc080c86f40b808e4d967465cb35096f9b84d69f01cabf6c49710a1539af
[INFO] running `Command { std: "docker" "start" "b8e4dc080c86f40b808e4d967465cb35096f9b84d69f01cabf6c49710a1539af", kill_on_drop: false }`
[INFO] running `Command { std: "docker" "inspect" "b8e4dc080c86f40b808e4d967465cb35096f9b84d69f01cabf6c49710a1539af", kill_on_drop: false }`
[INFO] running `Command { std: "docker" "exec" "-e" "SOURCE_DIR=/opt/rustwide/workdir" "-e" "CARGO_HOME=/opt/rustwide/cargo-home" "-e" "RUSTUP_HOME=/opt/rustwide/rustup-home" "-e" "CARGO_TARGET_DIR=/opt/rustwide/target" "-w" "/opt/rustwide/workdir" "--user" "0:0" "b8e4dc080c86f40b808e4d967465cb35096f9b84d69f01cabf6c49710a1539af" "/opt/rustwide/cargo-home/bin/cargo" "+3154cc1a3e6424e44f438a95007d043ed5ceaaf6" "metadata" "--no-deps" "--format-version=1", kill_on_drop: false }`
[INFO] running `Command { std: "docker" "inspect" "b8e4dc080c86f40b808e4d967465cb35096f9b84d69f01cabf6c49710a1539af", kill_on_drop: false }`
[INFO] running `Command { std: "docker" "exec" "-e" "SOURCE_DIR=/opt/rustwide/workdir" "-e" "CARGO_HOME=/opt/rustwide/cargo-home" "-e" "RUSTUP_HOME=/opt/rustwide/rustup-home" "-e" "CARGO_TARGET_DIR=/opt/rustwide/target" "-e" "CARGO_INCREMENTAL=0" "-e" "RUST_BACKTRACE=full" "-e" "RUSTFLAGS=--cap-lints=forbid" "-e" "RUSTDOCFLAGS=--cap-lints=forbid" "-w" "/opt/rustwide/workdir" "--user" "0:0" "b8e4dc080c86f40b808e4d967465cb35096f9b84d69f01cabf6c49710a1539af" "/opt/rustwide/cargo-home/bin/cargo" "+3154cc1a3e6424e44f438a95007d043ed5ceaaf6" "check" "--frozen" "--all" "--all-targets" "--message-format=json", kill_on_drop: false }`
[INFO] [stderr]    Compiling bytemuck_derive v1.12.0
[INFO] [stderr]    Compiling wayland-sys v0.31.11
[INFO] [stderr]    Compiling syn v2.0.119
[INFO] [stderr]    Compiling zerocopy v0.8.56
[INFO] [stderr]    Compiling thiserror v2.0.20
[INFO] [stderr]    Compiling wayland-backend v0.3.17
[INFO] [stderr]     Checking polycool v0.4.0
[INFO] [stderr]     Checking polling v3.11.0
[INFO] [stderr]    Compiling thiserror-impl v2.0.20
[INFO] [stderr]     Checking fearless_simd v0.4.1
[INFO] [stderr]    Compiling unicode-general-category v1.1.0
[INFO] [stderr]     Checking euclid v0.22.14
[INFO] [stderr]     Checking hashbrown v0.17.1
[INFO] [stderr]     Checking emath v0.36.1
[INFO] [stderr]     Checking gethostname v1.1.0
[INFO] [stderr]     Checking epaint_default_fonts v0.36.1
[INFO] [stderr]     Checking self_cell v1.3.0
[INFO] [stderr]     Checking nohash-hasher v0.2.0
[INFO] [stderr]     Checking tracing-core v0.1.36
[INFO] [stderr]     Checking uuid v1.24.1
[INFO] [stderr]     Checking x11rb v0.13.2
[INFO] [stderr]     Checking kurbo v0.13.1
[INFO] [stderr]     Checking accesskit v0.24.1
[INFO] [stderr]     Checking itertools v0.15.0
[INFO] [stderr]    Compiling winit v0.30.13
[INFO] [stderr]     Checking xkbcommon-dl v0.4.2
[INFO] [stderr]     Checking ecolor v0.36.1
[INFO] [stderr]     Checking tracing v0.1.44
[INFO] [stderr]     Checking smol_str v0.2.2
[INFO] [stderr]     Checking ash v0.38.0+1.3.281
[INFO] [stderr]     Checking guillotiere v0.7.0
[INFO] [stderr]     Checking bytemuck v1.25.2
[INFO] [stderr]     Checking wayland-client v0.31.15
[INFO] [stderr]     Checking wayland-csd-frame v0.3.0
[INFO] [stderr]     Checking color v0.3.3
[INFO] [stderr]     Checking font-types v0.12.3
[INFO] [stderr]     Checking tiny-skia-path v0.11.4
[INFO] [stderr]     Checking read-fonts v0.41.0
[INFO] [stderr]     Checking peniko v0.6.1
[INFO] [stderr]     Checking tiny-skia v0.11.4
[INFO] [stderr]    Compiling thiserror-impl v1.0.69
[INFO] [stderr]     Checking wayland-protocols v0.32.13
[INFO] [stderr]     Checking wayland-cursor v0.31.14
[INFO] [stderr]     Checking thiserror v1.0.69
[INFO] [stderr]     Checking calloop v0.13.0
[INFO] [stderr]     Checking calloop-wayland-source v0.3.0
[INFO] [stderr]     Checking vello_common v0.1.0
[INFO] [stderr]     Checking ahash v0.8.12
[INFO] [stderr]     Checking vello_cpu v0.1.0
[INFO] [stderr]     Checking wayland-protocols-wlr v0.3.12
[INFO] [stderr]     Checking wayland-protocols-plasma v0.3.12
[INFO] [stderr]     Checking smithay-client-toolkit v0.19.2
[INFO] [stderr]     Checking harfrust v0.12.0
[INFO] [stderr]     Checking skrifa v0.44.0
[INFO] [stderr]     Checking sctk-adwaita v0.10.1
[INFO] [stderr]     Checking epaint v0.36.1
[INFO] [stderr]     Checking egui v0.36.1
[INFO] [stderr]     Checking ace v0.1.0 (/opt/rustwide/workdir)
[INFO] [stdout] error[E0433]: cannot find `surface` in `ext`
[INFO] [stdout]   --> src/lib.rs:28:33
[INFO] [stdout]    |
[INFO] [stdout] 28 |     surface_loader: Option<ext::surface::Instance>, /* ext is external multi-vendor */
[INFO] [stdout]    |                                 ^^^^^^^ could not find `surface` in `ext`
[INFO] [stdout]    |
[INFO] [stdout] help: consider importing this module
[INFO] [stdout]    |
[INFO] [stdout]  1 + use ash::khr::surface;
[INFO] [stdout]    |
[INFO] [stdout] help: if you import `surface`, refer to it directly
[INFO] [stdout]    |
[INFO] [stdout] 28 -     surface_loader: Option<ext::surface::Instance>, /* ext is external multi-vendor */
[INFO] [stdout] 28 +     surface_loader: Option<surface::Instance>, /* ext is external multi-vendor */
[INFO] [stdout]    |
[INFO] [stdout] 
[INFO] [stdout] 
[INFO] [stdout] error[E0425]: cannot find type `surfaceKHR` in module `vk`
[INFO] [stdout]    --> src/lib.rs:29:25
[INFO] [stdout]     |
[INFO] [stdout]  29 |     surface: Option<vk::surfaceKHR>, /* KHR is khronos standard extension */
[INFO] [stdout]     |                         ^^^^^^^^^^ not found in `vk`
[INFO] [stdout]     |
[INFO] [stdout] note: similarly named struct `SurfaceKHR` defined here
[INFO] [stdout]    --> /opt/rustwide/cargo-home/registry/src/index.crates.io-1949cf8c6b5b557f/ash-0.38.0+1.3.281/src/vk/macros.rs:93:9
[INFO] [stdout]     |
[INFO] [stdout]  93 |           pub struct $name(u64);
[INFO] [stdout]     |           ^^^^^^^^^^^^^^^^^^^^^^
[INFO] [stdout]     |
[INFO] [stdout]    ::: /opt/rustwide/cargo-home/registry/src/index.crates.io-1949cf8c6b5b557f/ash-0.38.0+1.3.281/src/vk/definitions.rs:491:1
[INFO] [stdout]     |
[INFO] [stdout] 491 | / handle_nondispatchable!(
[INFO] [stdout] 492 | |     SurfaceKHR,
[INFO] [stdout] 493 | |     SURFACE_KHR,
[INFO] [stdout] 494 | |     doc = "<https://registry.khronos.org/vulkan/specs/1.3-extensions/man/html/VkSurfaceKHR.html>"
[INFO] [stdout] 495 | | );
[INFO] [stdout]     | |_- in this macro invocation
[INFO] [stdout]     = note: this error originates in the macro `handle_nondispatchable` (in Nightly builds, run with -Z macro-backtrace for more info)
[INFO] [stdout] help: a struct with a similar name exists (notice the capitalization)
[INFO] [stdout]     |
[INFO] [stdout]  29 -     surface: Option<vk::surfaceKHR>, /* KHR is khronos standard extension */
[INFO] [stdout]  29 +     surface: Option<vk::SurfaceKHR>, /* KHR is khronos standard extension */
[INFO] [stdout]     |
[INFO] [stdout] 
[INFO] [stdout] 
[INFO] [stdout] error[E0277]: the trait bound `ash::Entry: std::default::Default` is not satisfied
[INFO] [stdout]   --> src/lib.rs:25:5
[INFO] [stdout]    |
[INFO] [stdout] 22 | #[derive(Default)]
[INFO] [stdout]    |          ------- in this derive macro expansion
[INFO] [stdout] ...
[INFO] [stdout] 25 |     entry: Entry,
[INFO] [stdout]    |     ^^^^^^^^^^^^ the trait `std::default::Default` is not implemented for `ash::Entry`
[INFO] [stdout] 
[INFO] [stdout] 
[INFO] [stdout] error[E0433]: cannot find `surface` in `ext`
[INFO] [stdout]   --> src/lib.rs:28:33
[INFO] [stdout]    |
[INFO] [stdout] 28 |     surface_loader: Option<ext::surface::Instance>, /* ext is external multi-vendor */
[INFO] [stdout]    |                                 ^^^^^^^ could not find `surface` in `ext`
[INFO] [stdout]    |
[INFO] [stdout] help: consider importing this module
[INFO] [stdout]    |
[INFO] [stdout]  1 + use ash::khr::surface;
[INFO] [stdout]    |
[INFO] [stdout] help: if you import `surface`, refer to it directly
[INFO] [stdout]    |
[INFO] [stdout] 28 -     surface_loader: Option<ext::surface::Instance>, /* ext is external multi-vendor */
[INFO] [stdout] 28 +     surface_loader: Option<surface::Instance>, /* ext is external multi-vendor */
[INFO] [stdout]    |
[INFO] [stdout] 
[INFO] [stdout] 
[INFO] [stdout] error[E0425]: cannot find type `surfaceKHR` in module `vk`
[INFO] [stdout]    --> src/lib.rs:29:25
[INFO] [stdout]     |
[INFO] [stdout]  29 |     surface: Option<vk::surfaceKHR>, /* KHR is khronos standard extension */
[INFO] [stdout]     |                         ^^^^^^^^^^ not found in `vk`
[INFO] [stdout]     |
[INFO] [stdout] note: similarly named struct `SurfaceKHR` defined here
[INFO] [stdout]    --> /opt/rustwide/cargo-home/registry/src/index.crates.io-1949cf8c6b5b557f/ash-0.38.0+1.3.281/src/vk/macros.rs:93:9
[INFO] [stdout]     |
[INFO] [stdout]  93 |           pub struct $name(u64);
[INFO] [stdout]     |           ^^^^^^^^^^^^^^^^^^^^^^
[INFO] [stdout]     |
[INFO] [stdout]    ::: /opt/rustwide/cargo-home/registry/src/index.crates.io-1949cf8c6b5b557f/ash-0.38.0+1.3.281/src/vk/definitions.rs:491:1
[INFO] [stdout]     |
[INFO] [stdout] 491 | / handle_nondispatchable!(
[INFO] [stdout] 492 | |     SurfaceKHR,
[INFO] [stdout] 493 | |     SURFACE_KHR,
[INFO] [stdout] 494 | |     doc = "<https://registry.khronos.org/vulkan/specs/1.3-extensions/man/html/VkSurfaceKHR.html>"
[INFO] [stdout] 495 | | );
[INFO] [stdout]     | |_- in this macro invocation
[INFO] [stdout]     = note: this error originates in the macro `handle_nondispatchable` (in Nightly builds, run with -Z macro-backtrace for more info)
[INFO] [stdout] help: a struct with a similar name exists (notice the capitalization)
[INFO] [stdout]     |
[INFO] [stdout]  29 -     surface: Option<vk::surfaceKHR>, /* KHR is khronos standard extension */
[INFO] [stdout]  29 +     surface: Option<vk::SurfaceKHR>, /* KHR is khronos standard extension */
[INFO] [stdout]     |
[INFO] [stdout] 
[INFO] [stdout] 
[INFO] [stdout] error[E0308]: mismatched types
[INFO] [stdout]   --> src/lib.rs:35:13
[INFO] [stdout]    |
[INFO] [stdout] 34 |         self.window = Some(
[INFO] [stdout]    |                       ---- arguments to this enum variant are incorrect
[INFO] [stdout] 35 |             event_loop.create_window(Window::default_attributes()).unwrap()
[INFO] [stdout]    |             ^^^^^^^^^^^^^^^^^^^^^^^^^^^^^^^^^^^^^^^^^^^^^^^^^^^^^^^^^^^^^^^ expected `Arc<Window>`, found `Window`
[INFO] [stdout]    |
[INFO] [stdout]    = note: expected struct `Arc<Window>`
[INFO] [stdout]               found struct `Window`
[INFO] [stdout] help: the type constructed contains `Window` due to the type of the argument passed
[INFO] [stdout]   --> src/lib.rs:34:23
[INFO] [stdout]    |
[INFO] [stdout] 34 |           self.window = Some(
[INFO] [stdout]    |  _______________________^
[INFO] [stdout] 35 | |             event_loop.create_window(Window::default_attributes()).unwrap()
[INFO] [stdout]    | |             --------------------------------------------------------------- this argument influences the type of `Some`
[INFO] [stdout] 36 | |         );
[INFO] [stdout]    | |_________^
[INFO] [stdout] note: tuple variant defined here
[INFO] [stdout]   --> /rustc/3154cc1a3e6424e44f438a95007d043ed5ceaaf6/library/core/src/option.rs:606:4
[INFO] [stdout] help: call `Into::into` on this expression to convert `Window` into `Arc<Window>`
[INFO] [stdout]    |
[INFO] [stdout] 35 |             event_loop.create_window(Window::default_attributes()).unwrap().into()
[INFO] [stdout]    |                                                                            +++++++
[INFO] [stdout] 
[INFO] [stdout] 
[INFO] [stdout] warning: unused variable: `id`
[INFO] [stdout]   --> src/lib.rs:41:9
[INFO] [stdout]    |
[INFO] [stdout] 41 |         id: WindowId,
[INFO] [stdout]    |         ^^ help: if this is intentional, prefix it with an underscore: `_id`
[INFO] [stdout]    |
[INFO] [stdout]    = note: `#[warn(unused_variables)]` (part of `#[warn(unused)]`) on by default
[INFO] [stdout] 
[INFO] [stdout] 
[INFO] [stdout] error[E0277]: the trait bound `ash::Entry: std::default::Default` is not satisfied
[INFO] [stdout]   --> src/lib.rs:25:5
[INFO] [stdout]    |
[INFO] [stdout] 22 | #[derive(Default)]
[INFO] [stdout]    |          ------- in this derive macro expansion
[INFO] [stdout] ...
[INFO] [stdout] 25 |     entry: Entry,
[INFO] [stdout]    |     ^^^^^^^^^^^^ the trait `std::default::Default` is not implemented for `ash::Entry`
[INFO] [stdout] 
[INFO] [stdout] 
[INFO] [stdout] warning: unused variable: `page_path`
[INFO] [stdout]   --> src/lib.rs:61:13
[INFO] [stdout]    |
[INFO] [stdout] 61 | pub fn exec(page_path: String) {
[INFO] [stdout]    |             ^^^^^^^^^ help: if this is intentional, prefix it with an underscore: `_page_path`
[INFO] [stdout] 
[INFO] [stdout] 
[INFO] [stdout] error[E0308]: mismatched types
[INFO] [stdout]   --> src/lib.rs:35:13
[INFO] [stdout]    |
[INFO] [stdout] 34 |         self.window = Some(
[INFO] [stdout]    |                       ---- arguments to this enum variant are incorrect
[INFO] [stdout] 35 |             event_loop.create_window(Window::default_attributes()).unwrap()
[INFO] [stdout]    |             ^^^^^^^^^^^^^^^^^^^^^^^^^^^^^^^^^^^^^^^^^^^^^^^^^^^^^^^^^^^^^^^ expected `Arc<Window>`, found `Window`
[INFO] [stdout]    |
[INFO] [stdout]    = note: expected struct `Arc<Window>`
[INFO] [stdout]               found struct `Window`
[INFO] [stdout] help: the type constructed contains `Window` due to the type of the argument passed
[INFO] [stdout]   --> src/lib.rs:34:23
[INFO] [stdout]    |
[INFO] [stdout] 34 |           self.window = Some(
[INFO] [stdout]    |  _______________________^
[INFO] [stdout] 35 | |             event_loop.create_window(Window::default_attributes()).unwrap()
[INFO] [stdout]    | |             --------------------------------------------------------------- this argument influences the type of `Some`
[INFO] [stdout] 36 | |         );
[INFO] [stdout]    | |_________^
[INFO] [stdout] note: tuple variant defined here
[INFO] [stdout]   --> /rustc/3154cc1a3e6424e44f438a95007d043ed5ceaaf6/library/core/src/option.rs:606:4
[INFO] [stdout] help: call `Into::into` on this expression to convert `Window` into `Arc<Window>`
[INFO] [stdout]    |
[INFO] [stdout] 35 |             event_loop.create_window(Window::default_attributes()).unwrap().into()
[INFO] [stdout]    |                                                                            +++++++
[INFO] [stdout] 
[INFO] [stdout] 
[INFO] [stdout] warning: unused variable: `id`
[INFO] [stdout]   --> src/lib.rs:41:9
[INFO] [stdout]    |
[INFO] [stdout] 41 |         id: WindowId,
[INFO] [stdout]    |         ^^ help: if this is intentional, prefix it with an underscore: `_id`
[INFO] [stdout]    |
[INFO] [stdout]    = note: `#[warn(unused_variables)]` (part of `#[warn(unused)]`) on by default
[INFO] [stdout] 
[INFO] [stdout] 
[INFO] [stdout] warning: unused variable: `page_path`
[INFO] [stdout]   --> src/lib.rs:61:13
[INFO] [stdout]    |
[INFO] [stdout] 61 | pub fn exec(page_path: String) {
[INFO] [stdout]    |             ^^^^^^^^^ help: if this is intentional, prefix it with an underscore: `_page_path`
[INFO] [stdout] 
[INFO] [stdout] 
[INFO] [stdout] Some errors have detailed explanations: E0277, E0308, E0425, E0433.
[INFO] [stdout] 
[INFO] [stdout] For more information about an error, try `rustc --explain E0277`.
[INFO] [stdout] 
[INFO] [stdout] Some errors have detailed explanations: E0277, E0308, E0425, E0433.
[INFO] [stdout] 
[INFO] [stdout] For more information about an error, try `rustc --explain E0277`.
[INFO] [stdout] 
[INFO] [stderr] error: could not compile `ace` (lib test) due to 4 previous errors; 2 warnings emitted
[INFO] [stderr] warning: build failed, waiting for other jobs to finish...
[INFO] [stderr] error: could not compile `ace` (lib) due to 4 previous errors; 2 warnings emitted
[INFO] running `Command { std: "docker" "inspect" "b8e4dc080c86f40b808e4d967465cb35096f9b84d69f01cabf6c49710a1539af", kill_on_drop: false }`
[INFO] running `Command { std: "docker" "rm" "-f" "b8e4dc080c86f40b808e4d967465cb35096f9b84d69f01cabf6c49710a1539af", kill_on_drop: false }`
[INFO] [stdout] b8e4dc080c86f40b808e4d967465cb35096f9b84d69f01cabf6c49710a1539af
