[INFO] cloning repository https://github.com/connyay/wheelie
[INFO] running `Command { std: "git" "-c" "credential.helper=" "-c" "credential.helper=/workspace/cargo-home/bin/git-credential-null" "clone" "--bare" "https://github.com/connyay/wheelie" "/workspace/cache/git-repos/https%3A%2F%2Fgithub.com%2Fconnyay%2Fwheelie", kill_on_drop: false }`
[INFO] [stderr] Cloning into bare repository '/workspace/cache/git-repos/https%3A%2F%2Fgithub.com%2Fconnyay%2Fwheelie'...
[INFO] running `Command { std: "git" "rev-parse" "HEAD", kill_on_drop: false }`
[INFO] [stdout] 83475854067e80f391fb77cf8a8937aa40698177
[INFO] checking connyay/wheelie against 3154cc1a3e6424e44f438a95007d043ed5ceaaf6+rustflags=-Znext-solver=coherence for pr-133502-30
[INFO] running `Command { std: "git" "clone" "/workspace/cache/git-repos/https%3A%2F%2Fgithub.com%2Fconnyay%2Fwheelie" "/workspace/builds/worker-5-tc1/source", kill_on_drop: false }`
[INFO] [stderr] Cloning into '/workspace/builds/worker-5-tc1/source'...
[INFO] [stderr] done.
[INFO] started tweaking git repo https://github.com/connyay/wheelie
[INFO] finished tweaking git repo https://github.com/connyay/wheelie
[INFO] tweaked toml for git repo https://github.com/connyay/wheelie written to /workspace/builds/worker-5-tc1/source/Cargo.toml
[INFO] validating manifest of git repo https://github.com/connyay/wheelie on toolchain 3154cc1a3e6424e44f438a95007d043ed5ceaaf6
[INFO] running `Command { std: CARGO_HOME="/workspace/cargo-home" RUSTUP_HOME="/workspace/rustup-home" "/workspace/cargo-home/bin/cargo" "+3154cc1a3e6424e44f438a95007d043ed5ceaaf6" "metadata" "--manifest-path" "Cargo.toml" "--no-deps", kill_on_drop: false }`
[INFO] crate git repo https://github.com/connyay/wheelie already has a lockfile, it will not be regenerated
[INFO] running `Command { std: CARGO_HOME="/workspace/cargo-home" RUSTUP_HOME="/workspace/rustup-home" "/workspace/cargo-home/bin/cargo" "+3154cc1a3e6424e44f438a95007d043ed5ceaaf6" "fetch" "--manifest-path" "Cargo.toml", kill_on_drop: false }`
[INFO] [stderr]     Updating crates.io index
[INFO] [stderr]  Downloading crates ...
[INFO] [stderr]   Downloaded worker-sys v0.8.5
[INFO] [stderr]   Downloaded wasm-streams v0.6.0
[INFO] [stderr]   Downloaded worker-macros v0.8.5
[INFO] [stderr]   Downloaded borsh-derive v1.8.0
[INFO] [stderr]   Downloaded worker v0.8.5
[INFO] [stderr]   Downloaded publicdotcom v0.1.0
[INFO] running `Command { std: "docker" "create" "-v" "/var/lib/crater-agent-workspace/builds/worker-5-tc1/source:/opt/rustwide/workdir:ro,Z" "-v" "/var/lib/crater-agent-workspace/builds/worker-5-tc1/target:/opt/rustwide/target:rw,Z" "-v" "/var/lib/crater-agent-workspace/cargo-home:/opt/rustwide/cargo-home:ro,Z" "-v" "/var/lib/crater-agent-workspace/rustup-home:/opt/rustwide/rustup-home:ro,Z" "-m" "1610612736" "--network" "none" "ghcr.io/rust-lang/crates-build-env/linux@sha256:77db811e55d90add9212f6832c23229e3de5f1c1f9905e8cb07319ea15df73ac" "sleep" "infinity", kill_on_drop: false }`
[INFO] [stdout] b446fb5ee65a7d2421da27a6f2f96fca2918bb277fcc0b558945e1231da1015b
[INFO] running `Command { std: "docker" "start" "b446fb5ee65a7d2421da27a6f2f96fca2918bb277fcc0b558945e1231da1015b", kill_on_drop: false }`
[INFO] running `Command { std: "docker" "inspect" "b446fb5ee65a7d2421da27a6f2f96fca2918bb277fcc0b558945e1231da1015b", kill_on_drop: false }`
[INFO] running `Command { std: "docker" "exec" "-e" "SOURCE_DIR=/opt/rustwide/workdir" "-e" "CARGO_HOME=/opt/rustwide/cargo-home" "-e" "RUSTUP_HOME=/opt/rustwide/rustup-home" "-e" "CARGO_TARGET_DIR=/opt/rustwide/target" "-w" "/opt/rustwide/workdir" "--user" "0:0" "b446fb5ee65a7d2421da27a6f2f96fca2918bb277fcc0b558945e1231da1015b" "/opt/rustwide/cargo-home/bin/cargo" "+3154cc1a3e6424e44f438a95007d043ed5ceaaf6" "metadata" "--no-deps" "--format-version=1", kill_on_drop: false }`
[INFO] running `Command { std: "docker" "inspect" "b446fb5ee65a7d2421da27a6f2f96fca2918bb277fcc0b558945e1231da1015b", kill_on_drop: false }`
[INFO] running `Command { std: "docker" "exec" "-e" "SOURCE_DIR=/opt/rustwide/workdir" "-e" "CARGO_HOME=/opt/rustwide/cargo-home" "-e" "RUSTUP_HOME=/opt/rustwide/rustup-home" "-e" "CARGO_TARGET_DIR=/opt/rustwide/target" "-e" "CARGO_INCREMENTAL=0" "-e" "RUST_BACKTRACE=full" "-e" "RUSTFLAGS=--cap-lints=forbid -Znext-solver=coherence" "-e" "RUSTDOCFLAGS=--cap-lints=forbid" "-w" "/opt/rustwide/workdir" "--user" "0:0" "b446fb5ee65a7d2421da27a6f2f96fca2918bb277fcc0b558945e1231da1015b" "/opt/rustwide/cargo-home/bin/cargo" "+3154cc1a3e6424e44f438a95007d043ed5ceaaf6" "check" "--frozen" "--all" "--all-targets" "--message-format=json", kill_on_drop: false }`
[INFO] [stderr]    Compiling wasm-bindgen-shared v0.2.127
[INFO] [stderr]    Compiling syn v3.0.3
[INFO] [stderr]     Checking futures-core v0.3.33
[INFO] [stderr]    Compiling wasm-bindgen v0.2.127
[INFO] [stderr]    Compiling zerovec-derive v0.11.3
[INFO] [stderr]    Compiling futures-macro v0.3.33
[INFO] [stderr]     Checking once_cell v1.21.4
[INFO] [stderr]     Checking futures-io v0.3.33
[INFO] [stderr]     Checking futures-sink v0.3.33
[INFO] [stderr]    Compiling num-traits v0.2.19
[INFO] [stderr]    Compiling futures-task v0.3.33
[INFO] [stderr]     Checking smallvec v1.15.2
[INFO] [stderr]    Compiling libc v0.2.189
[INFO] [stderr]    Compiling futures-util v0.3.33
[INFO] [stderr]    Compiling strum_macros v0.27.2
[INFO] [stderr]    Compiling wasm-bindgen-macro-support v0.2.127
[INFO] [stderr]    Compiling serde_json v1.0.151
[INFO] [stderr]    Compiling rust_decimal v1.42.1
[INFO] [stderr]     Checking zerovec v0.11.6
[INFO] [stderr]     Checking getrandom v0.4.3
[INFO] [stderr]    Compiling pin-project-internal v1.1.13
[INFO] [stderr]     Checking potential_utf v0.1.5
[INFO] [stderr]     Checking uuid v1.24.0
[INFO] [stderr]     Checking getrandom v0.2.17
[INFO] [stderr]     Checking futures-channel v0.3.33
[INFO] [stderr]     Checking tokio v1.53.1
[INFO] [stderr]     Checking pin-project v1.1.13
[INFO] [stderr]    Compiling strum v0.27.2
[INFO] [stderr]    Compiling displaydoc v0.2.7
[INFO] [stderr]    Compiling serde_derive v1.0.229
[INFO] [stderr]    Compiling async-trait v0.1.92
[INFO] [stderr]    Compiling thiserror-impl v2.0.20
[INFO] [stderr]    Compiling wasm-bindgen-macro v0.2.127
[INFO] [stderr]     Checking tinystr v0.8.3
[INFO] [stderr]     Checking zerotrie v0.2.4
[INFO] [stderr]     Checking icu_collections v2.2.0
[INFO] [stderr]     Checking icu_locale_core v2.2.0
[INFO] [stderr]     Checking thiserror v2.0.20
[INFO] [stderr]     Checking icu_provider v2.2.0
[INFO] [stderr]    Compiling js-sys v0.3.104
[INFO] [stderr]     Checking icu_properties v2.2.0
[INFO] [stderr]     Checking icu_normalizer v2.2.0
[INFO] [stderr]     Checking idna_adapter v1.2.2
[INFO] [stderr]     Checking idna v1.1.0
[INFO] [stderr]     Checking serde v1.0.229
[INFO] [stderr]     Checking url v2.5.8
[INFO] [stderr]     Checking chrono v0.4.45
[INFO] [stderr]     Checking serde_urlencoded v0.7.1
[INFO] [stderr]     Checking publicdotcom v0.1.0
[INFO] [stderr]    Compiling web-sys v0.3.104
[INFO] [stderr]     Checking wasm-bindgen-futures v0.4.77
[INFO] [stderr]     Checking serde-wasm-bindgen v0.6.5
[INFO] [stderr]    Compiling worker-sys v0.8.5
[INFO] [stderr]    Compiling worker-macros v0.8.5
[INFO] [stderr]     Checking wasm-streams v0.6.0
[INFO] [stderr]     Checking worker v0.8.5
[INFO] [stderr]     Checking wheelie v0.1.0 (/opt/rustwide/workdir)
[INFO] [stdout] error[E0053]: method `execute` has an incompatible type for trait
[INFO] [stdout]   --> src/transport.rs:45:1
[INFO] [stdout]    |
[INFO] [stdout] 45 | #[async_trait::async_trait(?Send)]
[INFO] [stdout]    | ^^^^^^^^^^^^^^^^^^^^^^^^^^^^^^^^^^ expected trait `Future<Output = Result<HttpResponse, TransportError>> + Send`, found trait `Future<Output = Result<HttpResponse, TransportError>>`
[INFO] [stdout]    |
[INFO] [stdout]    = note: expected signature `fn(&'life0 WorkersTransport, HttpRequest) -> Pin<Box<(dyn Future<Output = Result<HttpResponse, TransportError>> + Send + 'async_trait)>>`
[INFO] [stdout]               found signature `fn(&'life0 WorkersTransport, HttpRequest) -> Pin<Box<(dyn Future<Output = Result<HttpResponse, TransportError>> + 'async_trait)>>`
[INFO] [stdout] 
[INFO] [stdout] 
[INFO] [stdout] error[E0053]: method `execute` has an incompatible type for trait
[INFO] [stdout]   --> src/transport.rs:45:1
[INFO] [stdout]    |
[INFO] [stdout] 45 | #[async_trait::async_trait(?Send)]
[INFO] [stdout]    | ^^^^^^^^^^^^^^^^^^^^^^^^^^^^^^^^^^ expected trait `Future<Output = Result<HttpResponse, TransportError>> + Send`, found trait `Future<Output = Result<HttpResponse, TransportError>>`
[INFO] [stdout]    |
[INFO] [stdout]    = note: expected signature `fn(&'life0 WorkersTransport, HttpRequest) -> Pin<Box<(dyn Future<Output = Result<HttpResponse, TransportError>> + Send + 'async_trait)>>`
[INFO] [stdout]               found signature `fn(&'life0 WorkersTransport, HttpRequest) -> Pin<Box<(dyn Future<Output = Result<HttpResponse, TransportError>> + 'async_trait)>>`
[INFO] [stdout] 
[INFO] [stdout] 
[INFO] [stdout] error[E0053]: method `sleep` has an incompatible type for trait
[INFO] [stdout]   --> src/transport.rs:45:1
[INFO] [stdout]    |
[INFO] [stdout] 45 | #[async_trait::async_trait(?Send)]
[INFO] [stdout]    | ^^^^^^^^^^^^^^^^^^^^^^^^^^^^^^^^^^ expected trait `Future<Output = ()> + Send`, found trait `Future<Output = ()>`
[INFO] [stdout]    |
[INFO] [stdout]    = note: expected signature `fn(&'life0 WorkersTransport, Duration) -> Pin<Box<(dyn Future<Output = ()> + Send + 'async_trait)>>`
[INFO] [stdout]               found signature `fn(&'life0 WorkersTransport, Duration) -> Pin<Box<(dyn Future<Output = ()> + 'async_trait)>>`
[INFO] [stdout] 
[INFO] [stdout] 
[INFO] [stdout] error[E0053]: method `sleep` has an incompatible type for trait
[INFO] [stdout]   --> src/transport.rs:45:1
[INFO] [stdout]    |
[INFO] [stdout] 45 | #[async_trait::async_trait(?Send)]
[INFO] [stdout]    | ^^^^^^^^^^^^^^^^^^^^^^^^^^^^^^^^^^ expected trait `Future<Output = ()> + Send`, found trait `Future<Output = ()>`
[INFO] [stdout]    |
[INFO] [stdout]    = note: expected signature `fn(&'life0 WorkersTransport, Duration) -> Pin<Box<(dyn Future<Output = ()> + Send + 'async_trait)>>`
[INFO] [stdout]               found signature `fn(&'life0 WorkersTransport, Duration) -> Pin<Box<(dyn Future<Output = ()> + 'async_trait)>>`
[INFO] [stdout] 
[INFO] [stdout] 
[INFO] [stdout] error[E0277]: `RefCell<f64>` cannot be shared between threads safely
[INFO] [stdout]   --> src/public.rs:85:9
[INFO] [stdout]    |
[INFO] [stdout] 85 |         transport.clone(),
[INFO] [stdout]    |         ^^^^^^^^^^^^^^^^^ `RefCell<f64>` cannot be shared between threads safely
[INFO] [stdout]    |
[INFO] [stdout]    = help: within `WorkersTransport`, the trait `Sync` is not implemented for `RefCell<f64>`
[INFO] [stdout]    = note: if you want to do aliasing and mutation between multiple threads, use `std::sync::RwLock` instead
[INFO] [stdout] note: required because it appears within the type `WorkersTransport`
[INFO] [stdout]   --> src/transport.rs:22:5
[INFO] [stdout]    |
[INFO] [stdout] 19 | pub struct WorkersTransport {
[INFO] [stdout] ...
[INFO] [stdout] 22 |     last_request_ms: RefCell<f64>,
[INFO] [stdout]    |     ^^^^^^^^^^^^^^^^^^^^^^^^^^^^^ required by this field
[INFO] [stdout]    = note: required for the cast from `Arc<WorkersTransport>` to `Arc<(dyn HttpTransport + Send + Sync + 'static)>`
[INFO] [stdout] 
[INFO] [stdout] 
[INFO] [stdout] error[E0277]: `RefCell<f64>` cannot be shared between threads safely
[INFO] [stdout]   --> src/public.rs:85:9
[INFO] [stdout]    |
[INFO] [stdout] 85 |         transport.clone(),
[INFO] [stdout]    |         ^^^^^^^^^^^^^^^^^ `RefCell<f64>` cannot be shared between threads safely
[INFO] [stdout]    |
[INFO] [stdout]    = help: within `WorkersTransport`, the trait `Sync` is not implemented for `RefCell<f64>`
[INFO] [stdout]    = note: if you want to do aliasing and mutation between multiple threads, use `std::sync::RwLock` instead
[INFO] [stdout] note: required because it appears within the type `WorkersTransport`
[INFO] [stdout]   --> src/transport.rs:22:5
[INFO] [stdout]    |
[INFO] [stdout] 19 | pub struct WorkersTransport {
[INFO] [stdout] ...
[INFO] [stdout] 22 |     last_request_ms: RefCell<f64>,
[INFO] [stdout]    |     ^^^^^^^^^^^^^^^^^^^^^^^^^^^^^ required by this field
[INFO] [stdout]    = note: required for the cast from `Arc<WorkersTransport>` to `Arc<(dyn HttpTransport + Send + Sync + 'static)>`
[INFO] [stdout] 
[INFO] [stdout] 
[INFO] [stdout] Some errors have detailed explanations: E0053, E0277.
[INFO] [stdout] 
[INFO] [stdout] For more information about an error, try `rustc --explain E0053`.
[INFO] [stdout] 
[INFO] [stderr] error: could not compile `wheelie` (lib test) due to 3 previous errors
[INFO] [stderr] warning: build failed, waiting for other jobs to finish...
[INFO] [stdout] Some errors have detailed explanations: E0053, E0277.
[INFO] [stdout] 
[INFO] [stdout] For more information about an error, try `rustc --explain E0053`.
[INFO] [stdout] 
[INFO] [stderr] error: could not compile `wheelie` (lib) due to 3 previous errors
[INFO] running `Command { std: "docker" "inspect" "b446fb5ee65a7d2421da27a6f2f96fca2918bb277fcc0b558945e1231da1015b", kill_on_drop: false }`
[INFO] running `Command { std: "docker" "rm" "-f" "b446fb5ee65a7d2421da27a6f2f96fca2918bb277fcc0b558945e1231da1015b", kill_on_drop: false }`
[INFO] [stdout] b446fb5ee65a7d2421da27a6f2f96fca2918bb277fcc0b558945e1231da1015b
