[INFO] cloning repository https://github.com/conniecombs/SumaFile
[INFO] running `Command { std: "git" "-c" "credential.helper=" "-c" "credential.helper=/workspace/cargo-home/bin/git-credential-null" "clone" "--bare" "https://github.com/conniecombs/SumaFile" "/workspace/cache/git-repos/https%3A%2F%2Fgithub.com%2Fconniecombs%2FSumaFile", kill_on_drop: false }`
[INFO] [stderr] Cloning into bare repository '/workspace/cache/git-repos/https%3A%2F%2Fgithub.com%2Fconniecombs%2FSumaFile'...
[INFO] running `Command { std: "git" "rev-parse" "HEAD", kill_on_drop: false }`
[INFO] [stdout] 86f0337166e02a58ab80a6e1e60c8f87bef70a44
[INFO] checking conniecombs/SumaFile against 3154cc1a3e6424e44f438a95007d043ed5ceaaf6 for pr-133502-30
[INFO] running `Command { std: "git" "clone" "/workspace/cache/git-repos/https%3A%2F%2Fgithub.com%2Fconniecombs%2FSumaFile" "/workspace/builds/worker-7-tc2/source", kill_on_drop: false }`
[INFO] [stderr] Cloning into '/workspace/builds/worker-7-tc2/source'...
[INFO] [stderr] done.
[INFO] removed /workspace/builds/worker-7-tc2/source/.cargo/config.toml
[INFO] started tweaking git repo https://github.com/conniecombs/SumaFile
[INFO] finished tweaking git repo https://github.com/conniecombs/SumaFile
[INFO] tweaked toml for git repo https://github.com/conniecombs/SumaFile written to /workspace/builds/worker-7-tc2/source/Cargo.toml
[INFO] validating manifest of git repo https://github.com/conniecombs/SumaFile on toolchain 3154cc1a3e6424e44f438a95007d043ed5ceaaf6
[INFO] running `Command { std: CARGO_HOME="/workspace/cargo-home" RUSTUP_HOME="/workspace/rustup-home" "/workspace/cargo-home/bin/cargo" "+3154cc1a3e6424e44f438a95007d043ed5ceaaf6" "metadata" "--manifest-path" "Cargo.toml" "--no-deps", kill_on_drop: false }`
[INFO] crate git repo https://github.com/conniecombs/SumaFile already has a lockfile, it will not be regenerated
[INFO] running `Command { std: CARGO_HOME="/workspace/cargo-home" RUSTUP_HOME="/workspace/rustup-home" "/workspace/cargo-home/bin/cargo" "+3154cc1a3e6424e44f438a95007d043ed5ceaaf6" "fetch" "--manifest-path" "Cargo.toml", kill_on_drop: false }`
[INFO] running `Command { std: "docker" "create" "-v" "/var/lib/crater-agent-workspace/builds/worker-7-tc2/source:/opt/rustwide/workdir:ro,Z" "-v" "/var/lib/crater-agent-workspace/builds/worker-7-tc2/target:/opt/rustwide/target:rw,Z" "-v" "/var/lib/crater-agent-workspace/cargo-home:/opt/rustwide/cargo-home:ro,Z" "-v" "/var/lib/crater-agent-workspace/rustup-home:/opt/rustwide/rustup-home:ro,Z" "-m" "1610612736" "--network" "none" "ghcr.io/rust-lang/crates-build-env/linux@sha256:77db811e55d90add9212f6832c23229e3de5f1c1f9905e8cb07319ea15df73ac" "sleep" "infinity", kill_on_drop: false }`
[INFO] [stdout] e213f45b9dac7a0152f60a619978ab0eeea8134a7fdc30c23f0767fdac14d07f
[INFO] running `Command { std: "docker" "start" "e213f45b9dac7a0152f60a619978ab0eeea8134a7fdc30c23f0767fdac14d07f", kill_on_drop: false }`
[INFO] running `Command { std: "docker" "inspect" "e213f45b9dac7a0152f60a619978ab0eeea8134a7fdc30c23f0767fdac14d07f", kill_on_drop: false }`
[INFO] running `Command { std: "docker" "exec" "-e" "SOURCE_DIR=/opt/rustwide/workdir" "-e" "CARGO_HOME=/opt/rustwide/cargo-home" "-e" "RUSTUP_HOME=/opt/rustwide/rustup-home" "-e" "CARGO_TARGET_DIR=/opt/rustwide/target" "-w" "/opt/rustwide/workdir" "--user" "0:0" "e213f45b9dac7a0152f60a619978ab0eeea8134a7fdc30c23f0767fdac14d07f" "/opt/rustwide/cargo-home/bin/cargo" "+3154cc1a3e6424e44f438a95007d043ed5ceaaf6" "metadata" "--no-deps" "--format-version=1", kill_on_drop: false }`
[INFO] running `Command { std: "docker" "inspect" "e213f45b9dac7a0152f60a619978ab0eeea8134a7fdc30c23f0767fdac14d07f", kill_on_drop: false }`
[INFO] running `Command { std: "docker" "exec" "-e" "SOURCE_DIR=/opt/rustwide/workdir" "-e" "CARGO_HOME=/opt/rustwide/cargo-home" "-e" "RUSTUP_HOME=/opt/rustwide/rustup-home" "-e" "CARGO_TARGET_DIR=/opt/rustwide/target" "-e" "CARGO_INCREMENTAL=0" "-e" "RUST_BACKTRACE=full" "-e" "RUSTFLAGS=--cap-lints=forbid" "-e" "RUSTDOCFLAGS=--cap-lints=forbid" "-w" "/opt/rustwide/workdir" "--user" "0:0" "e213f45b9dac7a0152f60a619978ab0eeea8134a7fdc30c23f0767fdac14d07f" "/opt/rustwide/cargo-home/bin/cargo" "+3154cc1a3e6424e44f438a95007d043ed5ceaaf6" "check" "--frozen" "--all" "--all-targets" "--message-format=json", kill_on_drop: false }`
[INFO] [stderr]     Checking hybrid-array v0.4.14
[INFO] [stderr]     Checking getrandom v0.4.3
[INFO] [stderr]     Checking bitflags v2.13.1
[INFO] [stderr]     Checking der v0.8.2
[INFO] [stderr]    Compiling syn v2.0.119
[INFO] [stderr]     Checking flate2 v1.1.10
[INFO] [stderr]     Checking regex-automata v0.4.18
[INFO] [stderr]     Checking serde v1.0.229
[INFO] [stderr]    Compiling zstd-sys v2.0.16+zstd.1.5.7
[INFO] [stderr]     Checking hashbrown v0.17.1
[INFO] [stderr]    Compiling curve25519-dalek v5.0.0
[INFO] [stderr]    Compiling thiserror-impl v2.0.20
[INFO] [stderr]     Checking getrandom v0.2.17
[INFO] [stderr]     Checking ring v0.17.14
[INFO] [stderr]    Compiling openssl-sys v0.9.117
[INFO] [stderr]     Checking crypto-common v0.2.2
[INFO] [stderr]     Checking block-buffer v0.12.1
[INFO] [stderr]     Checking block-padding v0.4.2
[INFO] [stderr]     Checking spki v0.8.0
[INFO] [stderr]     Checking inout v0.2.2
[INFO] [stderr]     Checking crypto-bigint v0.7.5
[INFO] [stderr]     Checking sec1 v0.8.1
[INFO] [stderr]     Checking rustls-pki-types v1.15.1
[INFO] [stderr]     Checking digest v0.11.3
[INFO] [stderr]     Checking cipher v0.5.2
[INFO] [stderr]     Checking hmac v0.13.0
[INFO] [stderr]     Checking sha2 v0.11.0
[INFO] [stderr]     Checking universal-hash v0.6.1
[INFO] [stderr]     Checking polyval v0.7.3
[INFO] [stderr]     Checking aes v0.9.2
[INFO] [stderr]     Checking ghash v0.6.0
[INFO] [stderr]     Checking ctr v0.10.1
[INFO] [stderr]     Checking pbkdf2 v0.13.0
[INFO] [stderr]     Checking aead v0.6.1
[INFO] [stderr]     Checking cbc v0.2.1
[INFO] [stderr]     Checking aes-gcm v0.11.1
[INFO] [stderr]     Checking salsa20 v0.11.0
[INFO] [stderr]     Checking signature v3.0.0
[INFO] [stderr]     Checking chacha20 v0.10.2
[INFO] [stderr]     Checking hkdf v0.13.0
[INFO] [stderr]     Checking thiserror v2.0.20
[INFO] [stderr]     Checking scrypt v0.12.0
[INFO] [stderr]    Compiling rustix v1.1.4
[INFO] [stderr]    Compiling zstd-safe v7.2.4
[INFO] [stderr]     Checking futures-channel v0.3.34
[INFO] [stderr]     Checking pkcs5 v0.8.1
[INFO] [stderr]     Checking chrono v0.4.45
[INFO] [stderr]     Checking rand v0.10.2
[INFO] [stderr]    Compiling httparse v1.10.1
[INFO] [stderr]     Checking regex v1.13.1
[INFO] [stderr]     Checking pkcs8 v0.11.0
[INFO] [stderr]     Checking serde_json v1.0.151
[INFO] [stderr]     Checking ed25519 v3.0.0
[INFO] [stderr]    Compiling libsqlite3-sys v0.38.2
[INFO] [stderr]    Compiling unrar_sys v0.5.8
[INFO] [stderr]    Compiling futures-macro v0.3.34
[INFO] [stderr]    Compiling rustls v0.23.45
[INFO] [stderr]    Compiling aho-corasick v1.1.5
[INFO] [stderr]     Checking indexmap v2.14.0
[INFO] [stderr]     Checking futures-util v0.3.34
[INFO] [stderr]    Compiling curve25519-dalek-derive v0.1.1
[INFO] [stderr]     Checking elliptic-curve v0.14.1
[INFO] [stderr]     Checking primefield v0.14.0
[INFO] [stderr]     Checking wnaf v0.14.1
[INFO] [stderr]     Checking rfc6979 v0.6.0
[INFO] [stderr]     Checking ecdsa v0.17.0
[INFO] [stderr]     Checking primeorder v0.14.0
[INFO] [stderr]     Checking rustls-webpki v0.103.15
[INFO] [stderr]     Checking sha1 v0.11.0
[INFO] [stderr]     Checking ed25519-dalek v3.0.0
[INFO] [stderr]     Checking http v1.5.0
[INFO] [stderr]     Checking color_quant v1.1.0
[INFO] [stderr]     Checking base64 v0.23.1
[INFO] [stderr]     Checking libbz2-rs-sys v0.2.5
[INFO] [stderr]     Checking bzip2 v0.6.1
[INFO] [stderr]     Checking ureq-proto v0.6.4
[INFO] [stderr]     Checking time v0.3.55
[INFO] [stderr]     Checking zopfli v0.8.3
[INFO] [stderr]     Checking gif v0.14.2
[INFO] [stderr]     Checking image-webp v0.2.4
[INFO] [stderr]    Compiling nix v0.31.3
[INFO] [stderr]    Compiling generic-array v0.14.9
[INFO] [stderr]     Checking moxcms v0.8.1
[INFO] [stderr]     Checking tokio v1.53.1
[INFO] [stderr]     Checking png v0.18.1
[INFO] [stderr]     Checking xattr v1.6.1
[INFO] [stderr]     Checking brotli-decompressor v5.0.3
[INFO] [stderr]     Checking lzma-rust2 v0.16.5
[INFO] [stderr]     Checking ecb v0.2.1
[INFO] [stderr]     Checking webpki-roots v1.0.9
[INFO] [stderr]     Checking ssh-encoding v0.3.0
[INFO] [stderr]     Checking md-5 v0.11.0
[INFO] [stderr]     Checking hashlink v0.12.1
[INFO] [stderr]     Checking ogg_pager v0.7.2
[INFO] [stderr]    Compiling lofty_attr v0.13.0
[INFO] [stderr]     Checking filetime v0.2.29
[INFO] [stderr]     Checking keccak v0.2.2
[INFO] [stderr]     Checking typed-path v0.12.3
[INFO] [stderr]     Checking deflate64 v0.1.12
[INFO] [stderr]     Checking ppmd-rust v1.4.0
[INFO] [stderr]     Checking mutate_once v0.1.2
[INFO] [stderr]     Checking bytemuck v1.25.2
[INFO] [stderr]    Compiling inotify-sys v0.1.8
[INFO] [stderr]     Checking widestring v1.2.1
[INFO] [stderr]     Checking zstd v0.13.3
[INFO] [stderr]     Checking ureq v3.4.2
[INFO] [stderr]     Checking lofty v0.25.4
[INFO] [stderr]     Checking image v0.25.10
[INFO] [stderr]     Checking zip v8.6.0
[INFO] [stderr]     Checking lopdf v0.45.0
[INFO] [stderr]    Compiling openssl v0.10.81
[INFO] [stderr]     Checking kamadak-exif v0.6.1
[INFO] [stderr]     Checking trash v5.2.9
[INFO] [stderr]     Checking tar v0.4.46
[INFO] [stderr]    Compiling openssl-macros v0.1.1
[INFO] [stderr]     Checking blowfish v0.10.0
[INFO] [stderr]     Checking poly1305 v0.9.1
[INFO] [stderr]     Checking blake2 v0.11.0
[INFO] [stderr]    Compiling native-tls v0.2.18
[INFO] [stderr]     Checking ssh-cipher v0.3.0
[INFO] [stderr]     Checking argon2 v0.6.0
[INFO] [stderr]     Checking bcrypt-pbkdf v0.11.0
[INFO] [stderr]    Compiling lazy-regex-proc_macros v3.6.1
[INFO] [stderr]     Checking parking_lot_core v0.9.12
[INFO] [stderr]     Checking sha3 v0.11.0
[INFO] [stderr]     Checking futures-executor v0.3.34
[INFO] [stderr]     Checking p521 v0.14.0
[INFO] [stderr]     Checking p384 v0.14.0
[INFO] [stderr]     Checking p256 v0.14.0
[INFO] [stderr]     Checking rusqlite v0.40.2
[INFO] [stderr]     Checking kem v0.3.0
[INFO] [stderr]     Checking module-lattice v0.2.3
[INFO] [stderr]     Checking hex v0.4.3
[INFO] [stderr]     Checking ml-kem v0.3.2
[INFO] [stderr]     Checking sha3 v0.12.0
[INFO] [stderr]     Checking dashmap v6.2.1
[INFO] [stderr]    Compiling enum_dispatch v0.3.13
[INFO] [stderr]     Checking num-bigint v0.5.1
[INFO] [stderr]     Checking russh-cryptovec v0.62.0
[INFO] [stderr]     Checking futures v0.3.34
[INFO] [stderr]     Checking inotify v0.11.5
[INFO] [stderr]     Checking generic-array v1.4.5
[INFO] [stderr]     Checking lazy-regex v3.6.1
[INFO] [stderr]     Checking russh-util v0.52.0
[INFO] [stderr]     Checking tokio-util v0.7.19
[INFO] [stderr]    Compiling delegate v0.13.5
[INFO] [stderr]     Checking simplefile-ipc v1.0.1 (/opt/rustwide/workdir/crates/simplefile-ipc)
[INFO] [stderr]     Checking bstr v1.13.1
[INFO] [stderr]     Checking notify-types v2.1.0
[INFO] [stderr]     Checking serde_bytes v0.11.19
[INFO] [stderr]     Checking hex-literal v1.1.0
[INFO] [stderr]     Checking russh-sftp v3.0.0
[INFO] [stderr]     Checking opener v0.8.5
[INFO] [stderr]     Checking suppaftp v12.0.1
[INFO] [stderr]     Checking notify v8.2.0
[INFO] [stderr]     Checking ssh-key v0.7.0-rc.11
[INFO] [stderr]     Checking russh v0.63.3
[INFO] [stderr]     Checking unrar v0.5.8
[INFO] [stderr]     Checking simplefile-core v1.0.1 (/opt/rustwide/workdir/crates/simplefile-core)
[INFO] [stdout] error[E0433]: cannot find `windows` in `os`
[INFO] [stdout]    --> crates/simplefile-core/src/drives.rs:112:18
[INFO] [stdout]     |
[INFO] [stdout] 112 |     use std::os::windows::ffi::OsStrExt;
[INFO] [stdout]     |                  ^^^^^^^ could not find `windows` in `os`
[INFO] [stdout]     |
[INFO] [stdout] note: found an item that was configured out
[INFO] [stdout]    --> /rustc/3154cc1a3e6424e44f438a95007d043ed5ceaaf6/library/std/src/os/mod.rs:62:4
[INFO] [stdout]     |
[INFO] [stdout]     = note: the item is gated behind the `windows` feature
[INFO] [stdout] 
[INFO] [stdout] 
[INFO] [stdout] error[E0433]: cannot find `windows` in `os`
[INFO] [stdout]    --> crates/simplefile-core/src/drives.rs:296:18
[INFO] [stdout]     |
[INFO] [stdout] 296 |     use std::os::windows::ffi::OsStrExt;
[INFO] [stdout]     |                  ^^^^^^^ could not find `windows` in `os`
[INFO] [stdout]     |
[INFO] [stdout] note: found an item that was configured out
[INFO] [stdout]    --> /rustc/3154cc1a3e6424e44f438a95007d043ed5ceaaf6/library/std/src/os/mod.rs:62:4
[INFO] [stdout]     |
[INFO] [stdout]     = note: the item is gated behind the `windows` feature
[INFO] [stdout] 
[INFO] [stdout] 
[INFO] [stdout] error[E0433]: cannot find `windows` in `os`
[INFO] [stdout]  --> crates/simplefile-core/src/utils.rs:9:18
[INFO] [stdout]   |
[INFO] [stdout] 9 |     use std::os::windows::process::CommandExt;
[INFO] [stdout]   |                  ^^^^^^^ could not find `windows` in `os`
[INFO] [stdout]   |
[INFO] [stdout] note: found an item that was configured out
[INFO] [stdout]  --> /rustc/3154cc1a3e6424e44f438a95007d043ed5ceaaf6/library/std/src/os/mod.rs:62:4
[INFO] [stdout]   |
[INFO] [stdout]   = note: the item is gated behind the `windows` feature
[INFO] [stdout] 
[INFO] [stdout] 
[INFO] [stdout] error[E0433]: cannot find module or crate `winapi` in this scope
[INFO] [stdout]    --> crates/simplefile-core/src/drives.rs:113:9
[INFO] [stdout]     |
[INFO] [stdout] 113 |     use winapi::shared::minwindef::DWORD;
[INFO] [stdout]     |         ^^^^^^ use of unresolved module or unlinked crate `winapi`
[INFO] [stdout]     |
[INFO] [stdout]     = help: if you wanted to use a crate named `winapi`, use `cargo add winapi` to add it to your `Cargo.toml`
[INFO] [stdout] 
[INFO] [stdout] 
[INFO] [stdout] error[E0433]: cannot find module or crate `winapi` in this scope
[INFO] [stdout]    --> crates/simplefile-core/src/drives.rs:114:9
[INFO] [stdout]     |
[INFO] [stdout] 114 |     use winapi::shared::winerror::{ERROR_MORE_DATA, NO_ERROR};
[INFO] [stdout]     |         ^^^^^^ use of unresolved module or unlinked crate `winapi`
[INFO] [stdout]     |
[INFO] [stdout]     = help: if you wanted to use a crate named `winapi`, use `cargo add winapi` to add it to your `Cargo.toml`
[INFO] [stdout] 
[INFO] [stdout] 
[INFO] [stdout] error[E0433]: cannot find module or crate `winapi` in this scope
[INFO] [stdout]    --> crates/simplefile-core/src/drives.rs:115:9
[INFO] [stdout]     |
[INFO] [stdout] 115 |     use winapi::um::winnetwk::WNetGetConnectionW;
[INFO] [stdout]     |         ^^^^^^ use of unresolved module or unlinked crate `winapi`
[INFO] [stdout]     |
[INFO] [stdout]     = help: if you wanted to use a crate named `winapi`, use `cargo add winapi` to add it to your `Cargo.toml`
[INFO] [stdout] 
[INFO] [stdout] 
[INFO] [stdout] error[E0433]: cannot find module or crate `winapi` in this scope
[INFO] [stdout]    --> crates/simplefile-core/src/drives.rs:156:9
[INFO] [stdout]     |
[INFO] [stdout] 156 |     use winapi::shared::winerror::{
[INFO] [stdout]     |         ^^^^^^ use of unresolved module or unlinked crate `winapi`
[INFO] [stdout]     |
[INFO] [stdout]     = help: if you wanted to use a crate named `winapi`, use `cargo add winapi` to add it to your `Cargo.toml`
[INFO] [stdout] 
[INFO] [stdout] 
[INFO] [stdout] error[E0433]: cannot find module or crate `winapi` in this scope
[INFO] [stdout]    --> crates/simplefile-core/src/drives.rs:185:9
[INFO] [stdout]     |
[INFO] [stdout] 185 |     use winapi::um::fileapi::{GetFileAttributesW, INVALID_FILE_ATTRIBUTES};
[INFO] [stdout]     |         ^^^^^^ use of unresolved module or unlinked crate `winapi`
[INFO] [stdout]     |
[INFO] [stdout]     = help: if you wanted to use a crate named `winapi`, use `cargo add winapi` to add it to your `Cargo.toml`
[INFO] [stdout] 
[INFO] [stdout] 
[INFO] [stdout] error[E0433]: cannot find `windows` in `os`
[INFO] [stdout]    --> crates/simplefile-core/src/drives.rs:112:18
[INFO] [stdout]     |
[INFO] [stdout] 112 |     use std::os::windows::ffi::OsStrExt;
[INFO] [stdout]     |                  ^^^^^^^ could not find `windows` in `os`
[INFO] [stdout]     |
[INFO] [stdout] note: found an item that was configured out
[INFO] [stdout]    --> /rustc/3154cc1a3e6424e44f438a95007d043ed5ceaaf6/library/std/src/os/mod.rs:62:4
[INFO] [stdout]     |
[INFO] [stdout]     = note: the item is gated behind the `windows` feature
[INFO] [stdout] 
[INFO] [stdout] 
[INFO] [stdout] error[E0433]: cannot find `windows` in `os`
[INFO] [stdout]    --> crates/simplefile-core/src/drives.rs:296:18
[INFO] [stdout]     |
[INFO] [stdout] 296 |     use std::os::windows::ffi::OsStrExt;
[INFO] [stdout]     |                  ^^^^^^^ could not find `windows` in `os`
[INFO] [stdout]     |
[INFO] [stdout] note: found an item that was configured out
[INFO] [stdout]    --> /rustc/3154cc1a3e6424e44f438a95007d043ed5ceaaf6/library/std/src/os/mod.rs:62:4
[INFO] [stdout]     |
[INFO] [stdout]     = note: the item is gated behind the `windows` feature
[INFO] [stdout] 
[INFO] [stdout] 
[INFO] [stdout] error[E0433]: cannot find `windows` in `os`
[INFO] [stdout]  --> crates/simplefile-core/src/utils.rs:9:18
[INFO] [stdout]   |
[INFO] [stdout] 9 |     use std::os::windows::process::CommandExt;
[INFO] [stdout]   |                  ^^^^^^^ could not find `windows` in `os`
[INFO] [stdout]   |
[INFO] [stdout] note: found an item that was configured out
[INFO] [stdout]  --> /rustc/3154cc1a3e6424e44f438a95007d043ed5ceaaf6/library/std/src/os/mod.rs:62:4
[INFO] [stdout]   |
[INFO] [stdout]   = note: the item is gated behind the `windows` feature
[INFO] [stdout] 
[INFO] [stdout] 
[INFO] [stdout] error[E0433]: cannot find module or crate `winapi` in this scope
[INFO] [stdout]    --> crates/simplefile-core/src/drives.rs:113:9
[INFO] [stdout]     |
[INFO] [stdout] 113 |     use winapi::shared::minwindef::DWORD;
[INFO] [stdout]     |         ^^^^^^ use of unresolved module or unlinked crate `winapi`
[INFO] [stdout]     |
[INFO] [stdout]     = help: if you wanted to use a crate named `winapi`, use `cargo add winapi` to add it to your `Cargo.toml`
[INFO] [stdout] 
[INFO] [stdout] 
[INFO] [stdout] error[E0433]: cannot find module or crate `winapi` in this scope
[INFO] [stdout]    --> crates/simplefile-core/src/drives.rs:114:9
[INFO] [stdout]     |
[INFO] [stdout] 114 |     use winapi::shared::winerror::{ERROR_MORE_DATA, NO_ERROR};
[INFO] [stdout]     |         ^^^^^^ use of unresolved module or unlinked crate `winapi`
[INFO] [stdout]     |
[INFO] [stdout]     = help: if you wanted to use a crate named `winapi`, use `cargo add winapi` to add it to your `Cargo.toml`
[INFO] [stdout] 
[INFO] [stdout] 
[INFO] [stdout] error[E0433]: cannot find module or crate `winapi` in this scope
[INFO] [stdout]    --> crates/simplefile-core/src/drives.rs:115:9
[INFO] [stdout]     |
[INFO] [stdout] 115 |     use winapi::um::winnetwk::WNetGetConnectionW;
[INFO] [stdout]     |         ^^^^^^ use of unresolved module or unlinked crate `winapi`
[INFO] [stdout]     |
[INFO] [stdout]     = help: if you wanted to use a crate named `winapi`, use `cargo add winapi` to add it to your `Cargo.toml`
[INFO] [stdout] 
[INFO] [stdout] 
[INFO] [stdout] error[E0433]: cannot find module or crate `winapi` in this scope
[INFO] [stdout]    --> crates/simplefile-core/src/drives.rs:156:9
[INFO] [stdout]     |
[INFO] [stdout] 156 |     use winapi::shared::winerror::{
[INFO] [stdout]     |         ^^^^^^ use of unresolved module or unlinked crate `winapi`
[INFO] [stdout]     |
[INFO] [stdout]     = help: if you wanted to use a crate named `winapi`, use `cargo add winapi` to add it to your `Cargo.toml`
[INFO] [stdout] 
[INFO] [stdout] 
[INFO] [stdout] error[E0433]: cannot find module or crate `winapi` in this scope
[INFO] [stdout]    --> crates/simplefile-core/src/drives.rs:185:9
[INFO] [stdout]     |
[INFO] [stdout] 185 |     use winapi::um::fileapi::{GetFileAttributesW, INVALID_FILE_ATTRIBUTES};
[INFO] [stdout]     |         ^^^^^^ use of unresolved module or unlinked crate `winapi`
[INFO] [stdout]     |
[INFO] [stdout]     = help: if you wanted to use a crate named `winapi`, use `cargo add winapi` to add it to your `Cargo.toml`
[INFO] [stdout] 
[INFO] [stdout] 
[INFO] [stdout] error[E0433]: cannot find module or crate `winapi` in this scope
[INFO] [stdout]    --> crates/simplefile-core/src/drives.rs:513:13
[INFO] [stdout]     |
[INFO] [stdout] 513 |         use winapi::shared::winerror::{
[INFO] [stdout]     |             ^^^^^^ use of unresolved module or unlinked crate `winapi`
[INFO] [stdout]     |
[INFO] [stdout]     = help: if you wanted to use a crate named `winapi`, use `cargo add winapi` to add it to your `Cargo.toml`
[INFO] [stdout] 
[INFO] [stdout] 
[INFO] [stdout] error[E0433]: cannot find module or crate `winapi` in this scope
[INFO] [stdout]   --> crates/simplefile-core/src/drives.rs:88:9
[INFO] [stdout]    |
[INFO] [stdout] 88 |         winapi::um::fileapi::GetVolumeInformationW(
[INFO] [stdout]    |         ^^^^^^ use of unresolved module or unlinked crate `winapi`
[INFO] [stdout]    |
[INFO] [stdout]    = help: if you wanted to use a crate named `winapi`, use `cargo add winapi` to add it to your `Cargo.toml`
[INFO] [stdout] 
[INFO] [stdout] 
[INFO] [stdout] error[E0433]: cannot find module or crate `winapi` in this scope
[INFO] [stdout]   --> crates/simplefile-core/src/drives.rs:88:9
[INFO] [stdout]    |
[INFO] [stdout] 88 |         winapi::um::fileapi::GetVolumeInformationW(
[INFO] [stdout]    |         ^^^^^^ use of unresolved module or unlinked crate `winapi`
[INFO] [stdout]    |
[INFO] [stdout]    = help: if you wanted to use a crate named `winapi`, use `cargo add winapi` to add it to your `Cargo.toml`
[INFO] [stdout] 
[INFO] [stdout] 
[INFO] [stdout] error[E0433]: cannot find module or crate `winapi` in this scope
[INFO] [stdout]    --> crates/simplefile-core/src/drives.rs:304:23
[INFO] [stdout]     |
[INFO] [stdout] 304 |     let dt = unsafe { winapi::um::fileapi::GetDriveTypeW(wide_path.as_ptr()) };
[INFO] [stdout]     |                       ^^^^^^ use of unresolved module or unlinked crate `winapi`
[INFO] [stdout]     |
[INFO] [stdout]     = help: if you wanted to use a crate named `winapi`, use `cargo add winapi` to add it to your `Cargo.toml`
[INFO] [stdout] 
[INFO] [stdout] 
[INFO] [stdout] error[E0433]: cannot find module or crate `winapi` in this scope
[INFO] [stdout]    --> crates/simplefile-core/src/drives.rs:304:23
[INFO] [stdout]     |
[INFO] [stdout] 304 |     let dt = unsafe { winapi::um::fileapi::GetDriveTypeW(wide_path.as_ptr()) };
[INFO] [stdout]     |                       ^^^^^^ use of unresolved module or unlinked crate `winapi`
[INFO] [stdout]     |
[INFO] [stdout]     = help: if you wanted to use a crate named `winapi`, use `cargo add winapi` to add it to your `Cargo.toml`
[INFO] [stdout] 
[INFO] [stdout] 
[INFO] [stdout] error[E0433]: cannot find module or crate `winapi` in this scope
[INFO] [stdout]    --> crates/simplefile-core/src/drives.rs:417:20
[INFO] [stdout]     |
[INFO] [stdout] 417 |                 if winapi::um::fileapi::GetDiskFreeSpaceExW(
[INFO] [stdout]     |                    ^^^^^^ use of unresolved module or unlinked crate `winapi`
[INFO] [stdout]     |
[INFO] [stdout]     = help: if you wanted to use a crate named `winapi`, use `cargo add winapi` to add it to your `Cargo.toml`
[INFO] [stdout] 
[INFO] [stdout] 
[INFO] [stdout] error[E0433]: cannot find module or crate `winapi` in this scope
[INFO] [stdout]    --> crates/simplefile-core/src/drives.rs:417:20
[INFO] [stdout]     |
[INFO] [stdout] 417 |                 if winapi::um::fileapi::GetDiskFreeSpaceExW(
[INFO] [stdout]     |                    ^^^^^^ use of unresolved module or unlinked crate `winapi`
[INFO] [stdout]     |
[INFO] [stdout]     = help: if you wanted to use a crate named `winapi`, use `cargo add winapi` to add it to your `Cargo.toml`
[INFO] [stdout] 
[INFO] [stdout] 
[INFO] [stdout] error[E0433]: cannot find `windows` in `os`
[INFO] [stdout]    --> crates/simplefile-core/src/utils.rs:452:50
[INFO] [stdout]     |
[INFO] [stdout] 452 |         SymlinkTargetKind::Directory => std::os::windows::fs::symlink_dir(&link_target, dst_path),
[INFO] [stdout]     |                                                  ^^^^^^^ could not find `windows` in `os`
[INFO] [stdout]     |
[INFO] [stdout] note: found an item that was configured out
[INFO] [stdout]    --> /rustc/3154cc1a3e6424e44f438a95007d043ed5ceaaf6/library/std/src/os/mod.rs:62:4
[INFO] [stdout]     |
[INFO] [stdout]     = note: the item is gated behind the `windows` feature
[INFO] [stdout] 
[INFO] [stdout] 
[INFO] [stdout] error[E0433]: cannot find `windows` in `os`
[INFO] [stdout]    --> crates/simplefile-core/src/utils.rs:452:50
[INFO] [stdout]     |
[INFO] [stdout] 452 |         SymlinkTargetKind::Directory => std::os::windows::fs::symlink_dir(&link_target, dst_path),
[INFO] [stdout]     |                                                  ^^^^^^^ could not find `windows` in `os`
[INFO] [stdout]     |
[INFO] [stdout] note: found an item that was configured out
[INFO] [stdout]    --> /rustc/3154cc1a3e6424e44f438a95007d043ed5ceaaf6/library/std/src/os/mod.rs:62:4
[INFO] [stdout]     |
[INFO] [stdout]     = note: the item is gated behind the `windows` feature
[INFO] [stdout] 
[INFO] [stdout] 
[INFO] [stdout] error[E0433]: cannot find `windows` in `os`
[INFO] [stdout]    --> crates/simplefile-core/src/utils.rs:453:45
[INFO] [stdout]     |
[INFO] [stdout] 453 |         SymlinkTargetKind::File => std::os::windows::fs::symlink_file(&link_target, dst_path),
[INFO] [stdout]     |                                             ^^^^^^^ could not find `windows` in `os`
[INFO] [stdout]     |
[INFO] [stdout] note: found an item that was configured out
[INFO] [stdout]    --> /rustc/3154cc1a3e6424e44f438a95007d043ed5ceaaf6/library/std/src/os/mod.rs:62:4
[INFO] [stdout]     |
[INFO] [stdout]     = note: the item is gated behind the `windows` feature
[INFO] [stdout] 
[INFO] [stdout] 
[INFO] [stdout] error[E0433]: cannot find `windows` in `os`
[INFO] [stdout]    --> crates/simplefile-core/src/utils.rs:453:45
[INFO] [stdout]     |
[INFO] [stdout] 453 |         SymlinkTargetKind::File => std::os::windows::fs::symlink_file(&link_target, dst_path),
[INFO] [stdout]     |                                             ^^^^^^^ could not find `windows` in `os`
[INFO] [stdout]     |
[INFO] [stdout] note: found an item that was configured out
[INFO] [stdout]    --> /rustc/3154cc1a3e6424e44f438a95007d043ed5ceaaf6/library/std/src/os/mod.rs:62:4
[INFO] [stdout]     |
[INFO] [stdout]     = note: the item is gated behind the `windows` feature
[INFO] [stdout] 
[INFO] [stdout] 
[INFO] [stdout] warning: unused import: `format_system_time`
[INFO] [stdout]  --> crates/simplefile-core/src/dir_list.rs:9:20
[INFO] [stdout]   |
[INFO] [stdout] 9 | use crate::utils::{format_system_time, is_network_path, validate_existing_path_no_resolve};
[INFO] [stdout]   |                    ^^^^^^^^^^^^^^^^^^
[INFO] [stdout]   |
[INFO] [stdout]   = note: `#[warn(unused_imports)]` (part of `#[warn(unused)]`) on by default
[INFO] [stdout] 
[INFO] [stdout] 
[INFO] [stdout] warning: unused import: `PathBuf`
[INFO] [stdout]   --> crates/simplefile-core/src/dir_list.rs:11:23
[INFO] [stdout]    |
[INFO] [stdout] 11 | use std::path::{Path, PathBuf};
[INFO] [stdout]    |                       ^^^^^^^
[INFO] [stdout] 
[INFO] [stdout] 
[INFO] [stdout] warning: unused import: `format_system_time`
[INFO] [stdout]  --> crates/simplefile-core/src/dir_list.rs:9:20
[INFO] [stdout]   |
[INFO] [stdout] 9 | use crate::utils::{format_system_time, is_network_path, validate_existing_path_no_resolve};
[INFO] [stdout]   |                    ^^^^^^^^^^^^^^^^^^
[INFO] [stdout]   |
[INFO] [stdout]   = note: `#[warn(unused_imports)]` (part of `#[warn(unused)]`) on by default
[INFO] [stdout] 
[INFO] [stdout] 
[INFO] [stdout] warning: unused import: `recreate_symlink`
[INFO] [stdout]    --> crates/simplefile-core/src/utils.rs:505:34
[INFO] [stdout]     |
[INFO] [stdout] 505 |         classify_symlink_target, recreate_symlink, symlink_target_classification_path,
[INFO] [stdout]     |                                  ^^^^^^^^^^^^^^^^
[INFO] [stdout] 
[INFO] [stdout] 
[INFO] [stdout] warning: unused import: `std::io::ErrorKind`
[INFO] [stdout]    --> crates/simplefile-core/src/utils.rs:509:9
[INFO] [stdout]     |
[INFO] [stdout] 509 |     use std::io::ErrorKind;
[INFO] [stdout]     |         ^^^^^^^^^^^^^^^^^^
[INFO] [stdout] 
[INFO] [stdout] 
[INFO] [stdout] error[E0599]: no method named `encode_wide` found for reference `&OsStr` in the current scope
[INFO] [stdout]    --> crates/simplefile-core/src/drives.rs:119:10
[INFO] [stdout]     |
[INFO] [stdout] 118 |     let wide_local: Vec<u16> = OsStr::new(local_name)
[INFO] [stdout] 119 |         .encode_wide()
[INFO] [stdout]     |          ^^^^^^^^^^^ method not found in `&OsStr`
[INFO] [stdout] 
[INFO] [stdout] 
[INFO] [stdout] error[E0599]: no method named `encode_wide` found for reference `&OsStr` in the current scope
[INFO] [stdout]    --> crates/simplefile-core/src/drives.rs:119:10
[INFO] [stdout]     |
[INFO] [stdout] 118 |     let wide_local: Vec<u16> = OsStr::new(local_name)
[INFO] [stdout] 119 |         .encode_wide()
[INFO] [stdout]     |          ^^^^^^^^^^^ method not found in `&OsStr`
[INFO] [stdout] 
[INFO] [stdout] 
[INFO] [stdout] error[E0599]: no method named `encode_wide` found for reference `&OsStr` in the current scope
[INFO] [stdout]    --> crates/simplefile-core/src/drives.rs:300:10
[INFO] [stdout]     |
[INFO] [stdout] 299 |     let wide_path: Vec<u16> = OsStr::new(&drive_path)
[INFO] [stdout] 300 |         .encode_wide()
[INFO] [stdout]     |          ^^^^^^^^^^^ method not found in `&OsStr`
[INFO] [stdout] 
[INFO] [stdout] 
[INFO] [stdout] error[E0599]: no method named `encode_wide` found for reference `&OsStr` in the current scope
[INFO] [stdout]    --> crates/simplefile-core/src/drives.rs:300:10
[INFO] [stdout]     |
[INFO] [stdout] 299 |     let wide_path: Vec<u16> = OsStr::new(&drive_path)
[INFO] [stdout] 300 |         .encode_wide()
[INFO] [stdout]     |          ^^^^^^^^^^^ method not found in `&OsStr`
[INFO] [stdout] 
[INFO] [stdout] 
[INFO] [stdout] error[E0599]: no method named `creation_flags` found for struct `Command` in the current scope
[INFO] [stdout]   --> crates/simplefile-core/src/utils.rs:11:13
[INFO] [stdout]    |
[INFO] [stdout] 11 |     command.creation_flags(0x08000000);
[INFO] [stdout]    |             ^^^^^^^^^^^^^^ method not found in `Command`
[INFO] [stdout] 
[INFO] [stdout] 
[INFO] [stdout] error[E0599]: no method named `creation_flags` found for struct `Command` in the current scope
[INFO] [stdout]   --> crates/simplefile-core/src/utils.rs:11:13
[INFO] [stdout]    |
[INFO] [stdout] 11 |     command.creation_flags(0x08000000);
[INFO] [stdout]    |             ^^^^^^^^^^^^^^ method not found in `Command`
[INFO] [stdout] 
[INFO] [stdout] 
[INFO] [stdout] warning: unreachable pattern
[INFO] [stdout]    --> crates/simplefile-core/src/drives.rs:165:9
[INFO] [stdout]     |
[INFO] [stdout] 162 |         ERROR_BAD_NETPATH => {
[INFO] [stdout]     |         ----------------- matches any value
[INFO] [stdout] ...
[INFO] [stdout] 165 |         ERROR_BAD_NET_NAME => {
[INFO] [stdout]     |         ^^^^^^^^^^^^^^^^^^ no value can reach this
[INFO] [stdout]     |
[INFO] [stdout]     = note: `#[warn(unreachable_patterns)]` (part of `#[warn(unused)]`) on by default
[INFO] [stdout] 
[INFO] [stdout] 
[INFO] [stdout] warning: unreachable pattern
[INFO] [stdout]    --> crates/simplefile-core/src/drives.rs:169:9
[INFO] [stdout]     |
[INFO] [stdout] 162 |         ERROR_BAD_NETPATH => {
[INFO] [stdout]     |         ----------------- matches any value
[INFO] [stdout] ...
[INFO] [stdout] 169 |         ERROR_PATH_NOT_FOUND => {
[INFO] [stdout]     |         ^^^^^^^^^^^^^^^^^^^^ no value can reach this
[INFO] [stdout] 
[INFO] [stdout] 
[INFO] [stdout] warning: unreachable pattern
[INFO] [stdout]    --> crates/simplefile-core/src/drives.rs:172:9
[INFO] [stdout]     |
[INFO] [stdout] 162 |         ERROR_BAD_NETPATH => {
[INFO] [stdout]     |         ----------------- matches any value
[INFO] [stdout] ...
[INFO] [stdout] 172 |         ERROR_ACCESS_DENIED => {
[INFO] [stdout]     |         ^^^^^^^^^^^^^^^^^^^ no value can reach this
[INFO] [stdout] 
[INFO] [stdout] 
[INFO] [stdout] warning: unreachable pattern
[INFO] [stdout]    --> crates/simplefile-core/src/drives.rs:175:9
[INFO] [stdout]     |
[INFO] [stdout] 162 |         ERROR_BAD_NETPATH => {
[INFO] [stdout]     |         ----------------- matches any value
[INFO] [stdout] ...
[INFO] [stdout] 175 |         ERROR_NOT_READY => "Drive is not ready. Open it to reconnect.".to_string(),
[INFO] [stdout]     |         ^^^^^^^^^^^^^^^ no value can reach this
[INFO] [stdout] 
[INFO] [stdout] 
[INFO] [stdout] warning: unreachable pattern
[INFO] [stdout]    --> crates/simplefile-core/src/drives.rs:176:9
[INFO] [stdout]     |
[INFO] [stdout] 162 |         ERROR_BAD_NETPATH => {
[INFO] [stdout]     |         ----------------- matches any value
[INFO] [stdout] ...
[INFO] [stdout] 176 |         0 => "Windows reported the mapped drive as unavailable.".to_string(),
[INFO] [stdout]     |         ^ no value can reach this
[INFO] [stdout] 
[INFO] [stdout] 
[INFO] [stdout] warning: unreachable pattern
[INFO] [stdout]    --> crates/simplefile-core/src/drives.rs:177:9
[INFO] [stdout]     |
[INFO] [stdout] 162 |         ERROR_BAD_NETPATH => {
[INFO] [stdout]     |         ----------------- matches any value
[INFO] [stdout] ...
[INFO] [stdout] 177 |         code => format!("Windows error {code}. Open the drive to reconnect or check credentials."),
[INFO] [stdout]     |         ^^^^ no value can reach this
[INFO] [stdout] 
[INFO] [stdout] 
[INFO] [stdout] warning: unused variable: `ERROR_BAD_NETPATH`
[INFO] [stdout]    --> crates/simplefile-core/src/drives.rs:162:9
[INFO] [stdout]     |
[INFO] [stdout] 162 |         ERROR_BAD_NETPATH => {
[INFO] [stdout]     |         ^^^^^^^^^^^^^^^^^ help: if this is intentional, prefix it with an underscore: `_ERROR_BAD_NETPATH`
[INFO] [stdout]     |
[INFO] [stdout]     = note: `#[warn(unused_variables)]` (part of `#[warn(unused)]`) on by default
[INFO] [stdout] 
[INFO] [stdout] 
[INFO] [stdout] warning: unused variable: `ERROR_BAD_NET_NAME`
[INFO] [stdout]    --> crates/simplefile-core/src/drives.rs:165:9
[INFO] [stdout]     |
[INFO] [stdout] 165 |         ERROR_BAD_NET_NAME => {
[INFO] [stdout]     |         ^^^^^^^^^^^^^^^^^^ help: if this is intentional, prefix it with an underscore: `_ERROR_BAD_NET_NAME`
[INFO] [stdout] 
[INFO] [stdout] 
[INFO] [stdout] warning: unused variable: `ERROR_PATH_NOT_FOUND`
[INFO] [stdout]    --> crates/simplefile-core/src/drives.rs:169:9
[INFO] [stdout]     |
[INFO] [stdout] 169 |         ERROR_PATH_NOT_FOUND => {
[INFO] [stdout]     |         ^^^^^^^^^^^^^^^^^^^^ help: if this is intentional, prefix it with an underscore: `_ERROR_PATH_NOT_FOUND`
[INFO] [stdout] 
[INFO] [stdout] 
[INFO] [stdout] warning: unused variable: `ERROR_ACCESS_DENIED`
[INFO] [stdout]    --> crates/simplefile-core/src/drives.rs:172:9
[INFO] [stdout]     |
[INFO] [stdout] 172 |         ERROR_ACCESS_DENIED => {
[INFO] [stdout]     |         ^^^^^^^^^^^^^^^^^^^ help: if this is intentional, prefix it with an underscore: `_ERROR_ACCESS_DENIED`
[INFO] [stdout] 
[INFO] [stdout] 
[INFO] [stdout] warning: unused variable: `ERROR_NOT_READY`
[INFO] [stdout]    --> crates/simplefile-core/src/drives.rs:175:9
[INFO] [stdout]     |
[INFO] [stdout] 175 |         ERROR_NOT_READY => "Drive is not ready. Open it to reconnect.".to_string(),
[INFO] [stdout]     |         ^^^^^^^^^^^^^^^ help: if this is intentional, prefix it with an underscore: `_ERROR_NOT_READY`
[INFO] [stdout] 
[INFO] [stdout] 
[INFO] [stdout] warning: unreachable pattern
[INFO] [stdout]    --> crates/simplefile-core/src/drives.rs:165:9
[INFO] [stdout]     |
[INFO] [stdout] 162 |         ERROR_BAD_NETPATH => {
[INFO] [stdout]     |         ----------------- matches any value
[INFO] [stdout] ...
[INFO] [stdout] 165 |         ERROR_BAD_NET_NAME => {
[INFO] [stdout]     |         ^^^^^^^^^^^^^^^^^^ no value can reach this
[INFO] [stdout]     |
[INFO] [stdout]     = note: `#[warn(unreachable_patterns)]` (part of `#[warn(unused)]`) on by default
[INFO] [stdout] 
[INFO] [stdout] 
[INFO] [stdout] warning: unreachable pattern
[INFO] [stdout]    --> crates/simplefile-core/src/drives.rs:169:9
[INFO] [stdout]     |
[INFO] [stdout] 162 |         ERROR_BAD_NETPATH => {
[INFO] [stdout]     |         ----------------- matches any value
[INFO] [stdout] ...
[INFO] [stdout] 169 |         ERROR_PATH_NOT_FOUND => {
[INFO] [stdout]     |         ^^^^^^^^^^^^^^^^^^^^ no value can reach this
[INFO] [stdout] 
[INFO] [stdout] 
[INFO] [stdout] warning: unreachable pattern
[INFO] [stdout]    --> crates/simplefile-core/src/drives.rs:172:9
[INFO] [stdout]     |
[INFO] [stdout] 162 |         ERROR_BAD_NETPATH => {
[INFO] [stdout]     |         ----------------- matches any value
[INFO] [stdout] ...
[INFO] [stdout] 172 |         ERROR_ACCESS_DENIED => {
[INFO] [stdout]     |         ^^^^^^^^^^^^^^^^^^^ no value can reach this
[INFO] [stdout] 
[INFO] [stdout] 
[INFO] [stdout] warning: unreachable pattern
[INFO] [stdout]    --> crates/simplefile-core/src/drives.rs:175:9
[INFO] [stdout]     |
[INFO] [stdout] 162 |         ERROR_BAD_NETPATH => {
[INFO] [stdout]     |         ----------------- matches any value
[INFO] [stdout] ...
[INFO] [stdout] 175 |         ERROR_NOT_READY => "Drive is not ready. Open it to reconnect.".to_string(),
[INFO] [stdout]     |         ^^^^^^^^^^^^^^^ no value can reach this
[INFO] [stdout] 
[INFO] [stdout] 
[INFO] [stdout] warning: unreachable pattern
[INFO] [stdout]    --> crates/simplefile-core/src/drives.rs:176:9
[INFO] [stdout]     |
[INFO] [stdout] 162 |         ERROR_BAD_NETPATH => {
[INFO] [stdout]     |         ----------------- matches any value
[INFO] [stdout] ...
[INFO] [stdout] 176 |         0 => "Windows reported the mapped drive as unavailable.".to_string(),
[INFO] [stdout]     |         ^ no value can reach this
[INFO] [stdout] 
[INFO] [stdout] 
[INFO] [stdout] warning: unreachable pattern
[INFO] [stdout]    --> crates/simplefile-core/src/drives.rs:177:9
[INFO] [stdout]     |
[INFO] [stdout] 162 |         ERROR_BAD_NETPATH => {
[INFO] [stdout]     |         ----------------- matches any value
[INFO] [stdout] ...
[INFO] [stdout] 177 |         code => format!("Windows error {code}. Open the drive to reconnect or check credentials."),
[INFO] [stdout]     |         ^^^^ no value can reach this
[INFO] [stdout] 
[INFO] [stdout] 
[INFO] [stdout] warning: unused variable: `ERROR_BAD_NETPATH`
[INFO] [stdout]    --> crates/simplefile-core/src/drives.rs:162:9
[INFO] [stdout]     |
[INFO] [stdout] 162 |         ERROR_BAD_NETPATH => {
[INFO] [stdout]     |         ^^^^^^^^^^^^^^^^^ help: if this is intentional, prefix it with an underscore: `_ERROR_BAD_NETPATH`
[INFO] [stdout]     |
[INFO] [stdout]     = note: `#[warn(unused_variables)]` (part of `#[warn(unused)]`) on by default
[INFO] [stdout] 
[INFO] [stdout] 
[INFO] [stdout] warning: unused variable: `ERROR_BAD_NET_NAME`
[INFO] [stdout]    --> crates/simplefile-core/src/drives.rs:165:9
[INFO] [stdout]     |
[INFO] [stdout] 165 |         ERROR_BAD_NET_NAME => {
[INFO] [stdout]     |         ^^^^^^^^^^^^^^^^^^ help: if this is intentional, prefix it with an underscore: `_ERROR_BAD_NET_NAME`
[INFO] [stdout] 
[INFO] [stdout] 
[INFO] [stdout] warning: unused variable: `ERROR_PATH_NOT_FOUND`
[INFO] [stdout]    --> crates/simplefile-core/src/drives.rs:169:9
[INFO] [stdout]     |
[INFO] [stdout] 169 |         ERROR_PATH_NOT_FOUND => {
[INFO] [stdout]     |         ^^^^^^^^^^^^^^^^^^^^ help: if this is intentional, prefix it with an underscore: `_ERROR_PATH_NOT_FOUND`
[INFO] [stdout] 
[INFO] [stdout] 
[INFO] [stdout] warning: unused variable: `ERROR_ACCESS_DENIED`
[INFO] [stdout]    --> crates/simplefile-core/src/drives.rs:172:9
[INFO] [stdout]     |
[INFO] [stdout] 172 |         ERROR_ACCESS_DENIED => {
[INFO] [stdout]     |         ^^^^^^^^^^^^^^^^^^^ help: if this is intentional, prefix it with an underscore: `_ERROR_ACCESS_DENIED`
[INFO] [stdout] 
[INFO] [stdout] 
[INFO] [stdout] warning: unused variable: `ERROR_NOT_READY`
[INFO] [stdout]    --> crates/simplefile-core/src/drives.rs:175:9
[INFO] [stdout]     |
[INFO] [stdout] 175 |         ERROR_NOT_READY => "Drive is not ready. Open it to reconnect.".to_string(),
[INFO] [stdout]     |         ^^^^^^^^^^^^^^^ help: if this is intentional, prefix it with an underscore: `_ERROR_NOT_READY`
[INFO] [stdout] 
[INFO] [stdout] 
[INFO] [stdout] Some errors have detailed explanations: E0433, E0599.
[INFO] [stdout] 
[INFO] [stdout] For more information about an error, try `rustc --explain E0433`.
[INFO] [stdout] 
[INFO] [stderr] error: could not compile `simplefile-core` (lib) due to 16 previous errors; 13 warnings emitted
[INFO] [stderr] warning: build failed, waiting for other jobs to finish...
[INFO] [stdout] Some errors have detailed explanations: E0433, E0599.
[INFO] [stdout] 
[INFO] [stdout] For more information about an error, try `rustc --explain E0433`.
[INFO] [stdout] 
[INFO] [stderr] error: could not compile `simplefile-core` (lib test) due to 17 previous errors; 14 warnings emitted
[INFO] running `Command { std: "docker" "inspect" "e213f45b9dac7a0152f60a619978ab0eeea8134a7fdc30c23f0767fdac14d07f", kill_on_drop: false }`
[INFO] running `Command { std: "docker" "rm" "-f" "e213f45b9dac7a0152f60a619978ab0eeea8134a7fdc30c23f0767fdac14d07f", kill_on_drop: false }`
[INFO] [stdout] e213f45b9dac7a0152f60a619978ab0eeea8134a7fdc30c23f0767fdac14d07f
