[INFO] cloning repository https://github.com/colepp/Project-Krill
[INFO] running `Command { std: "git" "-c" "credential.helper=" "-c" "credential.helper=/workspace/cargo-home/bin/git-credential-null" "clone" "--bare" "https://github.com/colepp/Project-Krill" "/workspace/cache/git-repos/https%3A%2F%2Fgithub.com%2Fcolepp%2FProject-Krill", kill_on_drop: false }`
[INFO] [stderr] Cloning into bare repository '/workspace/cache/git-repos/https%3A%2F%2Fgithub.com%2Fcolepp%2FProject-Krill'...
[INFO] running `Command { std: "git" "rev-parse" "HEAD", kill_on_drop: false }`
[INFO] [stdout] 4a1564f4b43f5007ad7a082d568d199369c4afc2
[INFO] checking colepp/Project-Krill against 3154cc1a3e6424e44f438a95007d043ed5ceaaf6+rustflags=-Znext-solver=coherence for pr-133502-30
[INFO] running `Command { std: "git" "clone" "/workspace/cache/git-repos/https%3A%2F%2Fgithub.com%2Fcolepp%2FProject-Krill" "/workspace/builds/worker-6-tc1/source", kill_on_drop: false }`
[INFO] [stderr] Cloning into '/workspace/builds/worker-6-tc1/source'...
[INFO] [stderr] done.
[INFO] started tweaking git repo https://github.com/colepp/Project-Krill
[INFO] finished tweaking git repo https://github.com/colepp/Project-Krill
[INFO] tweaked toml for git repo https://github.com/colepp/Project-Krill written to /workspace/builds/worker-6-tc1/source/Cargo.toml
[INFO] validating manifest of git repo https://github.com/colepp/Project-Krill on toolchain 3154cc1a3e6424e44f438a95007d043ed5ceaaf6
[INFO] running `Command { std: CARGO_HOME="/workspace/cargo-home" RUSTUP_HOME="/workspace/rustup-home" "/workspace/cargo-home/bin/cargo" "+3154cc1a3e6424e44f438a95007d043ed5ceaaf6" "metadata" "--manifest-path" "Cargo.toml" "--no-deps", kill_on_drop: false }`
[INFO] crate git repo https://github.com/colepp/Project-Krill already has a lockfile, it will not be regenerated
[INFO] running `Command { std: CARGO_HOME="/workspace/cargo-home" RUSTUP_HOME="/workspace/rustup-home" "/workspace/cargo-home/bin/cargo" "+3154cc1a3e6424e44f438a95007d043ed5ceaaf6" "fetch" "--manifest-path" "Cargo.toml", kill_on_drop: false }`
[INFO] running `Command { std: "docker" "create" "-v" "/var/lib/crater-agent-workspace/builds/worker-6-tc1/source:/opt/rustwide/workdir:ro,Z" "-v" "/var/lib/crater-agent-workspace/builds/worker-6-tc1/target:/opt/rustwide/target:rw,Z" "-v" "/var/lib/crater-agent-workspace/cargo-home:/opt/rustwide/cargo-home:ro,Z" "-v" "/var/lib/crater-agent-workspace/rustup-home:/opt/rustwide/rustup-home:ro,Z" "-m" "1610612736" "--network" "none" "ghcr.io/rust-lang/crates-build-env/linux@sha256:77db811e55d90add9212f6832c23229e3de5f1c1f9905e8cb07319ea15df73ac" "sleep" "infinity", kill_on_drop: false }`
[INFO] [stdout] 3ee69c47356fd1e2d1ab89cf8ba8021b1e841b8583b7111961acdc9a7f9f2964
[INFO] running `Command { std: "docker" "start" "3ee69c47356fd1e2d1ab89cf8ba8021b1e841b8583b7111961acdc9a7f9f2964", kill_on_drop: false }`
[INFO] running `Command { std: "docker" "inspect" "3ee69c47356fd1e2d1ab89cf8ba8021b1e841b8583b7111961acdc9a7f9f2964", kill_on_drop: false }`
[INFO] running `Command { std: "docker" "exec" "-e" "SOURCE_DIR=/opt/rustwide/workdir" "-e" "CARGO_HOME=/opt/rustwide/cargo-home" "-e" "RUSTUP_HOME=/opt/rustwide/rustup-home" "-e" "CARGO_TARGET_DIR=/opt/rustwide/target" "-w" "/opt/rustwide/workdir" "--user" "0:0" "3ee69c47356fd1e2d1ab89cf8ba8021b1e841b8583b7111961acdc9a7f9f2964" "/opt/rustwide/cargo-home/bin/cargo" "+3154cc1a3e6424e44f438a95007d043ed5ceaaf6" "metadata" "--no-deps" "--format-version=1", kill_on_drop: false }`
[INFO] running `Command { std: "docker" "inspect" "3ee69c47356fd1e2d1ab89cf8ba8021b1e841b8583b7111961acdc9a7f9f2964", kill_on_drop: false }`
[INFO] running `Command { std: "docker" "exec" "-e" "SOURCE_DIR=/opt/rustwide/workdir" "-e" "CARGO_HOME=/opt/rustwide/cargo-home" "-e" "RUSTUP_HOME=/opt/rustwide/rustup-home" "-e" "CARGO_TARGET_DIR=/opt/rustwide/target" "-e" "CARGO_INCREMENTAL=0" "-e" "RUST_BACKTRACE=full" "-e" "RUSTFLAGS=--cap-lints=forbid -Znext-solver=coherence" "-e" "RUSTDOCFLAGS=--cap-lints=forbid" "-w" "/opt/rustwide/workdir" "--user" "0:0" "3ee69c47356fd1e2d1ab89cf8ba8021b1e841b8583b7111961acdc9a7f9f2964" "/opt/rustwide/cargo-home/bin/cargo" "+3154cc1a3e6424e44f438a95007d043ed5ceaaf6" "check" "--frozen" "--all" "--all-targets" "--message-format=json", kill_on_drop: false }`
[INFO] [stderr]    Compiling syn v3.0.3
[INFO] [stderr]    Compiling thiserror-impl v2.0.20
[INFO] [stderr]     Checking thiserror v2.0.20
[INFO] [stderr]     Checking krill v0.1.0 (/opt/rustwide/workdir)
[INFO] [stdout] error[E0425]: cannot find value `headers` in this scope
[INFO] [stdout]    --> src/lib.rs:236:39
[INFO] [stdout]     |
[INFO] [stdout] 236 |                     let column_name = headers.get(val_index).ok_or_else(|| KrillErrors::ColumnOutOfBounds(val_index, headers.len()))?;
[INFO] [stdout]     |                                       ^^^^^^^ not found in this scope
[INFO] [stdout]     |
[INFO] [stdout] help: a local variable with a similar name exists
[INFO] [stdout]     |
[INFO] [stdout] 236 -                     let column_name = headers.get(val_index).ok_or_else(|| KrillErrors::ColumnOutOfBounds(val_index, headers.len()))?;
[INFO] [stdout] 236 +                     let column_name = reader.get(val_index).ok_or_else(|| KrillErrors::ColumnOutOfBounds(val_index, headers.len()))?;
[INFO] [stdout]     |
[INFO] [stdout] 
[INFO] [stdout] 
[INFO] [stdout] error[E0425]: cannot find value `headers` in this scope
[INFO] [stdout]    --> src/lib.rs:236:118
[INFO] [stdout]     |
[INFO] [stdout] 236 |                     let column_name = headers.get(val_index).ok_or_else(|| KrillErrors::ColumnOutOfBounds(val_index, headers.len()))?;
[INFO] [stdout]     |                                                                                                                      ^^^^^^^ not found in this scope
[INFO] [stdout]     |
[INFO] [stdout] help: a local variable with a similar name exists
[INFO] [stdout]     |
[INFO] [stdout] 236 -                     let column_name = headers.get(val_index).ok_or_else(|| KrillErrors::ColumnOutOfBounds(val_index, headers.len()))?;
[INFO] [stdout] 236 +                     let column_name = headers.get(val_index).ok_or_else(|| KrillErrors::ColumnOutOfBounds(val_index, reader.len()))?;
[INFO] [stdout]     |
[INFO] [stdout] 
[INFO] [stdout] 
[INFO] [stdout] error[E0425]: cannot find value `heading_map` in this scope
[INFO] [stdout]    --> src/lib.rs:237:35
[INFO] [stdout]     |
[INFO] [stdout] 237 |                     let column  = heading_map.get_mut(column_name).ok_or_else(|| KrillErrors::ColumnNotFound(column_name.clone()))?;
[INFO] [stdout]     |                                   ^^^^^^^^^^^ not found in this scope
[INFO] [stdout] 
[INFO] [stdout] 
[INFO] [stdout] error[E0425]: cannot find value `val` in this scope
[INFO] [stdout]    --> src/lib.rs:268:99
[INFO] [stdout]     |
[INFO] [stdout] 268 |                     return Err(Box::new(KrillErrors::OperationOnNonNumericType("SUM".to_string(), val.value_type().clone())));
[INFO] [stdout]     |                                                                                                   ^^^ not found in this scope
[INFO] [stdout] 
[INFO] [stdout] 
[INFO] [stdout] error[E0425]: cannot find value `typed_value` in this scope
[INFO] [stdout]    --> src/lib.rs:317:90
[INFO] [stdout]     |
[INFO] [stdout] 317 |                     Self::replace_value_on_row(&mut self.rows,row_number, column_number, typed_value.clone())?;
[INFO] [stdout]     |                                                                                          ^^^^^^^^^^^ not found in this scope
[INFO] [stdout] 
[INFO] [stdout] 
[INFO] [stdout] error[E0425]: cannot find value `typed_value` in this scope
[INFO] [stdout]    --> src/lib.rs:334:96
[INFO] [stdout]     |
[INFO] [stdout] 334 |                     Self::replace_value_on_row(&mut copy_table.rows,row_number, column_number, typed_value.clone())?;
[INFO] [stdout]     |                                                                                                ^^^^^^^^^^^ not found in this scope
[INFO] [stdout] 
[INFO] [stdout] 
[INFO] [stdout] error[E0425]: cannot find value `headers` in this scope
[INFO] [stdout]    --> src/lib.rs:236:39
[INFO] [stdout]     |
[INFO] [stdout] 236 |                     let column_name = headers.get(val_index).ok_or_else(|| KrillErrors::ColumnOutOfBounds(val_index, headers.len()))?;
[INFO] [stdout]     |                                       ^^^^^^^ not found in this scope
[INFO] [stdout]     |
[INFO] [stdout] help: a local variable with a similar name exists
[INFO] [stdout]     |
[INFO] [stdout] 236 -                     let column_name = headers.get(val_index).ok_or_else(|| KrillErrors::ColumnOutOfBounds(val_index, headers.len()))?;
[INFO] [stdout] 236 +                     let column_name = reader.get(val_index).ok_or_else(|| KrillErrors::ColumnOutOfBounds(val_index, headers.len()))?;
[INFO] [stdout]     |
[INFO] [stdout] 
[INFO] [stdout] 
[INFO] [stdout] error[E0425]: cannot find value `headers` in this scope
[INFO] [stdout]    --> src/lib.rs:236:118
[INFO] [stdout]     |
[INFO] [stdout] 236 |                     let column_name = headers.get(val_index).ok_or_else(|| KrillErrors::ColumnOutOfBounds(val_index, headers.len()))?;
[INFO] [stdout]     |                                                                                                                      ^^^^^^^ not found in this scope
[INFO] [stdout]     |
[INFO] [stdout] help: a local variable with a similar name exists
[INFO] [stdout]     |
[INFO] [stdout] 236 -                     let column_name = headers.get(val_index).ok_or_else(|| KrillErrors::ColumnOutOfBounds(val_index, headers.len()))?;
[INFO] [stdout] 236 +                     let column_name = headers.get(val_index).ok_or_else(|| KrillErrors::ColumnOutOfBounds(val_index, reader.len()))?;
[INFO] [stdout]     |
[INFO] [stdout] 
[INFO] [stdout] 
[INFO] [stdout] error[E0425]: cannot find value `heading_map` in this scope
[INFO] [stdout]    --> src/lib.rs:237:35
[INFO] [stdout]     |
[INFO] [stdout] 237 |                     let column  = heading_map.get_mut(column_name).ok_or_else(|| KrillErrors::ColumnNotFound(column_name.clone()))?;
[INFO] [stdout]     |                                   ^^^^^^^^^^^ not found in this scope
[INFO] [stdout] 
[INFO] [stdout] 
[INFO] [stdout] error[E0425]: cannot find value `val` in this scope
[INFO] [stdout]    --> src/lib.rs:268:99
[INFO] [stdout]     |
[INFO] [stdout] 268 |                     return Err(Box::new(KrillErrors::OperationOnNonNumericType("SUM".to_string(), val.value_type().clone())));
[INFO] [stdout]     |                                                                                                   ^^^ not found in this scope
[INFO] [stdout] 
[INFO] [stdout] 
[INFO] [stdout] error[E0425]: cannot find value `typed_value` in this scope
[INFO] [stdout]    --> src/lib.rs:317:90
[INFO] [stdout]     |
[INFO] [stdout] 317 |                     Self::replace_value_on_row(&mut self.rows,row_number, column_number, typed_value.clone())?;
[INFO] [stdout]     |                                                                                          ^^^^^^^^^^^ not found in this scope
[INFO] [stdout] 
[INFO] [stdout] 
[INFO] [stdout] error[E0425]: cannot find value `typed_value` in this scope
[INFO] [stdout]    --> src/lib.rs:334:96
[INFO] [stdout]     |
[INFO] [stdout] 334 |                     Self::replace_value_on_row(&mut copy_table.rows,row_number, column_number, typed_value.clone())?;
[INFO] [stdout]     |                                                                                                ^^^^^^^^^^^ not found in this scope
[INFO] [stdout] 
[INFO] [stdout] 
[INFO] [stdout] warning: unused import: `crate::krill::Table`
[INFO] [stdout]    --> src/lib.rs:486:9
[INFO] [stdout]     |
[INFO] [stdout] 486 |     use crate::krill::Table;
[INFO] [stdout]     |         ^^^^^^^^^^^^^^^^^^^
[INFO] [stdout]     |
[INFO] [stdout]     = note: `#[warn(unused_imports)]` (part of `#[warn(unused)]`) on by default
[INFO] [stdout] 
[INFO] [stdout] 
[INFO] [stdout] error[E0782]: expected a type, found a trait
[INFO] [stdout]    --> src/lib.rs:299:87
[INFO] [stdout]     |
[INFO] [stdout] 299 | ...umn_name: &str,replacement_function: Fn(&Table,usize) -> Result<Value,Box<dyn Error>> + 'a, inplace: bool) -> Result<Option<Tabl...
[INFO] [stdout]     |                                         ^^^^^^^^^^^^^^^^^^^^^^^^^^^^^^^^^^^^^^^^^^^^^^^^^^^^^
[INFO] [stdout]     |
[INFO] [stdout] help: use a new generic type parameter, constrained by `Fn(&Table,usize) -> Result<Value,Box<dyn Error>> + 'a`
[INFO] [stdout]     |
[INFO] [stdout] 299 -         pub fn fillna_column<'a, T>(&mut self,column_name: &str,replacement_function: Fn(&Table,usize) -> Result<Value,Box<dyn Error>> + 'a, inplace: bool) -> Result<Option<Table>,Box<dyn Error>>
[INFO] [stdout] 299 +         pub fn fillna_column<'a, T, U: Fn(&Table,usize) -> Result<Value,Box<dyn Error>> + 'a>(&mut self,column_name: &str,replacement_function: U, inplace: bool) -> Result<Option<Table>,Box<dyn Error>>
[INFO] [stdout]     |
[INFO] [stdout] help: you can also use an opaque type, but users won't be able to specify the type parameter when calling the `fn`, having to rely exclusively on type inference
[INFO] [stdout]     |
[INFO] [stdout] 299 |         pub fn fillna_column<'a, T>(&mut self,column_name: &str,replacement_function: impl Fn(&Table,usize) -> Result<Value,Box<dyn Error>> + 'a, inplace: bool) -> Result<Option<Table>,Box<dyn Error>>
[INFO] [stdout]     |                                                                                       ++++
[INFO] [stdout] help: alternatively, use a trait object to accept any type that implements `Fn(&Table,usize) -> Result<Value,Box<dyn Error>> + 'a`, accessing its methods at runtime using dynamic dispatch
[INFO] [stdout]     |
[INFO] [stdout] 299 |         pub fn fillna_column<'a, T>(&mut self,column_name: &str,replacement_function: &dyn Fn(&Table,usize) -> Result<Value,Box<dyn Error>> + 'a, inplace: bool) -> Result<Option<Table>,Box<dyn Error>>
[INFO] [stdout]     |                                                                                       ++++
[INFO] [stdout] 
[INFO] [stdout] 
[INFO] [stdout] error[E0782]: expected a type, found a trait
[INFO] [stdout]    --> src/lib.rs:299:87
[INFO] [stdout]     |
[INFO] [stdout] 299 | ...umn_name: &str,replacement_function: Fn(&Table,usize) -> Result<Value,Box<dyn Error>> + 'a, inplace: bool) -> Result<Option<Tabl...
[INFO] [stdout]     |                                         ^^^^^^^^^^^^^^^^^^^^^^^^^^^^^^^^^^^^^^^^^^^^^^^^^^^^^
[INFO] [stdout]     |
[INFO] [stdout] help: use a new generic type parameter, constrained by `Fn(&Table,usize) -> Result<Value,Box<dyn Error>> + 'a`
[INFO] [stdout]     |
[INFO] [stdout] 299 -         pub fn fillna_column<'a, T>(&mut self,column_name: &str,replacement_function: Fn(&Table,usize) -> Result<Value,Box<dyn Error>> + 'a, inplace: bool) -> Result<Option<Table>,Box<dyn Error>>
[INFO] [stdout] 299 +         pub fn fillna_column<'a, T, U: Fn(&Table,usize) -> Result<Value,Box<dyn Error>> + 'a>(&mut self,column_name: &str,replacement_function: U, inplace: bool) -> Result<Option<Table>,Box<dyn Error>>
[INFO] [stdout]     |
[INFO] [stdout] help: you can also use an opaque type, but users won't be able to specify the type parameter when calling the `fn`, having to rely exclusively on type inference
[INFO] [stdout]     |
[INFO] [stdout] 299 |         pub fn fillna_column<'a, T>(&mut self,column_name: &str,replacement_function: impl Fn(&Table,usize) -> Result<Value,Box<dyn Error>> + 'a, inplace: bool) -> Result<Option<Table>,Box<dyn Error>>
[INFO] [stdout]     |                                                                                       ++++
[INFO] [stdout] help: alternatively, use a trait object to accept any type that implements `Fn(&Table,usize) -> Result<Value,Box<dyn Error>> + 'a`, accessing its methods at runtime using dynamic dispatch
[INFO] [stdout]     |
[INFO] [stdout] 299 |         pub fn fillna_column<'a, T>(&mut self,column_name: &str,replacement_function: &dyn Fn(&Table,usize) -> Result<Value,Box<dyn Error>> + 'a, inplace: bool) -> Result<Option<Table>,Box<dyn Error>>
[INFO] [stdout]     |                                                                                       ++++
[INFO] [stdout] 
[INFO] [stdout] 
[INFO] [stdout] Some errors have detailed explanations: E0425, E0782.
[INFO] [stdout] 
[INFO] [stdout] For more information about an error, try `rustc --explain E0425`.
[INFO] [stdout] 
[INFO] [stderr] error: could not compile `krill` (lib) due to 7 previous errors
[INFO] [stderr] warning: build failed, waiting for other jobs to finish...
[INFO] [stdout] warning: unused variable: `ages`
[INFO] [stdout]    --> src/lib.rs:494:13
[INFO] [stdout]     |
[INFO] [stdout] 494 |         let ages = table.column("age").unwrap();
[INFO] [stdout]     |             ^^^^ help: if this is intentional, prefix it with an underscore: `_ages`
[INFO] [stdout]     |
[INFO] [stdout]     = note: `#[warn(unused_variables)]` (part of `#[warn(unused)]`) on by default
[INFO] [stdout] 
[INFO] [stdout] 
[INFO] [stdout] warning: unused variable: `player_1_res`
[INFO] [stdout]    --> src/lib.rs:557:13
[INFO] [stdout]     |
[INFO] [stdout] 557 |         let player_1_res = Row{
[INFO] [stdout]     |             ^^^^^^^^^^^^ help: if this is intentional, prefix it with an underscore: `_player_1_res`
[INFO] [stdout] 
[INFO] [stdout] 
[INFO] [stdout] Some errors have detailed explanations: E0425, E0782.
[INFO] [stdout] 
[INFO] [stdout] For more information about an error, try `rustc --explain E0425`.
[INFO] [stdout] 
[INFO] [stderr] error: could not compile `krill` (lib test) due to 7 previous errors; 3 warnings emitted
[INFO] running `Command { std: "docker" "inspect" "3ee69c47356fd1e2d1ab89cf8ba8021b1e841b8583b7111961acdc9a7f9f2964", kill_on_drop: false }`
[INFO] running `Command { std: "docker" "rm" "-f" "3ee69c47356fd1e2d1ab89cf8ba8021b1e841b8583b7111961acdc9a7f9f2964", kill_on_drop: false }`
[INFO] [stdout] 3ee69c47356fd1e2d1ab89cf8ba8021b1e841b8583b7111961acdc9a7f9f2964
