[INFO] cloning repository https://github.com/cold0dev/pikopiko
[INFO] running `Command { std: "git" "-c" "credential.helper=" "-c" "credential.helper=/workspace/cargo-home/bin/git-credential-null" "clone" "--bare" "https://github.com/cold0dev/pikopiko" "/workspace/cache/git-repos/https%3A%2F%2Fgithub.com%2Fcold0dev%2Fpikopiko", kill_on_drop: false }`
[INFO] [stderr] Cloning into bare repository '/workspace/cache/git-repos/https%3A%2F%2Fgithub.com%2Fcold0dev%2Fpikopiko'...
[INFO] running `Command { std: "git" "rev-parse" "HEAD", kill_on_drop: false }`
[INFO] [stdout] a00da64b3e66ce5ea47763436778d2a65733fcce
[INFO] checking cold0dev/pikopiko against 3154cc1a3e6424e44f438a95007d043ed5ceaaf6+rustflags=-Znext-solver=coherence for pr-133502-30
[INFO] running `Command { std: "git" "clone" "/workspace/cache/git-repos/https%3A%2F%2Fgithub.com%2Fcold0dev%2Fpikopiko" "/workspace/builds/worker-0-tc1/source", kill_on_drop: false }`
[INFO] [stderr] Cloning into '/workspace/builds/worker-0-tc1/source'...
[INFO] [stderr] done.
[INFO] started tweaking git repo https://github.com/cold0dev/pikopiko
[INFO] finished tweaking git repo https://github.com/cold0dev/pikopiko
[INFO] tweaked toml for git repo https://github.com/cold0dev/pikopiko written to /workspace/builds/worker-0-tc1/source/Cargo.toml
[INFO] validating manifest of git repo https://github.com/cold0dev/pikopiko on toolchain 3154cc1a3e6424e44f438a95007d043ed5ceaaf6
[INFO] running `Command { std: CARGO_HOME="/workspace/cargo-home" RUSTUP_HOME="/workspace/rustup-home" "/workspace/cargo-home/bin/cargo" "+3154cc1a3e6424e44f438a95007d043ed5ceaaf6" "metadata" "--manifest-path" "Cargo.toml" "--no-deps", kill_on_drop: false }`
[INFO] crate git repo https://github.com/cold0dev/pikopiko already has a lockfile, it will not be regenerated
[INFO] running `Command { std: CARGO_HOME="/workspace/cargo-home" RUSTUP_HOME="/workspace/rustup-home" "/workspace/cargo-home/bin/cargo" "+3154cc1a3e6424e44f438a95007d043ed5ceaaf6" "fetch" "--manifest-path" "Cargo.toml", kill_on_drop: false }`
[INFO] running `Command { std: "docker" "create" "-v" "/var/lib/crater-agent-workspace/builds/worker-0-tc1/source:/opt/rustwide/workdir:ro,Z" "-v" "/var/lib/crater-agent-workspace/builds/worker-0-tc1/target:/opt/rustwide/target:rw,Z" "-v" "/var/lib/crater-agent-workspace/cargo-home:/opt/rustwide/cargo-home:ro,Z" "-v" "/var/lib/crater-agent-workspace/rustup-home:/opt/rustwide/rustup-home:ro,Z" "-m" "1610612736" "--network" "none" "ghcr.io/rust-lang/crates-build-env/linux@sha256:77db811e55d90add9212f6832c23229e3de5f1c1f9905e8cb07319ea15df73ac" "sleep" "infinity", kill_on_drop: false }`
[INFO] [stdout] 0f6359fc7b4fa71c47bac0c2fa01bbbba5e3cb642195e3c51c00bf94131e953c
[INFO] running `Command { std: "docker" "start" "0f6359fc7b4fa71c47bac0c2fa01bbbba5e3cb642195e3c51c00bf94131e953c", kill_on_drop: false }`
[INFO] running `Command { std: "docker" "inspect" "0f6359fc7b4fa71c47bac0c2fa01bbbba5e3cb642195e3c51c00bf94131e953c", kill_on_drop: false }`
[INFO] running `Command { std: "docker" "exec" "-e" "SOURCE_DIR=/opt/rustwide/workdir" "-e" "CARGO_HOME=/opt/rustwide/cargo-home" "-e" "RUSTUP_HOME=/opt/rustwide/rustup-home" "-e" "CARGO_TARGET_DIR=/opt/rustwide/target" "-w" "/opt/rustwide/workdir" "--user" "0:0" "0f6359fc7b4fa71c47bac0c2fa01bbbba5e3cb642195e3c51c00bf94131e953c" "/opt/rustwide/cargo-home/bin/cargo" "+3154cc1a3e6424e44f438a95007d043ed5ceaaf6" "metadata" "--no-deps" "--format-version=1", kill_on_drop: false }`
[INFO] running `Command { std: "docker" "inspect" "0f6359fc7b4fa71c47bac0c2fa01bbbba5e3cb642195e3c51c00bf94131e953c", kill_on_drop: false }`
[INFO] running `Command { std: "docker" "exec" "-e" "SOURCE_DIR=/opt/rustwide/workdir" "-e" "CARGO_HOME=/opt/rustwide/cargo-home" "-e" "RUSTUP_HOME=/opt/rustwide/rustup-home" "-e" "CARGO_TARGET_DIR=/opt/rustwide/target" "-e" "CARGO_INCREMENTAL=0" "-e" "RUST_BACKTRACE=full" "-e" "RUSTFLAGS=--cap-lints=forbid -Znext-solver=coherence" "-e" "RUSTDOCFLAGS=--cap-lints=forbid" "-w" "/opt/rustwide/workdir" "--user" "0:0" "0f6359fc7b4fa71c47bac0c2fa01bbbba5e3cb642195e3c51c00bf94131e953c" "/opt/rustwide/cargo-home/bin/cargo" "+3154cc1a3e6424e44f438a95007d043ed5ceaaf6" "check" "--frozen" "--all" "--all-targets" "--message-format=json", kill_on_drop: false }`
[INFO] [stderr]    Compiling proc-macro2 v1.0.107
[INFO] [stderr]    Compiling quote v1.0.47
[INFO] [stderr]    Compiling winnow v1.0.4
[INFO] [stderr]    Compiling crossbeam-utils v0.8.22
[INFO] [stderr]     Checking futures-core v0.3.33
[INFO] [stderr]    Compiling toml_datetime v1.1.1+spec-1.1.0
[INFO] [stderr]     Checking fastrand v2.5.0
[INFO] [stderr]    Compiling serde_core v1.0.229
[INFO] [stderr]    Compiling serde v1.0.229
[INFO] [stderr]     Checking event-listener v5.4.2
[INFO] [stderr]     Checking unicode-ident v1.0.24
[INFO] [stderr]    Compiling rustix v1.1.4
[INFO] [stderr]     Checking linux-raw-sys v0.12.1
[INFO] [stderr]    Compiling async-io v2.6.0
[INFO] [stderr]     Checking errno v0.3.14
[INFO] [stderr]     Checking async-task v4.7.1
[INFO] [stderr]    Compiling endi v1.1.1
[INFO] [stderr]    Compiling nix v0.31.3
[INFO] [stderr]     Checking signal-hook-registry v1.4.8
[INFO] [stderr]     Checking anstyle v1.0.14
[INFO] [stderr]     Checking colorchoice v1.0.5
[INFO] [stderr]     Checking futures-lite v2.6.1
[INFO] [stderr]     Checking event-listener-strategy v0.5.4
[INFO] [stderr]     Checking piper v0.2.5
[INFO] [stderr]     Checking anstream v1.0.0
[INFO] [stderr]     Checking ordered-stream v0.2.0
[INFO] [stderr]     Checking async-lock v3.4.2
[INFO] [stderr]     Checking async-broadcast v0.7.2
[INFO] [stderr]     Checking concurrent-queue v2.5.0
[INFO] [stderr]     Checking async-channel v2.5.0
[INFO] [stderr]     Checking async-executor v1.14.0
[INFO] [stderr]     Checking clap_builder v4.6.2
[INFO] [stderr]     Checking blocking v1.6.2
[INFO] [stderr]     Checking syn v2.0.119
[INFO] [stderr]    Compiling syn v3.0.3
[INFO] [stderr]     Checking ctrlc v3.5.2
[INFO] [stderr]    Compiling toml_parser v1.1.3+spec-1.1.0
[INFO] [stderr]     Checking uuid v1.24.0
[INFO] [stderr]    Compiling toml_edit v0.25.13+spec-1.1.0
[INFO] [stderr]    Compiling proc-macro-crate v3.5.0
[INFO] [stderr]    Compiling serde_derive v1.0.229
[INFO] [stderr]    Compiling clap_derive v4.6.4
[INFO] [stderr]    Compiling serde_repr v0.1.21
[INFO] [stderr]    Compiling async-trait v0.1.91
[INFO] [stderr]    Compiling tokio-macros v2.7.2
[INFO] [stderr]     Checking tokio v1.53.1
[INFO] [stderr]     Checking polling v3.11.0
[INFO] [stderr]     Checking async-signal v0.2.14
[INFO] [stderr]     Checking async-process v2.5.0
[INFO] [stderr]    Compiling enumflags2_derive v0.7.12
[INFO] [stderr]    Compiling tracing-attributes v0.1.31
[INFO] [stderr]    Compiling async-recursion v1.1.1
[INFO] [stderr]     Checking clap v4.6.4
[INFO] [stderr]     Checking tracing v0.1.44
[INFO] [stderr]     Checking enumflags2 v0.7.12
[INFO] [stderr]     Checking zvariant_utils v3.5.0
[INFO] [stderr]    Compiling zvariant_derive v5.13.1
[INFO] [stderr]    Compiling zvariant v5.13.1
[INFO] [stderr]     Checking zbus_names v4.3.4
[INFO] [stderr]    Compiling zbus_macros v5.18.0
[INFO] [stderr]     Checking zbus v5.18.0
[INFO] [stderr]     Checking pikopiko v0.1.0 (/opt/rustwide/workdir)
[INFO] [stdout] error[E0107]: method takes 0 generic arguments but 1 generic argument was supplied
[INFO] [stdout]    --> src/sleep_inhibitor.rs:245:19
[INFO] [stdout]     |
[INFO] [stdout] 245 |             reply.body::<u32>().ok()
[INFO] [stdout]     |                   ^^^^------- help: remove the unnecessary generics
[INFO] [stdout]     |                   |
[INFO] [stdout]     |                   expected 0 generic arguments
[INFO] [stdout]     |
[INFO] [stdout] note: method defined here, with 0 generic parameters
[INFO] [stdout]    --> /opt/rustwide/cargo-home/registry/src/index.crates.io-1949cf8c6b5b557f/zbus-5.18.0/src/message/mod.rs:214:12
[INFO] [stdout]     |
[INFO] [stdout] 214 |     pub fn body(&self) -> Body {
[INFO] [stdout]     |            ^^^^
[INFO] [stdout] 
[INFO] [stdout] 
[INFO] [stdout] error[E0107]: method takes 0 generic arguments but 1 generic argument was supplied
[INFO] [stdout]    --> src/sleep_inhibitor.rs:245:19
[INFO] [stdout]     |
[INFO] [stdout] 245 |             reply.body::<u32>().ok()
[INFO] [stdout]     |                   ^^^^------- help: remove the unnecessary generics
[INFO] [stdout]     |                   |
[INFO] [stdout]     |                   expected 0 generic arguments
[INFO] [stdout]     |
[INFO] [stdout] note: method defined here, with 0 generic parameters
[INFO] [stdout]    --> /opt/rustwide/cargo-home/registry/src/index.crates.io-1949cf8c6b5b557f/zbus-5.18.0/src/message/mod.rs:214:12
[INFO] [stdout]     |
[INFO] [stdout] 214 |     pub fn body(&self) -> Body {
[INFO] [stdout]     |            ^^^^
[INFO] [stdout] 
[INFO] [stdout] 
[INFO] [stdout] error[E0599]: no method named `ok` found for struct `Body` in the current scope
[INFO] [stdout]    --> src/sleep_inhibitor.rs:245:33
[INFO] [stdout]     |
[INFO] [stdout] 245 |             reply.body::<u32>().ok()
[INFO] [stdout]     |                                 ^^ method not found in `Body`
[INFO] [stdout] 
[INFO] [stdout] 
[INFO] [stdout] error[E0599]: no method named `ok` found for struct `Body` in the current scope
[INFO] [stdout]    --> src/sleep_inhibitor.rs:245:33
[INFO] [stdout]     |
[INFO] [stdout] 245 |             reply.body::<u32>().ok()
[INFO] [stdout]     |                                 ^^ method not found in `Body`
[INFO] [stdout] 
[INFO] [stdout] 
[INFO] [stdout] Some errors have detailed explanations: E0107, E0599.
[INFO] [stdout] 
[INFO] [stdout] For more information about an error, try `rustc --explain E0107`.
[INFO] [stdout] 
[INFO] [stderr] error: could not compile `pikopiko` (lib test) due to 2 previous errors
[INFO] [stderr] warning: build failed, waiting for other jobs to finish...
[INFO] [stdout] Some errors have detailed explanations: E0107, E0599.
[INFO] [stdout] 
[INFO] [stdout] For more information about an error, try `rustc --explain E0107`.
[INFO] [stdout] 
[INFO] [stderr] error: could not compile `pikopiko` (lib) due to 2 previous errors
[INFO] running `Command { std: "docker" "inspect" "0f6359fc7b4fa71c47bac0c2fa01bbbba5e3cb642195e3c51c00bf94131e953c", kill_on_drop: false }`
[INFO] running `Command { std: "docker" "rm" "-f" "0f6359fc7b4fa71c47bac0c2fa01bbbba5e3cb642195e3c51c00bf94131e953c", kill_on_drop: false }`
[INFO] [stdout] 0f6359fc7b4fa71c47bac0c2fa01bbbba5e3cb642195e3c51c00bf94131e953c
