[INFO] cloning repository https://github.com/codeuan/arquebus_os
[INFO] running `Command { std: "git" "-c" "credential.helper=" "-c" "credential.helper=/workspace/cargo-home/bin/git-credential-null" "clone" "--bare" "https://github.com/codeuan/arquebus_os" "/workspace/cache/git-repos/https%3A%2F%2Fgithub.com%2Fcodeuan%2Farquebus_os", kill_on_drop: false }`
[INFO] [stderr] Cloning into bare repository '/workspace/cache/git-repos/https%3A%2F%2Fgithub.com%2Fcodeuan%2Farquebus_os'...
[INFO] running `Command { std: "git" "rev-parse" "HEAD", kill_on_drop: false }`
[INFO] [stdout] 5f6e26f59df4df5a97ed3784838a5231e712b5b9
[INFO] checking codeuan/arquebus_os against 3154cc1a3e6424e44f438a95007d043ed5ceaaf6 for pr-133502-30
[INFO] running `Command { std: "git" "clone" "/workspace/cache/git-repos/https%3A%2F%2Fgithub.com%2Fcodeuan%2Farquebus_os" "/workspace/builds/worker-0-tc2/source", kill_on_drop: false }`
[INFO] [stderr] Cloning into '/workspace/builds/worker-0-tc2/source'...
[INFO] [stderr] done.
[INFO] removed /workspace/builds/worker-0-tc2/source/.cargo/config.toml
[INFO] started tweaking git repo https://github.com/codeuan/arquebus_os
[INFO] finished tweaking git repo https://github.com/codeuan/arquebus_os
[INFO] tweaked toml for git repo https://github.com/codeuan/arquebus_os written to /workspace/builds/worker-0-tc2/source/Cargo.toml
[INFO] validating manifest of git repo https://github.com/codeuan/arquebus_os on toolchain 3154cc1a3e6424e44f438a95007d043ed5ceaaf6
[INFO] running `Command { std: CARGO_HOME="/workspace/cargo-home" RUSTUP_HOME="/workspace/rustup-home" "/workspace/cargo-home/bin/cargo" "+3154cc1a3e6424e44f438a95007d043ed5ceaaf6" "metadata" "--manifest-path" "Cargo.toml" "--no-deps", kill_on_drop: false }`
[INFO] crate git repo https://github.com/codeuan/arquebus_os already has a lockfile, it will not be regenerated
[INFO] running `Command { std: CARGO_HOME="/workspace/cargo-home" RUSTUP_HOME="/workspace/rustup-home" "/workspace/cargo-home/bin/cargo" "+3154cc1a3e6424e44f438a95007d043ed5ceaaf6" "fetch" "--manifest-path" "Cargo.toml", kill_on_drop: false }`
[INFO] running `Command { std: "docker" "create" "-v" "/var/lib/crater-agent-workspace/builds/worker-0-tc2/source:/opt/rustwide/workdir:ro,Z" "-v" "/var/lib/crater-agent-workspace/builds/worker-0-tc2/target:/opt/rustwide/target:rw,Z" "-v" "/var/lib/crater-agent-workspace/cargo-home:/opt/rustwide/cargo-home:ro,Z" "-v" "/var/lib/crater-agent-workspace/rustup-home:/opt/rustwide/rustup-home:ro,Z" "-m" "1610612736" "--network" "none" "ghcr.io/rust-lang/crates-build-env/linux@sha256:77db811e55d90add9212f6832c23229e3de5f1c1f9905e8cb07319ea15df73ac" "sleep" "infinity", kill_on_drop: false }`
[INFO] [stdout] 295610a0016717242bd09719175c7617abcde8882e0c1c07b728a9703344ea4f
[INFO] running `Command { std: "docker" "start" "295610a0016717242bd09719175c7617abcde8882e0c1c07b728a9703344ea4f", kill_on_drop: false }`
[INFO] running `Command { std: "docker" "inspect" "295610a0016717242bd09719175c7617abcde8882e0c1c07b728a9703344ea4f", kill_on_drop: false }`
[INFO] running `Command { std: "docker" "exec" "-e" "SOURCE_DIR=/opt/rustwide/workdir" "-e" "CARGO_HOME=/opt/rustwide/cargo-home" "-e" "RUSTUP_HOME=/opt/rustwide/rustup-home" "-e" "CARGO_TARGET_DIR=/opt/rustwide/target" "-w" "/opt/rustwide/workdir" "--user" "0:0" "295610a0016717242bd09719175c7617abcde8882e0c1c07b728a9703344ea4f" "/opt/rustwide/cargo-home/bin/cargo" "+3154cc1a3e6424e44f438a95007d043ed5ceaaf6" "metadata" "--no-deps" "--format-version=1", kill_on_drop: false }`
[INFO] running `Command { std: "docker" "inspect" "295610a0016717242bd09719175c7617abcde8882e0c1c07b728a9703344ea4f", kill_on_drop: false }`
[INFO] running `Command { std: "docker" "exec" "-e" "SOURCE_DIR=/opt/rustwide/workdir" "-e" "CARGO_HOME=/opt/rustwide/cargo-home" "-e" "RUSTUP_HOME=/opt/rustwide/rustup-home" "-e" "CARGO_TARGET_DIR=/opt/rustwide/target" "-e" "CARGO_INCREMENTAL=0" "-e" "RUST_BACKTRACE=full" "-e" "RUSTFLAGS=--cap-lints=forbid" "-e" "RUSTDOCFLAGS=--cap-lints=forbid" "-w" "/opt/rustwide/workdir" "--user" "0:0" "295610a0016717242bd09719175c7617abcde8882e0c1c07b728a9703344ea4f" "/opt/rustwide/cargo-home/bin/cargo" "+3154cc1a3e6424e44f438a95007d043ed5ceaaf6" "check" "--frozen" "--all" "--all-targets" "--message-format=json", kill_on_drop: false }`
[INFO] [stderr]    Compiling bootloader v0.9.35
[INFO] [stderr]     Checking spin v0.9.9
[INFO] [stderr]     Checking bit_field v0.10.3
[INFO] [stderr]     Checking volatile v0.4.6
[INFO] [stderr]     Checking bitflags v2.13.1
[INFO] [stderr]     Checking volatile v0.2.7
[INFO] [stderr]     Checking lazy_static v1.5.0
[INFO] [stderr]     Checking spin v0.5.2
[INFO] [stderr]     Checking x86_64 v0.14.13
[INFO] [stderr]     Checking hagoll_os v0.1.0 (/opt/rustwide/workdir)
[INFO] [stdout] error[E0599]: no method named `append` found for struct `GlobalDescriptorTable` in the current scope
[INFO] [stdout]   --> src/gdt.rs:38:17
[INFO] [stdout]    |
[INFO] [stdout] 38 |             gdt.append(Descriptor::kernel_code_segment());
[INFO] [stdout]    |                 ^^^^^^ method not found in `GlobalDescriptorTable`
[INFO] [stdout] 
[INFO] [stdout] 
[INFO] [stdout] error[E0599]: no method named `append` found for struct `GlobalDescriptorTable` in the current scope
[INFO] [stdout]   --> src/gdt.rs:41:17
[INFO] [stdout]    |
[INFO] [stdout] 41 |             gdt.append(Descriptor::tss_segment(&TSS));
[INFO] [stdout]    |                 ^^^^^^ method not found in `GlobalDescriptorTable`
[INFO] [stdout] 
[INFO] [stdout] 
[INFO] [stdout] For more information about this error, try `rustc --explain E0599`.
[INFO] [stdout] 
[INFO] [stderr] error: could not compile `hagoll_os` (bin "hagoll_os") due to 2 previous errors
[INFO] [stderr] warning: build failed, waiting for other jobs to finish...
[INFO] [stdout] error: unwinding panics are not supported without std
[INFO] [stdout]   |
[INFO] [stdout]   = help: using nightly cargo, use -Zbuild-std with panic="abort" to avoid unwinding
[INFO] [stdout]   = note: since the core library is usually precompiled with panic="unwind", rebuilding your crate with panic="abort" may not be enough to fix the problem
[INFO] [stdout] 
[INFO] [stdout] 
[INFO] [stdout] error[E0599]: no method named `append` found for struct `GlobalDescriptorTable` in the current scope
[INFO] [stdout]   --> src/gdt.rs:38:17
[INFO] [stdout]    |
[INFO] [stdout] 38 |             gdt.append(Descriptor::kernel_code_segment());
[INFO] [stdout]    |                 ^^^^^^ method not found in `GlobalDescriptorTable`
[INFO] [stdout] 
[INFO] [stdout] 
[INFO] [stdout] error[E0599]: no method named `append` found for struct `GlobalDescriptorTable` in the current scope
[INFO] [stdout]   --> src/gdt.rs:41:17
[INFO] [stdout]    |
[INFO] [stdout] 41 |             gdt.append(Descriptor::tss_segment(&TSS));
[INFO] [stdout]    |                 ^^^^^^ method not found in `GlobalDescriptorTable`
[INFO] [stdout] 
[INFO] [stdout] 
[INFO] [stdout] For more information about this error, try `rustc --explain E0599`.
[INFO] [stdout] 
[INFO] [stderr] error: could not compile `hagoll_os` (bin "hagoll_os" test) due to 3 previous errors
[INFO] running `Command { std: "docker" "inspect" "295610a0016717242bd09719175c7617abcde8882e0c1c07b728a9703344ea4f", kill_on_drop: false }`
[INFO] running `Command { std: "docker" "rm" "-f" "295610a0016717242bd09719175c7617abcde8882e0c1c07b728a9703344ea4f", kill_on_drop: false }`
[INFO] [stdout] 295610a0016717242bd09719175c7617abcde8882e0c1c07b728a9703344ea4f
