[INFO] cloning repository https://github.com/cmg8431/keepalive
[INFO] running `Command { std: "git" "-c" "credential.helper=" "-c" "credential.helper=/workspace/cargo-home/bin/git-credential-null" "clone" "--bare" "https://github.com/cmg8431/keepalive" "/workspace/cache/git-repos/https%3A%2F%2Fgithub.com%2Fcmg8431%2Fkeepalive", kill_on_drop: false }`
[INFO] [stderr] Cloning into bare repository '/workspace/cache/git-repos/https%3A%2F%2Fgithub.com%2Fcmg8431%2Fkeepalive'...
[INFO] running `Command { std: "git" "rev-parse" "HEAD", kill_on_drop: false }`
[INFO] [stdout] 77474c5e3f68fa5cd7e75f2a4246ee9c8b14f983
[INFO] checking cmg8431/keepalive against 3154cc1a3e6424e44f438a95007d043ed5ceaaf6+rustflags=-Znext-solver=coherence for pr-133502-30
[INFO] running `Command { std: "git" "clone" "/workspace/cache/git-repos/https%3A%2F%2Fgithub.com%2Fcmg8431%2Fkeepalive" "/workspace/builds/worker-3-tc1/source", kill_on_drop: false }`
[INFO] [stderr] Cloning into '/workspace/builds/worker-3-tc1/source'...
[INFO] [stderr] done.
[INFO] started tweaking git repo https://github.com/cmg8431/keepalive
[INFO] finished tweaking git repo https://github.com/cmg8431/keepalive
[INFO] tweaked toml for git repo https://github.com/cmg8431/keepalive written to /workspace/builds/worker-3-tc1/source/Cargo.toml
[INFO] validating manifest of git repo https://github.com/cmg8431/keepalive on toolchain 3154cc1a3e6424e44f438a95007d043ed5ceaaf6
[INFO] running `Command { std: CARGO_HOME="/workspace/cargo-home" RUSTUP_HOME="/workspace/rustup-home" "/workspace/cargo-home/bin/cargo" "+3154cc1a3e6424e44f438a95007d043ed5ceaaf6" "metadata" "--manifest-path" "Cargo.toml" "--no-deps", kill_on_drop: false }`
[INFO] crate git repo https://github.com/cmg8431/keepalive already has a lockfile, it will not be regenerated
[INFO] running `Command { std: CARGO_HOME="/workspace/cargo-home" RUSTUP_HOME="/workspace/rustup-home" "/workspace/cargo-home/bin/cargo" "+3154cc1a3e6424e44f438a95007d043ed5ceaaf6" "fetch" "--manifest-path" "Cargo.toml", kill_on_drop: false }`
[INFO] [stderr] warning: unused field `authors` in `workspace.package`
[INFO] [stderr]   --> Cargo.toml:36:1
[INFO] [stderr]    |
[INFO] [stderr] 36 | authors = ["cmg8431"]
[INFO] [stderr]    | ^^^^^^^
[INFO] [stderr]    |
[INFO] [stderr]    = note: `cargo::unused_workspace_package_fields` is set to `warn` by default
[INFO] [stderr] help: consider removing the field `workspace.package.authors`
[INFO] [stderr] warning: workspace (manifest) generated 1 warning
[INFO] [stderr]  Downloading crates ...
[INFO] [stderr]   Downloaded wry v0.53.5
[INFO] [stderr]   Downloaded servo_arc v0.2.0
[INFO] [stderr]   Downloaded kuchikiki v0.8.8-speedreader
[INFO] [stderr]   Downloaded phf_macros v0.10.0
[INFO] [stderr]   Downloaded selectors v0.24.0
[INFO] [stderr]   Downloaded cssparser v0.29.6
[INFO] [stderr]   Downloaded tray-icon v0.21.3
[INFO] [stderr]   Downloaded muda v0.17.2
[INFO] [stderr]   Downloaded tao v0.34.8
[INFO] running `Command { std: "docker" "create" "-v" "/var/lib/crater-agent-workspace/builds/worker-3-tc1/source:/opt/rustwide/workdir:ro,Z" "-v" "/var/lib/crater-agent-workspace/builds/worker-3-tc1/target:/opt/rustwide/target:rw,Z" "-v" "/var/lib/crater-agent-workspace/cargo-home:/opt/rustwide/cargo-home:ro,Z" "-v" "/var/lib/crater-agent-workspace/rustup-home:/opt/rustwide/rustup-home:ro,Z" "-m" "1610612736" "--network" "none" "ghcr.io/rust-lang/crates-build-env/linux@sha256:77db811e55d90add9212f6832c23229e3de5f1c1f9905e8cb07319ea15df73ac" "sleep" "infinity", kill_on_drop: false }`
[INFO] [stdout] 43b43ea2488bb384a877d203bfab33ccf856d70bb768460ed130c9e9e792e64a
[INFO] running `Command { std: "docker" "start" "43b43ea2488bb384a877d203bfab33ccf856d70bb768460ed130c9e9e792e64a", kill_on_drop: false }`
[INFO] running `Command { std: "docker" "inspect" "43b43ea2488bb384a877d203bfab33ccf856d70bb768460ed130c9e9e792e64a", kill_on_drop: false }`
[INFO] running `Command { std: "docker" "exec" "-e" "SOURCE_DIR=/opt/rustwide/workdir" "-e" "CARGO_HOME=/opt/rustwide/cargo-home" "-e" "RUSTUP_HOME=/opt/rustwide/rustup-home" "-e" "CARGO_TARGET_DIR=/opt/rustwide/target" "-w" "/opt/rustwide/workdir" "--user" "0:0" "43b43ea2488bb384a877d203bfab33ccf856d70bb768460ed130c9e9e792e64a" "/opt/rustwide/cargo-home/bin/cargo" "+3154cc1a3e6424e44f438a95007d043ed5ceaaf6" "metadata" "--no-deps" "--format-version=1", kill_on_drop: false }`
[INFO] running `Command { std: "docker" "inspect" "43b43ea2488bb384a877d203bfab33ccf856d70bb768460ed130c9e9e792e64a", kill_on_drop: false }`
[INFO] running `Command { std: "docker" "exec" "-e" "SOURCE_DIR=/opt/rustwide/workdir" "-e" "CARGO_HOME=/opt/rustwide/cargo-home" "-e" "RUSTUP_HOME=/opt/rustwide/rustup-home" "-e" "CARGO_TARGET_DIR=/opt/rustwide/target" "-e" "CARGO_INCREMENTAL=0" "-e" "RUST_BACKTRACE=full" "-e" "RUSTFLAGS=--cap-lints=forbid -Znext-solver=coherence" "-e" "RUSTDOCFLAGS=--cap-lints=forbid" "-w" "/opt/rustwide/workdir" "--user" "0:0" "43b43ea2488bb384a877d203bfab33ccf856d70bb768460ed130c9e9e792e64a" "/opt/rustwide/cargo-home/bin/cargo" "+3154cc1a3e6424e44f438a95007d043ed5ceaaf6" "check" "--frozen" "--all" "--all-targets" "--message-format=json", kill_on_drop: false }`
[INFO] [stderr] warning: unused field `authors` in `workspace.package`
[INFO] [stderr]   --> Cargo.toml:36:1
[INFO] [stderr]    |
[INFO] [stderr] 36 | authors = ["cmg8431"]
[INFO] [stderr]    | ^^^^^^^
[INFO] [stderr]    |
[INFO] [stderr]    = note: `cargo::unused_workspace_package_fields` is set to `warn` by default
[INFO] [stderr] help: consider removing the field `workspace.package.authors`
[INFO] [stderr] warning: workspace (manifest) generated 1 warning
[INFO] [stderr]    Compiling serde v1.0.229
[INFO] [stderr]    Compiling serde_core v1.0.229
[INFO] [stderr]    Compiling smallvec v1.15.2
[INFO] [stderr]    Compiling syn v3.0.4
[INFO] [stderr]    Compiling syn v2.0.119
[INFO] [stderr]    Compiling proc-macro-error-attr v1.0.4
[INFO] [stderr]    Compiling cfg-expr v0.15.8
[INFO] [stderr]    Compiling syn v1.0.109
[INFO] [stderr]    Compiling typenum v1.20.1
[INFO] [stderr]    Compiling field-offset v0.3.6
[INFO] [stderr]     Checking hybrid-array v0.4.14
[INFO] [stderr]    Compiling proc-macro-error v1.0.4
[INFO] [stderr]    Compiling gtk v0.18.2
[INFO] [stderr]     Checking winnow v0.5.40
[INFO] [stderr]    Compiling mime_guess v2.0.5
[INFO] [stderr]    Compiling const-oid v0.10.2
[INFO] [stderr]     Checking crypto-common v0.2.2
[INFO] [stderr]     Checking block-buffer v0.12.1
[INFO] [stderr]    Compiling cpufeatures v0.3.0
[INFO] [stderr]     Checking tracing v0.1.44
[INFO] [stderr]    Compiling libxdo-sys v0.11.0
[INFO] [stderr]    Compiling mime v0.3.17
[INFO] [stderr]     Checking digest v0.11.3
[INFO] [stderr]     Checking sha2 v0.11.0
[INFO] [stderr]     Checking bitflags v2.13.1
[INFO] [stderr]     Checking serde_json v1.0.151
[INFO] [stderr]     Checking dpi v0.1.2
[INFO] [stderr]     Checking axum-core v0.5.6
[INFO] [stderr]     Checking rust-embed-utils v8.12.0
[INFO] [stderr]     Checking crc32fast v1.5.1
[INFO] [stderr]     Checking serde_path_to_error v0.1.20
[INFO] [stderr]     Checking libloading v0.7.4
[INFO] [stderr]     Checking time v0.3.55
[INFO] [stderr]    Compiling toml_datetime v0.6.3
[INFO] [stderr]    Compiling serde_spanned v0.6.9
[INFO] [stderr]     Checking flate2 v1.1.9
[INFO] [stderr]    Compiling toml_edit v0.20.2
[INFO] [stderr]    Compiling toml_edit v0.19.15
[INFO] [stderr]     Checking libxdo v0.6.0
[INFO] [stderr]     Checking parking_lot_core v0.9.12
[INFO] [stderr]     Checking qrcode v0.14.1
[INFO] [stderr]    Compiling wry v0.53.5
[INFO] [stderr]    Compiling synstructure v0.13.2
[INFO] [stderr]     Checking parking_lot v0.12.5
[INFO] [stderr]     Checking png v0.17.16
[INFO] [stderr]    Compiling futures-macro v0.3.34
[INFO] [stderr]    Compiling serde_derive v1.0.229
[INFO] [stderr]    Compiling zerovec-derive v0.11.6
[INFO] [stderr]    Compiling displaydoc v0.2.7
[INFO] [stderr]    Compiling tokio-macros v2.7.2
[INFO] [stderr]    Compiling thiserror-impl v1.0.69
[INFO] [stderr]    Compiling zerofrom-derive v0.1.7
[INFO] [stderr]    Compiling yoke-derive v0.8.2
[INFO] [stderr]     Checking futures-util v0.3.34
[INFO] [stderr]    Compiling toml v0.8.2
[INFO] [stderr]    Compiling proc-macro-crate v2.0.2
[INFO] [stderr]     Checking thiserror v1.0.69
[INFO] [stderr]    Compiling system-deps v6.2.2
[INFO] [stderr]    Compiling proc-macro-crate v1.3.1
[INFO] [stderr]     Checking tokio v1.53.1
[INFO] [stderr]    Compiling thiserror-impl v2.0.20
[INFO] [stderr]     Checking zerofrom v0.1.8
[INFO] [stderr]     Checking yoke v0.8.3
[INFO] [stderr]    Compiling glib-macros v0.18.5
[INFO] [stderr]    Compiling gtk3-macros v0.18.2
[INFO] [stderr]     Checking zerovec v0.11.8
[INFO] [stderr]    Compiling glib-sys v0.18.1
[INFO] [stderr]    Compiling gobject-sys v0.18.0
[INFO] [stderr]    Compiling gio-sys v0.18.1
[INFO] [stderr]    Compiling gdk-sys v0.18.2
[INFO] [stderr]    Compiling cairo-sys-rs v0.18.2
[INFO] [stderr]    Compiling gdk-pixbuf-sys v0.18.0
[INFO] [stderr]    Compiling pango-sys v0.18.0
[INFO] [stderr]     Checking futures-executor v0.3.34
[INFO] [stderr]    Compiling atk-sys v0.18.2
[INFO] [stderr]    Compiling gtk-sys v0.18.2
[INFO] [stderr]     Checking tinystr v0.8.4
[INFO] [stderr]     Checking potential_utf v0.1.6
[INFO] [stderr]     Checking zerotrie v0.2.5
[INFO] [stderr]     Checking icu_collections v2.3.0
[INFO] [stderr]     Checking icu_locale_core v2.3.0
[INFO] [stderr]    Compiling javascriptcore-rs-sys v1.1.1
[INFO] [stderr]    Compiling soup3-sys v0.5.0
[INFO] [stderr]    Compiling gdkx11-sys v0.18.2
[INFO] [stderr]    Compiling webkit2gtk-sys v2.0.1
[INFO] [stderr]     Checking thiserror v2.0.20
[INFO] [stderr]    Compiling rust-embed-impl v8.12.0
[INFO] [stderr]    Compiling dlopen2_derive v0.4.3
[INFO] [stderr]     Checking cookie v0.18.2
[INFO] [stderr]    Compiling clap_derive v4.6.4
[INFO] [stderr]     Checking icu_provider v2.3.1
[INFO] [stderr]     Checking dlopen2 v0.8.2
[INFO] [stderr]     Checking rust-embed v8.12.0
[INFO] [stderr]     Checking gdkwayland-sys v0.18.2
[INFO] [stderr]     Checking icu_normalizer v2.3.0
[INFO] [stderr]     Checking icu_properties v2.3.0
[INFO] [stderr]     Checking serde_urlencoded v0.7.1
[INFO] [stderr]     Checking keyboard-types v0.7.0
[INFO] [stderr]     Checking glib v0.18.5
[INFO] [stderr]     Checking idna_adapter v1.2.2
[INFO] [stderr]     Checking idna v1.1.0
[INFO] [stderr]     Checking clap v4.6.6
[INFO] [stderr]     Checking libappindicator-sys v0.9.0
[INFO] [stderr]     Checking url v2.5.8
[INFO] [stderr]     Checking hyper v1.11.0
[INFO] [stderr]     Checking tower v0.5.3
[INFO] [stderr]     Checking tokio-stream v0.1.19
[INFO] [stderr]     Checking keepalive-core v0.1.0 (/opt/rustwide/workdir/crates/keepalive-core)
[INFO] [stderr]     Checking hyper-util v0.1.20
[INFO] [stderr]     Checking axum v0.8.9
[INFO] [stderr]     Checking gio v0.18.4
[INFO] [stderr]     Checking cairo-rs v0.18.5
[INFO] [stderr]     Checking atk v0.18.2
[INFO] [stderr]     Checking javascriptcore-rs v1.1.2
[INFO] [stderr]     Checking keepalive-daemon v0.1.0 (/opt/rustwide/workdir/crates/keepalive-daemon)
[INFO] [stderr]     Checking keepalive-cli v0.1.0 (/opt/rustwide/workdir/crates/keepalive-cli)
[INFO] [stderr]     Checking pango v0.18.3
[INFO] [stderr]     Checking gdk-pixbuf v0.18.5
[INFO] [stderr]     Checking soup3 v0.5.0
[INFO] [stderr]     Checking gdk v0.18.2
[INFO] [stderr]     Checking gdkx11 v0.18.2
[INFO] [stderr]     Checking libappindicator v0.9.0
[INFO] [stderr]     Checking muda v0.17.2
[INFO] [stderr]     Checking webkit2gtk v2.0.1
[INFO] [stderr]     Checking tao v0.34.8
[INFO] [stderr]     Checking tray-icon v0.21.3
[INFO] [stderr]     Checking keepalive-app v0.1.0 (/opt/rustwide/workdir/crates/keepalive-app)
[INFO] [stdout] error[E0432]: unresolved import `tao::platform::macos`
[INFO] [stdout]   --> crates/keepalive-app/src/main.rs:15:20
[INFO] [stdout]    |
[INFO] [stdout] 15 | use tao::platform::macos::{ActivationPolicy, EventLoopExtMacOS};
[INFO] [stdout]    |                    ^^^^^ could not find `macos` in `platform`
[INFO] [stdout]    |
[INFO] [stdout] note: found an item that was configured out
[INFO] [stdout]   --> /opt/rustwide/cargo-home/registry/src/index.crates.io-1949cf8c6b5b557f/tao-0.34.8/src/platform/mod.rs:25:9
[INFO] [stdout]    |
[INFO] [stdout] 25 | pub mod macos;
[INFO] [stdout]    |         ^^^^^
[INFO] [stdout]    |
[INFO] [stdout]   ::: /opt/rustwide/cargo-home/registry/src/index.crates.io-1949cf8c6b5b557f/tao-0.34.8/src/platform/macos.rs:5:8
[INFO] [stdout]    |
[INFO] [stdout]  5 | #![cfg(target_os = "macos")]
[INFO] [stdout]    |        ------------------- the item is gated behind the `macos` feature
[INFO] [stdout] 
[INFO] [stdout] 
[INFO] [stdout] error[E0432]: unresolved import `tao::platform::macos`
[INFO] [stdout]   --> crates/keepalive-app/src/main.rs:15:20
[INFO] [stdout]    |
[INFO] [stdout] 15 | use tao::platform::macos::{ActivationPolicy, EventLoopExtMacOS};
[INFO] [stdout]    |                    ^^^^^ could not find `macos` in `platform`
[INFO] [stdout]    |
[INFO] [stdout] note: found an item that was configured out
[INFO] [stdout]   --> /opt/rustwide/cargo-home/registry/src/index.crates.io-1949cf8c6b5b557f/tao-0.34.8/src/platform/mod.rs:25:9
[INFO] [stdout]    |
[INFO] [stdout] 25 | pub mod macos;
[INFO] [stdout]    |         ^^^^^
[INFO] [stdout]    |
[INFO] [stdout]   ::: /opt/rustwide/cargo-home/registry/src/index.crates.io-1949cf8c6b5b557f/tao-0.34.8/src/platform/macos.rs:5:8
[INFO] [stdout]    |
[INFO] [stdout]  5 | #![cfg(target_os = "macos")]
[INFO] [stdout]    |        ------------------- the item is gated behind the `macos` feature
[INFO] [stdout] 
[INFO] [stdout] 
[INFO] [stdout] error[E0599]: no method named `set_activation_policy` found for struct `EventLoop<()>` in the current scope
[INFO] [stdout]   --> crates/keepalive-app/src/main.rs:43:16
[INFO] [stdout]    |
[INFO] [stdout] 43 |     event_loop.set_activation_policy(ActivationPolicy::Accessory);
[INFO] [stdout]    |                ^^^^^^^^^^^^^^^^^^^^^ method not found in `EventLoop<()>`
[INFO] [stdout] 
[INFO] [stdout] 
[INFO] [stdout] Some errors have detailed explanations: E0432, E0599.
[INFO] [stdout] 
[INFO] [stdout] For more information about an error, try `rustc --explain E0432`.
[INFO] [stdout] 
[INFO] [stderr] error: could not compile `keepalive-app` (bin "keepalive-menubar" test) due to 2 previous errors
[INFO] [stderr] warning: build failed, waiting for other jobs to finish...
[INFO] [stdout] error[E0599]: no method named `set_activation_policy` found for struct `EventLoop<()>` in the current scope
[INFO] [stdout]   --> crates/keepalive-app/src/main.rs:43:16
[INFO] [stdout]    |
[INFO] [stdout] 43 |     event_loop.set_activation_policy(ActivationPolicy::Accessory);
[INFO] [stdout]    |                ^^^^^^^^^^^^^^^^^^^^^ method not found in `EventLoop<()>`
[INFO] [stdout] 
[INFO] [stdout] 
[INFO] [stdout] Some errors have detailed explanations: E0432, E0599.
[INFO] [stdout] 
[INFO] [stdout] For more information about an error, try `rustc --explain E0432`.
[INFO] [stdout] 
[INFO] [stderr] error: could not compile `keepalive-app` (bin "keepalive-menubar") due to 2 previous errors
[INFO] running `Command { std: "docker" "inspect" "43b43ea2488bb384a877d203bfab33ccf856d70bb768460ed130c9e9e792e64a", kill_on_drop: false }`
[INFO] running `Command { std: "docker" "rm" "-f" "43b43ea2488bb384a877d203bfab33ccf856d70bb768460ed130c9e9e792e64a", kill_on_drop: false }`
[INFO] [stdout] 43b43ea2488bb384a877d203bfab33ccf856d70bb768460ed130c9e9e792e64a
