[INFO] cloning repository https://github.com/cloudzombie/sov-tx-cannon
[INFO] running `Command { std: "git" "-c" "credential.helper=" "-c" "credential.helper=/workspace/cargo-home/bin/git-credential-null" "clone" "--bare" "https://github.com/cloudzombie/sov-tx-cannon" "/workspace/cache/git-repos/https%3A%2F%2Fgithub.com%2Fcloudzombie%2Fsov-tx-cannon", kill_on_drop: false }`
[INFO] [stderr] Cloning into bare repository '/workspace/cache/git-repos/https%3A%2F%2Fgithub.com%2Fcloudzombie%2Fsov-tx-cannon'...
[INFO] running `Command { std: "git" "rev-parse" "HEAD", kill_on_drop: false }`
[INFO] [stdout] 0938b17695ffff395c41d03ff2f6941ef072918d
[INFO] checking cloudzombie/sov-tx-cannon against 3154cc1a3e6424e44f438a95007d043ed5ceaaf6 for pr-133502-30
[INFO] running `Command { std: "git" "clone" "/workspace/cache/git-repos/https%3A%2F%2Fgithub.com%2Fcloudzombie%2Fsov-tx-cannon" "/workspace/builds/worker-0-tc2/source", kill_on_drop: false }`
[INFO] [stderr] Cloning into '/workspace/builds/worker-0-tc2/source'...
[INFO] [stderr] done.
[INFO] removed /workspace/builds/worker-0-tc2/source/rust-toolchain.toml
[INFO] started tweaking git repo https://github.com/cloudzombie/sov-tx-cannon
[INFO] finished tweaking git repo https://github.com/cloudzombie/sov-tx-cannon
[INFO] tweaked toml for git repo https://github.com/cloudzombie/sov-tx-cannon written to /workspace/builds/worker-0-tc2/source/Cargo.toml
[INFO] validating manifest of git repo https://github.com/cloudzombie/sov-tx-cannon on toolchain 3154cc1a3e6424e44f438a95007d043ed5ceaaf6
[INFO] running `Command { std: CARGO_HOME="/workspace/cargo-home" RUSTUP_HOME="/workspace/rustup-home" "/workspace/cargo-home/bin/cargo" "+3154cc1a3e6424e44f438a95007d043ed5ceaaf6" "metadata" "--manifest-path" "Cargo.toml" "--no-deps", kill_on_drop: false }`
[INFO] crate git repo https://github.com/cloudzombie/sov-tx-cannon already has a lockfile, it will not be regenerated
[INFO] running `Command { std: CARGO_HOME="/workspace/cargo-home" RUSTUP_HOME="/workspace/rustup-home" "/workspace/cargo-home/bin/cargo" "+3154cc1a3e6424e44f438a95007d043ed5ceaaf6" "fetch" "--manifest-path" "Cargo.toml", kill_on_drop: false }`
[INFO] running `Command { std: "docker" "create" "-v" "/var/lib/crater-agent-workspace/builds/worker-0-tc2/source:/opt/rustwide/workdir:ro,Z" "-v" "/var/lib/crater-agent-workspace/builds/worker-0-tc2/target:/opt/rustwide/target:rw,Z" "-v" "/var/lib/crater-agent-workspace/cargo-home:/opt/rustwide/cargo-home:ro,Z" "-v" "/var/lib/crater-agent-workspace/rustup-home:/opt/rustwide/rustup-home:ro,Z" "-m" "1610612736" "--network" "none" "ghcr.io/rust-lang/crates-build-env/linux@sha256:77db811e55d90add9212f6832c23229e3de5f1c1f9905e8cb07319ea15df73ac" "sleep" "infinity", kill_on_drop: false }`
[INFO] [stdout] 0da81d0abf8e7983cbb11f32aaf91b5808d6d32ab362a1392a5025f6e80d2031
[INFO] running `Command { std: "docker" "start" "0da81d0abf8e7983cbb11f32aaf91b5808d6d32ab362a1392a5025f6e80d2031", kill_on_drop: false }`
[INFO] running `Command { std: "docker" "inspect" "0da81d0abf8e7983cbb11f32aaf91b5808d6d32ab362a1392a5025f6e80d2031", kill_on_drop: false }`
[INFO] running `Command { std: "docker" "exec" "-e" "SOURCE_DIR=/opt/rustwide/workdir" "-e" "CARGO_HOME=/opt/rustwide/cargo-home" "-e" "RUSTUP_HOME=/opt/rustwide/rustup-home" "-e" "CARGO_TARGET_DIR=/opt/rustwide/target" "-w" "/opt/rustwide/workdir" "--user" "0:0" "0da81d0abf8e7983cbb11f32aaf91b5808d6d32ab362a1392a5025f6e80d2031" "/opt/rustwide/cargo-home/bin/cargo" "+3154cc1a3e6424e44f438a95007d043ed5ceaaf6" "metadata" "--no-deps" "--format-version=1", kill_on_drop: false }`
[INFO] running `Command { std: "docker" "inspect" "0da81d0abf8e7983cbb11f32aaf91b5808d6d32ab362a1392a5025f6e80d2031", kill_on_drop: false }`
[INFO] running `Command { std: "docker" "exec" "-e" "SOURCE_DIR=/opt/rustwide/workdir" "-e" "CARGO_HOME=/opt/rustwide/cargo-home" "-e" "RUSTUP_HOME=/opt/rustwide/rustup-home" "-e" "CARGO_TARGET_DIR=/opt/rustwide/target" "-e" "CARGO_INCREMENTAL=0" "-e" "RUST_BACKTRACE=full" "-e" "RUSTFLAGS=--cap-lints=forbid" "-e" "RUSTDOCFLAGS=--cap-lints=forbid" "-w" "/opt/rustwide/workdir" "--user" "0:0" "0da81d0abf8e7983cbb11f32aaf91b5808d6d32ab362a1392a5025f6e80d2031" "/opt/rustwide/cargo-home/bin/cargo" "+3154cc1a3e6424e44f438a95007d043ed5ceaaf6" "check" "--frozen" "--all" "--all-targets" "--message-format=json", kill_on_drop: false }`
[INFO] [stderr]    Compiling libc v0.2.186
[INFO] [stderr]     Checking subtle v2.6.1
[INFO] [stderr]    Compiling cc v1.2.67
[INFO] [stderr]    Compiling toml_parser v1.1.2+spec-1.1.0
[INFO] [stderr]    Compiling zerocopy v0.8.54
[INFO] [stderr]    Compiling syn v2.0.119
[INFO] [stderr]     Checking rustix v1.1.4
[INFO] [stderr]    Compiling borsh v1.8.0
[INFO] [stderr]     Checking tap v1.0.1
[INFO] [stderr]    Compiling radium v0.7.0
[INFO] [stderr]    Compiling quick-xml v0.39.4
[INFO] [stderr]     Checking inout v0.1.4
[INFO] [stderr]     Checking funty v2.0.0
[INFO] [stderr]    Compiling serde_core v1.0.228
[INFO] [stderr]    Compiling serde v1.0.228
[INFO] [stderr]    Compiling curve25519-dalek v4.1.3
[INFO] [stderr]     Checking memuse v0.2.2
[INFO] [stderr]     Checking spin v0.9.9
[INFO] [stderr]     Checking event-listener v5.4.1
[INFO] [stderr]     Checking wyz v0.5.1
[INFO] [stderr]     Checking blake2b_simd v1.0.4
[INFO] [stderr]    Compiling num-traits v0.2.19
[INFO] [stderr]    Compiling crunchy v0.2.4
[INFO] [stderr]     Checking futures-lite v2.6.1
[INFO] [stderr]     Checking event-listener-strategy v0.5.4
[INFO] [stderr]     Checking lazy_static v1.5.0
[INFO] [stderr]     Checking either v1.16.0
[INFO] [stderr]    Compiling endi v1.1.1
[INFO] [stderr]     Checking piper v0.2.5
[INFO] [stderr]     Checking async-channel v2.5.0
[INFO] [stderr]     Checking async-lock v3.4.2
[INFO] [stderr]     Checking bitvec v1.1.1
[INFO] [stderr]     Checking rayon v1.12.0
[INFO] [stderr]     Checking async-broadcast v0.7.2
[INFO] [stderr]    Compiling toml_edit v0.25.13+spec-1.1.0
[INFO] [stderr]     Checking ordered-stream v0.2.0
[INFO] [stderr]     Checking halo2_legacy_pdqsort v0.1.0
[INFO] [stderr]     Checking rustix v0.38.44
[INFO] [stderr]     Checking zcash_spec v0.2.1
[INFO] [stderr]     Checking incrementalmerkletree v0.8.2
[INFO] [stderr]    Compiling cmake v0.1.58
[INFO] [stderr]    Compiling wayland-scanner v0.31.10
[INFO] [stderr]     Checking num-integer v0.1.46
[INFO] [stderr]     Checking uint v0.9.5
[INFO] [stderr]     Checking leb128fmt v0.1.0
[INFO] [stderr]     Checking bech32 v0.11.1
[INFO] [stderr]     Checking wasm-encoder v0.253.0
[INFO] [stderr]     Checking num-bigint v0.4.8
[INFO] [stderr]    Compiling wasmparser v0.239.0
[INFO] [stderr]     Checking blocking v1.6.2
[INFO] [stderr]    Compiling blake3 v1.8.5
[INFO] [stderr]    Compiling proc-macro-crate v3.5.0
[INFO] [stderr]    Compiling wayland-backend v0.3.15
[INFO] [stderr]    Compiling randomx-rs v1.4.1
[INFO] [stderr]     Checking async-fs v2.2.0
[INFO] [stderr]     Checking async-executor v1.14.0
[INFO] [stderr]     Checking zip32 v0.2.1
[INFO] [stderr]     Checking nonempty v0.11.0
[INFO] [stderr]     Checking accesskit v0.16.3
[INFO] [stderr]     Checking corez v0.1.1
[INFO] [stderr]     Checking bridgetree v0.7.1
[INFO] [stderr]     Checking uint v0.10.0
[INFO] [stderr]     Checking wasmi_core v1.1.0
[INFO] [stderr]     Checking immutable-chunkmap v2.1.3
[INFO] [stderr]    Compiling winit v0.30.13
[INFO] [stderr]     Checking wasmi_collections v1.1.0
[INFO] [stderr]     Checking wast v253.0.0
[INFO] [stderr]     Checking getrandom v0.2.17
[INFO] [stderr]     Checking rand_core v0.6.4
[INFO] [stderr]     Checking xdg-home v1.3.0
[INFO] [stderr]     Checking nix v0.29.0
[INFO] [stderr]     Checking crypto-common v0.1.7
[INFO] [stderr]     Checking digest v0.10.7
[INFO] [stderr]     Checking universal-hash v0.5.1
[INFO] [stderr]     Checking aead v0.5.2
[INFO] [stderr]     Checking poly1305 v0.8.0
[INFO] [stderr]     Checking getrandom v0.3.4
[INFO] [stderr]     Checking memmap2 v0.9.11
[INFO] [stderr]     Checking x11-dl v2.21.0
[INFO] [stderr]     Checking parking_lot_core v0.9.12
[INFO] [stderr]     Checking sha2 v0.10.9
[INFO] [stderr]     Checking sha3 v0.10.9
[INFO] [stderr]     Checking sha1 v0.10.7
[INFO] [stderr]     Checking parking_lot v0.12.5
[INFO] [stderr]     Checking wasmi_ir v1.1.0
[INFO] [stderr]     Checking polyval v0.6.2
[INFO] [stderr] error: could not compile `rustix` (lib)
[INFO] [stderr] 
[INFO] [stderr] Caused by:
[INFO] [stderr]   process didn't exit successfully: `/opt/rustwide/rustup-home/toolchains/3154cc1a3e6424e44f438a95007d043ed5ceaaf6/bin/rustc --crate-name rustix --edition=2021 /opt/rustwide/cargo-home/registry/src/index.crates.io-1949cf8c6b5b557f/rustix-1.1.4/src/lib.rs --error-format=json --json=diagnostic-rendered-ansi,artifacts,future-incompat,unused-externs-silent --crate-type lib --emit=dep-info,metadata -C embed-bitcode=no -C debuginfo=2 --cfg 'feature="alloc"' --cfg 'feature="default"' --cfg 'feature="event"' --cfg 'feature="fs"' --cfg 'feature="net"' --cfg 'feature="pipe"' --cfg 'feature="process"' --cfg 'feature="shm"' --cfg 'feature="std"' --cfg 'feature="system"' --cfg 'feature="time"' --check-cfg 'cfg(docsrs,test)' --check-cfg 'cfg(feature, values("all-apis", "alloc", "core", "default", "event", "fs", "io_uring", "libc", "libc_errno", "linux_4_11", "linux_5_1", "linux_5_11", "linux_latest", "mm", "mount", "net", "param", "pipe", "process", "pty", "rand", "runtime", "rustc-dep-of-std", "rustc-std-workspace-alloc", "shm", "std", "stdio", "system", "termios", "thread", "time", "try_close", "use-explicitly-provided-auxv", "use-libc", "use-libc-auxv"))' -C metadata=800d8b9a84c53103 -C extra-filename=-bc5363fe9d8df2ff --out-dir /opt/rustwide/target/debug/build/rustix/bc5363fe9d8df2ff/out --extern bitflags=/opt/rustwide/target/debug/build/bitflags/12164dedcc9c97c0/out/libbitflags-12164dedcc9c97c0.rmeta --extern linux_raw_sys=/opt/rustwide/target/debug/build/linux-raw-sys/ff271329eb221e3a/out/liblinux_raw_sys-ff271329eb221e3a.rmeta --cap-lints allow --cap-lints=forbid --force-warn=unused_crate_dependencies --cfg static_assertions --cfg lower_upper_exp_for_non_zero --cfg rustc_diagnostics --cfg linux_raw_dep --cfg linux_raw --cfg linux_like --cfg linux_kernel` (signal: 9, SIGKILL: kill)
[INFO] [stderr] warning: build failed, waiting for other jobs to finish...
[INFO] [stderr] error: could not compile `syn` (lib)
[INFO] [stderr] 
[INFO] [stderr] Caused by:
[INFO] [stderr]   process didn't exit successfully: `/opt/rustwide/rustup-home/toolchains/3154cc1a3e6424e44f438a95007d043ed5ceaaf6/bin/rustc --crate-name syn --edition=2021 /opt/rustwide/cargo-home/registry/src/index.crates.io-1949cf8c6b5b557f/syn-2.0.119/src/lib.rs --error-format=json --json=diagnostic-rendered-ansi,artifacts,future-incompat,unused-externs-silent --crate-type lib --emit=dep-info,metadata,link -Z embed-metadata=no -C embed-bitcode=no --cfg 'feature="clone-impls"' --cfg 'feature="default"' --cfg 'feature="derive"' --cfg 'feature="extra-traits"' --cfg 'feature="fold"' --cfg 'feature="full"' --cfg 'feature="parsing"' --cfg 'feature="printing"' --cfg 'feature="proc-macro"' --cfg 'feature="visit"' --cfg 'feature="visit-mut"' --check-cfg 'cfg(docsrs,test)' --check-cfg 'cfg(feature, values("clone-impls", "default", "derive", "extra-traits", "fold", "full", "parsing", "printing", "proc-macro", "test", "visit", "visit-mut"))' -C metadata=3c5ed9f685db3494 -C extra-filename=-4e42e64654e687c9 --out-dir /opt/rustwide/target/debug/build/syn/4e42e64654e687c9/out -L dependency=/opt/rustwide/target/debug/build/proc-macro2/d4cb564e807a9cd7/out -L dependency=/opt/rustwide/target/debug/build/unicode-ident/8c98a1a0e58216a9/out --extern proc_macro2=/opt/rustwide/target/debug/build/proc-macro2/d4cb564e807a9cd7/out/libproc_macro2-d4cb564e807a9cd7.rmeta --extern quote=/opt/rustwide/target/debug/build/quote/12a774c18bdf157c/out/libquote-12a774c18bdf157c.rmeta --extern unicode_ident=/opt/rustwide/target/debug/build/unicode-ident/8c98a1a0e58216a9/out/libunicode_ident-8c98a1a0e58216a9.rmeta --cap-lints allow --cap-lints=forbid --force-warn=unused_crate_dependencies` (signal: 9, SIGKILL: kill)
[INFO] [stderr] error: could not compile `serde_core` (lib)
[INFO] [stderr] 
[INFO] [stderr] Caused by:
[INFO] [stderr]   process didn't exit successfully: `/opt/rustwide/rustup-home/toolchains/3154cc1a3e6424e44f438a95007d043ed5ceaaf6/bin/rustc --crate-name serde_core --edition=2021 /opt/rustwide/cargo-home/registry/src/index.crates.io-1949cf8c6b5b557f/serde_core-1.0.228/src/lib.rs --error-format=json --json=diagnostic-rendered-ansi,artifacts,future-incompat,unused-externs-silent --crate-type lib --emit=dep-info,metadata,link -Z embed-metadata=no -C embed-bitcode=no --cfg 'feature="result"' --cfg 'feature="std"' --check-cfg 'cfg(docsrs,test)' --check-cfg 'cfg(feature, values("alloc", "default", "rc", "result", "std", "unstable"))' -C metadata=4b035d3134040dd7 -C extra-filename=-0326a842d103b0e6 --out-dir /opt/rustwide/target/debug/build/serde_core/0326a842d103b0e6/out --cap-lints allow --cap-lints=forbid --force-warn=unused_crate_dependencies --check-cfg 'cfg(if_docsrs_then_no_serde_core)' --check-cfg 'cfg(no_core_cstr)' --check-cfg 'cfg(no_core_error)' --check-cfg 'cfg(no_core_net)' --check-cfg 'cfg(no_core_num_saturating)' --check-cfg 'cfg(no_diagnostic_namespace)' --check-cfg 'cfg(no_serde_derive)' --check-cfg 'cfg(no_std_atomic)' --check-cfg 'cfg(no_std_atomic64)' --check-cfg 'cfg(no_target_has_atomic)'` (signal: 9, SIGKILL: kill)
[INFO] [stderr] error: could not compile `zerocopy` (lib)
[INFO] [stderr] 
[INFO] [stderr] Caused by:
[INFO] [stderr]   process didn't exit successfully: `/opt/rustwide/rustup-home/toolchains/3154cc1a3e6424e44f438a95007d043ed5ceaaf6/bin/rustc --crate-name zerocopy --edition=2021 /opt/rustwide/cargo-home/registry/src/index.crates.io-1949cf8c6b5b557f/zerocopy-0.8.54/src/lib.rs --error-format=json --json=diagnostic-rendered-ansi,artifacts,future-incompat,unused-externs-silent --crate-type lib --emit=dep-info,metadata -C embed-bitcode=no -C debuginfo=2 --cfg 'feature="simd"' --check-cfg 'cfg(docsrs,test)' --check-cfg 'cfg(feature, values("__internal_use_only_features_that_work_on_stable", "alloc", "derive", "float-nightly", "simd", "simd-nightly", "std", "zerocopy-derive"))' -C metadata=4f4e57c4792b83fb -C extra-filename=-7a36d67d81776ba9 --out-dir /opt/rustwide/target/debug/build/zerocopy/7a36d67d81776ba9/out --cap-lints allow --cap-lints=forbid --force-warn=unused_crate_dependencies --check-cfg 'cfg(no_zerocopy_simd_x86_avx12_1_89_0)' --check-cfg 'cfg(rust, values("1.89.0"))' --check-cfg 'cfg(no_zerocopy_core_error_1_81_0)' --check-cfg 'cfg(rust, values("1.81.0"))' --check-cfg 'cfg(no_zerocopy_diagnostic_on_unimplemented_1_78_0)' --check-cfg 'cfg(rust, values("1.78.0"))' --check-cfg 'cfg(no_zerocopy_generic_bounds_in_const_fn_1_61_0)' --check-cfg 'cfg(rust, values("1.61.0"))' --check-cfg 'cfg(no_zerocopy_target_has_atomics_1_60_0)' --check-cfg 'cfg(rust, values("1.60.0"))' --check-cfg 'cfg(no_zerocopy_aarch64_simd_1_59_0)' --check-cfg 'cfg(rust, values("1.59.0"))' --check-cfg 'cfg(no_zerocopy_aarch64_simd_be_1_87_0)' --check-cfg 'cfg(rust, values("1.87.0"))' --check-cfg 'cfg(no_zerocopy_panic_in_const_and_vec_try_reserve_1_57_0)' --check-cfg 'cfg(rust, values("1.57.0"))' --check-cfg 'cfg(doc_cfg)' --check-cfg 'cfg(kani)' --check-cfg 'cfg(__ZEROCOPY_INTERNAL_USE_ONLY_NIGHTLY_FEATURES_IN_TESTS)' --check-cfg 'cfg(__ZEROCOPY_INTERNAL_USE_ONLY_DEV_MODE)' --check-cfg 'cfg(coverage_nightly)' --check-cfg 'cfg(zerocopy_inline_always)' --check-cfg 'cfg(zerocopy_unstable_ptr)' --check-cfg 'cfg(zerocopy_unstable_linux)' --check-cfg 'cfg(no_fp_fmt_parse)'` (signal: 9, SIGKILL: kill)
[INFO] [stderr] error: could not compile `wasmparser` (lib)
[INFO] [stderr] 
[INFO] [stderr] Caused by:
[INFO] [stderr]   process didn't exit successfully: `/opt/rustwide/rustup-home/toolchains/3154cc1a3e6424e44f438a95007d043ed5ceaaf6/bin/rustc --crate-name wasmparser --edition=2021 /opt/rustwide/cargo-home/registry/src/index.crates.io-1949cf8c6b5b557f/wasmparser-0.239.0/src/lib.rs --error-format=json --json=diagnostic-rendered-ansi,artifacts,future-incompat,unused-externs-silent --crate-type lib --emit=dep-info,metadata -C embed-bitcode=no -C debuginfo=2 --cfg 'feature="features"' --cfg 'feature="std"' --cfg 'feature="validate"' --check-cfg 'cfg(docsrs,test)' --check-cfg 'cfg(feature, values("component-model", "default", "features", "hash-collections", "prefer-btree-collections", "serde", "simd", "std", "validate"))' -C metadata=5f6b1b8e52c8fda0 -C extra-filename=-f1721eae4fc6a137 --out-dir /opt/rustwide/target/debug/build/wasmparser/f1721eae4fc6a137/out --extern bitflags=/opt/rustwide/target/debug/build/bitflags/12164dedcc9c97c0/out/libbitflags-12164dedcc9c97c0.rmeta --cap-lints allow --cap-lints=forbid --force-warn=unused_crate_dependencies --cfg core_error --check-cfg 'cfg(core_error)'` (signal: 9, SIGKILL: kill)
[INFO] [stderr] error: could not compile `rustix` (lib)
[INFO] [stderr] 
[INFO] [stderr] Caused by:
[INFO] [stderr]   process didn't exit successfully: `/opt/rustwide/rustup-home/toolchains/3154cc1a3e6424e44f438a95007d043ed5ceaaf6/bin/rustc --crate-name rustix --edition=2021 /opt/rustwide/cargo-home/registry/src/index.crates.io-1949cf8c6b5b557f/rustix-0.38.44/src/lib.rs --error-format=json --json=diagnostic-rendered-ansi,artifacts,future-incompat,unused-externs-silent --crate-type lib --emit=dep-info,metadata -C embed-bitcode=no -C debuginfo=2 --cfg 'feature="alloc"' --cfg 'feature="default"' --cfg 'feature="event"' --cfg 'feature="fs"' --cfg 'feature="libc-extra-traits"' --cfg 'feature="pipe"' --cfg 'feature="process"' --cfg 'feature="shm"' --cfg 'feature="std"' --cfg 'feature="system"' --cfg 'feature="thread"' --cfg 'feature="use-libc-auxv"' --check-cfg 'cfg(docsrs,test)' --check-cfg 'cfg(feature, values("all-apis", "alloc", "cc", "compiler_builtins", "core", "default", "event", "fs", "io_uring", "itoa", "libc", "libc-extra-traits", "libc_errno", "linux_4_11", "linux_latest", "mm", "mount", "net", "once_cell", "param", "pipe", "process", "procfs", "pty", "rand", "runtime", "rustc-dep-of-std", "rustc-std-workspace-alloc", "shm", "std", "stdio", "system", "termios", "thread", "time", "try_close", "use-explicitly-provided-auxv", "use-libc", "use-libc-auxv"))' -C metadata=6ec3b32164518360 -C extra-filename=-f19430358f6be132 --out-dir /opt/rustwide/target/debug/build/rustix/f19430358f6be132/out --extern bitflags=/opt/rustwide/target/debug/build/bitflags/12164dedcc9c97c0/out/libbitflags-12164dedcc9c97c0.rmeta --extern linux_raw_sys=/opt/rustwide/target/debug/build/linux-raw-sys/9692f5d5f45da725/out/liblinux_raw_sys-9692f5d5f45da725.rmeta --cap-lints allow --cap-lints=forbid --force-warn=unused_crate_dependencies --cfg linux_raw --cfg linux_like --cfg linux_kernel` (signal: 9, SIGKILL: kill)
[INFO] [stderr] error: could not compile `wast` (lib)
[INFO] [stderr] 
[INFO] [stderr] Caused by:
[INFO] [stderr]   process didn't exit successfully: `/opt/rustwide/rustup-home/toolchains/3154cc1a3e6424e44f438a95007d043ed5ceaaf6/bin/rustc --crate-name wast --edition=2024 /opt/rustwide/cargo-home/registry/src/index.crates.io-1949cf8c6b5b557f/wast-253.0.0/src/lib.rs --error-format=json --json=diagnostic-rendered-ansi,artifacts,future-incompat,unused-externs-silent --crate-type lib --emit=dep-info,metadata -C embed-bitcode=no -C debuginfo=2 --cfg 'feature="component-model"' --cfg 'feature="wasm-module"' --check-cfg 'cfg(docsrs,test)' --check-cfg 'cfg(feature, values("component-model", "default", "dwarf", "wasm-module"))' -C metadata=5c3ab6b774397868 -C extra-filename=-2685e8d4bf43450a --out-dir /opt/rustwide/target/debug/build/wast/2685e8d4bf43450a/out -L dependency=/opt/rustwide/target/debug/build/leb128fmt/ec3bf77777ee3a6c/out --extern bumpalo=/opt/rustwide/target/debug/build/bumpalo/f8a63efd1a130c76/out/libbumpalo-f8a63efd1a130c76.rmeta --extern leb128fmt=/opt/rustwide/target/debug/build/leb128fmt/ec3bf77777ee3a6c/out/libleb128fmt-ec3bf77777ee3a6c.rmeta --extern memchr=/opt/rustwide/target/debug/build/memchr/b924193483665774/out/libmemchr-b924193483665774.rmeta --extern unicode_width=/opt/rustwide/target/debug/build/unicode-width/831b79c958a0d7a0/out/libunicode_width-831b79c958a0d7a0.rmeta --extern wasm_encoder=/opt/rustwide/target/debug/build/wasm-encoder/119e1e4597e69a27/out/libwasm_encoder-119e1e4597e69a27.rmeta --cap-lints allow --cap-lints=forbid --force-warn=unused_crate_dependencies` (signal: 9, SIGKILL: kill)
[INFO] [stderr] error: could not compile `x11-dl` (lib)
[INFO] [stderr] 
[INFO] [stderr] Caused by:
[INFO] [stderr]   process didn't exit successfully: `/opt/rustwide/rustup-home/toolchains/3154cc1a3e6424e44f438a95007d043ed5ceaaf6/bin/rustc --crate-name x11_dl --edition=2021 /opt/rustwide/cargo-home/registry/src/index.crates.io-1949cf8c6b5b557f/x11-dl-2.21.0/src/lib.rs --error-format=json --json=diagnostic-rendered-ansi,artifacts,future-incompat,unused-externs-silent --crate-type lib --emit=dep-info,metadata -C embed-bitcode=no -C debuginfo=2 --check-cfg 'cfg(docsrs,test)' --check-cfg 'cfg(feature, values())' -C metadata=a292ca66e0ae3ccc -C extra-filename=-4958393ed2ce52c6 --out-dir /opt/rustwide/target/debug/build/x11-dl/4958393ed2ce52c6/out --extern libc=/opt/rustwide/target/debug/build/libc/16836f44866b8b3d/out/liblibc-16836f44866b8b3d.rmeta --extern once_cell=/opt/rustwide/target/debug/build/once_cell/6f8123b0c2eed634/out/libonce_cell-6f8123b0c2eed634.rmeta --cap-lints allow --cap-lints=forbid --force-warn=unused_crate_dependencies -l dl` (signal: 9, SIGKILL: kill)
[INFO] [stderr] error: failed to run custom build command for `randomx-rs v1.4.1`
[INFO] [stderr] note: To improve backtraces for build dependencies, set the CARGO_PROFILE_DEV_BUILD_OVERRIDE_DEBUG=true environment variable to enable debug information generation.
[INFO] [stderr] 
[INFO] [stderr] Caused by:
[INFO] [stderr]   process didn't exit successfully: `/opt/rustwide/target/debug/build/randomx-rs/c5a4a711041fcb3c/out/build_script_build` (exit status: 101)
[INFO] [stderr]   --- stdout
[INFO] [stderr]   CMAKE_TOOLCHAIN_FILE_x86_64-unknown-linux-gnu = None
[INFO] [stderr]   CMAKE_TOOLCHAIN_FILE_x86_64_unknown_linux_gnu = None
[INFO] [stderr]   HOST_CMAKE_TOOLCHAIN_FILE = None
[INFO] [stderr]   CMAKE_TOOLCHAIN_FILE = None
[INFO] [stderr]   CMAKE_GENERATOR_x86_64-unknown-linux-gnu = None
[INFO] [stderr]   CMAKE_GENERATOR_x86_64_unknown_linux_gnu = None
[INFO] [stderr]   HOST_CMAKE_GENERATOR = None
[INFO] [stderr]   CMAKE_GENERATOR = None
[INFO] [stderr]   CMAKE_PREFIX_PATH_x86_64-unknown-linux-gnu = None
[INFO] [stderr]   CMAKE_PREFIX_PATH_x86_64_unknown_linux_gnu = None
[INFO] [stderr]   HOST_CMAKE_PREFIX_PATH = None
[INFO] [stderr]   CMAKE_PREFIX_PATH = None
[INFO] [stderr]   CMAKE_x86_64-unknown-linux-gnu = None
[INFO] [stderr]   CMAKE_x86_64_unknown_linux_gnu = None
[INFO] [stderr]   HOST_CMAKE = None
[INFO] [stderr]   CMAKE = None
[INFO] [stderr]   -- The C compiler identification is GNU 15.2.0
[INFO] [stderr]   -- The CXX compiler identification is GNU 15.2.0
[INFO] [stderr]   -- Detecting C compiler ABI info
[INFO] [stderr]   -- Detecting C compiler ABI info - done
[INFO] [stderr]   -- Check for working C compiler: /usr/bin/cc - skipped
[INFO] [stderr]   -- Detecting C compile features
[INFO] [stderr]   -- Detecting C compile features - done
[INFO] [stderr]   -- Detecting CXX compiler ABI info
[INFO] [stderr]   -- Detecting CXX compiler ABI info - done
[INFO] [stderr]   -- Check for working CXX compiler: /usr/bin/c++ - skipped
[INFO] [stderr]   -- Detecting CXX compile features
[INFO] [stderr]   -- Detecting CXX compile features - done
[INFO] [stderr]   -- Performing Test _maes_cxx
[INFO] [stderr]   -- Performing Test _maes_cxx - Success
[INFO] [stderr]   -- Setting CXX flag -maes
[INFO] [stderr]   -- Performing Test _maes_c
[INFO] [stderr]   -- Performing Test _maes_c - Success
[INFO] [stderr]   -- Setting C flag -maes
[INFO] [stderr]   -- Performing Test HAVE_SSSE3
[INFO] [stderr]   -- Performing Test HAVE_SSSE3 - Success
[INFO] [stderr]   -- Performing Test HAVE_AVX2
[INFO] [stderr]   -- Performing Test HAVE_AVX2 - Success
[INFO] [stderr]   -- Performing Test CMAKE_HAVE_LIBC_PTHREAD
[INFO] [stderr]   -- Performing Test CMAKE_HAVE_LIBC_PTHREAD - Success
[INFO] [stderr]   -- Found Threads: TRUE
[INFO] [stderr]   -- Performing Test HAVE_CXX_ATOMICS
[INFO] [stderr]   -- Performing Test HAVE_CXX_ATOMICS - Success
[INFO] [stderr]   -- Configuring done (14.7s)
[INFO] [stderr]   -- Generating done (0.3s)
[INFO] [stderr]   -- Build files have been written to: /opt/rustwide/target/debug/build/randomx-rs/440195135d505179/out/build
[INFO] [stderr]   [  2%] Building CXX object CMakeFiles/randomx.dir/src/aes_hash.cpp.o
[INFO] [stderr]   [  5%] Building C object CMakeFiles/randomx.dir/src/argon2_ssse3.c.o
[INFO] [stderr]   [  8%] Building C object CMakeFiles/randomx.dir/src/argon2_ref.c.o
[INFO] [stderr]   [ 11%] Building C object CMakeFiles/randomx.dir/src/argon2_avx2.c.o
[INFO] [stderr]   [ 14%] Building CXX object CMakeFiles/randomx.dir/src/bytecode_machine.cpp.o
[INFO] [stderr]   [ 17%] Building CXX object CMakeFiles/randomx.dir/src/cpu.cpp.o
[INFO] [stderr]   [ 20%] Building CXX object CMakeFiles/randomx.dir/src/dataset.cpp.o
[INFO] [stderr]   [ 23%] Building CXX object CMakeFiles/randomx.dir/src/soft_aes.cpp.o
[INFO] [stderr]   [ 26%] Building C object CMakeFiles/randomx.dir/src/virtual_memory.c.o
[INFO] [stderr]   [ 29%] Building CXX object CMakeFiles/randomx.dir/src/vm_interpreted.cpp.o
[INFO] [stderr]   [ 32%] Building CXX object CMakeFiles/randomx.dir/src/allocator.cpp.o
[INFO] [stderr]   [ 35%] Building CXX object CMakeFiles/randomx.dir/src/assembly_generator_x86.cpp.o
[INFO] [stderr]   [ 38%] Building CXX object CMakeFiles/randomx.dir/src/instruction.cpp.o
[INFO] [stderr]   [ 41%] Building CXX object CMakeFiles/randomx.dir/src/randomx.cpp.o
[INFO] [stderr]   [ 44%] Building CXX object CMakeFiles/randomx.dir/src/superscalar.cpp.o
[INFO] [stderr]   [ 47%] Building CXX object CMakeFiles/randomx.dir/src/vm_compiled.cpp.o
[INFO] [stderr]   [ 50%] Building CXX object CMakeFiles/randomx.dir/src/vm_interpreted_light.cpp.o
[INFO] [stderr]   [ 52%] Building C object CMakeFiles/randomx.dir/src/argon2_core.c.o
[INFO] [stderr]   [ 55%] Building CXX object CMakeFiles/randomx.dir/src/blake2_generator.cpp.o
[INFO] [stderr]   [ 58%] Building CXX object CMakeFiles/randomx.dir/src/instructions_portable.cpp.o
[INFO] [stderr]   [ 61%] Building C object CMakeFiles/randomx.dir/src/reciprocal.c.o
[INFO] [stderr]   [ 64%] Building CXX object CMakeFiles/randomx.dir/src/virtual_machine.cpp.o
[INFO] [stderr]   [ 67%] Building CXX object CMakeFiles/randomx.dir/src/vm_compiled_light.cpp.o
[INFO] [stderr]   [ 70%] Building C object CMakeFiles/randomx.dir/src/blake2/blake2b.c.o
[INFO] [stderr]   [ 73%] Building CXX object CMakeFiles/randomx.dir/src/jit_compiler_x86.cpp.o
[INFO] [stderr]   [ 76%] Building C object CMakeFiles/randomx.dir/src/jit_compiler_x86_static.S.o
[INFO] [stderr] 
[INFO] [stderr]   --- stderr
[INFO] [stderr]   running: cd "/opt/rustwide/target/debug/build/randomx-rs/440195135d505179/out/build" && CMAKE_PREFIX_PATH="" LC_ALL="C" "cmake" "/opt/rustwide/cargo-home/registry/src/index.crates.io-1949cf8c6b5b557f/randomx-rs-1.4.1/RandomX" "-B" "/opt/rustwide/target/debug/build/randomx-rs/440195135d505179/out/build" "-DDARCH=native" "-DCMAKE_INSTALL_PREFIX=/opt/rustwide/target/debug/build/randomx-rs/440195135d505179/out" "-DCMAKE_C_FLAGS= -ffunction-sections -fdata-sections -fPIC -m64 -w" "-DCMAKE_C_COMPILER=/usr/bin/cc" "-DCMAKE_CXX_FLAGS= -ffunction-sections -fdata-sections -fPIC -m64 -w" "-DCMAKE_CXX_COMPILER=/usr/bin/c++" "-DCMAKE_ASM_FLAGS= -ffunction-sections -fdata-sections -fPIC -m64 -w" "-DCMAKE_ASM_COMPILER=/usr/bin/cc" "-DCMAKE_BUILD_TYPE=Debug"
[INFO] [stderr]   CMake Deprecation Warning at CMakeLists.txt:29 (cmake_minimum_required):
[INFO] [stderr]     Compatibility with CMake < 3.10 will be removed from a future version of
[INFO] [stderr]     CMake.
[INFO] [stderr] 
[INFO] [stderr]     Update the VERSION argument <min> value.  Or, use the <min>...<max> syntax
[INFO] [stderr]     to tell CMake that the project requires at least <min> but has been updated
[INFO] [stderr]     to work with policies introduced by <max> or earlier.
[INFO] [stderr] 
[INFO] [stderr] 
[INFO] [stderr]   CMake Warning:
[INFO] [stderr]     Manually-specified variables were not used by the project:
[INFO] [stderr] 
[INFO] [stderr]       CMAKE_ASM_COMPILER
[INFO] [stderr]       CMAKE_ASM_FLAGS
[INFO] [stderr]       DARCH
[INFO] [stderr] 
[INFO] [stderr] 
[INFO] [stderr]   running: cd "/opt/rustwide/target/debug/build/randomx-rs/440195135d505179/out/build" && LC_ALL="C" MAKEFLAGS="-j --jobserver-fds=4,5 --jobserver-auth=4,5" "cmake" "--build" "/opt/rustwide/target/debug/build/randomx-rs/440195135d505179/out/build" "--target" "install" "--config" "Debug"
[INFO] [stderr]   c++: fatal error: Killed signal terminated program cc1plus
[INFO] [stderr]   compilation terminated.
[INFO] [stderr]   gmake[2]: *** [CMakeFiles/randomx.dir/build.make:163: CMakeFiles/randomx.dir/src/dataset.cpp.o] Error 1
[INFO] [stderr]   gmake[2]: *** Waiting for unfinished jobs....
[INFO] [stderr]   gmake[1]: *** [CMakeFiles/Makefile2:96: CMakeFiles/randomx.dir/all] Error 2
[INFO] [stderr]   gmake: *** [Makefile:136: all] Error 2
[INFO] [stderr] 
[INFO] [stderr]   thread 'main' (637) panicked at /opt/rustwide/cargo-home/registry/src/index.crates.io-1949cf8c6b5b557f/cmake-0.1.58/src/lib.rs:1132:5:
[INFO] [stderr] 
[INFO] [stderr]   command did not execute successfully, got: exit status: 2
[INFO] [stderr] 
[INFO] [stderr]   build script failed, must exit now
[INFO] [stderr]   stack backtrace:
[INFO] [stderr]      0:     0x580d0e4c4c11 - std[3164a59e47d3bde]::backtrace_rs::backtrace::libunwind::trace
[INFO] [stderr]                                  at /rustc/3154cc1a3e6424e44f438a95007d043ed5ceaaf6/library/std/src/../../backtrace/src/backtrace/libunwind.rs:117:9
[INFO] [stderr]      1:     0x580d0e4c4c11 - std[3164a59e47d3bde]::backtrace_rs::backtrace::trace_unsynchronized::<std[3164a59e47d3bde]::sys::backtrace::_print_fmt::{closure#1}>
[INFO] [stderr]                                  at /rustc/3154cc1a3e6424e44f438a95007d043ed5ceaaf6/library/std/src/../../backtrace/src/backtrace/mod.rs:66:14
[INFO] [stderr]      2:     0x580d0e4c4c11 - std[3164a59e47d3bde]::sys::backtrace::_print_fmt
[INFO] [stderr]                                  at /rustc/3154cc1a3e6424e44f438a95007d043ed5ceaaf6/library/std/src/sys/backtrace.rs:74:9
[INFO] [stderr]      3:     0x580d0e4c4c11 - <<std[3164a59e47d3bde]::sys::backtrace::BacktraceLock>::print::DisplayBacktrace as core[934024a1e6126fb4]::fmt::Display>::fmt
[INFO] [stderr]                                  at /rustc/3154cc1a3e6424e44f438a95007d043ed5ceaaf6/library/std/src/sys/backtrace.rs:44:26
[INFO] [stderr]      4:     0x580d0e4d8e1a - <core[934024a1e6126fb4]::fmt::rt::Argument>::fmt
[INFO] [stderr]                                  at /rustc/3154cc1a3e6424e44f438a95007d043ed5ceaaf6/library/core/src/fmt/rt.rs:152:76
[INFO] [stderr]      5:     0x580d0e4d8e1a - core[934024a1e6126fb4]::fmt::write
[INFO] [stderr]      6:     0x580d0e4ca66c - core[934024a1e6126fb4]::io::write::default_write_fmt::<std[3164a59e47d3bde]::sys::stdio::unix::Stderr>
[INFO] [stderr]                                  at /rustc/3154cc1a3e6424e44f438a95007d043ed5ceaaf6/library/core/src/io/write.rs:402:11
[INFO] [stderr]      7:     0x580d0e4ca66c - <std[3164a59e47d3bde]::sys::stdio::unix::Stderr as core[934024a1e6126fb4]::io::write::Write>::write_fmt
[INFO] [stderr]                                  at /rustc/3154cc1a3e6424e44f438a95007d043ed5ceaaf6/library/core/src/io/write.rs:335:13
[INFO] [stderr]      8:     0x580d0e4a41e6 - <std[3164a59e47d3bde]::sys::backtrace::BacktraceLock>::print
[INFO] [stderr]                                  at /rustc/3154cc1a3e6424e44f438a95007d043ed5ceaaf6/library/std/src/sys/backtrace.rs:47:9
[INFO] [stderr]      9:     0x580d0e4a41e6 - std[3164a59e47d3bde]::panicking::default_hook::{closure#0}
[INFO] [stderr]                                  at /rustc/3154cc1a3e6424e44f438a95007d043ed5ceaaf6/library/std/src/panicking.rs:289:27
[INFO] [stderr]     10:     0x580d0e4bf931 - std[3164a59e47d3bde]::panicking::default_hook
[INFO] [stderr]                                  at /rustc/3154cc1a3e6424e44f438a95007d043ed5ceaaf6/library/std/src/panicking.rs:316:9
[INFO] [stderr]     11:     0x580d0e4bfaeb - std[3164a59e47d3bde]::panicking::panic_with_hook
[INFO] [stderr]                                  at /rustc/3154cc1a3e6424e44f438a95007d043ed5ceaaf6/library/std/src/panicking.rs:811:13
[INFO] [stderr]     12:     0x580d0e4a4292 - std[3164a59e47d3bde]::panicking::panic_handler::{closure#0}
[INFO] [stderr]                                  at /rustc/3154cc1a3e6424e44f438a95007d043ed5ceaaf6/library/std/src/panicking.rs:685:13
[INFO] [stderr]     13:     0x580d0e49cf39 - std[3164a59e47d3bde]::sys::backtrace::__rust_end_short_backtrace::<std[3164a59e47d3bde]::panicking::panic_handler::{closure#0}, !>
[INFO] [stderr]                                  at /rustc/3154cc1a3e6424e44f438a95007d043ed5ceaaf6/library/std/src/sys/backtrace.rs:182:18
[INFO] [stderr]     14:     0x580d0e4a4a7d - __rustc[2e7b49d4226056d3]::rust_begin_unwind
[INFO] [stderr]                                  at /rustc/3154cc1a3e6424e44f438a95007d043ed5ceaaf6/library/std/src/panicking.rs:676:5
[INFO] [stderr]     15:     0x580d0e4d960c - core[934024a1e6126fb4]::panicking::panic_fmt
[INFO] [stderr]                                  at /rustc/3154cc1a3e6424e44f438a95007d043ed5ceaaf6/library/core/src/panicking.rs:80:14
[INFO] [stderr]     16:     0x580d0e42ed07 - cmake[b0c03ccf27bb39d9]::fail
[INFO] [stderr]     17:     0x580d0e42e993 - cmake[b0c03ccf27bb39d9]::run
[INFO] [stderr]     18:     0x580d0e434965 - <cmake[b0c03ccf27bb39d9]::Config>::build
[INFO] [stderr]     19:     0x580d0e420aca - build_script_build[e4be522277272e10]::main
[INFO] [stderr]     20:     0x580d0e4214e3 - <fn() as core[934024a1e6126fb4]::ops::function::FnOnce<()>>::call_once
[INFO] [stderr]     21:     0x580d0e42093e - std[3164a59e47d3bde]::sys::backtrace::__rust_begin_short_backtrace::<fn(), ()>
[INFO] [stderr]     22:     0x580d0e420949 - std[3164a59e47d3bde]::rt::lang_start::<()>::{closure#0}
[INFO] [stderr]     23:     0x580d0e4bec38 - <&dyn core[934024a1e6126fb4]::ops::function::Fn<(), Output = i32> + core[934024a1e6126fb4]::marker::Sync + core[934024a1e6126fb4]::panic::unwind_safe::RefUnwindSafe as core[934024a1e6126fb4]::ops::function::FnOnce<()>>::call_once
[INFO] [stderr]                                  at /rustc/3154cc1a3e6424e44f438a95007d043ed5ceaaf6/library/core/src/ops/function.rs:287:21
[INFO] [stderr]     24:     0x580d0e4bec38 - std[3164a59e47d3bde]::panicking::catch_unwind::do_call::<&dyn core[934024a1e6126fb4]::ops::function::Fn<(), Output = i32> + core[934024a1e6126fb4]::marker::Sync + core[934024a1e6126fb4]::panic::unwind_safe::RefUnwindSafe, i32>
[INFO] [stderr]                                  at /rustc/3154cc1a3e6424e44f438a95007d043ed5ceaaf6/library/std/src/panicking.rs:573:43
[INFO] [stderr]     25:     0x580d0e4bec38 - std[3164a59e47d3bde]::panicking::catch_unwind::<i32, &dyn core[934024a1e6126fb4]::ops::function::Fn<(), Output = i32> + core[934024a1e6126fb4]::marker::Sync + core[934024a1e6126fb4]::panic::unwind_safe::RefUnwindSafe>
[INFO] [stderr]                                  at /rustc/3154cc1a3e6424e44f438a95007d043ed5ceaaf6/library/std/src/panicking.rs:541:19
[INFO] [stderr]     26:     0x580d0e4bec38 - std[3164a59e47d3bde]::panic::catch_unwind::<&dyn core[934024a1e6126fb4]::ops::function::Fn<(), Output = i32> + core[934024a1e6126fb4]::marker::Sync + core[934024a1e6126fb4]::panic::unwind_safe::RefUnwindSafe, i32>
[INFO] [stderr]                                  at /rustc/3154cc1a3e6424e44f438a95007d043ed5ceaaf6/library/std/src/panic.rs:359:14
[INFO] [stderr]     27:     0x580d0e4bec38 - std[3164a59e47d3bde]::rt::lang_start_internal::{closure#0}
[INFO] [stderr]                                  at /rustc/3154cc1a3e6424e44f438a95007d043ed5ceaaf6/library/std/src/rt.rs:175:24
[INFO] [stderr]     28:     0x580d0e4bec38 - std[3164a59e47d3bde]::panicking::catch_unwind::do_call::<std[3164a59e47d3bde]::rt::lang_start_internal::{closure#0}, isize>
[INFO] [stderr]                                  at /rustc/3154cc1a3e6424e44f438a95007d043ed5ceaaf6/library/std/src/panicking.rs:573:43
[INFO] [stderr]     29:     0x580d0e4bec38 - std[3164a59e47d3bde]::panicking::catch_unwind::<isize, std[3164a59e47d3bde]::rt::lang_start_internal::{closure#0}>
[INFO] [stderr]                                  at /rustc/3154cc1a3e6424e44f438a95007d043ed5ceaaf6/library/std/src/panicking.rs:541:19
[INFO] [stderr]     30:     0x580d0e4bec38 - std[3164a59e47d3bde]::panic::catch_unwind::<std[3164a59e47d3bde]::rt::lang_start_internal::{closure#0}, isize>
[INFO] [stderr]                                  at /rustc/3154cc1a3e6424e44f438a95007d043ed5ceaaf6/library/std/src/panic.rs:359:14
[INFO] [stderr]     31:     0x580d0e4bec38 - std[3164a59e47d3bde]::rt::lang_start_internal
[INFO] [stderr]                                  at /rustc/3154cc1a3e6424e44f438a95007d043ed5ceaaf6/library/std/src/rt.rs:171:5
[INFO] [stderr]     32:     0x580d0e420931 - std[3164a59e47d3bde]::rt::lang_start::<()>
[INFO] [stderr]     33:     0x580d0e421555 - main
[INFO] [stderr]     34:     0x7138d3dfe601 - <unknown>
[INFO] [stderr]     35:     0x7138d3dfe718 - __libc_start_main
[INFO] [stderr]     36:     0x580d0e41f865 - _start
[INFO] [stderr]     37:                0x0 - <unknown>
[INFO] running `Command { std: "docker" "inspect" "0da81d0abf8e7983cbb11f32aaf91b5808d6d32ab362a1392a5025f6e80d2031", kill_on_drop: false }`
[INFO] running `Command { std: "docker" "rm" "-f" "0da81d0abf8e7983cbb11f32aaf91b5808d6d32ab362a1392a5025f6e80d2031", kill_on_drop: false }`
[INFO] [stdout] 0da81d0abf8e7983cbb11f32aaf91b5808d6d32ab362a1392a5025f6e80d2031
