[INFO] cloning repository https://github.com/clemschiste/ponder
[INFO] running `Command { std: "git" "-c" "credential.helper=" "-c" "credential.helper=/workspace/cargo-home/bin/git-credential-null" "clone" "--bare" "https://github.com/clemschiste/ponder" "/workspace/cache/git-repos/https%3A%2F%2Fgithub.com%2Fclemschiste%2Fponder", kill_on_drop: false }`
[INFO] [stderr] Cloning into bare repository '/workspace/cache/git-repos/https%3A%2F%2Fgithub.com%2Fclemschiste%2Fponder'...
[INFO] running `Command { std: "git" "rev-parse" "HEAD", kill_on_drop: false }`
[INFO] [stdout] 196044559b61c4e690a7536bca8e2f162ff02833
[INFO] checking clemschiste/ponder against 3154cc1a3e6424e44f438a95007d043ed5ceaaf6+rustflags=-Znext-solver=coherence for pr-133502-30
[INFO] running `Command { std: "git" "clone" "/workspace/cache/git-repos/https%3A%2F%2Fgithub.com%2Fclemschiste%2Fponder" "/workspace/builds/worker-6-tc1/source", kill_on_drop: false }`
[INFO] [stderr] Cloning into '/workspace/builds/worker-6-tc1/source'...
[INFO] [stderr] done.
[INFO] started tweaking git repo https://github.com/clemschiste/ponder
[INFO] finished tweaking git repo https://github.com/clemschiste/ponder
[INFO] tweaked toml for git repo https://github.com/clemschiste/ponder written to /workspace/builds/worker-6-tc1/source/Cargo.toml
[INFO] validating manifest of git repo https://github.com/clemschiste/ponder on toolchain 3154cc1a3e6424e44f438a95007d043ed5ceaaf6
[INFO] running `Command { std: CARGO_HOME="/workspace/cargo-home" RUSTUP_HOME="/workspace/rustup-home" "/workspace/cargo-home/bin/cargo" "+3154cc1a3e6424e44f438a95007d043ed5ceaaf6" "metadata" "--manifest-path" "Cargo.toml" "--no-deps", kill_on_drop: false }`
[INFO] crate git repo https://github.com/clemschiste/ponder already has a lockfile, it will not be regenerated
[INFO] running `Command { std: CARGO_HOME="/workspace/cargo-home" RUSTUP_HOME="/workspace/rustup-home" "/workspace/cargo-home/bin/cargo" "+3154cc1a3e6424e44f438a95007d043ed5ceaaf6" "fetch" "--manifest-path" "Cargo.toml", kill_on_drop: false }`
[INFO] running `Command { std: "docker" "create" "-v" "/var/lib/crater-agent-workspace/builds/worker-6-tc1/source:/opt/rustwide/workdir:ro,Z" "-v" "/var/lib/crater-agent-workspace/builds/worker-6-tc1/target:/opt/rustwide/target:rw,Z" "-v" "/var/lib/crater-agent-workspace/cargo-home:/opt/rustwide/cargo-home:ro,Z" "-v" "/var/lib/crater-agent-workspace/rustup-home:/opt/rustwide/rustup-home:ro,Z" "-m" "1610612736" "--network" "none" "ghcr.io/rust-lang/crates-build-env/linux@sha256:77db811e55d90add9212f6832c23229e3de5f1c1f9905e8cb07319ea15df73ac" "sleep" "infinity", kill_on_drop: false }`
[INFO] [stdout] 19d58c6a40faea962ad1fc7c11b08a2459e191a50fdc5360ae71b7d87805a679
[INFO] running `Command { std: "docker" "start" "19d58c6a40faea962ad1fc7c11b08a2459e191a50fdc5360ae71b7d87805a679", kill_on_drop: false }`
[INFO] running `Command { std: "docker" "inspect" "19d58c6a40faea962ad1fc7c11b08a2459e191a50fdc5360ae71b7d87805a679", kill_on_drop: false }`
[INFO] running `Command { std: "docker" "exec" "-e" "SOURCE_DIR=/opt/rustwide/workdir" "-e" "CARGO_HOME=/opt/rustwide/cargo-home" "-e" "RUSTUP_HOME=/opt/rustwide/rustup-home" "-e" "CARGO_TARGET_DIR=/opt/rustwide/target" "-w" "/opt/rustwide/workdir" "--user" "0:0" "19d58c6a40faea962ad1fc7c11b08a2459e191a50fdc5360ae71b7d87805a679" "/opt/rustwide/cargo-home/bin/cargo" "+3154cc1a3e6424e44f438a95007d043ed5ceaaf6" "metadata" "--no-deps" "--format-version=1", kill_on_drop: false }`
[INFO] running `Command { std: "docker" "inspect" "19d58c6a40faea962ad1fc7c11b08a2459e191a50fdc5360ae71b7d87805a679", kill_on_drop: false }`
[INFO] running `Command { std: "docker" "exec" "-e" "SOURCE_DIR=/opt/rustwide/workdir" "-e" "CARGO_HOME=/opt/rustwide/cargo-home" "-e" "RUSTUP_HOME=/opt/rustwide/rustup-home" "-e" "CARGO_TARGET_DIR=/opt/rustwide/target" "-e" "CARGO_INCREMENTAL=0" "-e" "RUST_BACKTRACE=full" "-e" "RUSTFLAGS=--cap-lints=forbid -Znext-solver=coherence" "-e" "RUSTDOCFLAGS=--cap-lints=forbid" "-w" "/opt/rustwide/workdir" "--user" "0:0" "19d58c6a40faea962ad1fc7c11b08a2459e191a50fdc5360ae71b7d87805a679" "/opt/rustwide/cargo-home/bin/cargo" "+3154cc1a3e6424e44f438a95007d043ed5ceaaf6" "check" "--frozen" "--all" "--all-targets" "--message-format=json", kill_on_drop: false }`
[INFO] [stderr]    Compiling generic-array v0.14.9
[INFO] [stderr]    Compiling syn v3.0.4
[INFO] [stderr]    Compiling smallvec v1.15.2
[INFO] [stderr]    Compiling num-traits v0.2.19
[INFO] [stderr]    Compiling thiserror v2.0.20
[INFO] [stderr]    Compiling foldhash v0.2.0
[INFO] [stderr]    Compiling form_urlencoded v1.2.2
[INFO] [stderr]    Compiling libsqlite3-sys v0.37.0
[INFO] [stderr]    Compiling hashbrown v0.16.1
[INFO] [stderr]    Compiling serde_json v1.0.151
[INFO] [stderr]     Checking parking_lot_core v0.9.12
[INFO] [stderr]    Compiling parking_lot v0.12.5
[INFO] [stderr]    Compiling futures-intrusive v0.5.0
[INFO] [stderr]     Checking block-buffer v0.10.4
[INFO] [stderr]     Checking crypto-common v0.1.6
[INFO] [stderr]    Compiling hashlink v0.11.1
[INFO] [stderr]    Compiling spin v0.9.9
[INFO] [stderr]    Compiling digest v0.10.7
[INFO] [stderr]    Compiling sha2 v0.10.9
[INFO] [stderr]    Compiling base64 v0.22.1
[INFO] [stderr]    Compiling flume v0.12.0
[INFO] [stderr]    Compiling atoi v2.0.0
[INFO] [stderr]    Compiling futures-executor v0.3.34
[INFO] [stderr]     Checking log v0.4.34
[INFO] [stderr]     Checking tracing v0.1.44
[INFO] [stderr]     Checking futures-channel v0.3.34
[INFO] [stderr]    Compiling pulldown-cmark v0.13.4
[INFO] [stderr]     Checking clap_builder v4.6.6
[INFO] [stderr]    Compiling zerovec-derive v0.11.6
[INFO] [stderr]    Compiling displaydoc v0.2.7
[INFO] [stderr]    Compiling serde_derive v1.0.229
[INFO] [stderr]    Compiling thiserror-impl v2.0.20
[INFO] [stderr]    Compiling tokio-macros v2.7.2
[INFO] [stderr]    Compiling clap_derive v4.6.4
[INFO] [stderr]    Compiling zerotrie v0.2.5
[INFO] [stderr]     Checking tokio v1.53.1
[INFO] [stderr]    Compiling zerovec v0.11.8
[INFO] [stderr]     Checking tinystr v0.8.4
[INFO] [stderr]     Checking potential_utf v0.1.6
[INFO] [stderr]     Checking icu_locale_core v2.3.0
[INFO] [stderr]     Checking icu_collections v2.3.0
[INFO] [stderr]     Checking clap v4.6.6
[INFO] [stderr]     Checking icu_provider v2.3.1
[INFO] [stderr]    Compiling serde v1.0.229
[INFO] [stderr]     Checking icu_normalizer v2.3.0
[INFO] [stderr]    Compiling icu_properties v2.3.0
[INFO] [stderr]     Checking either v1.18.0
[INFO] [stderr]    Compiling idna_adapter v1.2.2
[INFO] [stderr]    Compiling idna v1.1.0
[INFO] [stderr]    Compiling url v2.5.8
[INFO] [stderr]     Checking tokio-stream v0.1.19
[INFO] [stderr]    Compiling sqlx-core v0.9.0
[INFO] [stderr]     Checking sqlx-sqlite v0.9.0
[INFO] [stderr]    Compiling sqlx-macros-core v0.9.0
[INFO] [stderr]    Compiling sqlx-macros v0.9.0
[INFO] [stderr]     Checking sqlx v0.9.0
[INFO] [stderr]     Checking ponder v0.1.0 (/opt/rustwide/workdir)
[INFO] [stdout] error: error returned from database: (code: 14) unable to open database file
[INFO] [stdout]    --> src/commands/add.rs:269:14
[INFO] [stdout]     |
[INFO] [stdout] 269 |     let deck = sqlx::query_as!(
[INFO] [stdout]     |  ______________^
[INFO] [stdout] 270 | |     Deck,
[INFO] [stdout] 271 | |     r#"
[INFO] [stdout] 272 | |       SELECT id, name, created_at
[INFO] [stdout] ...   |
[INFO] [stdout] 277 | |     name
[INFO] [stdout] 278 | |   )
[INFO] [stdout]     | |___^
[INFO] [stdout]     |
[INFO] [stdout]     = note: this error originates in the macro `$crate::sqlx_macros::expand_query` which comes from the expansion of the macro `sqlx::query_as` (in Nightly builds, run with -Z macro-backtrace for more info)
[INFO] [stdout] 
[INFO] [stdout] 
[INFO] [stdout] error: error returned from database: (code: 14) unable to open database file
[INFO] [stdout]   --> src/commands/review.rs:29:15
[INFO] [stdout]    |
[INFO] [stdout] 29 |     let cards = sqlx::query_as!(
[INFO] [stdout]    |  _______________^
[INFO] [stdout] 30 | |     Card,
[INFO] [stdout] 31 | |     r#"
[INFO] [stdout] 32 | |       SELECT id, front, back, example, created_at, deck_id
[INFO] [stdout] ...  |
[INFO] [stdout] 37 | |     review_args.count
[INFO] [stdout] 38 | |   )
[INFO] [stdout]    | |___^
[INFO] [stdout]    |
[INFO] [stdout]    = note: this error originates in the macro `$crate::sqlx_macros::expand_query` which comes from the expansion of the macro `sqlx::query_as` (in Nightly builds, run with -Z macro-backtrace for more info)
[INFO] [stdout] 
[INFO] [stdout] 
[INFO] [stdout] error: error returned from database: (code: 14) unable to open database file
[INFO] [stdout]   --> src/commands/show.rs:39:26
[INFO] [stdout]    |
[INFO] [stdout] 39 |     let cards: Vec<Card> = sqlx::query_as!(
[INFO] [stdout]    |  __________________________^
[INFO] [stdout] 40 | |       Card,
[INFO] [stdout] 41 | |       r#"
[INFO] [stdout] 42 | |         SELECT id, front, back, example, created_at, deck_id
[INFO] [stdout] ...  |
[INFO] [stdout] 47 | |       show_card_args.name
[INFO] [stdout] 48 | |     )
[INFO] [stdout]    | |_____^
[INFO] [stdout]    |
[INFO] [stdout]    = note: this error originates in the macro `$crate::sqlx_macros::expand_query` which comes from the expansion of the macro `sqlx::query_as` (in Nightly builds, run with -Z macro-backtrace for more info)
[INFO] [stdout] 
[INFO] [stdout] 
[INFO] [stdout] error: error returned from database: (code: 14) unable to open database file
[INFO] [stdout]   --> src/commands/show.rs:58:14
[INFO] [stdout]    |
[INFO] [stdout] 58 |     let deck = sqlx::query_as!(
[INFO] [stdout]    |  ______________^
[INFO] [stdout] 59 | |       Deck,
[INFO] [stdout] 60 | |       r#"
[INFO] [stdout] 61 | |         SELECT id, name, created_at
[INFO] [stdout] ...  |
[INFO] [stdout] 66 | |       show_deck_args.name
[INFO] [stdout] 67 | |     )
[INFO] [stdout]    | |_____^
[INFO] [stdout]    |
[INFO] [stdout]    = note: this error originates in the macro `$crate::sqlx_macros::expand_query` which comes from the expansion of the macro `sqlx::query_as` (in Nightly builds, run with -Z macro-backtrace for more info)
[INFO] [stdout] 
[INFO] [stdout] 
[INFO] [stdout] error: error returned from database: (code: 14) unable to open database file
[INFO] [stdout]    --> src/commands/add.rs:269:14
[INFO] [stdout]     |
[INFO] [stdout] 269 |     let deck = sqlx::query_as!(
[INFO] [stdout]     |  ______________^
[INFO] [stdout] 270 | |     Deck,
[INFO] [stdout] 271 | |     r#"
[INFO] [stdout] 272 | |       SELECT id, name, created_at
[INFO] [stdout] ...   |
[INFO] [stdout] 277 | |     name
[INFO] [stdout] 278 | |   )
[INFO] [stdout]     | |___^
[INFO] [stdout]     |
[INFO] [stdout]     = note: this error originates in the macro `$crate::sqlx_macros::expand_query` which comes from the expansion of the macro `sqlx::query_as` (in Nightly builds, run with -Z macro-backtrace for more info)
[INFO] [stdout] 
[INFO] [stdout] 
[INFO] [stdout] error: error returned from database: (code: 14) unable to open database file
[INFO] [stdout]   --> src/commands/review.rs:29:15
[INFO] [stdout]    |
[INFO] [stdout] 29 |     let cards = sqlx::query_as!(
[INFO] [stdout]    |  _______________^
[INFO] [stdout] 30 | |     Card,
[INFO] [stdout] 31 | |     r#"
[INFO] [stdout] 32 | |       SELECT id, front, back, example, created_at, deck_id
[INFO] [stdout] ...  |
[INFO] [stdout] 37 | |     review_args.count
[INFO] [stdout] 38 | |   )
[INFO] [stdout]    | |___^
[INFO] [stdout]    |
[INFO] [stdout]    = note: this error originates in the macro `$crate::sqlx_macros::expand_query` which comes from the expansion of the macro `sqlx::query_as` (in Nightly builds, run with -Z macro-backtrace for more info)
[INFO] [stdout] 
[INFO] [stdout] 
[INFO] [stdout] error: error returned from database: (code: 14) unable to open database file
[INFO] [stdout]   --> src/commands/show.rs:39:26
[INFO] [stdout]    |
[INFO] [stdout] 39 |     let cards: Vec<Card> = sqlx::query_as!(
[INFO] [stdout]    |  __________________________^
[INFO] [stdout] 40 | |       Card,
[INFO] [stdout] 41 | |       r#"
[INFO] [stdout] 42 | |         SELECT id, front, back, example, created_at, deck_id
[INFO] [stdout] ...  |
[INFO] [stdout] 47 | |       show_card_args.name
[INFO] [stdout] 48 | |     )
[INFO] [stdout]    | |_____^
[INFO] [stdout]    |
[INFO] [stdout]    = note: this error originates in the macro `$crate::sqlx_macros::expand_query` which comes from the expansion of the macro `sqlx::query_as` (in Nightly builds, run with -Z macro-backtrace for more info)
[INFO] [stdout] 
[INFO] [stdout] 
[INFO] [stdout] error: error returned from database: (code: 14) unable to open database file
[INFO] [stdout]   --> src/commands/show.rs:58:14
[INFO] [stdout]    |
[INFO] [stdout] 58 |     let deck = sqlx::query_as!(
[INFO] [stdout]    |  ______________^
[INFO] [stdout] 59 | |       Deck,
[INFO] [stdout] 60 | |       r#"
[INFO] [stdout] 61 | |         SELECT id, name, created_at
[INFO] [stdout] ...  |
[INFO] [stdout] 66 | |       show_deck_args.name
[INFO] [stdout] 67 | |     )
[INFO] [stdout]    | |_____^
[INFO] [stdout]    |
[INFO] [stdout]    = note: this error originates in the macro `$crate::sqlx_macros::expand_query` which comes from the expansion of the macro `sqlx::query_as` (in Nightly builds, run with -Z macro-backtrace for more info)
[INFO] [stdout] 
[INFO] [stdout] 
[INFO] [stderr] error: could not compile `ponder` (bin "ponder") due to 4 previous errors
[INFO] [stderr] warning: build failed, waiting for other jobs to finish...
[INFO] [stderr] error: could not compile `ponder` (bin "ponder" test) due to 4 previous errors
[INFO] running `Command { std: "docker" "inspect" "19d58c6a40faea962ad1fc7c11b08a2459e191a50fdc5360ae71b7d87805a679", kill_on_drop: false }`
[INFO] running `Command { std: "docker" "rm" "-f" "19d58c6a40faea962ad1fc7c11b08a2459e191a50fdc5360ae71b7d87805a679", kill_on_drop: false }`
[INFO] [stdout] 19d58c6a40faea962ad1fc7c11b08a2459e191a50fdc5360ae71b7d87805a679
