[INFO] cloning repository https://github.com/chzih076/lasx_rs
[INFO] running `Command { std: "git" "-c" "credential.helper=" "-c" "credential.helper=/workspace/cargo-home/bin/git-credential-null" "clone" "--bare" "https://github.com/chzih076/lasx_rs" "/workspace/cache/git-repos/https%3A%2F%2Fgithub.com%2Fchzih076%2Flasx_rs", kill_on_drop: false }`
[INFO] [stderr] Cloning into bare repository '/workspace/cache/git-repos/https%3A%2F%2Fgithub.com%2Fchzih076%2Flasx_rs'...
[INFO] running `Command { std: "git" "rev-parse" "HEAD", kill_on_drop: false }`
[INFO] [stdout] f7632985be654b0a5e9a55422e1025ee05faec1e
[INFO] checking chzih076/lasx_rs against 3154cc1a3e6424e44f438a95007d043ed5ceaaf6+rustflags=-Znext-solver=coherence for pr-133502-30
[INFO] running `Command { std: "git" "clone" "/workspace/cache/git-repos/https%3A%2F%2Fgithub.com%2Fchzih076%2Flasx_rs" "/workspace/builds/worker-1-tc1/source", kill_on_drop: false }`
[INFO] [stderr] Cloning into '/workspace/builds/worker-1-tc1/source'...
[INFO] [stderr] done.
[INFO] removed /workspace/builds/worker-1-tc1/source/.cargo/config.toml
[INFO] started tweaking git repo https://github.com/chzih076/lasx_rs
[INFO] finished tweaking git repo https://github.com/chzih076/lasx_rs
[INFO] tweaked toml for git repo https://github.com/chzih076/lasx_rs written to /workspace/builds/worker-1-tc1/source/Cargo.toml
[INFO] validating manifest of git repo https://github.com/chzih076/lasx_rs on toolchain 3154cc1a3e6424e44f438a95007d043ed5ceaaf6
[INFO] running `Command { std: CARGO_HOME="/workspace/cargo-home" RUSTUP_HOME="/workspace/rustup-home" "/workspace/cargo-home/bin/cargo" "+3154cc1a3e6424e44f438a95007d043ed5ceaaf6" "metadata" "--manifest-path" "Cargo.toml" "--no-deps", kill_on_drop: false }`
[INFO] crate git repo https://github.com/chzih076/lasx_rs already has a lockfile, it will not be regenerated
[INFO] running `Command { std: CARGO_HOME="/workspace/cargo-home" RUSTUP_HOME="/workspace/rustup-home" "/workspace/cargo-home/bin/cargo" "+3154cc1a3e6424e44f438a95007d043ed5ceaaf6" "fetch" "--manifest-path" "Cargo.toml", kill_on_drop: false }`
[INFO] running `Command { std: "docker" "create" "-v" "/var/lib/crater-agent-workspace/builds/worker-1-tc1/source:/opt/rustwide/workdir:ro,Z" "-v" "/var/lib/crater-agent-workspace/builds/worker-1-tc1/target:/opt/rustwide/target:rw,Z" "-v" "/var/lib/crater-agent-workspace/cargo-home:/opt/rustwide/cargo-home:ro,Z" "-v" "/var/lib/crater-agent-workspace/rustup-home:/opt/rustwide/rustup-home:ro,Z" "-m" "1610612736" "--network" "none" "ghcr.io/rust-lang/crates-build-env/linux@sha256:77db811e55d90add9212f6832c23229e3de5f1c1f9905e8cb07319ea15df73ac" "sleep" "infinity", kill_on_drop: false }`
[INFO] [stdout] 92347ace91e8bc30b69a1ab8a5e8570b10a3953ac5b999c46e9d373f77ae9022
[INFO] running `Command { std: "docker" "start" "92347ace91e8bc30b69a1ab8a5e8570b10a3953ac5b999c46e9d373f77ae9022", kill_on_drop: false }`
[INFO] running `Command { std: "docker" "inspect" "92347ace91e8bc30b69a1ab8a5e8570b10a3953ac5b999c46e9d373f77ae9022", kill_on_drop: false }`
[INFO] running `Command { std: "docker" "exec" "-e" "SOURCE_DIR=/opt/rustwide/workdir" "-e" "CARGO_HOME=/opt/rustwide/cargo-home" "-e" "RUSTUP_HOME=/opt/rustwide/rustup-home" "-e" "CARGO_TARGET_DIR=/opt/rustwide/target" "-w" "/opt/rustwide/workdir" "--user" "0:0" "92347ace91e8bc30b69a1ab8a5e8570b10a3953ac5b999c46e9d373f77ae9022" "/opt/rustwide/cargo-home/bin/cargo" "+3154cc1a3e6424e44f438a95007d043ed5ceaaf6" "metadata" "--no-deps" "--format-version=1", kill_on_drop: false }`
[INFO] running `Command { std: "docker" "inspect" "92347ace91e8bc30b69a1ab8a5e8570b10a3953ac5b999c46e9d373f77ae9022", kill_on_drop: false }`
[INFO] running `Command { std: "docker" "exec" "-e" "SOURCE_DIR=/opt/rustwide/workdir" "-e" "CARGO_HOME=/opt/rustwide/cargo-home" "-e" "RUSTUP_HOME=/opt/rustwide/rustup-home" "-e" "CARGO_TARGET_DIR=/opt/rustwide/target" "-e" "CARGO_INCREMENTAL=0" "-e" "RUST_BACKTRACE=full" "-e" "RUSTFLAGS=--cap-lints=forbid -Znext-solver=coherence" "-e" "RUSTDOCFLAGS=--cap-lints=forbid" "-w" "/opt/rustwide/workdir" "--user" "0:0" "92347ace91e8bc30b69a1ab8a5e8570b10a3953ac5b999c46e9d373f77ae9022" "/opt/rustwide/cargo-home/bin/cargo" "+3154cc1a3e6424e44f438a95007d043ed5ceaaf6" "check" "--frozen" "--all" "--all-targets" "--message-format=json", kill_on_drop: false }`
[INFO] [stderr]    Compiling lasx_rs_macros v0.1.0 (/opt/rustwide/workdir/macros)
[INFO] [stderr]     Checking lasx_rs v0.1.0 (/opt/rustwide/workdir)
[INFO] [stdout] error[E0432]: unresolved import `std::arch::loongarch64`
[INFO] [stdout]  --> src/arch/lasx.rs:6:16
[INFO] [stdout]   |
[INFO] [stdout] 6 | use std::arch::loongarch64::*;
[INFO] [stdout]   |                ^^^^^^^^^^^ could not find `loongarch64` in `arch`
[INFO] [stdout] 
[INFO] [stdout] 
[INFO] [stdout] error[E0432]: unresolved import `std::arch::loongarch64`
[INFO] [stdout]  --> src/arch/lsx.rs:6:16
[INFO] [stdout]   |
[INFO] [stdout] 6 | use std::arch::loongarch64::*;
[INFO] [stdout]   |                ^^^^^^^^^^^ could not find `loongarch64` in `arch`
[INFO] [stdout] 
[INFO] [stdout] 
[INFO] [stdout] error[E0432]: unresolved import `std::arch::loongarch64`
[INFO] [stdout]   --> src/ops/axpy.rs:10:16
[INFO] [stdout]    |
[INFO] [stdout] 10 | use std::arch::loongarch64::*;
[INFO] [stdout]    |                ^^^^^^^^^^^ could not find `loongarch64` in `arch`
[INFO] [stdout] 
[INFO] [stdout] 
[INFO] [stdout] error[E0432]: unresolved import `std::arch::loongarch64`
[INFO] [stdout]   --> src/ops/ballistic_step.rs:11:16
[INFO] [stdout]    |
[INFO] [stdout] 11 | use std::arch::loongarch64::*;
[INFO] [stdout]    |                ^^^^^^^^^^^ could not find `loongarch64` in `arch`
[INFO] [stdout] 
[INFO] [stdout] 
[INFO] [stdout] error[E0432]: unresolved import `std::arch::loongarch64`
[INFO] [stdout]   --> src/ops/batch_distance2d.rs:11:16
[INFO] [stdout]    |
[INFO] [stdout] 11 | use std::arch::loongarch64::*;
[INFO] [stdout]    |                ^^^^^^^^^^^ could not find `loongarch64` in `arch`
[INFO] [stdout] 
[INFO] [stdout] 
[INFO] [stdout] error[E0432]: unresolved import `std::arch::loongarch64`
[INFO] [stdout]   --> src/ops/cross3_batch.rs:18:16
[INFO] [stdout]    |
[INFO] [stdout] 18 | use std::arch::loongarch64::*;
[INFO] [stdout]    |                ^^^^^^^^^^^ could not find `loongarch64` in `arch`
[INFO] [stdout] 
[INFO] [stdout] 
[INFO] [stdout] error[E0432]: unresolved import `std::arch::loongarch64`
[INFO] [stdout]   --> src/ops/dot.rs:16:16
[INFO] [stdout]    |
[INFO] [stdout] 16 | use std::arch::loongarch64::*;
[INFO] [stdout]    |                ^^^^^^^^^^^ could not find `loongarch64` in `arch`
[INFO] [stdout] 
[INFO] [stdout] 
[INFO] [stdout] error[E0432]: unresolved import `std::arch::loongarch64`
[INFO] [stdout]   --> src/ops/dot_f16.rs:46:16
[INFO] [stdout]    |
[INFO] [stdout] 46 | use std::arch::loongarch64::*;
[INFO] [stdout]    |                ^^^^^^^^^^^ could not find `loongarch64` in `arch`
[INFO] [stdout] 
[INFO] [stdout] 
[INFO] [stdout] error[E0432]: unresolved import `std::arch::loongarch64`
[INFO] [stdout]   --> src/ops/dot_f64.rs:10:16
[INFO] [stdout]    |
[INFO] [stdout] 10 | use std::arch::loongarch64::*;
[INFO] [stdout]    |                ^^^^^^^^^^^ could not find `loongarch64` in `arch`
[INFO] [stdout] 
[INFO] [stdout] 
[INFO] [stdout] error[E0432]: unresolved import `std::arch::loongarch64`
[INFO] [stdout]   --> src/ops/dot_i8.rs:10:16
[INFO] [stdout]    |
[INFO] [stdout] 10 | use std::arch::loongarch64::*;
[INFO] [stdout]    |                ^^^^^^^^^^^ could not find `loongarch64` in `arch`
[INFO] [stdout] 
[INFO] [stdout] 
[INFO] [stdout] error[E0432]: unresolved import `std::arch::loongarch64`
[INFO] [stdout]   --> src/ops/dot_q4.rs:48:16
[INFO] [stdout]    |
[INFO] [stdout] 48 | use std::arch::loongarch64::*;
[INFO] [stdout]    |                ^^^^^^^^^^^ could not find `loongarch64` in `arch`
[INFO] [stdout] 
[INFO] [stdout] 
[INFO] [stdout] error[E0432]: unresolved import `std::arch::loongarch64`
[INFO] [stdout]   --> src/ops/gelu_erf.rs:41:16
[INFO] [stdout]    |
[INFO] [stdout] 41 | use std::arch::loongarch64::*;
[INFO] [stdout]    |                ^^^^^^^^^^^ could not find `loongarch64` in `arch`
[INFO] [stdout] 
[INFO] [stdout] 
[INFO] [stdout] error[E0432]: unresolved import `std::arch::loongarch64`
[INFO] [stdout]   --> src/ops/gelu_quick.rs:33:16
[INFO] [stdout]    |
[INFO] [stdout] 33 | use std::arch::loongarch64::*;
[INFO] [stdout]    |                ^^^^^^^^^^^ could not find `loongarch64` in `arch`
[INFO] [stdout] 
[INFO] [stdout] 
[INFO] [stdout] error[E0432]: unresolved import `std::arch::loongarch64`
[INFO] [stdout]   --> src/ops/j2_accel_batch.rs:11:16
[INFO] [stdout]    |
[INFO] [stdout] 11 | use std::arch::loongarch64::*;
[INFO] [stdout]    |                ^^^^^^^^^^^ could not find `loongarch64` in `arch`
[INFO] [stdout] 
[INFO] [stdout] 
[INFO] [stdout] error[E0432]: unresolved import `std::arch::loongarch64`
[INFO] [stdout]   --> src/ops/layer_norm.rs:47:16
[INFO] [stdout]    |
[INFO] [stdout] 47 | use std::arch::loongarch64::*;
[INFO] [stdout]    |                ^^^^^^^^^^^ could not find `loongarch64` in `arch`
[INFO] [stdout] 
[INFO] [stdout] 
[INFO] [stdout] error[E0432]: unresolved import `std::arch::loongarch64`
[INFO] [stdout]   --> src/ops/mat3_mul_vec3_batch.rs:17:16
[INFO] [stdout]    |
[INFO] [stdout] 17 | use std::arch::loongarch64::*;
[INFO] [stdout]    |                ^^^^^^^^^^^ could not find `loongarch64` in `arch`
[INFO] [stdout] 
[INFO] [stdout] 
[INFO] [stdout] error[E0432]: unresolved import `std::arch::loongarch64`
[INFO] [stdout]   --> src/ops/matmul.rs:75:16
[INFO] [stdout]    |
[INFO] [stdout] 75 | use std::arch::loongarch64::*;
[INFO] [stdout]    |                ^^^^^^^^^^^ could not find `loongarch64` in `arch`
[INFO] [stdout] 
[INFO] [stdout] 
[INFO] [stdout] error[E0432]: unresolved import `std::arch::loongarch64`
[INFO] [stdout]   --> src/ops/matmul_f64.rs:24:16
[INFO] [stdout]    |
[INFO] [stdout] 24 | use std::arch::loongarch64::*;
[INFO] [stdout]    |                ^^^^^^^^^^^ could not find `loongarch64` in `arch`
[INFO] [stdout] 
[INFO] [stdout] 
[INFO] [stdout] error[E0432]: unresolved import `std::arch::loongarch64`
[INFO] [stdout]   --> src/ops/nn_math.rs:25:16
[INFO] [stdout]    |
[INFO] [stdout] 25 | use std::arch::loongarch64::*;
[INFO] [stdout]    |                ^^^^^^^^^^^ could not find `loongarch64` in `arch`
[INFO] [stdout] 
[INFO] [stdout] 
[INFO] [stdout] error[E0432]: unresolved import `std::arch::loongarch64`
[INFO] [stdout]   --> src/ops/norm3_batch.rs:11:16
[INFO] [stdout]    |
[INFO] [stdout] 11 | use std::arch::loongarch64::*;
[INFO] [stdout]    |                ^^^^^^^^^^^ could not find `loongarch64` in `arch`
[INFO] [stdout] 
[INFO] [stdout] 
[INFO] [stdout] error[E0432]: unresolved import `std::arch::loongarch64`
[INFO] [stdout]   --> src/ops/quant_i8.rs:55:16
[INFO] [stdout]    |
[INFO] [stdout] 55 | use std::arch::loongarch64::*;
[INFO] [stdout]    |                ^^^^^^^^^^^ could not find `loongarch64` in `arch`
[INFO] [stdout] 
[INFO] [stdout] 
[INFO] [stdout] error[E0432]: unresolved import `std::arch::loongarch64`
[INFO] [stdout]   --> src/ops/quat_mul_batch.rs:25:16
[INFO] [stdout]    |
[INFO] [stdout] 25 | use std::arch::loongarch64::*;
[INFO] [stdout]    |                ^^^^^^^^^^^ could not find `loongarch64` in `arch`
[INFO] [stdout] 
[INFO] [stdout] 
[INFO] [stdout] error[E0432]: unresolved import `std::arch::loongarch64`
[INFO] [stdout]   --> src/ops/quat_normalize_batch.rs:18:16
[INFO] [stdout]    |
[INFO] [stdout] 18 | use std::arch::loongarch64::*;
[INFO] [stdout]    |                ^^^^^^^^^^^ could not find `loongarch64` in `arch`
[INFO] [stdout] 
[INFO] [stdout] 
[INFO] [stdout] error[E0432]: unresolved import `std::arch::loongarch64`
[INFO] [stdout]   --> src/ops/quat_rotate_batch.rs:19:16
[INFO] [stdout]    |
[INFO] [stdout] 19 | use std::arch::loongarch64::*;
[INFO] [stdout]    |                ^^^^^^^^^^^ could not find `loongarch64` in `arch`
[INFO] [stdout] 
[INFO] [stdout] 
[INFO] [stdout] error[E0432]: unresolved import `std::arch::loongarch64`
[INFO] [stdout]   --> src/ops/quat_to_dcm_batch.rs:25:16
[INFO] [stdout]    |
[INFO] [stdout] 25 | use std::arch::loongarch64::*;
[INFO] [stdout]    |                ^^^^^^^^^^^ could not find `loongarch64` in `arch`
[INFO] [stdout] 
[INFO] [stdout] 
[INFO] [stdout] error[E0432]: unresolved import `std::arch::loongarch64`
[INFO] [stdout]   --> src/ops/rk4_j2_step_batch.rs:11:16
[INFO] [stdout]    |
[INFO] [stdout] 11 | use std::arch::loongarch64::*;
[INFO] [stdout]    |                ^^^^^^^^^^^ could not find `loongarch64` in `arch`
[INFO] [stdout] 
[INFO] [stdout] 
[INFO] [stdout] error[E0432]: unresolved import `std::arch::loongarch64`
[INFO] [stdout]   --> src/ops/rms_norm.rs:41:16
[INFO] [stdout]    |
[INFO] [stdout] 41 | use std::arch::loongarch64::*;
[INFO] [stdout]    |                ^^^^^^^^^^^ could not find `loongarch64` in `arch`
[INFO] [stdout] 
[INFO] [stdout] 
[INFO] [stdout] error[E0432]: unresolved import `std::arch::loongarch64`
[INFO] [stdout]   --> src/ops/rope.rs:63:16
[INFO] [stdout]    |
[INFO] [stdout] 63 | use std::arch::loongarch64::*;
[INFO] [stdout]    |                ^^^^^^^^^^^ could not find `loongarch64` in `arch`
[INFO] [stdout] 
[INFO] [stdout] 
[INFO] [stdout] error[E0432]: unresolved import `std::arch::loongarch64`
[INFO] [stdout]   --> src/ops/silu.rs:30:16
[INFO] [stdout]    |
[INFO] [stdout] 30 | use std::arch::loongarch64::*;
[INFO] [stdout]    |                ^^^^^^^^^^^ could not find `loongarch64` in `arch`
[INFO] [stdout] 
[INFO] [stdout] 
[INFO] [stdout] error[E0432]: unresolved import `std::arch::loongarch64`
[INFO] [stdout]   --> src/ops/softmax_rows.rs:41:16
[INFO] [stdout]    |
[INFO] [stdout] 41 | use std::arch::loongarch64::*;
[INFO] [stdout]    |                ^^^^^^^^^^^ could not find `loongarch64` in `arch`
[INFO] [stdout] 
[INFO] [stdout] 
[INFO] [stdout] error[E0432]: unresolved import `std::arch::loongarch64`
[INFO] [stdout]   --> src/ops/sum.rs:10:16
[INFO] [stdout]    |
[INFO] [stdout] 10 | use std::arch::loongarch64::*;
[INFO] [stdout]    |                ^^^^^^^^^^^ could not find `loongarch64` in `arch`
[INFO] [stdout] 
[INFO] [stdout] 
[INFO] [stdout] error[E0432]: unresolved import `std::arch::loongarch64`
[INFO] [stdout]   --> src/ops/unitize3_batch.rs:18:16
[INFO] [stdout]    |
[INFO] [stdout] 18 | use std::arch::loongarch64::*;
[INFO] [stdout]    |                ^^^^^^^^^^^ could not find `loongarch64` in `arch`
[INFO] [stdout] 
[INFO] [stdout] 
[INFO] [stdout] error[E0432]: unresolved import `std::arch::loongarch64`
[INFO] [stdout]   --> src/ops/vec3_add_scaled_batch.rs:11:16
[INFO] [stdout]    |
[INFO] [stdout] 11 | use std::arch::loongarch64::*;
[INFO] [stdout]    |                ^^^^^^^^^^^ could not find `loongarch64` in `arch`
[INFO] [stdout] 
[INFO] [stdout] 
[INFO] [stdout] error[E0635]: unknown feature `stdarch_loongarch`
[INFO] [stdout]   --> src/lib.rs:60:12
[INFO] [stdout]    |
[INFO] [stdout] 60 | #![feature(stdarch_loongarch)]
[INFO] [stdout]    |            ^^^^^^^^^^^^^^^^^
[INFO] [stdout] 
[INFO] [stdout] 
[INFO] [stdout] error[E0432]: unresolved import `std::arch::loongarch64`
[INFO] [stdout]  --> src/arch/lasx.rs:6:16
[INFO] [stdout]   |
[INFO] [stdout] 6 | use std::arch::loongarch64::*;
[INFO] [stdout]   |                ^^^^^^^^^^^ could not find `loongarch64` in `arch`
[INFO] [stdout] 
[INFO] [stdout] 
[INFO] [stdout] error[E0432]: unresolved import `std::arch::loongarch64`
[INFO] [stdout]  --> src/arch/lsx.rs:6:16
[INFO] [stdout]   |
[INFO] [stdout] 6 | use std::arch::loongarch64::*;
[INFO] [stdout]   |                ^^^^^^^^^^^ could not find `loongarch64` in `arch`
[INFO] [stdout] 
[INFO] [stdout] 
[INFO] [stdout] error[E0432]: unresolved import `std::arch::loongarch64`
[INFO] [stdout]   --> src/ops/axpy.rs:10:16
[INFO] [stdout]    |
[INFO] [stdout] 10 | use std::arch::loongarch64::*;
[INFO] [stdout]    |                ^^^^^^^^^^^ could not find `loongarch64` in `arch`
[INFO] [stdout] 
[INFO] [stdout] 
[INFO] [stdout] error[E0432]: unresolved import `std::arch::loongarch64`
[INFO] [stdout]   --> src/ops/ballistic_step.rs:11:16
[INFO] [stdout]    |
[INFO] [stdout] 11 | use std::arch::loongarch64::*;
[INFO] [stdout]    |                ^^^^^^^^^^^ could not find `loongarch64` in `arch`
[INFO] [stdout] 
[INFO] [stdout] 
[INFO] [stdout] error[E0432]: unresolved import `std::arch::loongarch64`
[INFO] [stdout]   --> src/ops/batch_distance2d.rs:11:16
[INFO] [stdout]    |
[INFO] [stdout] 11 | use std::arch::loongarch64::*;
[INFO] [stdout]    |                ^^^^^^^^^^^ could not find `loongarch64` in `arch`
[INFO] [stdout] 
[INFO] [stdout] 
[INFO] [stdout] error[E0432]: unresolved import `std::arch::loongarch64`
[INFO] [stdout]   --> src/ops/cross3_batch.rs:18:16
[INFO] [stdout]    |
[INFO] [stdout] 18 | use std::arch::loongarch64::*;
[INFO] [stdout]    |                ^^^^^^^^^^^ could not find `loongarch64` in `arch`
[INFO] [stdout] 
[INFO] [stdout] 
[INFO] [stdout] error[E0432]: unresolved import `std::arch::loongarch64`
[INFO] [stdout]   --> src/ops/dot.rs:16:16
[INFO] [stdout]    |
[INFO] [stdout] 16 | use std::arch::loongarch64::*;
[INFO] [stdout]    |                ^^^^^^^^^^^ could not find `loongarch64` in `arch`
[INFO] [stdout] 
[INFO] [stdout] 
[INFO] [stdout] error[E0432]: unresolved import `std::arch::loongarch64`
[INFO] [stdout]   --> src/ops/dot_f16.rs:46:16
[INFO] [stdout]    |
[INFO] [stdout] 46 | use std::arch::loongarch64::*;
[INFO] [stdout]    |                ^^^^^^^^^^^ could not find `loongarch64` in `arch`
[INFO] [stdout] 
[INFO] [stdout] 
[INFO] [stdout] error[E0432]: unresolved import `std::arch::loongarch64`
[INFO] [stdout]   --> src/ops/dot_f64.rs:10:16
[INFO] [stdout]    |
[INFO] [stdout] 10 | use std::arch::loongarch64::*;
[INFO] [stdout]    |                ^^^^^^^^^^^ could not find `loongarch64` in `arch`
[INFO] [stdout] 
[INFO] [stdout] 
[INFO] [stdout] error[E0432]: unresolved import `std::arch::loongarch64`
[INFO] [stdout]   --> src/ops/dot_i8.rs:10:16
[INFO] [stdout]    |
[INFO] [stdout] 10 | use std::arch::loongarch64::*;
[INFO] [stdout]    |                ^^^^^^^^^^^ could not find `loongarch64` in `arch`
[INFO] [stdout] 
[INFO] [stdout] 
[INFO] [stdout] error[E0432]: unresolved import `std::arch::loongarch64`
[INFO] [stdout]   --> src/ops/dot_q4.rs:48:16
[INFO] [stdout]    |
[INFO] [stdout] 48 | use std::arch::loongarch64::*;
[INFO] [stdout]    |                ^^^^^^^^^^^ could not find `loongarch64` in `arch`
[INFO] [stdout] 
[INFO] [stdout] 
[INFO] [stdout] error[E0432]: unresolved import `std::arch::loongarch64`
[INFO] [stdout]   --> src/ops/gelu_erf.rs:41:16
[INFO] [stdout]    |
[INFO] [stdout] 41 | use std::arch::loongarch64::*;
[INFO] [stdout]    |                ^^^^^^^^^^^ could not find `loongarch64` in `arch`
[INFO] [stdout] 
[INFO] [stdout] 
[INFO] [stdout] error[E0432]: unresolved import `std::arch::loongarch64`
[INFO] [stdout]   --> src/ops/gelu_quick.rs:33:16
[INFO] [stdout]    |
[INFO] [stdout] 33 | use std::arch::loongarch64::*;
[INFO] [stdout]    |                ^^^^^^^^^^^ could not find `loongarch64` in `arch`
[INFO] [stdout] 
[INFO] [stdout] 
[INFO] [stdout] error[E0432]: unresolved import `std::arch::loongarch64`
[INFO] [stdout]   --> src/ops/j2_accel_batch.rs:11:16
[INFO] [stdout]    |
[INFO] [stdout] 11 | use std::arch::loongarch64::*;
[INFO] [stdout]    |                ^^^^^^^^^^^ could not find `loongarch64` in `arch`
[INFO] [stdout] 
[INFO] [stdout] 
[INFO] [stdout] error[E0432]: unresolved import `std::arch::loongarch64`
[INFO] [stdout]   --> src/ops/layer_norm.rs:47:16
[INFO] [stdout]    |
[INFO] [stdout] 47 | use std::arch::loongarch64::*;
[INFO] [stdout]    |                ^^^^^^^^^^^ could not find `loongarch64` in `arch`
[INFO] [stdout] 
[INFO] [stdout] 
[INFO] [stdout] error[E0432]: unresolved import `std::arch::loongarch64`
[INFO] [stdout]   --> src/ops/mat3_mul_vec3_batch.rs:17:16
[INFO] [stdout]    |
[INFO] [stdout] 17 | use std::arch::loongarch64::*;
[INFO] [stdout]    |                ^^^^^^^^^^^ could not find `loongarch64` in `arch`
[INFO] [stdout] 
[INFO] [stdout] 
[INFO] [stdout] error[E0432]: unresolved import `std::arch::loongarch64`
[INFO] [stdout]   --> src/ops/matmul.rs:75:16
[INFO] [stdout]    |
[INFO] [stdout] 75 | use std::arch::loongarch64::*;
[INFO] [stdout]    |                ^^^^^^^^^^^ could not find `loongarch64` in `arch`
[INFO] [stdout] 
[INFO] [stdout] 
[INFO] [stdout] error[E0432]: unresolved import `std::arch::loongarch64`
[INFO] [stdout]   --> src/ops/matmul_f64.rs:24:16
[INFO] [stdout]    |
[INFO] [stdout] 24 | use std::arch::loongarch64::*;
[INFO] [stdout]    |                ^^^^^^^^^^^ could not find `loongarch64` in `arch`
[INFO] [stdout] 
[INFO] [stdout] 
[INFO] [stdout] error[E0432]: unresolved import `std::arch::loongarch64`
[INFO] [stdout]   --> src/ops/nn_math.rs:25:16
[INFO] [stdout]    |
[INFO] [stdout] 25 | use std::arch::loongarch64::*;
[INFO] [stdout]    |                ^^^^^^^^^^^ could not find `loongarch64` in `arch`
[INFO] [stdout] 
[INFO] [stdout] 
[INFO] [stdout] error[E0432]: unresolved import `std::arch::loongarch64`
[INFO] [stdout]   --> src/ops/norm3_batch.rs:11:16
[INFO] [stdout]    |
[INFO] [stdout] 11 | use std::arch::loongarch64::*;
[INFO] [stdout]    |                ^^^^^^^^^^^ could not find `loongarch64` in `arch`
[INFO] [stdout] 
[INFO] [stdout] 
[INFO] [stdout] error[E0432]: unresolved import `std::arch::loongarch64`
[INFO] [stdout]   --> src/ops/quant_i8.rs:55:16
[INFO] [stdout]    |
[INFO] [stdout] 55 | use std::arch::loongarch64::*;
[INFO] [stdout]    |                ^^^^^^^^^^^ could not find `loongarch64` in `arch`
[INFO] [stdout] 
[INFO] [stdout] 
[INFO] [stdout] error[E0432]: unresolved import `std::arch::loongarch64`
[INFO] [stdout]   --> src/ops/quat_mul_batch.rs:25:16
[INFO] [stdout]    |
[INFO] [stdout] 25 | use std::arch::loongarch64::*;
[INFO] [stdout]    |                ^^^^^^^^^^^ could not find `loongarch64` in `arch`
[INFO] [stdout] 
[INFO] [stdout] 
[INFO] [stdout] error[E0432]: unresolved import `std::arch::loongarch64`
[INFO] [stdout]   --> src/ops/quat_normalize_batch.rs:18:16
[INFO] [stdout]    |
[INFO] [stdout] 18 | use std::arch::loongarch64::*;
[INFO] [stdout]    |                ^^^^^^^^^^^ could not find `loongarch64` in `arch`
[INFO] [stdout] 
[INFO] [stdout] 
[INFO] [stdout] error[E0432]: unresolved import `std::arch::loongarch64`
[INFO] [stdout]   --> src/ops/quat_rotate_batch.rs:19:16
[INFO] [stdout]    |
[INFO] [stdout] 19 | use std::arch::loongarch64::*;
[INFO] [stdout]    |                ^^^^^^^^^^^ could not find `loongarch64` in `arch`
[INFO] [stdout] 
[INFO] [stdout] 
[INFO] [stdout] error[E0432]: unresolved import `std::arch::loongarch64`
[INFO] [stdout]   --> src/ops/quat_to_dcm_batch.rs:25:16
[INFO] [stdout]    |
[INFO] [stdout] 25 | use std::arch::loongarch64::*;
[INFO] [stdout]    |                ^^^^^^^^^^^ could not find `loongarch64` in `arch`
[INFO] [stdout] 
[INFO] [stdout] 
[INFO] [stdout] error[E0432]: unresolved import `std::arch::loongarch64`
[INFO] [stdout]   --> src/ops/rk4_j2_step_batch.rs:11:16
[INFO] [stdout]    |
[INFO] [stdout] 11 | use std::arch::loongarch64::*;
[INFO] [stdout]    |                ^^^^^^^^^^^ could not find `loongarch64` in `arch`
[INFO] [stdout] 
[INFO] [stdout] 
[INFO] [stdout] error[E0432]: unresolved import `std::arch::loongarch64`
[INFO] [stdout]   --> src/ops/rms_norm.rs:41:16
[INFO] [stdout]    |
[INFO] [stdout] 41 | use std::arch::loongarch64::*;
[INFO] [stdout]    |                ^^^^^^^^^^^ could not find `loongarch64` in `arch`
[INFO] [stdout] 
[INFO] [stdout] 
[INFO] [stdout] error[E0432]: unresolved import `std::arch::loongarch64`
[INFO] [stdout]   --> src/ops/rope.rs:63:16
[INFO] [stdout]    |
[INFO] [stdout] 63 | use std::arch::loongarch64::*;
[INFO] [stdout]    |                ^^^^^^^^^^^ could not find `loongarch64` in `arch`
[INFO] [stdout] 
[INFO] [stdout] 
[INFO] [stdout] error[E0432]: unresolved import `std::arch::loongarch64`
[INFO] [stdout]   --> src/ops/silu.rs:30:16
[INFO] [stdout]    |
[INFO] [stdout] 30 | use std::arch::loongarch64::*;
[INFO] [stdout]    |                ^^^^^^^^^^^ could not find `loongarch64` in `arch`
[INFO] [stdout] 
[INFO] [stdout] 
[INFO] [stdout] error[E0432]: unresolved import `std::arch::loongarch64`
[INFO] [stdout]   --> src/ops/softmax_rows.rs:41:16
[INFO] [stdout]    |
[INFO] [stdout] 41 | use std::arch::loongarch64::*;
[INFO] [stdout]    |                ^^^^^^^^^^^ could not find `loongarch64` in `arch`
[INFO] [stdout] 
[INFO] [stdout] 
[INFO] [stdout] error[E0432]: unresolved import `std::arch::loongarch64`
[INFO] [stdout]   --> src/ops/sum.rs:10:16
[INFO] [stdout]    |
[INFO] [stdout] 10 | use std::arch::loongarch64::*;
[INFO] [stdout]    |                ^^^^^^^^^^^ could not find `loongarch64` in `arch`
[INFO] [stdout] 
[INFO] [stdout] 
[INFO] [stdout] error[E0432]: unresolved import `std::arch::loongarch64`
[INFO] [stdout]   --> src/ops/unitize3_batch.rs:18:16
[INFO] [stdout]    |
[INFO] [stdout] 18 | use std::arch::loongarch64::*;
[INFO] [stdout]    |                ^^^^^^^^^^^ could not find `loongarch64` in `arch`
[INFO] [stdout] 
[INFO] [stdout] 
[INFO] [stdout] error[E0432]: unresolved import `std::arch::loongarch64`
[INFO] [stdout]   --> src/ops/vec3_add_scaled_batch.rs:11:16
[INFO] [stdout]    |
[INFO] [stdout] 11 | use std::arch::loongarch64::*;
[INFO] [stdout]    |                ^^^^^^^^^^^ could not find `loongarch64` in `arch`
[INFO] [stdout] 
[INFO] [stdout] 
[INFO] [stdout] warning: formatting may not be suitable for sub-register argument
[INFO] [stdout]    --> src/arch/mod.rs:108:33
[INFO] [stdout]     |
[INFO] [stdout] 108 |         std::arch::asm!("cpucfg {}, {}", out(reg) cfg2, in(reg) 2u32);
[INFO] [stdout]     |                                 ^^                ---- for this argument
[INFO] [stdout]     |
[INFO] [stdout]     = help: use `{0:e}` to have the register formatted as `eax` (for 4-byte values)
[INFO] [stdout]     = help: or use `{0:r}` to keep the default formatting of `rax` (for 8-byte values)
[INFO] [stdout]     = note: `#[warn(asm_sub_register)]` on by default
[INFO] [stdout] 
[INFO] [stdout] 
[INFO] [stdout] warning: formatting may not be suitable for sub-register argument
[INFO] [stdout]    --> src/arch/mod.rs:108:37
[INFO] [stdout]     |
[INFO] [stdout] 108 |         std::arch::asm!("cpucfg {}, {}", out(reg) cfg2, in(reg) 2u32);
[INFO] [stdout]     |                                     ^^                          ---- for this argument
[INFO] [stdout]     |
[INFO] [stdout]     = help: use `{1:e}` to have the register formatted as `eax` (for 4-byte values)
[INFO] [stdout]     = help: or use `{1:r}` to keep the default formatting of `rax` (for 8-byte values)
[INFO] [stdout] 
[INFO] [stdout] 
[INFO] [stdout] error[E0635]: unknown feature `stdarch_loongarch`
[INFO] [stdout]   --> src/lib.rs:60:12
[INFO] [stdout]    |
[INFO] [stdout] 60 | #![feature(stdarch_loongarch)]
[INFO] [stdout]    |            ^^^^^^^^^^^^^^^^^
[INFO] [stdout] 
[INFO] [stdout] 
[INFO] [stdout] warning: formatting may not be suitable for sub-register argument
[INFO] [stdout]    --> src/arch/mod.rs:108:33
[INFO] [stdout]     |
[INFO] [stdout] 108 |         std::arch::asm!("cpucfg {}, {}", out(reg) cfg2, in(reg) 2u32);
[INFO] [stdout]     |                                 ^^                ---- for this argument
[INFO] [stdout]     |
[INFO] [stdout]     = help: use `{0:e}` to have the register formatted as `eax` (for 4-byte values)
[INFO] [stdout]     = help: or use `{0:r}` to keep the default formatting of `rax` (for 8-byte values)
[INFO] [stdout]     = note: `#[warn(asm_sub_register)]` on by default
[INFO] [stdout] 
[INFO] [stdout] 
[INFO] [stdout] warning: formatting may not be suitable for sub-register argument
[INFO] [stdout]    --> src/arch/mod.rs:108:37
[INFO] [stdout]     |
[INFO] [stdout] 108 |         std::arch::asm!("cpucfg {}, {}", out(reg) cfg2, in(reg) 2u32);
[INFO] [stdout]     |                                     ^^                          ---- for this argument
[INFO] [stdout]     |
[INFO] [stdout]     = help: use `{1:e}` to have the register formatted as `eax` (for 4-byte values)
[INFO] [stdout]     = help: or use `{1:r}` to keep the default formatting of `rax` (for 8-byte values)
[INFO] [stdout] 
[INFO] [stdout] 
[INFO] [stdout] Some errors have detailed explanations: E0432, E0635.
[INFO] [stdout] 
[INFO] [stdout] For more information about an error, try `rustc --explain E0432`.
[INFO] [stdout] 
[INFO] [stderr] error: could not compile `lasx_rs` (lib) due to 34 previous errors; 2 warnings emitted
[INFO] [stderr] warning: build failed, waiting for other jobs to finish...
[INFO] [stdout] Some errors have detailed explanations: E0432, E0635.
[INFO] [stdout] 
[INFO] [stdout] For more information about an error, try `rustc --explain E0432`.
[INFO] [stdout] 
[INFO] [stderr] error: could not compile `lasx_rs` (lib test) due to 34 previous errors; 2 warnings emitted
[INFO] running `Command { std: "docker" "inspect" "92347ace91e8bc30b69a1ab8a5e8570b10a3953ac5b999c46e9d373f77ae9022", kill_on_drop: false }`
[INFO] running `Command { std: "docker" "rm" "-f" "92347ace91e8bc30b69a1ab8a5e8570b10a3953ac5b999c46e9d373f77ae9022", kill_on_drop: false }`
[INFO] [stdout] 92347ace91e8bc30b69a1ab8a5e8570b10a3953ac5b999c46e9d373f77ae9022
