[INFO] cloning repository https://github.com/churchilldu/reminder
[INFO] running `Command { std: "git" "-c" "credential.helper=" "-c" "credential.helper=/workspace/cargo-home/bin/git-credential-null" "clone" "--bare" "https://github.com/churchilldu/reminder" "/workspace/cache/git-repos/https%3A%2F%2Fgithub.com%2Fchurchilldu%2Freminder", kill_on_drop: false }`
[INFO] [stderr] Cloning into bare repository '/workspace/cache/git-repos/https%3A%2F%2Fgithub.com%2Fchurchilldu%2Freminder'...
[INFO] running `Command { std: "git" "rev-parse" "HEAD", kill_on_drop: false }`
[INFO] [stdout] c05f8b0c5ecd5d39646a337e739ef6749a42bc14
[INFO] checking churchilldu/reminder against 3154cc1a3e6424e44f438a95007d043ed5ceaaf6 for pr-133502-30
[INFO] running `Command { std: "git" "clone" "/workspace/cache/git-repos/https%3A%2F%2Fgithub.com%2Fchurchilldu%2Freminder" "/workspace/builds/worker-0-tc2/source", kill_on_drop: false }`
[INFO] [stderr] Cloning into '/workspace/builds/worker-0-tc2/source'...
[INFO] [stderr] done.
[INFO] started tweaking git repo https://github.com/churchilldu/reminder
[INFO] finished tweaking git repo https://github.com/churchilldu/reminder
[INFO] tweaked toml for git repo https://github.com/churchilldu/reminder written to /workspace/builds/worker-0-tc2/source/Cargo.toml
[INFO] validating manifest of git repo https://github.com/churchilldu/reminder on toolchain 3154cc1a3e6424e44f438a95007d043ed5ceaaf6
[INFO] running `Command { std: CARGO_HOME="/workspace/cargo-home" RUSTUP_HOME="/workspace/rustup-home" "/workspace/cargo-home/bin/cargo" "+3154cc1a3e6424e44f438a95007d043ed5ceaaf6" "metadata" "--manifest-path" "Cargo.toml" "--no-deps", kill_on_drop: false }`
[INFO] crate git repo https://github.com/churchilldu/reminder already has a lockfile, it will not be regenerated
[INFO] running `Command { std: CARGO_HOME="/workspace/cargo-home" RUSTUP_HOME="/workspace/rustup-home" "/workspace/cargo-home/bin/cargo" "+3154cc1a3e6424e44f438a95007d043ed5ceaaf6" "fetch" "--manifest-path" "Cargo.toml", kill_on_drop: false }`
[INFO] running `Command { std: "docker" "create" "-v" "/var/lib/crater-agent-workspace/builds/worker-0-tc2/source:/opt/rustwide/workdir:ro,Z" "-v" "/var/lib/crater-agent-workspace/builds/worker-0-tc2/target:/opt/rustwide/target:rw,Z" "-v" "/var/lib/crater-agent-workspace/cargo-home:/opt/rustwide/cargo-home:ro,Z" "-v" "/var/lib/crater-agent-workspace/rustup-home:/opt/rustwide/rustup-home:ro,Z" "-m" "1610612736" "--network" "none" "ghcr.io/rust-lang/crates-build-env/linux@sha256:77db811e55d90add9212f6832c23229e3de5f1c1f9905e8cb07319ea15df73ac" "sleep" "infinity", kill_on_drop: false }`
[INFO] [stdout] 47e59f619c86aa0a215c9c5d81c3e257a7096442d57f2650636dc7878da0e4e4
[INFO] running `Command { std: "docker" "start" "47e59f619c86aa0a215c9c5d81c3e257a7096442d57f2650636dc7878da0e4e4", kill_on_drop: false }`
[INFO] running `Command { std: "docker" "inspect" "47e59f619c86aa0a215c9c5d81c3e257a7096442d57f2650636dc7878da0e4e4", kill_on_drop: false }`
[INFO] running `Command { std: "docker" "exec" "-e" "SOURCE_DIR=/opt/rustwide/workdir" "-e" "CARGO_HOME=/opt/rustwide/cargo-home" "-e" "RUSTUP_HOME=/opt/rustwide/rustup-home" "-e" "CARGO_TARGET_DIR=/opt/rustwide/target" "-w" "/opt/rustwide/workdir" "--user" "0:0" "47e59f619c86aa0a215c9c5d81c3e257a7096442d57f2650636dc7878da0e4e4" "/opt/rustwide/cargo-home/bin/cargo" "+3154cc1a3e6424e44f438a95007d043ed5ceaaf6" "metadata" "--no-deps" "--format-version=1", kill_on_drop: false }`
[INFO] running `Command { std: "docker" "inspect" "47e59f619c86aa0a215c9c5d81c3e257a7096442d57f2650636dc7878da0e4e4", kill_on_drop: false }`
[INFO] running `Command { std: "docker" "exec" "-e" "SOURCE_DIR=/opt/rustwide/workdir" "-e" "CARGO_HOME=/opt/rustwide/cargo-home" "-e" "RUSTUP_HOME=/opt/rustwide/rustup-home" "-e" "CARGO_TARGET_DIR=/opt/rustwide/target" "-e" "CARGO_INCREMENTAL=0" "-e" "RUST_BACKTRACE=full" "-e" "RUSTFLAGS=--cap-lints=forbid" "-e" "RUSTDOCFLAGS=--cap-lints=forbid" "-w" "/opt/rustwide/workdir" "--user" "0:0" "47e59f619c86aa0a215c9c5d81c3e257a7096442d57f2650636dc7878da0e4e4" "/opt/rustwide/cargo-home/bin/cargo" "+3154cc1a3e6424e44f438a95007d043ed5ceaaf6" "check" "--frozen" "--all" "--all-targets" "--message-format=json", kill_on_drop: false }`
[INFO] [stderr]     Checking windows_x86_64_gnu v0.52.6
[INFO] [stderr]    Compiling syn v2.0.119
[INFO] [stderr]     Checking windows-targets v0.52.6
[INFO] [stderr]     Checking windows-result v0.2.0
[INFO] [stderr]     Checking windows-strings v0.1.0
[INFO] [stderr]    Compiling windows-interface v0.58.0
[INFO] [stderr]    Compiling windows-implement v0.58.0
[INFO] [stderr]     Checking windows-core v0.58.0
[INFO] [stderr]     Checking windows v0.58.0
[INFO] [stderr]     Checking reminder v0.2.0 (/opt/rustwide/workdir)
[INFO] [stdout] error[E0433]: cannot find `Win32` in `windows`
[INFO] [stdout]   --> src/appid.rs:21:14
[INFO] [stdout]    |
[INFO] [stdout] 21 | use windows::Win32::Storage::EnhancedStorage::PKEY_AppUserModel_ID;
[INFO] [stdout]    |              ^^^^^ could not find `Win32` in `windows`
[INFO] [stdout] 
[INFO] [stdout] 
[INFO] [stdout] error[E0433]: cannot find `Win32` in `windows`
[INFO] [stdout]   --> src/appid.rs:22:14
[INFO] [stdout]    |
[INFO] [stdout] 22 | use windows::Win32::System::Com::{
[INFO] [stdout]    |              ^^^^^ could not find `Win32` in `windows`
[INFO] [stdout] 
[INFO] [stdout] 
[INFO] [stdout] error[E0433]: cannot find `Win32` in `windows`
[INFO] [stdout]   --> src/appid.rs:25:14
[INFO] [stdout]    |
[INFO] [stdout] 25 | use windows::Win32::UI::Shell::PropertiesSystem::IPropertyStore;
[INFO] [stdout]    |              ^^^^^ could not find `Win32` in `windows`
[INFO] [stdout] 
[INFO] [stdout] 
[INFO] [stdout] error[E0433]: cannot find `Win32` in `windows`
[INFO] [stdout]   --> src/appid.rs:26:14
[INFO] [stdout]    |
[INFO] [stdout] 26 | use windows::Win32::UI::Shell::{IShellLinkW, SetCurrentProcessExplicitAppUserModelID, ShellLink};
[INFO] [stdout]    |              ^^^^^ could not find `Win32` in `windows`
[INFO] [stdout] 
[INFO] [stdout] 
[INFO] [stdout] error[E0433]: cannot find `windows` in `os`
[INFO] [stdout]   --> src/callback.rs:21:14
[INFO] [stdout]    |
[INFO] [stdout] 21 | use std::os::windows::ffi::OsStrExt;
[INFO] [stdout]    |              ^^^^^^^ could not find `windows` in `os`
[INFO] [stdout]    |
[INFO] [stdout] note: found an item that was configured out
[INFO] [stdout]   --> /rustc/3154cc1a3e6424e44f438a95007d043ed5ceaaf6/library/std/src/os/mod.rs:62:4
[INFO] [stdout]    |
[INFO] [stdout]    = note: the item is gated behind the `windows` feature
[INFO] [stdout] 
[INFO] [stdout] 
[INFO] [stdout] error[E0432]: unresolved import `windows::core`
[INFO] [stdout]   --> src/appid.rs:20:14
[INFO] [stdout]    |
[INFO] [stdout] 20 | use windows::core::{Interface, PCWSTR, PROPVARIANT};
[INFO] [stdout]    |              ^^^^ could not find `core` in `windows`
[INFO] [stdout] 
[INFO] [stdout] 
[INFO] [stdout] error[E0433]: cannot find `Win32` in `windows`
[INFO] [stdout]   --> src/callback.rs:27:14
[INFO] [stdout]    |
[INFO] [stdout] 27 | use windows::Win32::Foundation::WIN32_ERROR;
[INFO] [stdout]    |              ^^^^^ could not find `Win32` in `windows`
[INFO] [stdout] 
[INFO] [stdout] 
[INFO] [stdout] error[E0433]: cannot find `Win32` in `windows`
[INFO] [stdout]   --> src/callback.rs:28:14
[INFO] [stdout]    |
[INFO] [stdout] 28 | use windows::Win32::System::Registry::*;
[INFO] [stdout]    |              ^^^^^ could not find `Win32` in `windows`
[INFO] [stdout] 
[INFO] [stdout] 
[INFO] [stdout] error[E0433]: cannot find `Win32` in `windows`
[INFO] [stdout]   --> src/callback.rs:79:18
[INFO] [stdout]    |
[INFO] [stdout] 79 |     use windows::Win32::System::Com::CoCreateGuid;
[INFO] [stdout]    |                  ^^^^^ could not find `Win32` in `windows`
[INFO] [stdout] 
[INFO] [stdout] 
[INFO] [stdout] error[E0432]: unresolved import `windows::core`
[INFO] [stdout]   --> src/callback.rs:26:14
[INFO] [stdout]    |
[INFO] [stdout] 26 | use windows::core::PCWSTR;
[INFO] [stdout]    |              ^^^^ could not find `core` in `windows`
[INFO] [stdout] 
[INFO] [stdout] 
[INFO] [stdout] error[E0433]: cannot find `Data` in `windows`
[INFO] [stdout]   --> src/toast.rs:11:14
[INFO] [stdout]    |
[INFO] [stdout] 11 | use windows::Data::Xml::Dom::XmlDocument;
[INFO] [stdout]    |              ^^^^ could not find `Data` in `windows`
[INFO] [stdout] 
[INFO] [stdout] 
[INFO] [stdout] error[E0433]: cannot find `UI` in `windows`
[INFO] [stdout]   --> src/toast.rs:12:14
[INFO] [stdout]    |
[INFO] [stdout] 12 | use windows::UI::Notifications::{ToastNotification, ToastNotificationManager};
[INFO] [stdout]    |              ^^ could not find `UI` in `windows`
[INFO] [stdout] 
[INFO] [stdout] 
[INFO] [stdout] error[E0433]: cannot find `Win32` in `windows`
[INFO] [stdout]   --> src/main.rs:24:14
[INFO] [stdout]    |
[INFO] [stdout] 24 | use windows::Win32::System::Com::CoIncrementMTAUsage;
[INFO] [stdout]    |              ^^^^^ could not find `Win32` in `windows`
[INFO] [stdout] 
[INFO] [stdout] 
[INFO] [stdout] error[E0432]: unresolved import `windows::core`
[INFO] [stdout]   --> src/toast.rs:10:14
[INFO] [stdout]    |
[INFO] [stdout] 10 | use windows::core::HSTRING;
[INFO] [stdout]    |              ^^^^ could not find `core` in `windows`
[INFO] [stdout] 
[INFO] [stdout] 
[INFO] [stdout] error[E0433]: cannot find `Win32` in `windows`
[INFO] [stdout]   --> src/appid.rs:21:14
[INFO] [stdout]    |
[INFO] [stdout] 21 | use windows::Win32::Storage::EnhancedStorage::PKEY_AppUserModel_ID;
[INFO] [stdout]    |              ^^^^^ could not find `Win32` in `windows`
[INFO] [stdout] 
[INFO] [stdout] 
[INFO] [stdout] error[E0433]: cannot find `Win32` in `windows`
[INFO] [stdout]   --> src/appid.rs:22:14
[INFO] [stdout]    |
[INFO] [stdout] 22 | use windows::Win32::System::Com::{
[INFO] [stdout]    |              ^^^^^ could not find `Win32` in `windows`
[INFO] [stdout] 
[INFO] [stdout] 
[INFO] [stdout] error[E0433]: cannot find `Win32` in `windows`
[INFO] [stdout]   --> src/appid.rs:25:14
[INFO] [stdout]    |
[INFO] [stdout] 25 | use windows::Win32::UI::Shell::PropertiesSystem::IPropertyStore;
[INFO] [stdout]    |              ^^^^^ could not find `Win32` in `windows`
[INFO] [stdout] 
[INFO] [stdout] 
[INFO] [stdout] error[E0433]: cannot find `Win32` in `windows`
[INFO] [stdout]   --> src/appid.rs:26:14
[INFO] [stdout]    |
[INFO] [stdout] 26 | use windows::Win32::UI::Shell::{IShellLinkW, SetCurrentProcessExplicitAppUserModelID, ShellLink};
[INFO] [stdout]    |              ^^^^^ could not find `Win32` in `windows`
[INFO] [stdout] 
[INFO] [stdout] 
[INFO] [stdout] error[E0433]: cannot find `windows` in `os`
[INFO] [stdout]   --> src/callback.rs:21:14
[INFO] [stdout]    |
[INFO] [stdout] 21 | use std::os::windows::ffi::OsStrExt;
[INFO] [stdout]    |              ^^^^^^^ could not find `windows` in `os`
[INFO] [stdout]    |
[INFO] [stdout] note: found an item that was configured out
[INFO] [stdout]   --> /rustc/3154cc1a3e6424e44f438a95007d043ed5ceaaf6/library/std/src/os/mod.rs:62:4
[INFO] [stdout]    |
[INFO] [stdout]    = note: the item is gated behind the `windows` feature
[INFO] [stdout] 
[INFO] [stdout] 
[INFO] [stdout] error[E0432]: unresolved import `windows::core`
[INFO] [stdout]   --> src/appid.rs:20:14
[INFO] [stdout]    |
[INFO] [stdout] 20 | use windows::core::{Interface, PCWSTR, PROPVARIANT};
[INFO] [stdout]    |              ^^^^ could not find `core` in `windows`
[INFO] [stdout] 
[INFO] [stdout] 
[INFO] [stdout] error[E0433]: cannot find `Win32` in `windows`
[INFO] [stdout]   --> src/callback.rs:27:14
[INFO] [stdout]    |
[INFO] [stdout] 27 | use windows::Win32::Foundation::WIN32_ERROR;
[INFO] [stdout]    |              ^^^^^ could not find `Win32` in `windows`
[INFO] [stdout] 
[INFO] [stdout] 
[INFO] [stdout] error[E0433]: cannot find `Win32` in `windows`
[INFO] [stdout]   --> src/callback.rs:28:14
[INFO] [stdout]    |
[INFO] [stdout] 28 | use windows::Win32::System::Registry::*;
[INFO] [stdout]    |              ^^^^^ could not find `Win32` in `windows`
[INFO] [stdout] 
[INFO] [stdout] 
[INFO] [stdout] error[E0433]: cannot find `Win32` in `windows`
[INFO] [stdout]   --> src/callback.rs:79:18
[INFO] [stdout]    |
[INFO] [stdout] 79 |     use windows::Win32::System::Com::CoCreateGuid;
[INFO] [stdout]    |                  ^^^^^ could not find `Win32` in `windows`
[INFO] [stdout] 
[INFO] [stdout] 
[INFO] [stdout] error[E0432]: unresolved import `windows::core`
[INFO] [stdout]   --> src/callback.rs:26:14
[INFO] [stdout]    |
[INFO] [stdout] 26 | use windows::core::PCWSTR;
[INFO] [stdout]    |              ^^^^ could not find `core` in `windows`
[INFO] [stdout] 
[INFO] [stdout] 
[INFO] [stdout] error[E0433]: cannot find `Data` in `windows`
[INFO] [stdout]   --> src/toast.rs:11:14
[INFO] [stdout]    |
[INFO] [stdout] 11 | use windows::Data::Xml::Dom::XmlDocument;
[INFO] [stdout]    |              ^^^^ could not find `Data` in `windows`
[INFO] [stdout] 
[INFO] [stdout] 
[INFO] [stdout] error[E0433]: cannot find `UI` in `windows`
[INFO] [stdout]   --> src/toast.rs:12:14
[INFO] [stdout]    |
[INFO] [stdout] 12 | use windows::UI::Notifications::{ToastNotification, ToastNotificationManager};
[INFO] [stdout]    |              ^^ could not find `UI` in `windows`
[INFO] [stdout] 
[INFO] [stdout] 
[INFO] [stdout] error[E0433]: cannot find `Win32` in `windows`
[INFO] [stdout]   --> src/main.rs:24:14
[INFO] [stdout]    |
[INFO] [stdout] 24 | use windows::Win32::System::Com::CoIncrementMTAUsage;
[INFO] [stdout]    |              ^^^^^ could not find `Win32` in `windows`
[INFO] [stdout] 
[INFO] [stdout] 
[INFO] [stdout] error[E0432]: unresolved import `windows::core`
[INFO] [stdout]   --> src/toast.rs:10:14
[INFO] [stdout]    |
[INFO] [stdout] 10 | use windows::core::HSTRING;
[INFO] [stdout]    |              ^^^^ could not find `core` in `windows`
[INFO] [stdout] 
[INFO] [stdout] 
[INFO] [stdout] error[E0433]: cannot find `core` in `windows`
[INFO] [stdout]    --> src/toast.rs:141:50
[INFO] [stdout]     |
[INFO] [stdout] 141 |     pub fn show(&self, app_id: &str) -> windows::core::Result<()> {
[INFO] [stdout]     |                                                  ^^^^ could not find `core` in `windows`
[INFO] [stdout] 
[INFO] [stdout] 
[INFO] [stdout] error[E0425]: cannot find value `HKEY_CURRENT_USER` in this scope
[INFO] [stdout]    --> src/callback.rs:298:32
[INFO] [stdout]     |
[INFO] [stdout] 298 |         let rc = RegCreateKeyW(HKEY_CURRENT_USER, PCWSTR(key_path.as_ptr()), &mut key);
[INFO] [stdout]     |                                ^^^^^^^^^^^^^^^^^ not found in this scope
[INFO] [stdout] 
[INFO] [stdout] 
[INFO] [stdout] error[E0425]: cannot find value `REG_SZ` in this scope
[INFO] [stdout]    --> src/callback.rs:305:57
[INFO] [stdout]     |
[INFO] [stdout] 305 |         let rc = RegSetValueExW(key, PCWSTR::null(), 0, REG_SZ, Some(as_bytes(&desc)));
[INFO] [stdout]     |                                                         ^^^^^^ not found in this scope
[INFO] [stdout] 
[INFO] [stdout] 
[INFO] [stdout] error[E0425]: cannot find value `REG_SZ` in this scope
[INFO] [stdout]    --> src/callback.rs:318:13
[INFO] [stdout]     |
[INFO] [stdout] 318 |             REG_SZ,
[INFO] [stdout]     |             ^^^^^^ not found in this scope
[INFO] [stdout] 
[INFO] [stdout] 
[INFO] [stdout] error[E0425]: cannot find value `HKEY_CURRENT_USER` in this scope
[INFO] [stdout]    --> src/callback.rs:332:32
[INFO] [stdout]     |
[INFO] [stdout] 332 |         let rc = RegCreateKeyW(HKEY_CURRENT_USER, PCWSTR(cmd_path.as_ptr()), &mut cmd_key);
[INFO] [stdout]     |                                ^^^^^^^^^^^^^^^^^ not found in this scope
[INFO] [stdout] 
[INFO] [stdout] 
[INFO] [stdout] error[E0425]: cannot find value `REG_SZ` in this scope
[INFO] [stdout]    --> src/callback.rs:342:13
[INFO] [stdout]     |
[INFO] [stdout] 342 |             REG_SZ,
[INFO] [stdout]     |             ^^^^^^ not found in this scope
[INFO] [stdout] 
[INFO] [stdout] 
[INFO] [stdout] error[E0425]: cannot find value `HKEY_CURRENT_USER` in this scope
[INFO] [stdout]    --> src/callback.rs:364:35
[INFO] [stdout]     |
[INFO] [stdout] 364 |             let _ = RegDeleteKeyW(HKEY_CURRENT_USER, PCWSTR(wide.as_ptr()));
[INFO] [stdout]     |                                   ^^^^^^^^^^^^^^^^^ not found in this scope
[INFO] [stdout] 
[INFO] [stdout] 
[INFO] [stdout] error[E0425]: cannot find value `HKEY_CURRENT_USER` in this scope
[INFO] [stdout]    --> src/callback.rs:378:13
[INFO] [stdout]     |
[INFO] [stdout] 378 |             HKEY_CURRENT_USER,
[INFO] [stdout]     |             ^^^^^^^^^^^^^^^^^ not found in this scope
[INFO] [stdout] 
[INFO] [stdout] 
[INFO] [stdout] error[E0425]: cannot find value `KEY_READ` in this scope
[INFO] [stdout]    --> src/callback.rs:381:13
[INFO] [stdout]     |
[INFO] [stdout] 381 |             KEY_READ,
[INFO] [stdout]     |             ^^^^^^^^ not found in this scope
[INFO] [stdout] 
[INFO] [stdout] 
[INFO] [stdout] error[E0433]: cannot find type `HKEY` in this scope
[INFO] [stdout]    --> src/callback.rs:297:23
[INFO] [stdout]     |
[INFO] [stdout] 297 |         let mut key = HKEY::default();
[INFO] [stdout]     |                       ^^^^ use of undeclared type `HKEY`
[INFO] [stdout] 
[INFO] [stdout] 
[INFO] [stdout] error[E0425]: cannot find function, tuple struct or tuple variant `RegCreateKeyW` in this scope
[INFO] [stdout]    --> src/callback.rs:298:18
[INFO] [stdout]     |
[INFO] [stdout] 298 |         let rc = RegCreateKeyW(HKEY_CURRENT_USER, PCWSTR(key_path.as_ptr()), &mut key);
[INFO] [stdout]     |                  ^^^^^^^^^^^^^ not found in this scope
[INFO] [stdout] 
[INFO] [stdout] 
[INFO] [stdout] error[E0433]: cannot find `core` in `windows`
[INFO] [stdout]    --> src/toast.rs:141:50
[INFO] [stdout]     |
[INFO] [stdout] 141 |     pub fn show(&self, app_id: &str) -> windows::core::Result<()> {
[INFO] [stdout]     |                                                  ^^^^ could not find `core` in `windows`
[INFO] [stdout] 
[INFO] [stdout] 
[INFO] [stdout] error[E0425]: cannot find function, tuple struct or tuple variant `RegSetValueExW` in this scope
[INFO] [stdout]    --> src/callback.rs:305:18
[INFO] [stdout]     |
[INFO] [stdout] 305 |         let rc = RegSetValueExW(key, PCWSTR::null(), 0, REG_SZ, Some(as_bytes(&desc)));
[INFO] [stdout]     |                  ^^^^^^^^^^^^^^ not found in this scope
[INFO] [stdout] 
[INFO] [stdout] 
[INFO] [stdout] error[E0425]: cannot find function, tuple struct or tuple variant `RegCloseKey` in this scope
[INFO] [stdout]    --> src/callback.rs:307:21
[INFO] [stdout]     |
[INFO] [stdout] 307 |             let _ = RegCloseKey(key);
[INFO] [stdout]     |                     ^^^^^^^^^^^ not found in this scope
[INFO] [stdout] 
[INFO] [stdout] 
[INFO] [stdout] error[E0425]: cannot find function, tuple struct or tuple variant `RegSetValueExW` in this scope
[INFO] [stdout]    --> src/callback.rs:314:18
[INFO] [stdout]     |
[INFO] [stdout] 314 |         let rc = RegSetValueExW(
[INFO] [stdout]     |                  ^^^^^^^^^^^^^^ not found in this scope
[INFO] [stdout] 
[INFO] [stdout] 
[INFO] [stdout] error[E0425]: cannot find function, tuple struct or tuple variant `RegCloseKey` in this scope
[INFO] [stdout]    --> src/callback.rs:322:21
[INFO] [stdout]     |
[INFO] [stdout] 322 |             let _ = RegCloseKey(key);
[INFO] [stdout]     |                     ^^^^^^^^^^^ not found in this scope
[INFO] [stdout] 
[INFO] [stdout] 
[INFO] [stdout] error[E0425]: cannot find function, tuple struct or tuple variant `RegCloseKey` in this scope
[INFO] [stdout]    --> src/callback.rs:325:17
[INFO] [stdout]     |
[INFO] [stdout] 325 |         let _ = RegCloseKey(key);
[INFO] [stdout]     |                 ^^^^^^^^^^^ not found in this scope
[INFO] [stdout] 
[INFO] [stdout] 
[INFO] [stdout] error[E0425]: cannot find value `HKEY_CURRENT_USER` in this scope
[INFO] [stdout]    --> src/callback.rs:298:32
[INFO] [stdout]     |
[INFO] [stdout] 298 |         let rc = RegCreateKeyW(HKEY_CURRENT_USER, PCWSTR(key_path.as_ptr()), &mut key);
[INFO] [stdout]     |                                ^^^^^^^^^^^^^^^^^ not found in this scope
[INFO] [stdout] 
[INFO] [stdout] 
[INFO] [stdout] error[E0433]: cannot find type `HKEY` in this scope
[INFO] [stdout]    --> src/callback.rs:331:27
[INFO] [stdout]     |
[INFO] [stdout] 331 |         let mut cmd_key = HKEY::default();
[INFO] [stdout]     |                           ^^^^ use of undeclared type `HKEY`
[INFO] [stdout] 
[INFO] [stdout] 
[INFO] [stdout] error[E0425]: cannot find value `REG_SZ` in this scope
[INFO] [stdout]    --> src/callback.rs:305:57
[INFO] [stdout]     |
[INFO] [stdout] 305 |         let rc = RegSetValueExW(key, PCWSTR::null(), 0, REG_SZ, Some(as_bytes(&desc)));
[INFO] [stdout]     |                                                         ^^^^^^ not found in this scope
[INFO] [stdout] 
[INFO] [stdout] 
[INFO] [stdout] error[E0425]: cannot find function, tuple struct or tuple variant `RegCreateKeyW` in this scope
[INFO] [stdout]    --> src/callback.rs:332:18
[INFO] [stdout]     |
[INFO] [stdout] 332 |         let rc = RegCreateKeyW(HKEY_CURRENT_USER, PCWSTR(cmd_path.as_ptr()), &mut cmd_key);
[INFO] [stdout]     |                  ^^^^^^^^^^^^^ not found in this scope
[INFO] [stdout] 
[INFO] [stdout] 
[INFO] [stdout] error[E0425]: cannot find value `REG_SZ` in this scope
[INFO] [stdout]    --> src/callback.rs:318:13
[INFO] [stdout]     |
[INFO] [stdout] 318 |             REG_SZ,
[INFO] [stdout]     |             ^^^^^^ not found in this scope
[INFO] [stdout] 
[INFO] [stdout] 
[INFO] [stdout] error[E0425]: cannot find function, tuple struct or tuple variant `RegSetValueExW` in this scope
[INFO] [stdout]    --> src/callback.rs:338:18
[INFO] [stdout]     |
[INFO] [stdout] 338 |         let rc = RegSetValueExW(
[INFO] [stdout]     |                  ^^^^^^^^^^^^^^ not found in this scope
[INFO] [stdout] 
[INFO] [stdout] 
[INFO] [stdout] error[E0425]: cannot find function, tuple struct or tuple variant `RegCloseKey` in this scope
[INFO] [stdout]    --> src/callback.rs:345:17
[INFO] [stdout]     |
[INFO] [stdout] 345 |         let _ = RegCloseKey(cmd_key);
[INFO] [stdout]     |                 ^^^^^^^^^^^ not found in this scope
[INFO] [stdout] 
[INFO] [stdout] 
[INFO] [stdout] error[E0425]: cannot find value `HKEY_CURRENT_USER` in this scope
[INFO] [stdout]    --> src/callback.rs:332:32
[INFO] [stdout]     |
[INFO] [stdout] 332 |         let rc = RegCreateKeyW(HKEY_CURRENT_USER, PCWSTR(cmd_path.as_ptr()), &mut cmd_key);
[INFO] [stdout]     |                                ^^^^^^^^^^^^^^^^^ not found in this scope
[INFO] [stdout] 
[INFO] [stdout] 
[INFO] [stdout] error[E0425]: cannot find value `REG_SZ` in this scope
[INFO] [stdout]    --> src/callback.rs:342:13
[INFO] [stdout]     |
[INFO] [stdout] 342 |             REG_SZ,
[INFO] [stdout]     |             ^^^^^^ not found in this scope
[INFO] [stdout] 
[INFO] [stdout] 
[INFO] [stdout] error[E0425]: cannot find value `HKEY_CURRENT_USER` in this scope
[INFO] [stdout]    --> src/callback.rs:364:35
[INFO] [stdout]     |
[INFO] [stdout] 364 |             let _ = RegDeleteKeyW(HKEY_CURRENT_USER, PCWSTR(wide.as_ptr()));
[INFO] [stdout]     |                                   ^^^^^^^^^^^^^^^^^ not found in this scope
[INFO] [stdout] 
[INFO] [stdout] 
[INFO] [stdout] error[E0425]: cannot find value `HKEY_CURRENT_USER` in this scope
[INFO] [stdout]    --> src/callback.rs:378:13
[INFO] [stdout]     |
[INFO] [stdout] 378 |             HKEY_CURRENT_USER,
[INFO] [stdout]     |             ^^^^^^^^^^^^^^^^^ not found in this scope
[INFO] [stdout] 
[INFO] [stdout] 
[INFO] [stdout] error[E0425]: cannot find value `KEY_READ` in this scope
[INFO] [stdout]    --> src/callback.rs:381:13
[INFO] [stdout]     |
[INFO] [stdout] 381 |             KEY_READ,
[INFO] [stdout]     |             ^^^^^^^^ not found in this scope
[INFO] [stdout] 
[INFO] [stdout] 
[INFO] [stdout] error[E0425]: cannot find function, tuple struct or tuple variant `RegDeleteKeyW` in this scope
[INFO] [stdout]    --> src/callback.rs:364:21
[INFO] [stdout]     |
[INFO] [stdout] 364 |             let _ = RegDeleteKeyW(HKEY_CURRENT_USER, PCWSTR(wide.as_ptr()));
[INFO] [stdout]     |                     ^^^^^^^^^^^^^ not found in this scope
[INFO] [stdout] 
[INFO] [stdout] 
[INFO] [stdout] error[E0433]: cannot find type `HKEY` in this scope
[INFO] [stdout]    --> src/callback.rs:376:23
[INFO] [stdout]     |
[INFO] [stdout] 376 |         let mut key = HKEY::default();
[INFO] [stdout]     |                       ^^^^ use of undeclared type `HKEY`
[INFO] [stdout] 
[INFO] [stdout] 
[INFO] [stdout] error[E0425]: cannot find function, tuple struct or tuple variant `RegOpenKeyExW` in this scope
[INFO] [stdout]    --> src/callback.rs:377:18
[INFO] [stdout]     |
[INFO] [stdout] 377 |         let rc = RegOpenKeyExW(
[INFO] [stdout]     |                  ^^^^^^^^^^^^^ not found in this scope
[INFO] [stdout] 
[INFO] [stdout] 
[INFO] [stdout] error[E0425]: cannot find function, tuple struct or tuple variant `RegQueryValueExW` in this scope
[INFO] [stdout]    --> src/callback.rs:390:18
[INFO] [stdout]     |
[INFO] [stdout] 390 |         let rc = RegQueryValueExW(
[INFO] [stdout]     |                  ^^^^^^^^^^^^^^^^ not found in this scope
[INFO] [stdout] 
[INFO] [stdout] 
[INFO] [stdout] error[E0425]: cannot find function, tuple struct or tuple variant `RegCloseKey` in this scope
[INFO] [stdout]    --> src/callback.rs:398:17
[INFO] [stdout]     |
[INFO] [stdout] 398 |         let _ = RegCloseKey(key);
[INFO] [stdout]     |                 ^^^^^^^^^^^ not found in this scope
[INFO] [stdout] 
[INFO] [stdout] 
[INFO] [stdout] error[E0599]: no method named `encode_wide` found for reference `&OsStr` in the current scope
[INFO] [stdout]    --> src/callback.rs:424:10
[INFO] [stdout]     |
[INFO] [stdout] 423 |     OsStr::new(s)
[INFO] [stdout] 424 |         .encode_wide()
[INFO] [stdout]     |          ^^^^^^^^^^^ method not found in `&OsStr`
[INFO] [stdout] 
[INFO] [stdout] 
[INFO] [stdout] error[E0433]: cannot find type `HKEY` in this scope
[INFO] [stdout]    --> src/callback.rs:297:23
[INFO] [stdout]     |
[INFO] [stdout] 297 |         let mut key = HKEY::default();
[INFO] [stdout]     |                       ^^^^ use of undeclared type `HKEY`
[INFO] [stdout] 
[INFO] [stdout] 
[INFO] [stdout] error[E0425]: cannot find function, tuple struct or tuple variant `RegCreateKeyW` in this scope
[INFO] [stdout]    --> src/callback.rs:298:18
[INFO] [stdout]     |
[INFO] [stdout] 298 |         let rc = RegCreateKeyW(HKEY_CURRENT_USER, PCWSTR(key_path.as_ptr()), &mut key);
[INFO] [stdout]     |                  ^^^^^^^^^^^^^ not found in this scope
[INFO] [stdout] 
[INFO] [stdout] 
[INFO] [stdout] error[E0425]: cannot find function, tuple struct or tuple variant `RegSetValueExW` in this scope
[INFO] [stdout]    --> src/callback.rs:305:18
[INFO] [stdout]     |
[INFO] [stdout] 305 |         let rc = RegSetValueExW(key, PCWSTR::null(), 0, REG_SZ, Some(as_bytes(&desc)));
[INFO] [stdout]     |                  ^^^^^^^^^^^^^^ not found in this scope
[INFO] [stdout] 
[INFO] [stdout] 
[INFO] [stdout] error[E0425]: cannot find function, tuple struct or tuple variant `RegCloseKey` in this scope
[INFO] [stdout]    --> src/callback.rs:307:21
[INFO] [stdout]     |
[INFO] [stdout] 307 |             let _ = RegCloseKey(key);
[INFO] [stdout]     |                     ^^^^^^^^^^^ not found in this scope
[INFO] [stdout] 
[INFO] [stdout] 
[INFO] [stdout] error[E0425]: cannot find function, tuple struct or tuple variant `RegSetValueExW` in this scope
[INFO] [stdout]    --> src/callback.rs:314:18
[INFO] [stdout]     |
[INFO] [stdout] 314 |         let rc = RegSetValueExW(
[INFO] [stdout]     |                  ^^^^^^^^^^^^^^ not found in this scope
[INFO] [stdout] 
[INFO] [stdout] 
[INFO] [stdout] error[E0425]: cannot find function, tuple struct or tuple variant `RegCloseKey` in this scope
[INFO] [stdout]    --> src/callback.rs:322:21
[INFO] [stdout]     |
[INFO] [stdout] 322 |             let _ = RegCloseKey(key);
[INFO] [stdout]     |                     ^^^^^^^^^^^ not found in this scope
[INFO] [stdout] 
[INFO] [stdout] 
[INFO] [stdout] error[E0425]: cannot find function, tuple struct or tuple variant `RegCloseKey` in this scope
[INFO] [stdout]    --> src/callback.rs:325:17
[INFO] [stdout]     |
[INFO] [stdout] 325 |         let _ = RegCloseKey(key);
[INFO] [stdout]     |                 ^^^^^^^^^^^ not found in this scope
[INFO] [stdout] 
[INFO] [stdout] 
[INFO] [stdout] error[E0433]: cannot find type `HKEY` in this scope
[INFO] [stdout]    --> src/callback.rs:331:27
[INFO] [stdout]     |
[INFO] [stdout] 331 |         let mut cmd_key = HKEY::default();
[INFO] [stdout]     |                           ^^^^ use of undeclared type `HKEY`
[INFO] [stdout] 
[INFO] [stdout] 
[INFO] [stdout] error[E0425]: cannot find function, tuple struct or tuple variant `RegCreateKeyW` in this scope
[INFO] [stdout]    --> src/callback.rs:332:18
[INFO] [stdout]     |
[INFO] [stdout] 332 |         let rc = RegCreateKeyW(HKEY_CURRENT_USER, PCWSTR(cmd_path.as_ptr()), &mut cmd_key);
[INFO] [stdout]     |                  ^^^^^^^^^^^^^ not found in this scope
[INFO] [stdout] 
[INFO] [stdout] 
[INFO] [stdout] error[E0425]: cannot find function, tuple struct or tuple variant `RegSetValueExW` in this scope
[INFO] [stdout]    --> src/callback.rs:338:18
[INFO] [stdout]     |
[INFO] [stdout] 338 |         let rc = RegSetValueExW(
[INFO] [stdout]     |                  ^^^^^^^^^^^^^^ not found in this scope
[INFO] [stdout] 
[INFO] [stdout] 
[INFO] [stdout] error[E0425]: cannot find function, tuple struct or tuple variant `RegCloseKey` in this scope
[INFO] [stdout]    --> src/callback.rs:345:17
[INFO] [stdout]     |
[INFO] [stdout] 345 |         let _ = RegCloseKey(cmd_key);
[INFO] [stdout]     |                 ^^^^^^^^^^^ not found in this scope
[INFO] [stdout] 
[INFO] [stdout] 
[INFO] [stdout] error[E0425]: cannot find function, tuple struct or tuple variant `RegDeleteKeyW` in this scope
[INFO] [stdout]    --> src/callback.rs:364:21
[INFO] [stdout]     |
[INFO] [stdout] 364 |             let _ = RegDeleteKeyW(HKEY_CURRENT_USER, PCWSTR(wide.as_ptr()));
[INFO] [stdout]     |                     ^^^^^^^^^^^^^ not found in this scope
[INFO] [stdout] 
[INFO] [stdout] 
[INFO] [stdout] error[E0433]: cannot find type `HKEY` in this scope
[INFO] [stdout]    --> src/callback.rs:376:23
[INFO] [stdout]     |
[INFO] [stdout] 376 |         let mut key = HKEY::default();
[INFO] [stdout]     |                       ^^^^ use of undeclared type `HKEY`
[INFO] [stdout] 
[INFO] [stdout] 
[INFO] [stdout] error[E0425]: cannot find function, tuple struct or tuple variant `RegOpenKeyExW` in this scope
[INFO] [stdout]    --> src/callback.rs:377:18
[INFO] [stdout]     |
[INFO] [stdout] 377 |         let rc = RegOpenKeyExW(
[INFO] [stdout]     |                  ^^^^^^^^^^^^^ not found in this scope
[INFO] [stdout] 
[INFO] [stdout] 
[INFO] [stdout] error[E0425]: cannot find function, tuple struct or tuple variant `RegQueryValueExW` in this scope
[INFO] [stdout]    --> src/callback.rs:390:18
[INFO] [stdout]     |
[INFO] [stdout] 390 |         let rc = RegQueryValueExW(
[INFO] [stdout]     |                  ^^^^^^^^^^^^^^^^ not found in this scope
[INFO] [stdout] 
[INFO] [stdout] 
[INFO] [stdout] error[E0425]: cannot find function, tuple struct or tuple variant `RegCloseKey` in this scope
[INFO] [stdout]    --> src/callback.rs:398:17
[INFO] [stdout]     |
[INFO] [stdout] 398 |         let _ = RegCloseKey(key);
[INFO] [stdout]     |                 ^^^^^^^^^^^ not found in this scope
[INFO] [stdout] 
[INFO] [stdout] 
[INFO] [stdout] error[E0599]: no method named `encode_wide` found for reference `&OsStr` in the current scope
[INFO] [stdout]    --> src/callback.rs:424:10
[INFO] [stdout]     |
[INFO] [stdout] 423 |     OsStr::new(s)
[INFO] [stdout] 424 |         .encode_wide()
[INFO] [stdout]     |          ^^^^^^^^^^^ method not found in `&OsStr`
[INFO] [stdout] 
[INFO] [stdout] 
[INFO] [stdout] Some errors have detailed explanations: E0425, E0432, E0433, E0599.
[INFO] [stdout] 
[INFO] [stdout] For more information about an error, try `rustc --explain E0425`.
[INFO] [stdout] 
[INFO] [stderr] error: could not compile `reminder` (bin "reminder") due to 40 previous errors
[INFO] [stderr] warning: build failed, waiting for other jobs to finish...
[INFO] [stdout] Some errors have detailed explanations: E0425, E0432, E0433, E0599.
[INFO] [stdout] 
[INFO] [stdout] For more information about an error, try `rustc --explain E0425`.
[INFO] [stdout] 
[INFO] [stderr] error: could not compile `reminder` (bin "reminder" test) due to 40 previous errors
[INFO] running `Command { std: "docker" "inspect" "47e59f619c86aa0a215c9c5d81c3e257a7096442d57f2650636dc7878da0e4e4", kill_on_drop: false }`
[INFO] running `Command { std: "docker" "rm" "-f" "47e59f619c86aa0a215c9c5d81c3e257a7096442d57f2650636dc7878da0e4e4", kill_on_drop: false }`
[INFO] [stdout] 47e59f619c86aa0a215c9c5d81c3e257a7096442d57f2650636dc7878da0e4e4
