[INFO] cloning repository https://github.com/chrisznb/Wortlaut
[INFO] running `Command { std: "git" "-c" "credential.helper=" "-c" "credential.helper=/workspace/cargo-home/bin/git-credential-null" "clone" "--bare" "https://github.com/chrisznb/Wortlaut" "/workspace/cache/git-repos/https%3A%2F%2Fgithub.com%2Fchrisznb%2FWortlaut", kill_on_drop: false }`
[INFO] [stderr] Cloning into bare repository '/workspace/cache/git-repos/https%3A%2F%2Fgithub.com%2Fchrisznb%2FWortlaut'...
[INFO] running `Command { std: "git" "rev-parse" "HEAD", kill_on_drop: false }`
[INFO] [stdout] 310ab0305df5221a737ee7f2974573ffd0f11708
[INFO] checking chrisznb/Wortlaut against 3154cc1a3e6424e44f438a95007d043ed5ceaaf6 for pr-133502-30
[INFO] running `Command { std: "git" "clone" "/workspace/cache/git-repos/https%3A%2F%2Fgithub.com%2Fchrisznb%2FWortlaut" "/workspace/builds/worker-4-tc2/source", kill_on_drop: false }`
[INFO] [stderr] Cloning into '/workspace/builds/worker-4-tc2/source'...
[INFO] [stderr] done.
[INFO] started tweaking git repo https://github.com/chrisznb/Wortlaut
[INFO] finished tweaking git repo https://github.com/chrisznb/Wortlaut
[INFO] tweaked toml for git repo https://github.com/chrisznb/Wortlaut written to /workspace/builds/worker-4-tc2/source/Cargo.toml
[INFO] validating manifest of git repo https://github.com/chrisznb/Wortlaut on toolchain 3154cc1a3e6424e44f438a95007d043ed5ceaaf6
[INFO] running `Command { std: CARGO_HOME="/workspace/cargo-home" RUSTUP_HOME="/workspace/rustup-home" "/workspace/cargo-home/bin/cargo" "+3154cc1a3e6424e44f438a95007d043ed5ceaaf6" "metadata" "--manifest-path" "Cargo.toml" "--no-deps", kill_on_drop: false }`
[INFO] crate git repo https://github.com/chrisznb/Wortlaut already has a lockfile, it will not be regenerated
[INFO] running `Command { std: CARGO_HOME="/workspace/cargo-home" RUSTUP_HOME="/workspace/rustup-home" "/workspace/cargo-home/bin/cargo" "+3154cc1a3e6424e44f438a95007d043ed5ceaaf6" "fetch" "--manifest-path" "Cargo.toml", kill_on_drop: false }`
[INFO] [stderr] warning: unused field `authors` in `workspace.package`
[INFO] [stderr]   --> Cargo.toml:20:1
[INFO] [stderr]    |
[INFO] [stderr] 20 | authors = ["Wortlaut contributors"]
[INFO] [stderr]    | ^^^^^^^
[INFO] [stderr]    |
[INFO] [stderr]    = note: `cargo::unused_workspace_package_fields` is set to `warn` by default
[INFO] [stderr] help: consider removing the field `workspace.package.authors`
[INFO] [stderr] warning: workspace (manifest) generated 1 warning
[INFO] running `Command { std: "docker" "create" "-v" "/var/lib/crater-agent-workspace/builds/worker-4-tc2/source:/opt/rustwide/workdir:ro,Z" "-v" "/var/lib/crater-agent-workspace/builds/worker-4-tc2/target:/opt/rustwide/target:rw,Z" "-v" "/var/lib/crater-agent-workspace/cargo-home:/opt/rustwide/cargo-home:ro,Z" "-v" "/var/lib/crater-agent-workspace/rustup-home:/opt/rustwide/rustup-home:ro,Z" "-m" "1610612736" "--network" "none" "ghcr.io/rust-lang/crates-build-env/linux@sha256:77db811e55d90add9212f6832c23229e3de5f1c1f9905e8cb07319ea15df73ac" "sleep" "infinity", kill_on_drop: false }`
[INFO] [stdout] 0d7f854a152f9dac906ce2887299c7b4d0dcd303a6030e6a57ba0cc70766baca
[INFO] running `Command { std: "docker" "start" "0d7f854a152f9dac906ce2887299c7b4d0dcd303a6030e6a57ba0cc70766baca", kill_on_drop: false }`
[INFO] running `Command { std: "docker" "inspect" "0d7f854a152f9dac906ce2887299c7b4d0dcd303a6030e6a57ba0cc70766baca", kill_on_drop: false }`
[INFO] running `Command { std: "docker" "exec" "-e" "SOURCE_DIR=/opt/rustwide/workdir" "-e" "CARGO_HOME=/opt/rustwide/cargo-home" "-e" "RUSTUP_HOME=/opt/rustwide/rustup-home" "-e" "CARGO_TARGET_DIR=/opt/rustwide/target" "-w" "/opt/rustwide/workdir" "--user" "0:0" "0d7f854a152f9dac906ce2887299c7b4d0dcd303a6030e6a57ba0cc70766baca" "/opt/rustwide/cargo-home/bin/cargo" "+3154cc1a3e6424e44f438a95007d043ed5ceaaf6" "metadata" "--no-deps" "--format-version=1", kill_on_drop: false }`
[INFO] running `Command { std: "docker" "inspect" "0d7f854a152f9dac906ce2887299c7b4d0dcd303a6030e6a57ba0cc70766baca", kill_on_drop: false }`
[INFO] running `Command { std: "docker" "exec" "-e" "SOURCE_DIR=/opt/rustwide/workdir" "-e" "CARGO_HOME=/opt/rustwide/cargo-home" "-e" "RUSTUP_HOME=/opt/rustwide/rustup-home" "-e" "CARGO_TARGET_DIR=/opt/rustwide/target" "-e" "CARGO_INCREMENTAL=0" "-e" "RUST_BACKTRACE=full" "-e" "RUSTFLAGS=--cap-lints=forbid" "-e" "RUSTDOCFLAGS=--cap-lints=forbid" "-w" "/opt/rustwide/workdir" "--user" "0:0" "0d7f854a152f9dac906ce2887299c7b4d0dcd303a6030e6a57ba0cc70766baca" "/opt/rustwide/cargo-home/bin/cargo" "+3154cc1a3e6424e44f438a95007d043ed5ceaaf6" "check" "--frozen" "--all" "--all-targets" "--message-format=json", kill_on_drop: false }`
[INFO] [stderr] warning: unused field `authors` in `workspace.package`
[INFO] [stderr]   --> Cargo.toml:20:1
[INFO] [stderr]    |
[INFO] [stderr] 20 | authors = ["Wortlaut contributors"]
[INFO] [stderr]    | ^^^^^^^
[INFO] [stderr]    |
[INFO] [stderr]    = note: `cargo::unused_workspace_package_fields` is set to `warn` by default
[INFO] [stderr] help: consider removing the field `workspace.package.authors`
[INFO] [stderr] warning: workspace (manifest) generated 1 warning
[INFO] [stderr]    Compiling smallvec v1.15.2
[INFO] [stderr]    Compiling syn v3.0.4
[INFO] [stderr]    Compiling zerofrom v0.1.8
[INFO] [stderr]    Compiling bitflags v2.13.1
[INFO] [stderr]    Compiling proc-macro-error-attr v1.0.4
[INFO] [stderr]    Compiling phf_macros v0.13.1
[INFO] [stderr]     Checking futures-channel v0.3.34
[INFO] [stderr]    Compiling yoke v0.8.3
[INFO] [stderr]    Compiling cfg-expr v0.15.8
[INFO] [stderr]    Compiling darling_core v0.23.0
[INFO] [stderr]    Compiling proc-macro-error v1.0.4
[INFO] [stderr]    Compiling parking_lot_core v0.9.12
[INFO] [stderr]    Compiling string_cache_codegen v0.6.1
[INFO] [stderr]    Compiling winnow v1.0.4
[INFO] [stderr]    Compiling getrandom v0.4.3
[INFO] [stderr]    Compiling parking_lot v0.12.5
[INFO] [stderr]    Compiling web_atoms v0.2.6
[INFO] [stderr]    Compiling clang-sys v1.9.1
[INFO] [stderr]    Compiling toml_parser v1.1.3+spec-1.1.0
[INFO] [stderr]    Compiling string_cache v0.9.0
[INFO] [stderr]    Compiling phf v0.13.1
[INFO] [stderr]    Compiling uuid v1.25.0
[INFO] [stderr]    Compiling cssparser-macros v0.6.1
[INFO] [stderr]    Compiling derive_more-impl v2.1.1
[INFO] [stderr]    Compiling toml_datetime v1.1.1+spec-1.1.0
[INFO] [stderr]    Compiling either v1.18.0
[INFO] [stderr]    Compiling rustix v0.38.44
[INFO] [stderr]    Compiling toml v1.1.4+spec-1.1.0
[INFO] [stderr]    Compiling nom v7.1.3
[INFO] [stderr]    Compiling cssparser v0.36.0
[INFO] [stderr]    Compiling derive_more v2.1.1
[INFO] [stderr]    Compiling serde_derive_internals v0.29.1
[INFO] [stderr]    Compiling markup5ever v0.38.0
[INFO] [stderr]    Compiling selectors v0.36.1
[INFO] [stderr]    Compiling cfb v0.7.3
[INFO] [stderr]    Compiling schemars_derive v0.8.22
[INFO] [stderr]    Compiling bindgen v0.69.5
[INFO] [stderr]    Compiling html5ever v0.38.0
[INFO] [stderr]    Compiling darling_macro v0.23.0
[INFO] [stderr]    Compiling which v4.4.2
[INFO] [stderr]    Compiling itertools v0.12.1
[INFO] [stderr]    Compiling darling v0.23.0
[INFO] [stderr]    Compiling serde_with_macros v3.22.0
[INFO] [stderr]    Compiling cexpr v0.6.0
[INFO] [stderr]    Compiling prettyplease v0.2.37
[INFO] [stderr]    Compiling thiserror v1.0.69
[INFO] [stderr]    Compiling base64 v0.22.1
[INFO] [stderr]    Compiling dom_query v0.27.0
[INFO] [stderr]    Compiling infer v0.19.0
[INFO] [stderr]    Compiling cmake v0.1.58
[INFO] [stderr]    Compiling serde_with v3.22.0
[INFO] [stderr]    Compiling generic-array v0.14.7
[INFO] [stderr]    Compiling toml v0.9.12+spec-1.1.0
[INFO] [stderr]    Compiling crc32fast v1.5.1
[INFO] [stderr]    Compiling embed-resource v3.0.11
[INFO] [stderr]    Compiling tauri-winres v0.3.6
[INFO] [stderr]    Compiling flate2 v1.1.9
[INFO] [stderr]    Compiling serde_derive v1.0.229
[INFO] [stderr]    Compiling zerovec-derive v0.11.6
[INFO] [stderr]    Compiling displaydoc v0.2.7
[INFO] [stderr]    Compiling futures-macro v0.3.34
[INFO] [stderr]    Compiling thiserror-impl v2.0.20
[INFO] [stderr]    Compiling zerotrie v0.2.5
[INFO] [stderr]     Checking futures-util v0.3.34
[INFO] [stderr]    Compiling zerovec v0.11.8
[INFO] [stderr]    Compiling thiserror v2.0.20
[INFO] [stderr]     Checking tinystr v0.8.4
[INFO] [stderr]     Checking potential_utf v0.1.6
[INFO] [stderr]     Checking icu_collections v2.3.0
[INFO] [stderr]     Checking icu_locale_core v2.3.0
[INFO] [stderr]    Compiling crypto-common v0.1.7
[INFO] [stderr]    Compiling block-buffer v0.10.4
[INFO] [stderr]     Checking quick-xml v0.41.0
[INFO] [stderr]     Checking hound v3.5.1
[INFO] [stderr]     Checking log v0.4.34
[INFO] [stderr]    Compiling png v0.17.16
[INFO] [stderr]     Checking futures-executor v0.3.34
[INFO] [stderr]     Checking icu_provider v2.3.1
[INFO] [stderr]    Compiling digest v0.10.7
[INFO] [stderr]     Checking icu_properties v2.3.0
[INFO] [stderr]     Checking icu_normalizer v2.3.0
[INFO] [stderr]     Checking ctor v0.8.0
[INFO] [stderr]    Compiling dlopen2_derive v0.4.3
[INFO] [stderr]     Checking glob v0.3.4
[INFO] [stderr]    Compiling serde v1.0.229
[INFO] [stderr]     Checking semver v1.0.28
[INFO] [stderr]    Compiling wry v0.55.1
[INFO] [stderr]    Compiling tauri-runtime v2.11.3
[INFO] [stderr]     Checking dlopen2 v0.8.2
[INFO] [stderr]    Compiling sha2 v0.10.9
[INFO] [stderr]    Compiling ico v0.5.0
[INFO] [stderr]     Checking dpi v0.1.2
[INFO] [stderr]    Compiling toml_datetime v0.6.3
[INFO] [stderr]    Compiling serde_spanned v0.6.9
[INFO] [stderr]    Compiling toml_edit v0.19.15
[INFO] [stderr]    Compiling indexmap v1.9.3
[INFO] [stderr]    Compiling jsonptr v0.6.3
[INFO] [stderr]    Compiling cargo-platform v0.1.9
[INFO] [stderr]    Compiling toml_edit v0.20.2
[INFO] [stderr]    Compiling cargo_metadata v0.19.2
[INFO] [stderr]    Compiling json-patch v3.0.1
[INFO] [stderr]    Compiling idna_adapter v1.2.2
[INFO] [stderr]    Compiling idna v1.1.0
[INFO] [stderr]    Compiling plist v1.10.0
[INFO] [stderr]    Compiling url v2.5.8
[INFO] [stderr]    Compiling cargo_toml v0.22.3
[INFO] [stderr]    Compiling schemars v0.8.22
[INFO] [stderr]    Compiling urlpattern v0.3.0
[INFO] [stderr]    Compiling proc-macro-crate v1.3.1
[INFO] [stderr]     Checking wortlaut-core v0.1.0 (/opt/rustwide/workdir/crates/wortlaut-core)
[INFO] [stderr]    Compiling toml v0.8.2
[INFO] [stderr]    Compiling proc-macro-crate v2.0.2
[INFO] [stderr]    Compiling system-deps v6.2.2
[INFO] [stderr]    Compiling gtk3-macros v0.18.2
[INFO] [stderr]    Compiling tauri-utils v2.9.3
[INFO] [stderr]    Compiling whisper-rs-sys v0.10.0
[INFO] [stderr]    Compiling tauri-runtime-wry v2.11.4
[INFO] [stderr]    Compiling glib-macros v0.18.5
[INFO] [stderr]     Checking keyboard-types v0.7.0
[INFO] [stderr]    Compiling serialize-to-javascript-impl v0.1.2
[INFO] [stderr]    Compiling glib-sys v0.18.1
[INFO] [stderr]    Compiling gobject-sys v0.18.0
[INFO] [stderr]    Compiling gio-sys v0.18.1
[INFO] [stderr]    Compiling gdk-sys v0.18.2
[INFO] [stderr]    Compiling cairo-sys-rs v0.18.2
[INFO] [stderr]    Compiling pango-sys v0.18.0
[INFO] [stderr]    Compiling gdk-pixbuf-sys v0.18.0
[INFO] [stderr]    Compiling atk-sys v0.18.2
[INFO] [stderr]    Compiling gtk-sys v0.18.2
[INFO] [stderr]    Compiling javascriptcore-rs-sys v1.1.1
[INFO] [stderr]    Compiling soup3-sys v0.5.0
[INFO] [stderr]    Compiling gtk v0.18.2
[INFO] [stderr]    Compiling webkit2gtk-sys v2.0.2
[INFO] [stderr]    Compiling gdkx11-sys v0.18.2
[INFO] [stderr]     Checking serialize-to-javascript v0.1.2
[INFO] [stderr]    Compiling serde_repr v0.1.21
[INFO] [stderr]     Checking tokio v1.53.1
[INFO] [stderr]     Checking heck v0.5.0
[INFO] [stderr]     Checking gdkwayland-sys v0.18.2
[INFO] [stderr]     Checking glib v0.18.5
[INFO] [stderr] error: could not compile `tauri-utils` (lib)
[INFO] [stderr] 
[INFO] [stderr] Caused by:
[INFO] [stderr]   process didn't exit successfully: `/opt/rustwide/rustup-home/toolchains/3154cc1a3e6424e44f438a95007d043ed5ceaaf6/bin/rustc --crate-name tauri_utils --edition=2021 /opt/rustwide/cargo-home/registry/src/index.crates.io-1949cf8c6b5b557f/tauri-utils-2.9.3/src/lib.rs --error-format=json --json=diagnostic-rendered-ansi,artifacts,future-incompat,unused-externs-silent --crate-type lib --emit=dep-info,metadata -C embed-bitcode=no -C debuginfo=2 --cfg 'feature="brotli"' --cfg 'feature="compression"' --cfg 'feature="resources"' --cfg 'feature="walkdir"' --check-cfg 'cfg(docsrs,test)' --check-cfg 'cfg(feature, values("aes-gcm", "brotli", "build", "build-2", "cargo_metadata", "compression", "config-json5", "config-toml", "getrandom", "html-manipulation", "html-manipulation-2", "isolation", "json5", "proc-macro2", "process-relaunch-dangerous-allow-symlink-macos", "quote", "resources", "schema", "schemars", "serialize-to-javascript", "swift-rs", "walkdir"))' -C metadata=a48c9e9fdb82b36b -C extra-filename=-4d85125c3141ec75 --out-dir /opt/rustwide/target/debug/build/tauri-utils/4d85125c3141ec75/out -L dependency=/opt/rustwide/target/debug/build/aho-corasick/e5eb68f430059ec7/out -L dependency=/opt/rustwide/target/debug/build/alloc-no-stdlib/7b1bd6f28b6396be/out -L dependency=/opt/rustwide/target/debug/build/alloc-stdlib/aba14f6c9c5c0c71/out -L dependency=/opt/rustwide/target/debug/build/base64/d8aec028dea2d277/out -L dependency=/opt/rustwide/target/debug/build/brotli-decompressor/afda87b8fb3290b5/out -L dependency=/opt/rustwide/target/debug/build/byteorder/d92705dd1d5353b1/out -L dependency=/opt/rustwide/target/debug/build/bytes/4fbd75942b1503ad/out -L dependency=/opt/rustwide/target/debug/build/cfb/8910ab51c983ba3e/out -L dependency=/opt/rustwide/target/debug/build/ctor-proc-macro/eecc9a2706ab3292/out -L dependency=/opt/rustwide/target/debug/build/deranged/8f39ce37c936eb35/out -L dependency=/opt/rustwide/target/debug/build/displaydoc/b6d2ad540cea8171/out -L dependency=/opt/rustwide/target/debug/build/equivalent/d23b026399a51038/out -L dependency=/opt/rustwide/target/debug/build/erased-serde/412d3c577f7c967d/out -L dependency=/opt/rustwide/target/debug/build/fnv/bf9ae889bab8acee/out -L dependency=/opt/rustwide/target/debug/build/form_urlencoded/c198f79a15a99cab/out -L dependency=/opt/rustwide/target/debug/build/hashbrown/1ff293044ac6a4a8/out -L dependency=/opt/rustwide/target/debug/build/icu_collections/feed032fd434f282/out -L dependency=/opt/rustwide/target/debug/build/icu_locale_core/576ddeaa21c59ebf/out -L dependency=/opt/rustwide/target/debug/build/icu_normalizer/cf51992474e0021e/out -L dependency=/opt/rustwide/target/debug/build/icu_normalizer_data/55d53c9d9302ab5f/out -L dependency=/opt/rustwide/target/debug/build/icu_properties/6b99167536d2714e/out -L dependency=/opt/rustwide/target/debug/build/icu_properties_data/17963fca1444d170/out -L dependency=/opt/rustwide/target/debug/build/icu_provider/efc48779862357c4/out -L dependency=/opt/rustwide/target/debug/build/idna/0923c301542efcbe/out -L dependency=/opt/rustwide/target/debug/build/idna_adapter/e2a83d4396f96571/out -L dependency=/opt/rustwide/target/debug/build/indexmap/5cd8f496451fc958/out -L dependency=/opt/rustwide/target/debug/build/itoa/488dcf4f13423b18/out -L dependency=/opt/rustwide/target/debug/build/jsonptr/ddcf3726dfc60858/out -L dependency=/opt/rustwide/target/debug/build/litemap/1a3530997fd9ec30/out -L dependency=/opt/rustwide/target/debug/build/memchr/b924193483665774/out -L dependency=/opt/rustwide/target/debug/build/num-conv/d4153d9e45ce082d/out -L dependency=/opt/rustwide/target/debug/build/percent-encoding/f0f3780066f274e0/out -L dependency=/opt/rustwide/target/debug/build/phf_macros/c9e5e889c0bbf14b/out -L dependency=/opt/rustwide/target/debug/build/phf_shared/52a72f9d8a36ffd9/out -L dependency=/opt/rustwide/target/debug/build/potential_utf/f91352806ea7c022/out -L dependency=/opt/rustwide/target/debug/build/powerfmt/6244fffd86cf9c21/out -L dependency=/opt/rustwide/target/debug/build/quick-xml/4b6d0a1097091bd3/out -L dependency=/opt/rustwide/target/debug/build/regex-automata/10df10da9804dc29/out -L dependency=/opt/rustwide/target/debug/build/regex-syntax/aa2c0ef21912879c/out -L dependency=/opt/rustwide/target/debug/build/regex/c4bb7f6205210f7a/out -L dependency=/opt/rustwide/target/debug/build/same-file/b7226876f34d02dd/out -L dependency=/opt/rustwide/target/debug/build/serde/098f148cdfe1975e/out -L dependency=/opt/rustwide/target/debug/build/serde_core/182ae46cbfb5dc43/out -L dependency=/opt/rustwide/target/debug/build/serde_derive/6b0cd7c60ec77a56/out -L dependency=/opt/rustwide/target/debug/build/serde_json/bf00cf4bbcc4b322/out -L dependency=/opt/rustwide/target/debug/build/serde_spanned/227934e7f85241ea/out -L dependency=/opt/rustwide/target/debug/build/serde_with_macros/5975484cb19baf86/out -L dependency=/opt/rustwide/target/debug/build/siphasher/893e00f08ec67819/out -L dependency=/opt/rustwide/target/debug/build/smallvec/4f8e4a825041d312/out -L dependency=/opt/rustwide/target/debug/build/stable_deref_trait/a4bd0afb694af506/out -L dependency=/opt/rustwide/target/debug/build/thiserror-impl/23af60aca12515e9/out -L dependency=/opt/rustwide/target/debug/build/thiserror-impl/ad57d5338ef503bc/out -L dependency=/opt/rustwide/target/debug/build/thiserror/d7256f85f8bd47c8/out -L dependency=/opt/rustwide/target/debug/build/time-core/ddd302f9b64d800d/out -L dependency=/opt/rustwide/target/debug/build/time-macros/5a9d84b6eec193b1/out -L dependency=/opt/rustwide/target/debug/build/time/a5a9f4711dd3ae80/out -L dependency=/opt/rustwide/target/debug/build/tinystr/2bcf0f727a0d9e6c/out -L dependency=/opt/rustwide/target/debug/build/toml_datetime/e434ce63b32a8634/out -L dependency=/opt/rustwide/target/debug/build/toml_parser/4b56f1fcc80bee0d/out -L dependency=/opt/rustwide/target/debug/build/toml_writer/8f810326993a9f23/out -L dependency=/opt/rustwide/target/debug/build/typeid/ee0752ecb393aff8/out -L dependency=/opt/rustwide/target/debug/build/unic-char-property/d3c50758b405703d/out -L dependency=/opt/rustwide/target/debug/build/unic-char-range/2d120593432c40f3/out -L dependency=/opt/rustwide/target/debug/build/unic-common/cf660da30b3103fe/out -L dependency=/opt/rustwide/target/debug/build/unic-ucd-ident/ed4e448f36bd47af/out -L dependency=/opt/rustwide/target/debug/build/unic-ucd-version/9e6203c45f059672/out -L dependency=/opt/rustwide/target/debug/build/url/fbc6ae65a1de16fa/out -L dependency=/opt/rustwide/target/debug/build/utf8_iter/88f5a358869389d3/out -L dependency=/opt/rustwide/target/debug/build/uuid/2fe618326160bf42/out -L dependency=/opt/rustwide/target/debug/build/winnow/633517ba2cbc48a7/out -L dependency=/opt/rustwide/target/debug/build/writeable/5ca0ec95d9ef6c5c/out -L dependency=/opt/rustwide/target/debug/build/yoke-derive/df68c8b15dbb9d99/out -L dependency=/opt/rustwide/target/debug/build/yoke/85fcf4e2e2158cd2/out -L dependency=/opt/rustwide/target/debug/build/zerofrom-derive/50fd06bb071b26c9/out -L dependency=/opt/rustwide/target/debug/build/zerofrom/da532788af04bb10/out -L dependency=/opt/rustwide/target/debug/build/zerotrie/3d45e3130db79954/out -L dependency=/opt/rustwide/target/debug/build/zerovec-derive/af1c5b6dcbfced94/out -L dependency=/opt/rustwide/target/debug/build/zerovec/669e49244dcc398d/out -L dependency=/opt/rustwide/target/debug/build/zmij/93cb3e10a525d438/out --extern anyhow=/opt/rustwide/target/debug/build/anyhow/d5f04c2d9d0d7bf2/out/libanyhow-d5f04c2d9d0d7bf2.rmeta --extern brotli=/opt/rustwide/target/debug/build/brotli/6ea55079a4d4b58d/out/libbrotli-6ea55079a4d4b58d.rmeta --extern ctor=/opt/rustwide/target/debug/build/ctor/51997fcd607a8a4a/out/libctor-51997fcd607a8a4a.rmeta --extern dunce=/opt/rustwide/target/debug/build/dunce/52a5ecbe27750a89/out/libdunce-52a5ecbe27750a89.rmeta --extern glob=/opt/rustwide/target/debug/build/glob/d6c6681e19d65e40/out/libglob-d6c6681e19d65e40.rmeta --extern http=/opt/rustwide/target/debug/build/http/e7402a8233548797/out/libhttp-e7402a8233548797.rmeta --extern infer=/opt/rustwide/target/debug/build/infer/7668a5797e491c75/out/libinfer-7668a5797e491c75.rmeta --extern json_patch=/opt/rustwide/target/debug/build/json-patch/41be82f826a9dd0d/out/libjson_patch-41be82f826a9dd0d.rmeta --extern log=/opt/rustwide/target/debug/build/log/c6c5cdd4b6425921/out/liblog-c6c5cdd4b6425921.rmeta --extern memchr=/opt/rustwide/target/debug/build/memchr/b924193483665774/out/libmemchr-b924193483665774.rmeta --extern phf=/opt/rustwide/target/debug/build/phf/39ccf2b54bbcdb9e/out/libphf-39ccf2b54bbcdb9e.rmeta --extern plist=/opt/rustwide/target/debug/build/plist/990f372f8f3b52d5/out/libplist-990f372f8f3b52d5.rmeta --extern regex=/opt/rustwide/target/debug/build/regex/c4bb7f6205210f7a/out/libregex-c4bb7f6205210f7a.rmeta --extern semver=/opt/rustwide/target/debug/build/semver/7e8dca4a9a4ab678/out/libsemver-7e8dca4a9a4ab678.rmeta --extern serde=/opt/rustwide/target/debug/build/serde/098f148cdfe1975e/out/libserde-098f148cdfe1975e.rmeta --extern serde_untagged=/opt/rustwide/target/debug/build/serde-untagged/4af3c9812c93c2ef/out/libserde_untagged-4af3c9812c93c2ef.rmeta --extern serde_json=/opt/rustwide/target/debug/build/serde_json/bf00cf4bbcc4b322/out/libserde_json-bf00cf4bbcc4b322.rmeta --extern serde_with=/opt/rustwide/target/debug/build/serde_with/641743fa9a3268d4/out/libserde_with-641743fa9a3268d4.rmeta --extern thiserror=/opt/rustwide/target/debug/build/thiserror/a7b3baf933562fce/out/libthiserror-a7b3baf933562fce.rmeta --extern toml=/opt/rustwide/target/debug/build/toml/2505f01e69cc2ac9/out/libtoml-2505f01e69cc2ac9.rmeta --extern url=/opt/rustwide/target/debug/build/url/fbc6ae65a1de16fa/out/liburl-fbc6ae65a1de16fa.rmeta --extern urlpattern=/opt/rustwide/target/debug/build/urlpattern/87f23c3e12f3eea2/out/liburlpattern-87f23c3e12f3eea2.rmeta --extern uuid=/opt/rustwide/target/debug/build/uuid/2fe618326160bf42/out/libuuid-2fe618326160bf42.rmeta --extern walkdir=/opt/rustwide/target/debug/build/walkdir/1278d11b181efceb/out/libwalkdir-1278d11b181efceb.rmeta --cap-lints allow --cap-lints=forbid --force-warn=unused_crate_dependencies` (signal: 9, SIGKILL: kill)
[INFO] [stderr] warning: build failed, waiting for other jobs to finish...
[INFO] [stderr] error: could not compile `glib` (lib)
[INFO] [stderr] 
[INFO] [stderr] Caused by:
[INFO] [stderr]   process didn't exit successfully: `/opt/rustwide/rustup-home/toolchains/3154cc1a3e6424e44f438a95007d043ed5ceaaf6/bin/rustc --crate-name glib --edition=2021 /opt/rustwide/cargo-home/registry/src/index.crates.io-1949cf8c6b5b557f/glib-0.18.5/src/lib.rs --error-format=json --json=diagnostic-rendered-ansi,artifacts,future-incompat,unused-externs-silent --crate-type lib --emit=dep-info,metadata -C embed-bitcode=no -C debuginfo=2 --cfg 'feature="default"' --cfg 'feature="gio"' --cfg 'feature="gio_ffi"' --cfg 'feature="v2_58"' --cfg 'feature="v2_60"' --cfg 'feature="v2_62"' --cfg 'feature="v2_64"' --cfg 'feature="v2_66"' --cfg 'feature="v2_68"' --cfg 'feature="v2_70"' --check-cfg 'cfg(docsrs,test)' --check-cfg 'cfg(feature, values("compiletests", "default", "gio", "gio_ffi", "log", "log_macros", "rs-log", "v2_58", "v2_60", "v2_62", "v2_64", "v2_66", "v2_68", "v2_70", "v2_72", "v2_74", "v2_76", "v2_78"))' -C metadata=2852b2c37cde87b3 -C extra-filename=-453eec47a516bd80 --out-dir /opt/rustwide/target/debug/build/glib/453eec47a516bd80/out -L dependency=/opt/rustwide/target/debug/build/futures-core/079036211c4499c5/out -L dependency=/opt/rustwide/target/debug/build/futures-macro/563471f27e901a91/out -L dependency=/opt/rustwide/target/debug/build/futures-task/e6dcbbfe3a416c43/out -L dependency=/opt/rustwide/target/debug/build/futures-util/708edb35b8a25e3b/out -L dependency=/opt/rustwide/target/debug/build/glib-sys/4127723b8d372de6/out -L dependency=/opt/rustwide/target/debug/build/gobject-sys/21883e6a0e5ac5ea/out -L dependency=/opt/rustwide/target/debug/build/libc/5b122225efee376b/out -L dependency=/opt/rustwide/target/debug/build/pin-project-lite/7176d3be2b7ee2e1/out -L dependency=/opt/rustwide/target/debug/build/serde_core/182ae46cbfb5dc43/out -L dependency=/opt/rustwide/target/debug/build/slab/ae595133c23c4338/out -L dependency=/opt/rustwide/target/debug/build/thiserror-impl/23af60aca12515e9/out --extern bitflags=/opt/rustwide/target/debug/build/bitflags/3dc36e3fe3fd3efa/out/libbitflags-3dc36e3fe3fd3efa.rmeta --extern futures_channel=/opt/rustwide/target/debug/build/futures-channel/fa6fb0bb1f3b5c03/out/libfutures_channel-fa6fb0bb1f3b5c03.rmeta --extern futures_core=/opt/rustwide/target/debug/build/futures-core/079036211c4499c5/out/libfutures_core-079036211c4499c5.rmeta --extern futures_executor=/opt/rustwide/target/debug/build/futures-executor/b5d8045b9b66dd31/out/libfutures_executor-b5d8045b9b66dd31.rmeta --extern futures_task=/opt/rustwide/target/debug/build/futures-task/e6dcbbfe3a416c43/out/libfutures_task-e6dcbbfe3a416c43.rmeta --extern futures_util=/opt/rustwide/target/debug/build/futures-util/708edb35b8a25e3b/out/libfutures_util-708edb35b8a25e3b.rmeta --extern gio_ffi=/opt/rustwide/target/debug/build/gio-sys/f2248c670ef354cb/out/libgio_sys-f2248c670ef354cb.rmeta --extern glib_macros=/opt/rustwide/target/debug/build/glib-macros/ca7dc33c85e14685/out/libglib_macros-ca7dc33c85e14685.so --extern ffi=/opt/rustwide/target/debug/build/glib-sys/4127723b8d372de6/out/libglib_sys-4127723b8d372de6.rmeta --extern gobject_ffi=/opt/rustwide/target/debug/build/gobject-sys/21883e6a0e5ac5ea/out/libgobject_sys-21883e6a0e5ac5ea.rmeta --extern libc=/opt/rustwide/target/debug/build/libc/5b122225efee376b/out/liblibc-5b122225efee376b.rmeta --extern memchr=/opt/rustwide/target/debug/build/memchr/b924193483665774/out/libmemchr-b924193483665774.rmeta --extern once_cell=/opt/rustwide/target/debug/build/once_cell/6f8123b0c2eed634/out/libonce_cell-6f8123b0c2eed634.rmeta --extern smallvec=/opt/rustwide/target/debug/build/smallvec/4f8e4a825041d312/out/libsmallvec-4f8e4a825041d312.rmeta --extern thiserror=/opt/rustwide/target/debug/build/thiserror/d7256f85f8bd47c8/out/libthiserror-d7256f85f8bd47c8.rmeta --cap-lints allow --cap-lints=forbid --force-warn=unused_crate_dependencies` (signal: 9, SIGKILL: kill)
[INFO] [stderr] error: could not compile `tauri-utils` (lib)
[INFO] [stderr] 
[INFO] [stderr] Caused by:
[INFO] [stderr]   process didn't exit successfully: `/opt/rustwide/rustup-home/toolchains/3154cc1a3e6424e44f438a95007d043ed5ceaaf6/bin/rustc --crate-name tauri_utils --edition=2021 /opt/rustwide/cargo-home/registry/src/index.crates.io-1949cf8c6b5b557f/tauri-utils-2.9.3/src/lib.rs --error-format=json --json=diagnostic-rendered-ansi,artifacts,future-incompat,unused-externs-silent --crate-type lib --emit=dep-info,metadata,link -Z embed-metadata=no -C embed-bitcode=no --cfg 'feature="brotli"' --cfg 'feature="build-2"' --cfg 'feature="cargo_metadata"' --cfg 'feature="compression"' --cfg 'feature="html-manipulation-2"' --cfg 'feature="proc-macro2"' --cfg 'feature="quote"' --cfg 'feature="resources"' --cfg 'feature="schema"' --cfg 'feature="schemars"' --cfg 'feature="swift-rs"' --cfg 'feature="walkdir"' --check-cfg 'cfg(docsrs,test)' --check-cfg 'cfg(feature, values("aes-gcm", "brotli", "build", "build-2", "cargo_metadata", "compression", "config-json5", "config-toml", "getrandom", "html-manipulation", "html-manipulation-2", "isolation", "json5", "proc-macro2", "process-relaunch-dangerous-allow-symlink-macos", "quote", "resources", "schema", "schemars", "serialize-to-javascript", "swift-rs", "walkdir"))' -C metadata=1c3b368354df623e -C extra-filename=-29bae866496081c9 --out-dir /opt/rustwide/target/debug/build/tauri-utils/29bae866496081c9/out -L dependency=/opt/rustwide/target/debug/build/aho-corasick/4f6a115ab09d8589/out -L dependency=/opt/rustwide/target/debug/build/alloc-no-stdlib/481e926020947070/out -L dependency=/opt/rustwide/target/debug/build/alloc-stdlib/d699b51811d4175c/out -L dependency=/opt/rustwide/target/debug/build/base64/c3f6fce0270f46f0/out -L dependency=/opt/rustwide/target/debug/build/bit-set/6da90ebc149128b0/out -L dependency=/opt/rustwide/target/debug/build/bit-vec/4081f11a561ca3d3/out -L dependency=/opt/rustwide/target/debug/build/bitflags/6bdc83ab26041556/out -L dependency=/opt/rustwide/target/debug/build/brotli-decompressor/16d4476866898ca6/out -L dependency=/opt/rustwide/target/debug/build/byteorder/118a9ce0d0c0f5ff/out -L dependency=/opt/rustwide/target/debug/build/bytes/30351472287a0b7c/out -L dependency=/opt/rustwide/target/debug/build/camino/141cc0c160f87cff/out -L dependency=/opt/rustwide/target/debug/build/cargo-platform/05203701586e129e/out -L dependency=/opt/rustwide/target/debug/build/cfb/ef8daf3904a74d32/out -L dependency=/opt/rustwide/target/debug/build/cfg-if/9c7f9eb9639deea5/out -L dependency=/opt/rustwide/target/debug/build/cssparser-macros/b3b6f940e4615a68/out -L dependency=/opt/rustwide/target/debug/build/cssparser/a8d2adde89565519/out -L dependency=/opt/rustwide/target/debug/build/ctor-proc-macro/eecc9a2706ab3292/out -L dependency=/opt/rustwide/target/debug/build/deranged/c3700f59a0ae863a/out -L dependency=/opt/rustwide/target/debug/build/derive_more-impl/558c3efe62012ac7/out -L dependency=/opt/rustwide/target/debug/build/derive_more/82ed944106a0a381/out -L dependency=/opt/rustwide/target/debug/build/displaydoc/b6d2ad540cea8171/out -L dependency=/opt/rustwide/target/debug/build/dtoa-short/d4fbfd45a5cc1754/out -L dependency=/opt/rustwide/target/debug/build/dtoa/c0979c39f7fc3969/out -L dependency=/opt/rustwide/target/debug/build/dyn-clone/9dfe35385ed711ee/out -L dependency=/opt/rustwide/target/debug/build/equivalent/1cd2a250f2449a60/out -L dependency=/opt/rustwide/target/debug/build/erased-serde/24151ae07eef8f84/out -L dependency=/opt/rustwide/target/debug/build/fnv/bd60753855300b18/out -L dependency=/opt/rustwide/target/debug/build/foldhash/d70aa99bc2fbe001/out -L dependency=/opt/rustwide/target/debug/build/form_urlencoded/a8c9e280eab86494/out -L dependency=/opt/rustwide/target/debug/build/getrandom/f101e6abfe7172a7/out -L dependency=/opt/rustwide/target/debug/build/hashbrown/88203a650ce9f298/out -L dependency=/opt/rustwide/target/debug/build/hashbrown/e6a297648138f250/out -L dependency=/opt/rustwide/target/debug/build/html5ever/6cecb642c61f92eb/out -L dependency=/opt/rustwide/target/debug/build/icu_collections/dbe05761b6fc1a1f/out -L dependency=/opt/rustwide/target/debug/build/icu_locale_core/66a39ad040776a58/out -L dependency=/opt/rustwide/target/debug/build/icu_normalizer/51694b12b8686640/out -L dependency=/opt/rustwide/target/debug/build/icu_normalizer_data/6aaf64306c299019/out -L dependency=/opt/rustwide/target/debug/build/icu_properties/c7f5241b44e44ebc/out -L dependency=/opt/rustwide/target/debug/build/icu_properties_data/2397e08a532f60c6/out -L dependency=/opt/rustwide/target/debug/build/icu_provider/c3d1f8c35727b8e5/out -L dependency=/opt/rustwide/target/debug/build/idna/5ea095f34a3f72a1/out -L dependency=/opt/rustwide/target/debug/build/idna_adapter/03ec4960c0f06394/out -L dependency=/opt/rustwide/target/debug/build/indexmap/4fb158964f0af1f0/out -L dependency=/opt/rustwide/target/debug/build/indexmap/eb1462227baa6de7/out -L dependency=/opt/rustwide/target/debug/build/itoa/8df6d4253752101e/out -L dependency=/opt/rustwide/target/debug/build/jsonptr/1d99c22d83887f0b/out -L dependency=/opt/rustwide/target/debug/build/libc/957bca8494e3bc36/out -L dependency=/opt/rustwide/target/debug/build/litemap/4af3765d46b109e8/out -L dependency=/opt/rustwide/target/debug/build/lock_api/886e26369390df02/out -L dependency=/opt/rustwide/target/debug/build/log/33265d0507e2cfdb/out -L dependency=/opt/rustwide/target/debug/build/markup5ever/b4e39af4f191dff8/out -L dependency=/opt/rustwide/target/debug/build/memchr/eb8ac1f1f77ae379/out -L dependency=/opt/rustwide/target/debug/build/new_debug_unreachable/ded5321d275224be/out -L dependency=/opt/rustwide/target/debug/build/num-conv/e34be7e702f9596d/out -L dependency=/opt/rustwide/target/debug/build/parking_lot/7b28034743767f6b/out -L dependency=/opt/rustwide/target/debug/build/parking_lot_core/4ffdcc9b468f3f18/out -L dependency=/opt/rustwide/target/debug/build/percent-encoding/4dba5c4fe26bc40a/out -L dependency=/opt/rustwide/target/debug/build/phf/783c8107ad179974/out -L dependency=/opt/rustwide/target/debug/build/phf_macros/c9e5e889c0bbf14b/out -L dependency=/opt/rustwide/target/debug/build/phf_shared/d641fe0f4e2df121/out -L dependency=/opt/rustwide/target/debug/build/potential_utf/7a1c716c06f21782/out -L dependency=/opt/rustwide/target/debug/build/powerfmt/d4be3a962e830dc0/out -L dependency=/opt/rustwide/target/debug/build/precomputed-hash/537e948e8edfb962/out -L dependency=/opt/rustwide/target/debug/build/proc-macro2/66baf18af1fdf36f/out -L dependency=/opt/rustwide/target/debug/build/quick-xml/535a0b30d99d66c6/out -L dependency=/opt/rustwide/target/debug/build/regex-automata/3f5e2b732a551e1f/out -L dependency=/opt/rustwide/target/debug/build/regex-syntax/ad84fdbac3b7a759/out -L dependency=/opt/rustwide/target/debug/build/regex/c0c68a5f7e2bb2be/out -L dependency=/opt/rustwide/target/debug/build/rustc-hash/7fc97d08af7663dd/out -L dependency=/opt/rustwide/target/debug/build/same-file/d0318c27bac25c56/out -L dependency=/opt/rustwide/target/debug/build/schemars_derive/1182163061848abd/out -L dependency=/opt/rustwide/target/debug/build/scopeguard/22e389c5edc90715/out -L dependency=/opt/rustwide/target/debug/build/selectors/e250f221eabda78f/out -L dependency=/opt/rustwide/target/debug/build/semver/2ea64457bd93c71e/out -L dependency=/opt/rustwide/target/debug/build/serde/39946a6781e67116/out -L dependency=/opt/rustwide/target/debug/build/serde_core/4f838cbab6da8025/out -L dependency=/opt/rustwide/target/debug/build/serde_derive/6b0cd7c60ec77a56/out -L dependency=/opt/rustwide/target/debug/build/serde_json/829b0f27beef5e16/out -L dependency=/opt/rustwide/target/debug/build/serde_spanned/40a36a3393ed3bb4/out -L dependency=/opt/rustwide/target/debug/build/serde_with_macros/5975484cb19baf86/out -L dependency=/opt/rustwide/target/debug/build/servo_arc/a454d32a2ed1a395/out -L dependency=/opt/rustwide/target/debug/build/siphasher/7703005b7a34f1d2/out -L dependency=/opt/rustwide/target/debug/build/smallvec/b7a05017ea0f753d/out -L dependency=/opt/rustwide/target/debug/build/stable_deref_trait/7ec5d9b2284a889a/out -L dependency=/opt/rustwide/target/debug/build/string_cache/fe5bb386c5442d2c/out -L dependency=/opt/rustwide/target/debug/build/tendril/c546586f5781015b/out -L dependency=/opt/rustwide/target/debug/build/thiserror-impl/23af60aca12515e9/out -L dependency=/opt/rustwide/target/debug/build/thiserror-impl/ad57d5338ef503bc/out -L dependency=/opt/rustwide/target/debug/build/thiserror/3df090edcb2d068e/out -L dependency=/opt/rustwide/target/debug/build/thiserror/3f69c689202aff63/out -L dependency=/opt/rustwide/target/debug/build/time-core/e5be5a39544975e5/out -L dependency=/opt/rustwide/target/debug/build/time/e357d2fc93da65ac/out -L dependency=/opt/rustwide/target/debug/build/tinystr/fcfa5e52756080a1/out -L dependency=/opt/rustwide/target/debug/build/toml_datetime/dfe419548e52dc37/out -L dependency=/opt/rustwide/target/debug/build/toml_parser/cc232422b72dd4b0/out -L dependency=/opt/rustwide/target/debug/build/toml_writer/44a4504b6aaa2b65/out -L dependency=/opt/rustwide/target/debug/build/typeid/5ee579849530ca46/out -L dependency=/opt/rustwide/target/debug/build/unic-char-property/72b78f8d8a650d82/out -L dependency=/opt/rustwide/target/debug/build/unic-char-range/d34d4d4e5bf037ec/out -L dependency=/opt/rustwide/target/debug/build/unic-common/d348f1ffc33cc1b6/out -L dependency=/opt/rustwide/target/debug/build/unic-ucd-ident/18c498c6ca86b3ee/out -L dependency=/opt/rustwide/target/debug/build/unic-ucd-version/e9cb1a3bf84fd16a/out -L dependency=/opt/rustwide/target/debug/build/unicode-ident/8c98a1a0e58216a9/out -L dependency=/opt/rustwide/target/debug/build/url/71538fb14a0c9dc6/out -L dependency=/opt/rustwide/target/debug/build/utf8_iter/83d48b7642e6f3cb/out -L dependency=/opt/rustwide/target/debug/build/uuid/b72c657a11a88a92/out -L dependency=/opt/rustwide/target/debug/build/web_atoms/53546da4bdfcb8d9/out -L dependency=/opt/rustwide/target/debug/build/winnow/166842a26d220deb/out -L dependency=/opt/rustwide/target/debug/build/writeable/799661769bfb7367/out -L dependency=/opt/rustwide/target/debug/build/yoke-derive/df68c8b15dbb9d99/out -L dependency=/opt/rustwide/target/debug/build/yoke/ce183ffc3549afc8/out -L dependency=/opt/rustwide/target/debug/build/zerofrom-derive/50fd06bb071b26c9/out -L dependency=/opt/rustwide/target/debug/build/zerofrom/c3f7875f951354d8/out -L dependency=/opt/rustwide/target/debug/build/zerotrie/49cc9312fe94ecd0/out -L dependency=/opt/rustwide/target/debug/build/zerovec-derive/af1c5b6dcbfced94/out -L dependency=/opt/rustwide/target/debug/build/zerovec/9b5ec8c7f65d446c/out -L dependency=/opt/rustwide/target/debug/build/zmij/c7415b051ede4f3e/out --extern anyhow=/opt/rustwide/target/debug/build/anyhow/1f5bd579e1d9c8e5/out/libanyhow-1f5bd579e1d9c8e5.rmeta --extern brotli=/opt/rustwide/target/debug/build/brotli/f129ca9f51eabd50/out/libbrotli-f129ca9f51eabd50.rmeta --extern cargo_metadata=/opt/rustwide/target/debug/build/cargo_metadata/7d5311d612a416b5/out/libcargo_metadata-7d5311d612a416b5.rmeta --extern ctor=/opt/rustwide/target/debug/build/ctor/1b44ac9100fc0057/out/libctor-1b44ac9100fc0057.rmeta --extern dom_query=/opt/rustwide/target/debug/build/dom_query/695ecd4b4eac034a/out/libdom_query-695ecd4b4eac034a.rmeta --extern dunce=/opt/rustwide/target/debug/build/dunce/17efee76a01ab9cf/out/libdunce-17efee76a01ab9cf.rmeta --extern glob=/opt/rustwide/target/debug/build/glob/4c55fa9c31ca0b2a/out/libglob-4c55fa9c31ca0b2a.rmeta --extern http=/opt/rustwide/target/debug/build/http/652387d2311bea0e/out/libhttp-652387d2311bea0e.rmeta --extern infer=/opt/rustwide/target/debug/build/infer/128f17714f5615f0/out/libinfer-128f17714f5615f0.rmeta --extern json_patch=/opt/rustwide/target/debug/build/json-patch/10566c71513fa565/out/libjson_patch-10566c71513fa565.rmeta --extern log=/opt/rustwide/target/debug/build/log/33265d0507e2cfdb/out/liblog-33265d0507e2cfdb.rmeta --extern memchr=/opt/rustwide/target/debug/build/memchr/eb8ac1f1f77ae379/out/libmemchr-eb8ac1f1f77ae379.rmeta --extern phf=/opt/rustwide/target/debug/build/phf/783c8107ad179974/out/libphf-783c8107ad179974.rmeta --extern plist=/opt/rustwide/target/debug/build/plist/ca03a2474b240e6b/out/libplist-ca03a2474b240e6b.rmeta --extern proc_macro2=/opt/rustwide/target/debug/build/proc-macro2/66baf18af1fdf36f/out/libproc_macro2-66baf18af1fdf36f.rmeta --extern quote=/opt/rustwide/target/debug/build/quote/31698eed8d28fe2c/out/libquote-31698eed8d28fe2c.rmeta --extern regex=/opt/rustwide/target/debug/build/regex/c0c68a5f7e2bb2be/out/libregex-c0c68a5f7e2bb2be.rmeta --extern schemars=/opt/rustwide/target/debug/build/schemars/b6e34b9a0529d0a0/out/libschemars-b6e34b9a0529d0a0.rmeta --extern semver=/opt/rustwide/target/debug/build/semver/2ea64457bd93c71e/out/libsemver-2ea64457bd93c71e.rmeta --extern serde=/opt/rustwide/target/debug/build/serde/39946a6781e67116/out/libserde-39946a6781e67116.rmeta --extern serde_untagged=/opt/rustwide/target/debug/build/serde-untagged/54a9e20701dbf373/out/libserde_untagged-54a9e20701dbf373.rmeta --extern serde_json=/opt/rustwide/target/debug/build/serde_json/829b0f27beef5e16/out/libserde_json-829b0f27beef5e16.rmeta --extern serde_with=/opt/rustwide/target/debug/build/serde_with/79c8c3e07b2db490/out/libserde_with-79c8c3e07b2db490.rmeta --extern thiserror=/opt/rustwide/target/debug/build/thiserror/3f69c689202aff63/out/libthiserror-3f69c689202aff63.rmeta --extern toml=/opt/rustwide/target/debug/build/toml/cae5462940bc4d86/out/libtoml-cae5462940bc4d86.rmeta --extern url=/opt/rustwide/target/debug/build/url/71538fb14a0c9dc6/out/liburl-71538fb14a0c9dc6.rmeta --extern urlpattern=/opt/rustwide/target/debug/build/urlpattern/8d08ee6594ad527b/out/liburlpattern-8d08ee6594ad527b.rmeta --extern uuid=/opt/rustwide/target/debug/build/uuid/b72c657a11a88a92/out/libuuid-b72c657a11a88a92.rmeta --extern walkdir=/opt/rustwide/target/debug/build/walkdir/a30c0625979b09c8/out/libwalkdir-a30c0625979b09c8.rmeta --cap-lints allow --cap-lints=forbid --force-warn=unused_crate_dependencies` (signal: 9, SIGKILL: kill)
[INFO] [stderr] error: failed to run custom build command for `whisper-rs-sys v0.10.0`
[INFO] [stderr] note: To improve backtraces for build dependencies, set the CARGO_PROFILE_DEV_BUILD_OVERRIDE_DEBUG=true environment variable to enable debug information generation.
[INFO] [stderr] 
[INFO] [stderr] Caused by:
[INFO] [stderr]   process didn't exit successfully: `/opt/rustwide/target/debug/build/whisper-rs-sys/09aa2a7175e6e564/out/build_script_build` (exit status: 101)
[INFO] [stderr]   --- stdout
[INFO] [stderr]   cargo:rustc-link-lib=dylib=stdc++
[INFO] [stderr]   cargo:rerun-if-changed=wrapper.h
[INFO] [stderr]   cargo:rerun-if-env-changed=TARGET
[INFO] [stderr]   cargo:rerun-if-env-changed=BINDGEN_EXTRA_CLANG_ARGS_x86_64-unknown-linux-gnu
[INFO] [stderr]   cargo:rerun-if-env-changed=BINDGEN_EXTRA_CLANG_ARGS_x86_64_unknown_linux_gnu
[INFO] [stderr]   cargo:rerun-if-env-changed=BINDGEN_EXTRA_CLANG_ARGS
[INFO] [stderr]   cargo:rerun-if-changed=wrapper.h
[INFO] [stderr]   cargo:rerun-if-changed=./whisper.cpp/whisper.h
[INFO] [stderr]   cargo:rerun-if-changed=./whisper.cpp/ggml.h
[INFO] [stderr]   cargo:rerun-if-changed=/usr/lib/llvm-21/lib/clang/21/include/stdbool.h
[INFO] [stderr]   cargo:rerun-if-changed=/usr/lib/llvm-21/lib/clang/21/include/stddef.h
[INFO] [stderr]   cargo:rerun-if-changed=/usr/lib/llvm-21/lib/clang/21/include/__stddef_header_macro.h
[INFO] [stderr]   cargo:rerun-if-changed=/usr/lib/llvm-21/lib/clang/21/include/__stddef_ptrdiff_t.h
[INFO] [stderr]   cargo:rerun-if-changed=/usr/lib/llvm-21/lib/clang/21/include/__stddef_size_t.h
[INFO] [stderr]   cargo:rerun-if-changed=/usr/lib/llvm-21/lib/clang/21/include/__stddef_wchar_t.h
[INFO] [stderr]   cargo:rerun-if-changed=/usr/lib/llvm-21/lib/clang/21/include/__stddef_null.h
[INFO] [stderr]   cargo:rerun-if-changed=/usr/lib/llvm-21/lib/clang/21/include/__stddef_max_align_t.h
[INFO] [stderr]   cargo:rerun-if-changed=/usr/lib/llvm-21/lib/clang/21/include/__stddef_offsetof.h
[INFO] [stderr]   cargo:rerun-if-changed=/usr/lib/llvm-21/lib/clang/21/include/stdint.h
[INFO] [stderr]   cargo:rerun-if-changed=/usr/include/stdint.h
[INFO] [stderr]   cargo:rerun-if-changed=/usr/include/x86_64-linux-gnu/bits/libc-header-start.h
[INFO] [stderr]   cargo:rerun-if-changed=/usr/include/features.h
[INFO] [stderr]   cargo:rerun-if-changed=/usr/include/features-time64.h
[INFO] [stderr]   cargo:rerun-if-changed=/usr/include/x86_64-linux-gnu/bits/wordsize.h
[INFO] [stderr]   cargo:rerun-if-changed=/usr/include/x86_64-linux-gnu/bits/timesize.h
[INFO] [stderr]   cargo:rerun-if-changed=/usr/include/x86_64-linux-gnu/bits/wordsize.h
[INFO] [stderr]   cargo:rerun-if-changed=/usr/include/stdc-predef.h
[INFO] [stderr]   cargo:rerun-if-changed=/usr/include/x86_64-linux-gnu/sys/cdefs.h
[INFO] [stderr]   cargo:rerun-if-changed=/usr/include/x86_64-linux-gnu/bits/wordsize.h
[INFO] [stderr]   cargo:rerun-if-changed=/usr/include/x86_64-linux-gnu/bits/long-double.h
[INFO] [stderr]   cargo:rerun-if-changed=/usr/include/x86_64-linux-gnu/gnu/stubs.h
[INFO] [stderr]   cargo:rerun-if-changed=/usr/include/x86_64-linux-gnu/gnu/stubs-64.h
[INFO] [stderr]   cargo:rerun-if-changed=/usr/include/x86_64-linux-gnu/bits/types.h
[INFO] [stderr]   cargo:rerun-if-changed=/usr/include/features.h
[INFO] [stderr]   cargo:rerun-if-changed=/usr/include/x86_64-linux-gnu/bits/wordsize.h
[INFO] [stderr]   cargo:rerun-if-changed=/usr/include/x86_64-linux-gnu/bits/timesize.h
[INFO] [stderr]   cargo:rerun-if-changed=/usr/include/x86_64-linux-gnu/bits/wordsize.h
[INFO] [stderr]   cargo:rerun-if-changed=/usr/include/x86_64-linux-gnu/bits/typesizes.h
[INFO] [stderr]   cargo:rerun-if-changed=/usr/include/x86_64-linux-gnu/bits/time64.h
[INFO] [stderr]   cargo:rerun-if-changed=/usr/include/x86_64-linux-gnu/bits/wchar.h
[INFO] [stderr]   cargo:rerun-if-changed=/usr/include/x86_64-linux-gnu/bits/wordsize.h
[INFO] [stderr]   cargo:rerun-if-changed=/usr/include/x86_64-linux-gnu/bits/stdint-intn.h
[INFO] [stderr]   cargo:rerun-if-changed=/usr/include/x86_64-linux-gnu/bits/types.h
[INFO] [stderr]   cargo:rerun-if-changed=/usr/include/x86_64-linux-gnu/bits/stdint-uintn.h
[INFO] [stderr]   cargo:rerun-if-changed=/usr/include/x86_64-linux-gnu/bits/types.h
[INFO] [stderr]   cargo:rerun-if-changed=/usr/include/x86_64-linux-gnu/bits/stdint-least.h
[INFO] [stderr]   cargo:rerun-if-changed=/usr/include/x86_64-linux-gnu/bits/types.h
[INFO] [stderr]   cargo:rerun-if-changed=/usr/include/stdio.h
[INFO] [stderr]   cargo:rerun-if-changed=/usr/include/x86_64-linux-gnu/bits/libc-header-start.h
[INFO] [stderr]   cargo:rerun-if-changed=/usr/include/features.h
[INFO] [stderr]   cargo:rerun-if-changed=/usr/lib/llvm-21/lib/clang/21/include/stddef.h
[INFO] [stderr]   cargo:rerun-if-changed=/usr/lib/llvm-21/lib/clang/21/include/__stddef_size_t.h
[INFO] [stderr]   cargo:rerun-if-changed=/usr/lib/llvm-21/lib/clang/21/include/__stddef_null.h
[INFO] [stderr]   cargo:rerun-if-changed=/usr/lib/llvm-21/lib/clang/21/include/stdarg.h
[INFO] [stderr]   cargo:rerun-if-changed=/usr/lib/llvm-21/lib/clang/21/include/__stdarg___gnuc_va_list.h
[INFO] [stderr]   cargo:rerun-if-changed=/usr/include/x86_64-linux-gnu/bits/types.h
[INFO] [stderr]   cargo:rerun-if-changed=/usr/include/x86_64-linux-gnu/bits/types/__fpos_t.h
[INFO] [stderr]   cargo:rerun-if-changed=/usr/include/x86_64-linux-gnu/bits/types.h
[INFO] [stderr]   cargo:rerun-if-changed=/usr/include/x86_64-linux-gnu/bits/types/__mbstate_t.h
[INFO] [stderr]   cargo:rerun-if-changed=/usr/include/x86_64-linux-gnu/bits/types/__fpos64_t.h
[INFO] [stderr]   cargo:rerun-if-changed=/usr/include/x86_64-linux-gnu/bits/types.h
[INFO] [stderr]   cargo:rerun-if-changed=/usr/include/x86_64-linux-gnu/bits/types/__mbstate_t.h
[INFO] [stderr]   cargo:rerun-if-changed=/usr/include/x86_64-linux-gnu/bits/types/__FILE.h
[INFO] [stderr]   cargo:rerun-if-changed=/usr/include/x86_64-linux-gnu/bits/types/FILE.h
[INFO] [stderr]   cargo:rerun-if-changed=/usr/include/x86_64-linux-gnu/bits/types/struct_FILE.h
[INFO] [stderr]   cargo:rerun-if-changed=/usr/include/x86_64-linux-gnu/bits/types.h
[INFO] [stderr]   cargo:rerun-if-changed=/usr/include/x86_64-linux-gnu/bits/wordsize.h
[INFO] [stderr]   cargo:rerun-if-changed=/usr/include/x86_64-linux-gnu/bits/types/cookie_io_functions_t.h
[INFO] [stderr]   cargo:rerun-if-changed=/usr/include/x86_64-linux-gnu/bits/types.h
[INFO] [stderr]   cargo:rerun-if-changed=/usr/include/x86_64-linux-gnu/bits/stdio_lim.h
[INFO] [stderr]   cargo:rerun-if-changed=/usr/include/x86_64-linux-gnu/bits/floatn.h
[INFO] [stderr]   cargo:rerun-if-changed=/usr/include/features.h
[INFO] [stderr]   cargo:rerun-if-changed=/usr/include/x86_64-linux-gnu/bits/floatn-common.h
[INFO] [stderr]   cargo:rerun-if-changed=/usr/include/features.h
[INFO] [stderr]   cargo:rerun-if-changed=/usr/include/x86_64-linux-gnu/bits/long-double.h
[INFO] [stderr]   cargo:rerun-if-changed=/usr/lib/llvm-21/lib/clang/21/include/stddef.h
[INFO] [stderr]   cargo:rerun-if-changed=/usr/lib/llvm-21/lib/clang/21/include/__stddef_header_macro.h
[INFO] [stderr]   cargo:rerun-if-changed=/usr/lib/llvm-21/lib/clang/21/include/__stddef_ptrdiff_t.h
[INFO] [stderr]   cargo:rerun-if-changed=/usr/lib/llvm-21/lib/clang/21/include/__stddef_size_t.h
[INFO] [stderr]   cargo:rerun-if-changed=/usr/lib/llvm-21/lib/clang/21/include/__stddef_wchar_t.h
[INFO] [stderr]   cargo:rerun-if-changed=/usr/lib/llvm-21/lib/clang/21/include/__stddef_max_align_t.h
[INFO] [stderr]   cargo:rerun-if-changed=/usr/lib/llvm-21/lib/clang/21/include/__stddef_offsetof.h
[INFO] [stderr]   cargo:rerun-if-changed=/usr/lib/llvm-21/lib/clang/21/include/stdint.h
[INFO] [stderr]   cargo:rerun-if-changed=/usr/lib/llvm-21/lib/clang/21/include/stdbool.h
[INFO] [stderr]   cargo:rerun-if-changed=./whisper.cpp/ggml.h
[INFO] [stderr]   CMAKE_TOOLCHAIN_FILE_x86_64-unknown-linux-gnu = None
[INFO] [stderr]   CMAKE_TOOLCHAIN_FILE_x86_64_unknown_linux_gnu = None
[INFO] [stderr]   HOST_CMAKE_TOOLCHAIN_FILE = None
[INFO] [stderr]   CMAKE_TOOLCHAIN_FILE = None
[INFO] [stderr]   CMAKE_GENERATOR_x86_64-unknown-linux-gnu = None
[INFO] [stderr]   CMAKE_GENERATOR_x86_64_unknown_linux_gnu = None
[INFO] [stderr]   HOST_CMAKE_GENERATOR = None
[INFO] [stderr]   CMAKE_GENERATOR = None
[INFO] [stderr]   CMAKE_PREFIX_PATH_x86_64-unknown-linux-gnu = None
[INFO] [stderr]   CMAKE_PREFIX_PATH_x86_64_unknown_linux_gnu = None
[INFO] [stderr]   HOST_CMAKE_PREFIX_PATH = None
[INFO] [stderr]   CMAKE_PREFIX_PATH = None
[INFO] [stderr]   CMAKE_x86_64-unknown-linux-gnu = None
[INFO] [stderr]   CMAKE_x86_64_unknown_linux_gnu = None
[INFO] [stderr]   HOST_CMAKE = None
[INFO] [stderr]   CMAKE = None
[INFO] [stderr]   Running with debug output on.
[INFO] [stderr]   -- The C compiler identification is GNU 15.2.0
[INFO] [stderr]      Called from: [3]	/opt/rustwide/target/debug/build/whisper-rs-sys/11c6420076befa58/out/whisper.cpp/CMakeLists.txt
[INFO] [stderr]                   [2]	/usr/share/cmake-4.2/Modules/CMakeDetermineCCompiler.cmake
[INFO] [stderr]                   [1]	/usr/share/cmake-4.2/Modules/CMakeDetermineCompilerId.cmake
[INFO] [stderr]   -- The CXX compiler identification is GNU 15.2.0
[INFO] [stderr]      Called from: [3]	/opt/rustwide/target/debug/build/whisper-rs-sys/11c6420076befa58/out/whisper.cpp/CMakeLists.txt
[INFO] [stderr]                   [2]	/usr/share/cmake-4.2/Modules/CMakeDetermineCXXCompiler.cmake
[INFO] [stderr]                   [1]	/usr/share/cmake-4.2/Modules/CMakeDetermineCompilerId.cmake
[INFO] [stderr]   -- Detecting C compiler ABI info
[INFO] [stderr]      Called from: [3]	/opt/rustwide/target/debug/build/whisper-rs-sys/11c6420076befa58/out/whisper.cpp/CMakeLists.txt
[INFO] [stderr]                   [2]	/usr/share/cmake-4.2/Modules/CMakeTestCCompiler.cmake
[INFO] [stderr]                   [1]	/usr/share/cmake-4.2/Modules/CMakeDetermineCompilerABI.cmake
[INFO] [stderr]   -- Detecting C compiler ABI info - done
[INFO] [stderr]      Called from: [3]	/opt/rustwide/target/debug/build/whisper-rs-sys/11c6420076befa58/out/whisper.cpp/CMakeLists.txt
[INFO] [stderr]                   [2]	/usr/share/cmake-4.2/Modules/CMakeTestCCompiler.cmake
[INFO] [stderr]                   [1]	/usr/share/cmake-4.2/Modules/CMakeDetermineCompilerABI.cmake
[INFO] [stderr]   -- Check for working C compiler: /usr/bin/cc - skipped
[INFO] [stderr]      Called from: [2]	/opt/rustwide/target/debug/build/whisper-rs-sys/11c6420076befa58/out/whisper.cpp/CMakeLists.txt
[INFO] [stderr]                   [1]	/usr/share/cmake-4.2/Modules/CMakeTestCCompiler.cmake
[INFO] [stderr]   -- Detecting C compile features
[INFO] [stderr]      Called from: [3]	/opt/rustwide/target/debug/build/whisper-rs-sys/11c6420076befa58/out/whisper.cpp/CMakeLists.txt
[INFO] [stderr]                   [2]	/usr/share/cmake-4.2/Modules/CMakeTestCCompiler.cmake
[INFO] [stderr]                   [1]	/usr/share/cmake-4.2/Modules/CMakeDetermineCompilerSupport.cmake
[INFO] [stderr]   -- Detecting C compile features - done
[INFO] [stderr]      Called from: [3]	/opt/rustwide/target/debug/build/whisper-rs-sys/11c6420076befa58/out/whisper.cpp/CMakeLists.txt
[INFO] [stderr]                   [2]	/usr/share/cmake-4.2/Modules/CMakeTestCCompiler.cmake
[INFO] [stderr]                   [1]	/usr/share/cmake-4.2/Modules/CMakeDetermineCompilerSupport.cmake
[INFO] [stderr]   -- Detecting CXX compiler ABI info
[INFO] [stderr]      Called from: [3]	/opt/rustwide/target/debug/build/whisper-rs-sys/11c6420076befa58/out/whisper.cpp/CMakeLists.txt
[INFO] [stderr]                   [2]	/usr/share/cmake-4.2/Modules/CMakeTestCXXCompiler.cmake
[INFO] [stderr]                   [1]	/usr/share/cmake-4.2/Modules/CMakeDetermineCompilerABI.cmake
[INFO] [stderr]   -- Detecting CXX compiler ABI info - done
[INFO] [stderr]      Called from: [3]	/opt/rustwide/target/debug/build/whisper-rs-sys/11c6420076befa58/out/whisper.cpp/CMakeLists.txt
[INFO] [stderr]                   [2]	/usr/share/cmake-4.2/Modules/CMakeTestCXXCompiler.cmake
[INFO] [stderr]                   [1]	/usr/share/cmake-4.2/Modules/CMakeDetermineCompilerABI.cmake
[INFO] [stderr]   -- Check for working CXX compiler: /usr/bin/c++ - skipped
[INFO] [stderr]      Called from: [2]	/opt/rustwide/target/debug/build/whisper-rs-sys/11c6420076befa58/out/whisper.cpp/CMakeLists.txt
[INFO] [stderr]                   [1]	/usr/share/cmake-4.2/Modules/CMakeTestCXXCompiler.cmake
[INFO] [stderr]   -- Detecting CXX compile features
[INFO] [stderr]      Called from: [3]	/opt/rustwide/target/debug/build/whisper-rs-sys/11c6420076befa58/out/whisper.cpp/CMakeLists.txt
[INFO] [stderr]                   [2]	/usr/share/cmake-4.2/Modules/CMakeTestCXXCompiler.cmake
[INFO] [stderr]                   [1]	/usr/share/cmake-4.2/Modules/CMakeDetermineCompilerSupport.cmake
[INFO] [stderr]   -- Detecting CXX compile features - done
[INFO] [stderr]      Called from: [3]	/opt/rustwide/target/debug/build/whisper-rs-sys/11c6420076befa58/out/whisper.cpp/CMakeLists.txt
[INFO] [stderr]                   [2]	/usr/share/cmake-4.2/Modules/CMakeTestCXXCompiler.cmake
[INFO] [stderr]                   [1]	/usr/share/cmake-4.2/Modules/CMakeDetermineCompilerSupport.cmake
[INFO] [stderr]   -- Found Git: /usr/bin/git (found version "2.53.0")
[INFO] [stderr]      Called from: [5]	/opt/rustwide/target/debug/build/whisper-rs-sys/11c6420076befa58/out/whisper.cpp/CMakeLists.txt
[INFO] [stderr]                   [4]	/opt/rustwide/target/debug/build/whisper-rs-sys/11c6420076befa58/out/whisper.cpp/cmake/GitVars.cmake
[INFO] [stderr]                   [3]	/usr/share/cmake-4.2/Modules/FindGit.cmake
[INFO] [stderr]                   [2]	/usr/share/cmake-4.2/Modules/FindPackageHandleStandardArgs.cmake
[INFO] [stderr]                   [1]	/usr/share/cmake-4.2/Modules/FindPackageMessage.cmake
[INFO] [stderr]   -- Performing Test CMAKE_HAVE_LIBC_PTHREAD
[INFO] [stderr]      Called from: [5]	/opt/rustwide/target/debug/build/whisper-rs-sys/11c6420076befa58/out/whisper.cpp/CMakeLists.txt
[INFO] [stderr]                   [4]	/usr/share/cmake-4.2/Modules/FindThreads.cmake
[INFO] [stderr]                   [3]	/usr/share/cmake-4.2/Modules/FindThreads.cmake
[INFO] [stderr]                   [2]	/usr/share/cmake-4.2/Modules/CheckCSourceCompiles.cmake
[INFO] [stderr]                   [1]	/usr/share/cmake-4.2/Modules/Internal/CheckSourceCompiles.cmake
[INFO] [stderr]   -- Performing Test CMAKE_HAVE_LIBC_PTHREAD - Success
[INFO] [stderr]      Called from: [5]	/opt/rustwide/target/debug/build/whisper-rs-sys/11c6420076befa58/out/whisper.cpp/CMakeLists.txt
[INFO] [stderr]                   [4]	/usr/share/cmake-4.2/Modules/FindThreads.cmake
[INFO] [stderr]                   [3]	/usr/share/cmake-4.2/Modules/FindThreads.cmake
[INFO] [stderr]                   [2]	/usr/share/cmake-4.2/Modules/CheckCSourceCompiles.cmake
[INFO] [stderr]                   [1]	/usr/share/cmake-4.2/Modules/Internal/CheckSourceCompiles.cmake
[INFO] [stderr]   -- Found Threads: TRUE
[INFO] [stderr]      Called from: [4]	/opt/rustwide/target/debug/build/whisper-rs-sys/11c6420076befa58/out/whisper.cpp/CMakeLists.txt
[INFO] [stderr]                   [3]	/usr/share/cmake-4.2/Modules/FindThreads.cmake
[INFO] [stderr]                   [2]	/usr/share/cmake-4.2/Modules/FindPackageHandleStandardArgs.cmake
[INFO] [stderr]                   [1]	/usr/share/cmake-4.2/Modules/FindPackageMessage.cmake
[INFO] [stderr]   -- CMAKE_SYSTEM_PROCESSOR: x86_64
[INFO] [stderr]      Called from: [1]	/opt/rustwide/target/debug/build/whisper-rs-sys/11c6420076befa58/out/whisper.cpp/CMakeLists.txt
[INFO] [stderr]   -- x86 detected
[INFO] [stderr]      Called from: [1]	/opt/rustwide/target/debug/build/whisper-rs-sys/11c6420076befa58/out/whisper.cpp/CMakeLists.txt
[INFO] [stderr]   -- Configuring done (4.4s)
[INFO] [stderr]   -- Generating /opt/rustwide/target/debug/build/whisper-rs-sys/11c6420076befa58/out/build
[INFO] [stderr]      Called from: [1]	/opt/rustwide/target/debug/build/whisper-rs-sys/11c6420076befa58/out/whisper.cpp/CMakeLists.txt
[INFO] [stderr]   -- Generating /opt/rustwide/target/debug/build/whisper-rs-sys/11c6420076befa58/out/build/bindings
[INFO] [stderr]      Called from: [1]	/opt/rustwide/target/debug/build/whisper-rs-sys/11c6420076befa58/out/whisper.cpp/bindings/CMakeLists.txt
[INFO] [stderr]   -- Generating done (0.0s)
[INFO] [stderr]   -- Build files have been written to: /opt/rustwide/target/debug/build/whisper-rs-sys/11c6420076befa58/out/build
[INFO] [stderr]   Change Dir: '/opt/rustwide/target/debug/build/whisper-rs-sys/11c6420076befa58/out/build'
[INFO] [stderr] 
[INFO] [stderr]   Run Build Command(s): /usr/bin/cmake -E env VERBOSE=1 /usr/bin/gmake -f Makefile install
[INFO] [stderr]   /usr/bin/cmake -S/opt/rustwide/target/debug/build/whisper-rs-sys/11c6420076befa58/out/whisper.cpp -B/opt/rustwide/target/debug/build/whisper-rs-sys/11c6420076befa58/out/build --check-build-system CMakeFiles/Makefile.cmake 0
[INFO] [stderr]   /usr/bin/cmake -E cmake_progress_start /opt/rustwide/target/debug/build/whisper-rs-sys/11c6420076befa58/out/build/CMakeFiles /opt/rustwide/target/debug/build/whisper-rs-sys/11c6420076befa58/out/build//CMakeFiles/progress.marks
[INFO] [stderr]   /usr/bin/gmake  -f CMakeFiles/Makefile2 all
[INFO] [stderr]   gmake[1]: Entering directory '/opt/rustwide/target/debug/build/whisper-rs-sys/11c6420076befa58/out/build'
[INFO] [stderr]   /usr/bin/gmake  -f CMakeFiles/whisper.dir/build.make CMakeFiles/whisper.dir/depend
[INFO] [stderr]   gmake[2]: Entering directory '/opt/rustwide/target/debug/build/whisper-rs-sys/11c6420076befa58/out/build'
[INFO] [stderr]   cd /opt/rustwide/target/debug/build/whisper-rs-sys/11c6420076befa58/out/build && /usr/bin/cmake -E cmake_depends "Unix Makefiles" /opt/rustwide/target/debug/build/whisper-rs-sys/11c6420076befa58/out/whisper.cpp /opt/rustwide/target/debug/build/whisper-rs-sys/11c6420076befa58/out/whisper.cpp /opt/rustwide/target/debug/build/whisper-rs-sys/11c6420076befa58/out/build /opt/rustwide/target/debug/build/whisper-rs-sys/11c6420076befa58/out/build /opt/rustwide/target/debug/build/whisper-rs-sys/11c6420076befa58/out/build/CMakeFiles/whisper.dir/DependInfo.cmake "--color=" whisper
[INFO] [stderr]   gmake[2]: Leaving directory '/opt/rustwide/target/debug/build/whisper-rs-sys/11c6420076befa58/out/build'
[INFO] [stderr]   /usr/bin/gmake  -f CMakeFiles/whisper.dir/build.make CMakeFiles/whisper.dir/build
[INFO] [stderr]   gmake[2]: Entering directory '/opt/rustwide/target/debug/build/whisper-rs-sys/11c6420076befa58/out/build'
[INFO] [stderr]   [ 16%] Building C object CMakeFiles/whisper.dir/ggml.c.o
[INFO] [stderr]   [ 33%] Building C object CMakeFiles/whisper.dir/ggml-alloc.c.o
[INFO] [stderr]   /usr/bin/cc -D_GNU_SOURCE -D_XOPEN_SOURCE=600 -I/opt/rustwide/target/debug/build/whisper-rs-sys/11c6420076befa58/out/whisper.cpp/. -ffunction-sections -fdata-sections -fPIC -m64 -w -mavx -mavx2 -mfma -mf16c -O2 -g -DNDEBUG -MD -MT CMakeFiles/whisper.dir/ggml.c.o -MF CMakeFiles/whisper.dir/ggml.c.o.d -o CMakeFiles/whisper.dir/ggml.c.o -c /opt/rustwide/target/debug/build/whisper-rs-sys/11c6420076befa58/out/whisper.cpp/ggml.c
[INFO] [stderr]   /usr/bin/cc -D_GNU_SOURCE -D_XOPEN_SOURCE=600 -I/opt/rustwide/target/debug/build/whisper-rs-sys/11c6420076befa58/out/whisper.cpp/. -ffunction-sections -fdata-sections -fPIC -m64 -w -mavx -mavx2 -mfma -mf16c -O2 -g -DNDEBUG -MD -MT CMakeFiles/whisper.dir/ggml-alloc.c.o -MF CMakeFiles/whisper.dir/ggml-alloc.c.o.d -o CMakeFiles/whisper.dir/ggml-alloc.c.o -c /opt/rustwide/target/debug/build/whisper-rs-sys/11c6420076befa58/out/whisper.cpp/ggml-alloc.c
[INFO] [stderr]   [ 50%] Building C object CMakeFiles/whisper.dir/ggml-backend.c.o
[INFO] [stderr]   /usr/bin/cc -D_GNU_SOURCE -D_XOPEN_SOURCE=600 -I/opt/rustwide/target/debug/build/whisper-rs-sys/11c6420076befa58/out/whisper.cpp/. -ffunction-sections -fdata-sections -fPIC -m64 -w -mavx -mavx2 -mfma -mf16c -O2 -g -DNDEBUG -MD -MT CMakeFiles/whisper.dir/ggml-backend.c.o -MF CMakeFiles/whisper.dir/ggml-backend.c.o.d -o CMakeFiles/whisper.dir/ggml-backend.c.o -c /opt/rustwide/target/debug/build/whisper-rs-sys/11c6420076befa58/out/whisper.cpp/ggml-backend.c
[INFO] [stderr]   [ 66%] Building C object CMakeFiles/whisper.dir/ggml-quants.c.o
[INFO] [stderr]   /usr/bin/cc -D_GNU_SOURCE -D_XOPEN_SOURCE=600 -I/opt/rustwide/target/debug/build/whisper-rs-sys/11c6420076befa58/out/whisper.cpp/. -ffunction-sections -fdata-sections -fPIC -m64 -w -mavx -mavx2 -mfma -mf16c -O2 -g -DNDEBUG -MD -MT CMakeFiles/whisper.dir/ggml-quants.c.o -MF CMakeFiles/whisper.dir/ggml-quants.c.o.d -o CMakeFiles/whisper.dir/ggml-quants.c.o -c /opt/rustwide/target/debug/build/whisper-rs-sys/11c6420076befa58/out/whisper.cpp/ggml-quants.c
[INFO] [stderr]   [ 83%] Building CXX object CMakeFiles/whisper.dir/whisper.cpp.o
[INFO] [stderr]   /usr/bin/c++ -D_GNU_SOURCE -D_XOPEN_SOURCE=600 -I/opt/rustwide/target/debug/build/whisper-rs-sys/11c6420076befa58/out/whisper.cpp/. -DWHISPER_DEBUG -ffunction-sections -fdata-sections -fPIC -m64 -w -O2 -g -DNDEBUG -std=gnu++11 -MD -MT CMakeFiles/whisper.dir/whisper.cpp.o -MF CMakeFiles/whisper.dir/whisper.cpp.o.d -o CMakeFiles/whisper.dir/whisper.cpp.o -c /opt/rustwide/target/debug/build/whisper-rs-sys/11c6420076befa58/out/whisper.cpp/whisper.cpp
[INFO] [stderr]   gmake[2]: Leaving directory '/opt/rustwide/target/debug/build/whisper-rs-sys/11c6420076befa58/out/build'
[INFO] [stderr]   gmake[1]: Leaving directory '/opt/rustwide/target/debug/build/whisper-rs-sys/11c6420076befa58/out/build'
[INFO] [stderr] 
[INFO] [stderr] 
[INFO] [stderr]   --- stderr
[INFO] [stderr]   error: 'rustfmt' is not installed for the custom toolchain '3154cc1a3e6424e44f438a95007d043ed5ceaaf6'.
[INFO] [stderr]   note: this is a custom toolchain, which cannot use `rustup component add`
[INFO] [stderr]   help: if you built this toolchain from source, and used `rustup toolchain link`, then you may be able to build the component with `x.py`
[INFO] [stderr]   Failed to run rustfmt: Internal rustfmt error (non-fatal, continuing)
[INFO] [stderr]   running: cd "/opt/rustwide/target/debug/build/whisper-rs-sys/11c6420076befa58/out/build" && CMAKE_PREFIX_PATH="" LC_ALL="C" "cmake" "-Wdev" "--debug-output" "/opt/rustwide/target/debug/build/whisper-rs-sys/11c6420076befa58/out/whisper.cpp/" "-B" "/opt/rustwide/target/debug/build/whisper-rs-sys/11c6420076befa58/out/build" "-DBUILD_SHARED_LIBS=OFF" "-DWHISPER_ALL_WARNINGS=OFF" "-DWHISPER_ALL_WARNINGS_3RD_PARTY=OFF" "-DWHISPER_BUILD_TESTS=OFF" "-DWHISPER_BUILD_EXAMPLES=OFF" "-DWHISPER_METAL=OFF" "-DCMAKE_BUILD_TYPE=RelWithDebInfo" "-DCMAKE_INSTALL_PREFIX=/opt/rustwide/target/debug/build/whisper-rs-sys/11c6420076befa58/out" "-DCMAKE_C_FLAGS= -ffunction-sections -fdata-sections -fPIC -m64 -w" "-DCMAKE_C_COMPILER=/usr/bin/cc" "-DCMAKE_CXX_FLAGS= -DWHISPER_DEBUG -ffunction-sections -fdata-sections -fPIC -m64 -w" "-DCMAKE_CXX_COMPILER=/usr/bin/c++" "-DCMAKE_ASM_FLAGS= -ffunction-sections -fdata-sections -fPIC -m64 -w" "-DCMAKE_ASM_COMPILER=/usr/bin/cc" "-DCMAKE_VERBOSE_MAKEFILE:BOOL=ON"
[INFO] [stderr]   CMake Deprecation Warning at CMakeLists.txt:1 (cmake_minimum_required):
[INFO] [stderr]     Compatibility with CMake < 3.10 will be removed from a future version of
[INFO] [stderr]     CMake.
[INFO] [stderr] 
[INFO] [stderr]     Update the VERSION argument <min> value.  Or, use the <min>...<max> syntax
[INFO] [stderr]     to tell CMake that the project requires at least <min> but has been updated
[INFO] [stderr]     to work with policies introduced by <max> or earlier.
[INFO] [stderr] 
[INFO] [stderr] 
[INFO] [stderr]      Called from: [1]	/opt/rustwide/target/debug/build/whisper-rs-sys/11c6420076befa58/out/whisper.cpp/CMakeLists.txt
[INFO] [stderr]   CMake Warning (dev) at /usr/share/cmake-4.2/Modules/CMakeDetermineCompiler.cmake:128 (set):
[INFO] [stderr]     Policy CMP0126 is not set: set(CACHE) does not remove a normal variable of
[INFO] [stderr]     the same name.  Run "cmake --help-policy CMP0126" for policy details.  Use
[INFO] [stderr]     the cmake_policy command to set the policy and suppress this warning.
[INFO] [stderr] 
[INFO] [stderr]     For compatibility with older versions of CMake, normal variable
[INFO] [stderr]     "CMAKE_C_COMPILER" will be removed from the current scope.
[INFO] [stderr]   Call Stack (most recent call first):
[INFO] [stderr]     /usr/share/cmake-4.2/Modules/CMakeDetermineCCompiler.cmake:67 (_cmake_find_compiler_path)
[INFO] [stderr]     CMakeLists.txt:6 (project)
[INFO] [stderr]   This warning is for project developers.  Use -Wno-dev to suppress it.
[INFO] [stderr] 
[INFO] [stderr]      Called from: [3]	/opt/rustwide/target/debug/build/whisper-rs-sys/11c6420076befa58/out/whisper.cpp/CMakeLists.txt
[INFO] [stderr]                   [2]	/usr/share/cmake-4.2/Modules/CMakeDetermineCCompiler.cmake
[INFO] [stderr]                   [1]	/usr/share/cmake-4.2/Modules/CMakeDetermineCompiler.cmake
[INFO] [stderr]   CMake Warning (dev) at /usr/share/cmake-4.2/Modules/CMakeDetermineCompiler.cmake:128 (set):
[INFO] [stderr]     Policy CMP0126 is not set: set(CACHE) does not remove a normal variable of
[INFO] [stderr]     the same name.  Run "cmake --help-policy CMP0126" for policy details.  Use
[INFO] [stderr]     the cmake_policy command to set the policy and suppress this warning.
[INFO] [stderr] 
[INFO] [stderr]     For compatibility with older versions of CMake, normal variable
[INFO] [stderr]     "CMAKE_CXX_COMPILER" will be removed from the current scope.
[INFO] [stderr]   Call Stack (most recent call first):
[INFO] [stderr]     /usr/share/cmake-4.2/Modules/CMakeDetermineCXXCompiler.cmake:71 (_cmake_find_compiler_path)
[INFO] [stderr]     CMakeLists.txt:6 (project)
[INFO] [stderr]   This warning is for project developers.  Use -Wno-dev to suppress it.
[INFO] [stderr] 
[INFO] [stderr]      Called from: [3]	/opt/rustwide/target/debug/build/whisper-rs-sys/11c6420076befa58/out/whisper.cpp/CMakeLists.txt
[INFO] [stderr]                   [2]	/usr/share/cmake-4.2/Modules/CMakeDetermineCXXCompiler.cmake
[INFO] [stderr]                   [1]	/usr/share/cmake-4.2/Modules/CMakeDetermineCompiler.cmake
[INFO] [stderr]   CMake Warning (dev) at /usr/share/cmake-4.2/Modules/CMakeFindBinUtils.cmake:243 (find_program):
[INFO] [stderr]     Policy CMP0126 is not set: set(CACHE) does not remove a normal variable of
[INFO] [stderr]     the same name.  Run "cmake --help-policy CMP0126" for policy details.  Use
[INFO] [stderr]     the cmake_policy command to set the policy and suppress this warning.
[INFO] [stderr] 
[INFO] [stderr]     For compatibility with older versions of CMake, normal variable
[INFO] [stderr]     "CMAKE_TAPI" will be removed from the current scope.
[INFO] [stderr]   Call Stack (most recent call first):
[INFO] [stderr]     /usr/share/cmake-4.2/Modules/CMakeDetermineCXXCompiler.cmake:206 (include)
[INFO] [stderr]     CMakeLists.txt:6 (project)
[INFO] [stderr]   This warning is for project developers.  Use -Wno-dev to suppress it.
[INFO] [stderr] 
[INFO] [stderr]      Called from: [3]	/opt/rustwide/target/debug/build/whisper-rs-sys/11c6420076befa58/out/whisper.cpp/CMakeLists.txt
[INFO] [stderr]                   [2]	/usr/share/cmake-4.2/Modules/CMakeDetermineCXXCompiler.cmake
[INFO] [stderr]                   [1]	/usr/share/cmake-4.2/Modules/CMakeFindBinUtils.cmake
[INFO] [stderr]   CMake Warning (dev) at /usr/share/cmake-4.2/Modules/CMakeDetermineCompilerABI.cmake:83 (try_compile):
[INFO] [stderr]     Policy CMP0066 is not set: Honor per-config flags in try_compile()
[INFO] [stderr]     source-file signature.  Run "cmake --help-policy CMP0066" for policy
[INFO] [stderr]     details.  Use the cmake_policy command to set the policy and suppress this
[INFO] [stderr]     warning.
[INFO] [stderr] 
[INFO] [stderr]     For compatibility with older versions of CMake, try_compile is not honoring
[INFO] [stderr]     caller config-specific compiler flags (e.g.  CMAKE_C_FLAGS_DEBUG) in the
[INFO] [stderr]     test project.
[INFO] [stderr]   Call Stack (most recent call first):
[INFO] [stderr]     /usr/share/cmake-4.2/Modules/CMakeTestCCompiler.cmake:26 (CMAKE_DETERMINE_COMPILER_ABI)
[INFO] [stderr]     CMakeLists.txt:6 (project)
[INFO] [stderr]   This warning is for project developers.  Use -Wno-dev to suppress it.
[INFO] [stderr] 
[INFO] [stderr]      Called from: [3]	/opt/rustwide/target/debug/build/whisper-rs-sys/11c6420076befa58/out/whisper.cpp/CMakeLists.txt
[INFO] [stderr]                   [2]	/usr/share/cmake-4.2/Modules/CMakeTestCCompiler.cmake
[INFO] [stderr]                   [1]	/usr/share/cmake-4.2/Modules/CMakeDetermineCompilerABI.cmake
[INFO] [stderr]   CMake Warning (dev) at /usr/share/cmake-4.2/Modules/CMakeDetermineCompilerABI.cmake:83 (try_compile):
[INFO] [stderr]     Policy CMP0066 is not set: Honor per-config flags in try_compile()
[INFO] [stderr]     source-file signature.  Run "cmake --help-policy CMP0066" for policy
[INFO] [stderr]     details.  Use the cmake_policy command to set the policy and suppress this
[INFO] [stderr]     warning.
[INFO] [stderr] 
[INFO] [stderr]     For compatibility with older versions of CMake, try_compile is not honoring
[INFO] [stderr]     caller config-specific compiler flags (e.g.  CMAKE_C_FLAGS_DEBUG) in the
[INFO] [stderr]     test project.
[INFO] [stderr]   Call Stack (most recent call first):
[INFO] [stderr]     /usr/share/cmake-4.2/Modules/CMakeTestCXXCompiler.cmake:26 (CMAKE_DETERMINE_COMPILER_ABI)
[INFO] [stderr]     CMakeLists.txt:6 (project)
[INFO] [stderr]   This warning is for project developers.  Use -Wno-dev to suppress it.
[INFO] [stderr] 
[INFO] [stderr]      Called from: [3]	/opt/rustwide/target/debug/build/whisper-rs-sys/11c6420076befa58/out/whisper.cpp/CMakeLists.txt
[INFO] [stderr]                   [2]	/usr/share/cmake-4.2/Modules/CMakeTestCXXCompiler.cmake
[INFO] [stderr]                   [1]	/usr/share/cmake-4.2/Modules/CMakeDetermineCompilerABI.cmake
[INFO] [stderr]   CMake Warning (dev) at /usr/share/cmake-4.2/Modules/Internal/CheckSourceCompiles.cmake:104 (try_compile):
[INFO] [stderr]     Policy CMP0066 is not set: Honor per-config flags in try_compile()
[INFO] [stderr]     source-file signature.  Run "cmake --help-policy CMP0066" for policy
[INFO] [stderr]     details.  Use the cmake_policy command to set the policy and suppress this
[INFO] [stderr]     warning.
[INFO] [stderr] 
[INFO] [stderr]     For compatibility with older versions of CMake, try_compile is not honoring
[INFO] [stderr]     caller config-specific compiler flags (e.g.  CMAKE_C_FLAGS_DEBUG) in the
[INFO] [stderr]     test project.
[INFO] [stderr]   Call Stack (most recent call first):
[INFO] [stderr]     /usr/share/cmake-4.2/Modules/CheckCSourceCompiles.cmake:103 (cmake_check_source_compiles)
[INFO] [stderr]     /usr/share/cmake-4.2/Modules/FindThreads.cmake:160 (check_c_source_compiles)
[INFO] [stderr]     /usr/share/cmake-4.2/Modules/FindThreads.cmake:226 (_threads_check_libc)
[INFO] [stderr]     CMakeLists.txt:123 (find_package)
[INFO] [stderr]   This warning is for project developers.  Use -Wno-dev to suppress it.
[INFO] [stderr] 
[INFO] [stderr]      Called from: [5]	/opt/rustwide/target/debug/build/whisper-rs-sys/11c6420076befa58/out/whisper.cpp/CMakeLists.txt
[INFO] [stderr]                   [4]	/usr/share/cmake-4.2/Modules/FindThreads.cmake
[INFO] [stderr]                   [3]	/usr/share/cmake-4.2/Modules/FindThreads.cmake
[INFO] [stderr]                   [2]	/usr/share/cmake-4.2/Modules/CheckCSourceCompiles.cmake
[INFO] [stderr]                   [1]	/usr/share/cmake-4.2/Modules/Internal/CheckSourceCompiles.cmake
[INFO] [stderr]      Entering             /opt/rustwide/target/debug/build/whisper-rs-sys/11c6420076befa58/out/whisper.cpp/bindings
[INFO] [stderr]      Called from: [1]	/opt/rustwide/target/debug/build/whisper-rs-sys/11c6420076befa58/out/whisper.cpp/CMakeLists.txt
[INFO] [stderr]      Returning to         /opt/rustwide/target/debug/build/whisper-rs-sys/11c6420076befa58/out/whisper.cpp
[INFO] [stderr]      Called from: [1]	/opt/rustwide/target/debug/build/whisper-rs-sys/11c6420076befa58/out/whisper.cpp/CMakeLists.txt
[INFO] [stderr]   CMake Warning (dev) at CMakeLists.txt:664 (add_library):
[INFO] [stderr]     Policy CMP0156 is not set: De-duplicate libraries on link lines based on
[INFO] [stderr]     linker capabilities.  Run "cmake --help-policy CMP0156" for policy details.
[INFO] [stderr]     Use the cmake_policy command to set the policy and suppress this warning.
[INFO] [stderr] 
[INFO] [stderr]     Since the policy is not set, legacy libraries de-duplication strategy will
[INFO] [stderr]     be applied.
[INFO] [stderr]   This warning is for project developers.  Use -Wno-dev to suppress it.
[INFO] [stderr] 
[INFO] [stderr]      Called from: [1]	/opt/rustwide/target/debug/build/whisper-rs-sys/11c6420076befa58/out/whisper.cpp/CMakeLists.txt
[INFO] [stderr]   CMake Warning:
[INFO] [stderr]     Manually-specified variables were not used by the project:
[INFO] [stderr] 
[INFO] [stderr]       CMAKE_ASM_COMPILER
[INFO] [stderr]       CMAKE_ASM_FLAGS
[INFO] [stderr]       WHISPER_METAL
[INFO] [stderr] 
[INFO] [stderr] 
[INFO] [stderr]   running: cd "/opt/rustwide/target/debug/build/whisper-rs-sys/11c6420076befa58/out/build" && LC_ALL="C" MAKEFLAGS="-j --jobserver-fds=4,5 --jobserver-auth=4,5" "cmake" "--build" "/opt/rustwide/target/debug/build/whisper-rs-sys/11c6420076befa58/out/build" "--target" "install" "--config" "Release"
[INFO] [stderr]   c++: fatal error: Killed signal terminated program cc1plus
[INFO] [stderr]   compilation terminated.
[INFO] [stderr]   gmake[2]: *** [CMakeFiles/whisper.dir/build.make:138: CMakeFiles/whisper.dir/whisper.cpp.o] Error 1
[INFO] [stderr]   gmake[2]: *** Waiting for unfinished jobs....
[INFO] [stderr]   gmake[1]: *** [CMakeFiles/Makefile2:112: CMakeFiles/whisper.dir/all] Error 2
[INFO] [stderr]   gmake: *** [Makefile:139: all] Error 2
[INFO] [stderr] 
[INFO] [stderr]   thread 'main' (1508) panicked at /opt/rustwide/cargo-home/registry/src/index.crates.io-1949cf8c6b5b557f/cmake-0.1.58/src/lib.rs:1132:5:
[INFO] [stderr] 
[INFO] [stderr]   command did not execute successfully, got: exit status: 2
[INFO] [stderr] 
[INFO] [stderr]   build script failed, must exit now
[INFO] [stderr]   stack backtrace:
[INFO] [stderr]      0:     0x5df13995a2b1 - std[3164a59e47d3bde]::backtrace_rs::backtrace::libunwind::trace
[INFO] [stderr]                                  at /rustc/3154cc1a3e6424e44f438a95007d043ed5ceaaf6/library/std/src/../../backtrace/src/backtrace/libunwind.rs:117:9
[INFO] [stderr]      1:     0x5df13995a2b1 - std[3164a59e47d3bde]::backtrace_rs::backtrace::trace_unsynchronized::<std[3164a59e47d3bde]::sys::backtrace::_print_fmt::{closure#1}>
[INFO] [stderr]                                  at /rustc/3154cc1a3e6424e44f438a95007d043ed5ceaaf6/library/std/src/../../backtrace/src/backtrace/mod.rs:66:14
[INFO] [stderr]      2:     0x5df13995a2b1 - std[3164a59e47d3bde]::sys::backtrace::_print_fmt
[INFO] [stderr]                                  at /rustc/3154cc1a3e6424e44f438a95007d043ed5ceaaf6/library/std/src/sys/backtrace.rs:74:9
[INFO] [stderr]      3:     0x5df13995a2b1 - <<std[3164a59e47d3bde]::sys::backtrace::BacktraceLock>::print::DisplayBacktrace as core[934024a1e6126fb4]::fmt::Display>::fmt
[INFO] [stderr]                                  at /rustc/3154cc1a3e6424e44f438a95007d043ed5ceaaf6/library/std/src/sys/backtrace.rs:44:26
[INFO] [stderr]      4:     0x5df1399727aa - <core[934024a1e6126fb4]::fmt::rt::Argument>::fmt
[INFO] [stderr]                                  at /rustc/3154cc1a3e6424e44f438a95007d043ed5ceaaf6/library/core/src/fmt/rt.rs:152:76
[INFO] [stderr]      5:     0x5df1399727aa - core[934024a1e6126fb4]::fmt::write
[INFO] [stderr]      6:     0x5df1399608dc - core[934024a1e6126fb4]::io::write::default_write_fmt::<std[3164a59e47d3bde]::sys::stdio::unix::Stderr>
[INFO] [stderr]                                  at /rustc/3154cc1a3e6424e44f438a95007d043ed5ceaaf6/library/core/src/io/write.rs:402:11
[INFO] [stderr]      7:     0x5df1399608dc - <std[3164a59e47d3bde]::sys::stdio::unix::Stderr as core[934024a1e6126fb4]::io::write::Write>::write_fmt
[INFO] [stderr]                                  at /rustc/3154cc1a3e6424e44f438a95007d043ed5ceaaf6/library/core/src/io/write.rs:335:13
[INFO] [stderr]      8:     0x5df139932fb6 - <std[3164a59e47d3bde]::sys::backtrace::BacktraceLock>::print
[INFO] [stderr]                                  at /rustc/3154cc1a3e6424e44f438a95007d043ed5ceaaf6/library/std/src/sys/backtrace.rs:47:9
[INFO] [stderr]      9:     0x5df139932fb6 - std[3164a59e47d3bde]::panicking::default_hook::{closure#0}
[INFO] [stderr]                                  at /rustc/3154cc1a3e6424e44f438a95007d043ed5ceaaf6/library/std/src/panicking.rs:289:27
[INFO] [stderr]     10:     0x5df139950ec1 - std[3164a59e47d3bde]::panicking::default_hook
[INFO] [stderr]                                  at /rustc/3154cc1a3e6424e44f438a95007d043ed5ceaaf6/library/std/src/panicking.rs:316:9
[INFO] [stderr]     11:     0x5df1399511eb - std[3164a59e47d3bde]::panicking::panic_with_hook
[INFO] [stderr]                                  at /rustc/3154cc1a3e6424e44f438a95007d043ed5ceaaf6/library/std/src/panicking.rs:811:13
[INFO] [stderr]     12:     0x5df139933062 - std[3164a59e47d3bde]::panicking::panic_handler::{closure#0}
[INFO] [stderr]                                  at /rustc/3154cc1a3e6424e44f438a95007d043ed5ceaaf6/library/std/src/panicking.rs:685:13
[INFO] [stderr]     13:     0x5df13992bbb9 - std[3164a59e47d3bde]::sys::backtrace::__rust_end_short_backtrace::<std[3164a59e47d3bde]::panicking::panic_handler::{closure#0}, !>
[INFO] [stderr]                                  at /rustc/3154cc1a3e6424e44f438a95007d043ed5ceaaf6/library/std/src/sys/backtrace.rs:182:18
[INFO] [stderr]     14:     0x5df139933c5d - __rustc[2e7b49d4226056d3]::rust_begin_unwind
[INFO] [stderr]                                  at /rustc/3154cc1a3e6424e44f438a95007d043ed5ceaaf6/library/std/src/panicking.rs:676:5
[INFO] [stderr]     15:     0x5df13997304c - core[934024a1e6126fb4]::panicking::panic_fmt
[INFO] [stderr]                                  at /rustc/3154cc1a3e6424e44f438a95007d043ed5ceaaf6/library/core/src/panicking.rs:80:14
[INFO] [stderr]     16:     0x5df139292ce7 - cmake[88d69019b5068629]::fail
[INFO] [stderr]     17:     0x5df139292973 - cmake[88d69019b5068629]::run
[INFO] [stderr]     18:     0x5df139298975 - <cmake[88d69019b5068629]::Config>::build
[INFO] [stderr]     19:     0x5df13928107e - build_script_build[7fc9dbabe5888197]::main
[INFO] [stderr]     20:     0x5df139283873 - <fn() as core[934024a1e6126fb4]::ops::function::FnOnce<()>>::call_once
[INFO] [stderr]     21:     0x5df13927fb0e - std[3164a59e47d3bde]::sys::backtrace::__rust_begin_short_backtrace::<fn(), ()>
[INFO] [stderr]     22:     0x5df13927fc89 - std[3164a59e47d3bde]::rt::lang_start::<()>::{closure#0}
[INFO] [stderr]     23:     0x5df13994ff88 - <&dyn core[934024a1e6126fb4]::ops::function::Fn<(), Output = i32> + core[934024a1e6126fb4]::marker::Sync + core[934024a1e6126fb4]::panic::unwind_safe::RefUnwindSafe as core[934024a1e6126fb4]::ops::function::FnOnce<()>>::call_once
[INFO] [stderr]                                  at /rustc/3154cc1a3e6424e44f438a95007d043ed5ceaaf6/library/core/src/ops/function.rs:287:21
[INFO] [stderr]     24:     0x5df13994ff88 - std[3164a59e47d3bde]::panicking::catch_unwind::do_call::<&dyn core[934024a1e6126fb4]::ops::function::Fn<(), Output = i32> + core[934024a1e6126fb4]::marker::Sync + core[934024a1e6126fb4]::panic::unwind_safe::RefUnwindSafe, i32>
[INFO] [stderr]                                  at /rustc/3154cc1a3e6424e44f438a95007d043ed5ceaaf6/library/std/src/panicking.rs:573:43
[INFO] [stderr]     25:     0x5df13994ff88 - std[3164a59e47d3bde]::panicking::catch_unwind::<i32, &dyn core[934024a1e6126fb4]::ops::function::Fn<(), Output = i32> + core[934024a1e6126fb4]::marker::Sync + core[934024a1e6126fb4]::panic::unwind_safe::RefUnwindSafe>
[INFO] [stderr]                                  at /rustc/3154cc1a3e6424e44f438a95007d043ed5ceaaf6/library/std/src/panicking.rs:541:19
[INFO] [stderr]     26:     0x5df13994ff88 - std[3164a59e47d3bde]::panic::catch_unwind::<&dyn core[934024a1e6126fb4]::ops::function::Fn<(), Output = i32> + core[934024a1e6126fb4]::marker::Sync + core[934024a1e6126fb4]::panic::unwind_safe::RefUnwindSafe, i32>
[INFO] [stderr]                                  at /rustc/3154cc1a3e6424e44f438a95007d043ed5ceaaf6/library/std/src/panic.rs:359:14
[INFO] [stderr]     27:     0x5df13994ff88 - std[3164a59e47d3bde]::rt::lang_start_internal::{closure#0}
[INFO] [stderr]                                  at /rustc/3154cc1a3e6424e44f438a95007d043ed5ceaaf6/library/std/src/rt.rs:175:24
[INFO] [stderr]     28:     0x5df13994ff88 - std[3164a59e47d3bde]::panicking::catch_unwind::do_call::<std[3164a59e47d3bde]::rt::lang_start_internal::{closure#0}, isize>
[INFO] [stderr]                                  at /rustc/3154cc1a3e6424e44f438a95007d043ed5ceaaf6/library/std/src/panicking.rs:573:43
[INFO] [stderr]     29:     0x5df13994ff88 - std[3164a59e47d3bde]::panicking::catch_unwind::<isize, std[3164a59e47d3bde]::rt::lang_start_internal::{closure#0}>
[INFO] [stderr]                                  at /rustc/3154cc1a3e6424e44f438a95007d043ed5ceaaf6/library/std/src/panicking.rs:541:19
[INFO] [stderr]     30:     0x5df13994ff88 - std[3164a59e47d3bde]::panic::catch_unwind::<std[3164a59e47d3bde]::rt::lang_start_internal::{closure#0}, isize>
[INFO] [stderr]                                  at /rustc/3154cc1a3e6424e44f438a95007d043ed5ceaaf6/library/std/src/panic.rs:359:14
[INFO] [stderr]     31:     0x5df13994ff88 - std[3164a59e47d3bde]::rt::lang_start_internal
[INFO] [stderr]                                  at /rustc/3154cc1a3e6424e44f438a95007d043ed5ceaaf6/library/std/src/rt.rs:171:5
[INFO] [stderr]     32:     0x5df13927fb01 - std[3164a59e47d3bde]::rt::lang_start::<()>
[INFO] [stderr]     33:     0x5df139283b35 - main
[INFO] [stderr]     34:     0x7ba791465601 - <unknown>
[INFO] [stderr]     35:     0x7ba791465718 - __libc_start_main
[INFO] [stderr]     36:     0x5df139279d75 - _start
[INFO] [stderr]     37:                0x0 - <unknown>
[INFO] running `Command { std: "docker" "inspect" "0d7f854a152f9dac906ce2887299c7b4d0dcd303a6030e6a57ba0cc70766baca", kill_on_drop: false }`
[INFO] running `Command { std: "docker" "rm" "-f" "0d7f854a152f9dac906ce2887299c7b4d0dcd303a6030e6a57ba0cc70766baca", kill_on_drop: false }`
[INFO] [stdout] 0d7f854a152f9dac906ce2887299c7b4d0dcd303a6030e6a57ba0cc70766baca
