[INFO] cloning repository https://github.com/christianbaier/WinSummon
[INFO] running `Command { std: "git" "-c" "credential.helper=" "-c" "credential.helper=/workspace/cargo-home/bin/git-credential-null" "clone" "--bare" "https://github.com/christianbaier/WinSummon" "/workspace/cache/git-repos/https%3A%2F%2Fgithub.com%2Fchristianbaier%2FWinSummon", kill_on_drop: false }`
[INFO] [stderr] Cloning into bare repository '/workspace/cache/git-repos/https%3A%2F%2Fgithub.com%2Fchristianbaier%2FWinSummon'...
[INFO] running `Command { std: "git" "rev-parse" "HEAD", kill_on_drop: false }`
[INFO] [stdout] 955df261760ac9dd02fce2a12dd523c4e27c8a17
[INFO] checking christianbaier/WinSummon against 3154cc1a3e6424e44f438a95007d043ed5ceaaf6+rustflags=-Znext-solver=coherence for pr-133502-30
[INFO] running `Command { std: "git" "clone" "/workspace/cache/git-repos/https%3A%2F%2Fgithub.com%2Fchristianbaier%2FWinSummon" "/workspace/builds/worker-0-tc1/source", kill_on_drop: false }`
[INFO] [stderr] Cloning into '/workspace/builds/worker-0-tc1/source'...
[INFO] [stderr] done.
[INFO] removed /workspace/builds/worker-0-tc1/source/.cargo/config.toml
[INFO] started tweaking git repo https://github.com/christianbaier/WinSummon
[INFO] finished tweaking git repo https://github.com/christianbaier/WinSummon
[INFO] tweaked toml for git repo https://github.com/christianbaier/WinSummon written to /workspace/builds/worker-0-tc1/source/Cargo.toml
[INFO] validating manifest of git repo https://github.com/christianbaier/WinSummon on toolchain 3154cc1a3e6424e44f438a95007d043ed5ceaaf6
[INFO] running `Command { std: CARGO_HOME="/workspace/cargo-home" RUSTUP_HOME="/workspace/rustup-home" "/workspace/cargo-home/bin/cargo" "+3154cc1a3e6424e44f438a95007d043ed5ceaaf6" "metadata" "--manifest-path" "Cargo.toml" "--no-deps", kill_on_drop: false }`
[INFO] crate git repo https://github.com/christianbaier/WinSummon already has a lockfile, it will not be regenerated
[INFO] running `Command { std: CARGO_HOME="/workspace/cargo-home" RUSTUP_HOME="/workspace/rustup-home" "/workspace/cargo-home/bin/cargo" "+3154cc1a3e6424e44f438a95007d043ed5ceaaf6" "fetch" "--manifest-path" "Cargo.toml", kill_on_drop: false }`
[INFO] running `Command { std: "docker" "create" "-v" "/var/lib/crater-agent-workspace/builds/worker-0-tc1/source:/opt/rustwide/workdir:ro,Z" "-v" "/var/lib/crater-agent-workspace/builds/worker-0-tc1/target:/opt/rustwide/target:rw,Z" "-v" "/var/lib/crater-agent-workspace/cargo-home:/opt/rustwide/cargo-home:ro,Z" "-v" "/var/lib/crater-agent-workspace/rustup-home:/opt/rustwide/rustup-home:ro,Z" "-m" "1610612736" "--network" "none" "ghcr.io/rust-lang/crates-build-env/linux@sha256:77db811e55d90add9212f6832c23229e3de5f1c1f9905e8cb07319ea15df73ac" "sleep" "infinity", kill_on_drop: false }`
[INFO] [stdout] ae2ce1e2c50d2e909fa05208bf71cfd116f08cf194a60e237b0c5933f62c5618
[INFO] running `Command { std: "docker" "start" "ae2ce1e2c50d2e909fa05208bf71cfd116f08cf194a60e237b0c5933f62c5618", kill_on_drop: false }`
[INFO] running `Command { std: "docker" "inspect" "ae2ce1e2c50d2e909fa05208bf71cfd116f08cf194a60e237b0c5933f62c5618", kill_on_drop: false }`
[INFO] running `Command { std: "docker" "exec" "-e" "SOURCE_DIR=/opt/rustwide/workdir" "-e" "CARGO_HOME=/opt/rustwide/cargo-home" "-e" "RUSTUP_HOME=/opt/rustwide/rustup-home" "-e" "CARGO_TARGET_DIR=/opt/rustwide/target" "-w" "/opt/rustwide/workdir" "--user" "0:0" "ae2ce1e2c50d2e909fa05208bf71cfd116f08cf194a60e237b0c5933f62c5618" "/opt/rustwide/cargo-home/bin/cargo" "+3154cc1a3e6424e44f438a95007d043ed5ceaaf6" "metadata" "--no-deps" "--format-version=1", kill_on_drop: false }`
[INFO] running `Command { std: "docker" "inspect" "ae2ce1e2c50d2e909fa05208bf71cfd116f08cf194a60e237b0c5933f62c5618", kill_on_drop: false }`
[INFO] running `Command { std: "docker" "exec" "-e" "SOURCE_DIR=/opt/rustwide/workdir" "-e" "CARGO_HOME=/opt/rustwide/cargo-home" "-e" "RUSTUP_HOME=/opt/rustwide/rustup-home" "-e" "CARGO_TARGET_DIR=/opt/rustwide/target" "-e" "CARGO_INCREMENTAL=0" "-e" "RUST_BACKTRACE=full" "-e" "RUSTFLAGS=--cap-lints=forbid -Znext-solver=coherence" "-e" "RUSTDOCFLAGS=--cap-lints=forbid" "-w" "/opt/rustwide/workdir" "--user" "0:0" "ae2ce1e2c50d2e909fa05208bf71cfd116f08cf194a60e237b0c5933f62c5618" "/opt/rustwide/cargo-home/bin/cargo" "+3154cc1a3e6424e44f438a95007d043ed5ceaaf6" "check" "--frozen" "--all" "--all-targets" "--message-format=json", kill_on_drop: false }`
[INFO] [stderr]    Compiling windows_x86_64_gnu v0.52.6
[INFO] [stderr]    Compiling serde_core v1.0.229
[INFO] [stderr]    Compiling serde v1.0.229
[INFO] [stderr]    Compiling syn v2.0.119
[INFO] [stderr]    Compiling syn v3.0.4
[INFO] [stderr]    Compiling crossbeam-epoch v0.9.20
[INFO] [stderr]    Compiling crossbeam-deque v0.8.7
[INFO] [stderr]     Checking memchr v2.8.3
[INFO] [stderr]    Compiling num-traits v0.2.19
[INFO] [stderr]     Checking windows-targets v0.52.6
[INFO] [stderr]     Checking windows-result v0.2.0
[INFO] [stderr]     Checking either v1.18.0
[INFO] [stderr]     Checking windows-strings v0.1.0
[INFO] [stderr]     Checking clap_builder v4.6.6
[INFO] [stderr]     Checking tracing-subscriber v0.3.23
[INFO] [stderr]     Checking itertools v0.10.5
[INFO] [stderr]     Checking serde_json v1.0.151
[INFO] [stderr]     Checking rayon-core v1.13.0
[INFO] [stderr]     Checking regex-lite v0.1.9
[INFO] [stderr]     Checking rayon v1.12.0
[INFO] [stderr]     Checking criterion-plot v0.5.0
[INFO] [stderr]     Checking plotters v0.3.7
[INFO] [stderr]     Checking clap v4.6.6
[INFO] [stderr]    Compiling serde_derive v1.0.229
[INFO] [stderr]    Compiling thiserror-impl v2.0.20
[INFO] [stderr]     Checking thiserror v2.0.20
[INFO] [stderr]    Compiling toml v0.5.11
[INFO] [stderr]    Compiling zerocopy-derive v0.8.56
[INFO] [stderr]    Compiling windows-interface v0.58.0
[INFO] [stderr]    Compiling windows-implement v0.58.0
[INFO] [stderr]    Compiling tracing-attributes v0.1.31
[INFO] [stderr]    Compiling winres v0.1.12
[INFO] [stderr]     Checking windows-core v0.58.0
[INFO] [stderr]    Compiling winsummon v0.2.0 (/opt/rustwide/workdir)
[INFO] [stderr]     Checking tracing v0.1.44
[INFO] [stderr]     Checking windows v0.58.0
[INFO] [stderr]     Checking tinytemplate v1.2.1
[INFO] [stderr]     Checking zerocopy v0.8.56
[INFO] [stdout] error[E0433]: cannot find `windows` in `os`
[INFO] [stdout]  --> src/autostart.rs:9:14
[INFO] [stdout]   |
[INFO] [stdout] 9 | use std::os::windows::ffi::OsStrExt;
[INFO] [stdout]   |              ^^^^^^^ could not find `windows` in `os`
[INFO] [stdout]   |
[INFO] [stdout] note: found an item that was configured out
[INFO] [stdout]  --> /rustc/3154cc1a3e6424e44f438a95007d043ed5ceaaf6/library/std/src/os/mod.rs:62:4
[INFO] [stdout]   |
[INFO] [stdout]   = note: the item is gated behind the `windows` feature
[INFO] [stdout] 
[INFO] [stdout] 
[INFO] [stdout] error[E0433]: cannot find `Win32` in `windows`
[INFO] [stdout]   --> src/autostart.rs:12:14
[INFO] [stdout]    |
[INFO] [stdout] 12 | use windows::Win32::Foundation::ERROR_SUCCESS;
[INFO] [stdout]    |              ^^^^^ could not find `Win32` in `windows`
[INFO] [stdout] 
[INFO] [stdout] 
[INFO] [stdout] error[E0433]: cannot find `Win32` in `windows`
[INFO] [stdout]   --> src/autostart.rs:13:14
[INFO] [stdout]    |
[INFO] [stdout] 13 | use windows::Win32::System::Registry::{
[INFO] [stdout]    |              ^^^^^ could not find `Win32` in `windows`
[INFO] [stdout] 
[INFO] [stdout] 
[INFO] [stdout] error[E0433]: cannot find `Win32` in `windows`
[INFO] [stdout]   --> src/config.rs:10:14
[INFO] [stdout]    |
[INFO] [stdout] 10 | use windows::Win32::UI::Input::KeyboardAndMouse::*;
[INFO] [stdout]    |              ^^^^^ could not find `Win32` in `windows`
[INFO] [stdout] 
[INFO] [stdout] 
[INFO] [stdout] error[E0433]: cannot find `Win32` in `windows`
[INFO] [stdout]   --> src/hotkey.rs:16:14
[INFO] [stdout]    |
[INFO] [stdout] 16 | use windows::Win32::Foundation::*;
[INFO] [stdout]    |              ^^^^^ could not find `Win32` in `windows`
[INFO] [stdout] 
[INFO] [stdout] 
[INFO] [stdout] error[E0433]: cannot find `Win32` in `windows`
[INFO] [stdout]   --> src/hotkey.rs:17:14
[INFO] [stdout]    |
[INFO] [stdout] 17 | use windows::Win32::UI::Input::KeyboardAndMouse::*;
[INFO] [stdout]    |              ^^^^^ could not find `Win32` in `windows`
[INFO] [stdout] 
[INFO] [stdout] 
[INFO] [stdout] error[E0433]: cannot find `Win32` in `windows`
[INFO] [stdout]   --> src/hotkey.rs:18:14
[INFO] [stdout]    |
[INFO] [stdout] 18 | use windows::Win32::UI::WindowsAndMessaging::*;
[INFO] [stdout]    |              ^^^^^ could not find `Win32` in `windows`
[INFO] [stdout] 
[INFO] [stdout] 
[INFO] [stdout] error[E0433]: cannot find `Win32` in `windows`
[INFO] [stdout]   --> src/layout.rs:10:14
[INFO] [stdout]    |
[INFO] [stdout] 10 | use windows::Win32::Foundation::{POINT, RECT};
[INFO] [stdout]    |              ^^^^^ could not find `Win32` in `windows`
[INFO] [stdout] 
[INFO] [stdout] 
[INFO] [stdout] error[E0433]: cannot find `Win32` in `windows`
[INFO] [stdout]   --> src/layout.rs:11:14
[INFO] [stdout]    |
[INFO] [stdout] 11 | use windows::Win32::Graphics::Gdi::{
[INFO] [stdout]    |              ^^^^^ could not find `Win32` in `windows`
[INFO] [stdout] 
[INFO] [stdout] 
[INFO] [stdout] error[E0433]: cannot find `Win32` in `windows`
[INFO] [stdout]   --> src/layout.rs:14:14
[INFO] [stdout]    |
[INFO] [stdout] 14 | use windows::Win32::UI::WindowsAndMessaging::{
[INFO] [stdout]    |              ^^^^^ could not find `Win32` in `windows`
[INFO] [stdout] 
[INFO] [stdout] 
[INFO] [stdout] error[E0432]: unresolved import `windows::core`
[INFO] [stdout]   --> src/autostart.rs:11:14
[INFO] [stdout]    |
[INFO] [stdout] 11 | use windows::core::{w, PCWSTR};
[INFO] [stdout]    |              ^^^^ could not find `core` in `windows`
[INFO] [stdout] 
[INFO] [stdout] 
[INFO] [stdout] error[E0433]: cannot find `Win32` in `windows`
[INFO] [stdout]  --> src/logging.rs:6:14
[INFO] [stdout]   |
[INFO] [stdout] 6 | use windows::Win32::System::Diagnostics::Debug::{
[INFO] [stdout]   |              ^^^^^ could not find `Win32` in `windows`
[INFO] [stdout] 
[INFO] [stdout] 
[INFO] [stdout] error[E0432]: unresolved import `windows::core`
[INFO] [stdout]  --> src/logging.rs:5:14
[INFO] [stdout]   |
[INFO] [stdout] 5 | use windows::core::PWSTR;
[INFO] [stdout]   |              ^^^^ could not find `core` in `windows`
[INFO] [stdout] 
[INFO] [stdout] 
[INFO] [stdout] error[E0433]: cannot find `Win32` in `windows`
[INFO] [stdout]   --> src/tray.rs:13:14
[INFO] [stdout]    |
[INFO] [stdout] 13 | use windows::Win32::Foundation::{HINSTANCE, HWND, LPARAM, LRESULT, POINT, WPARAM};
[INFO] [stdout]    |              ^^^^^ could not find `Win32` in `windows`
[INFO] [stdout] 
[INFO] [stdout] 
[INFO] [stdout] error[E0433]: cannot find `Win32` in `windows`
[INFO] [stdout]   --> src/tray.rs:14:14
[INFO] [stdout]    |
[INFO] [stdout] 14 | use windows::Win32::Graphics::Gdi::HBRUSH;
[INFO] [stdout]    |              ^^^^^ could not find `Win32` in `windows`
[INFO] [stdout] 
[INFO] [stdout] 
[INFO] [stdout] error[E0433]: cannot find `Win32` in `windows`
[INFO] [stdout]   --> src/tray.rs:15:14
[INFO] [stdout]    |
[INFO] [stdout] 15 | use windows::Win32::System::LibraryLoader::GetModuleHandleW;
[INFO] [stdout]    |              ^^^^^ could not find `Win32` in `windows`
[INFO] [stdout] 
[INFO] [stdout] 
[INFO] [stdout] error[E0433]: cannot find `Win32` in `windows`
[INFO] [stdout]   --> src/tray.rs:16:14
[INFO] [stdout]    |
[INFO] [stdout] 16 | use windows::Win32::UI::Shell::{
[INFO] [stdout]    |              ^^^^^ could not find `Win32` in `windows`
[INFO] [stdout] 
[INFO] [stdout] 
[INFO] [stdout] error[E0433]: cannot find `Win32` in `windows`
[INFO] [stdout]   --> src/tray.rs:20:14
[INFO] [stdout]    |
[INFO] [stdout] 20 | use windows::Win32::UI::WindowsAndMessaging::*;
[INFO] [stdout]    |              ^^^^^ could not find `Win32` in `windows`
[INFO] [stdout] 
[INFO] [stdout] 
[INFO] [stdout] error[E0433]: cannot find `windows` in `os`
[INFO] [stdout]  --> src/win32/real.rs:9:14
[INFO] [stdout]   |
[INFO] [stdout] 9 | use std::os::windows::ffi::OsStrExt;
[INFO] [stdout]   |              ^^^^^^^ could not find `windows` in `os`
[INFO] [stdout]   |
[INFO] [stdout] note: found an item that was configured out
[INFO] [stdout]  --> /rustc/3154cc1a3e6424e44f438a95007d043ed5ceaaf6/library/std/src/os/mod.rs:62:4
[INFO] [stdout]   |
[INFO] [stdout]   = note: the item is gated behind the `windows` feature
[INFO] [stdout] 
[INFO] [stdout] 
[INFO] [stdout] error[E0433]: cannot find `windows` in `os`
[INFO] [stdout]   --> src/win32/real.rs:10:14
[INFO] [stdout]    |
[INFO] [stdout] 10 | use std::os::windows::process::CommandExt;
[INFO] [stdout]    |              ^^^^^^^ could not find `windows` in `os`
[INFO] [stdout]    |
[INFO] [stdout] note: found an item that was configured out
[INFO] [stdout]   --> /rustc/3154cc1a3e6424e44f438a95007d043ed5ceaaf6/library/std/src/os/mod.rs:62:4
[INFO] [stdout]    |
[INFO] [stdout]    = note: the item is gated behind the `windows` feature
[INFO] [stdout] 
[INFO] [stdout] 
[INFO] [stdout] error[E0432]: unresolved import `windows::core`
[INFO] [stdout]   --> src/tray.rs:12:14
[INFO] [stdout]    |
[INFO] [stdout] 12 | use windows::core::{w, PCWSTR};
[INFO] [stdout]    |              ^^^^ could not find `core` in `windows`
[INFO] [stdout] 
[INFO] [stdout] 
[INFO] [stdout] error[E0433]: cannot find `Win32` in `windows`
[INFO] [stdout]   --> src/win32/real.rs:13:14
[INFO] [stdout]    |
[INFO] [stdout] 13 | use windows::Win32::Foundation::*;
[INFO] [stdout]    |              ^^^^^ could not find `Win32` in `windows`
[INFO] [stdout] 
[INFO] [stdout] 
[INFO] [stdout] error[E0433]: cannot find `Win32` in `windows`
[INFO] [stdout]   --> src/win32/real.rs:14:14
[INFO] [stdout]    |
[INFO] [stdout] 14 | use windows::Win32::Graphics::Dwm::*;
[INFO] [stdout]    |              ^^^^^ could not find `Win32` in `windows`
[INFO] [stdout] 
[INFO] [stdout] 
[INFO] [stdout] error[E0433]: cannot find `Win32` in `windows`
[INFO] [stdout]   --> src/win32/real.rs:15:14
[INFO] [stdout]    |
[INFO] [stdout] 15 | use windows::Win32::System::Performance::{QueryPerformanceCounter, QueryPerformanceFrequency};
[INFO] [stdout]    |              ^^^^^ could not find `Win32` in `windows`
[INFO] [stdout] 
[INFO] [stdout] 
[INFO] [stdout] error[E0433]: cannot find `Win32` in `windows`
[INFO] [stdout]   --> src/win32/real.rs:16:14
[INFO] [stdout]    |
[INFO] [stdout] 16 | use windows::Win32::System::Threading::*;
[INFO] [stdout]    |              ^^^^^ could not find `Win32` in `windows`
[INFO] [stdout] 
[INFO] [stdout] 
[INFO] [stdout] error[E0433]: cannot find `Win32` in `windows`
[INFO] [stdout]   --> src/win32/real.rs:17:14
[INFO] [stdout]    |
[INFO] [stdout] 17 | use windows::Win32::UI::Input::KeyboardAndMouse::*;
[INFO] [stdout]    |              ^^^^^ could not find `Win32` in `windows`
[INFO] [stdout] 
[INFO] [stdout] 
[INFO] [stdout] error[E0433]: cannot find `Win32` in `windows`
[INFO] [stdout]   --> src/win32/real.rs:18:14
[INFO] [stdout]    |
[INFO] [stdout] 18 | use windows::Win32::UI::Shell::ShellExecuteW;
[INFO] [stdout]    |              ^^^^^ could not find `Win32` in `windows`
[INFO] [stdout] 
[INFO] [stdout] 
[INFO] [stdout] error[E0433]: cannot find `Win32` in `windows`
[INFO] [stdout]   --> src/win32/real.rs:19:14
[INFO] [stdout]    |
[INFO] [stdout] 19 | use windows::Win32::UI::WindowsAndMessaging::*;
[INFO] [stdout]    |              ^^^^^ could not find `Win32` in `windows`
[INFO] [stdout] 
[INFO] [stdout] 
[INFO] [stdout] error[E0432]: unresolved import `windows::core`
[INFO] [stdout]   --> src/win32/real.rs:12:14
[INFO] [stdout]    |
[INFO] [stdout] 12 | use windows::core::{w, PCWSTR};
[INFO] [stdout]    |              ^^^^ could not find `core` in `windows`
[INFO] [stdout] 
[INFO] [stdout] 
[INFO] [stdout] error[E0433]: cannot find `Win32` in `windows`
[INFO] [stdout]    --> src/layout.rs:233:26
[INFO] [stdout]     |
[INFO] [stdout] 233 |                 windows::Win32::Foundation::HWND(hwnd.0 as *mut _),
[INFO] [stdout]     |                          ^^^^^ could not find `Win32` in `windows`
[INFO] [stdout] 
[INFO] [stdout] 
[INFO] [stdout] error[E0433]: cannot find `core` in `windows`
[INFO] [stdout]   --> src/tray.rs:60:32
[INFO] [stdout]    |
[INFO] [stdout] 60 |             guidItem: windows::core::GUID::zeroed(),
[INFO] [stdout]    |                                ^^^^ could not find `core` in `windows`
[INFO] [stdout] 
[INFO] [stdout] 
[INFO] [stdout] error[E0425]: cannot find type `HOT_KEY_MODIFIERS` in this scope
[INFO] [stdout]    --> src/config.rs:225:20
[INFO] [stdout]     |
[INFO] [stdout] 225 |     pub modifiers: HOT_KEY_MODIFIERS,
[INFO] [stdout]     |                    ^^^^^^^^^^^^^^^^^ not found in this scope
[INFO] [stdout] 
[INFO] [stdout] 
[INFO] [stdout] error[E0425]: cannot find type `HOT_KEY_MODIFIERS` in this scope
[INFO] [stdout]    --> src/config.rs:225:20
[INFO] [stdout]     |
[INFO] [stdout] 223 | #[derive(Debug, Clone, Copy, PartialEq, Eq)]
[INFO] [stdout]     |                 ----- in this derive macro
[INFO] [stdout] 224 | pub struct ParsedHotkey {
[INFO] [stdout] 225 |     pub modifiers: HOT_KEY_MODIFIERS,
[INFO] [stdout]     |                    ^^^^^^^^^^^^^^^^^ not found in this scope
[INFO] [stdout] 
[INFO] [stdout] 
[INFO] [stdout] error[E0425]: cannot find type `HOT_KEY_MODIFIERS` in this scope
[INFO] [stdout]    --> src/config.rs:225:20
[INFO] [stdout]     |
[INFO] [stdout] 223 | #[derive(Debug, Clone, Copy, PartialEq, Eq)]
[INFO] [stdout]     |                                         -- in this derive macro
[INFO] [stdout] 224 | pub struct ParsedHotkey {
[INFO] [stdout] 225 |     pub modifiers: HOT_KEY_MODIFIERS,
[INFO] [stdout]     |                    ^^^^^^^^^^^^^^^^^ not found in this scope
[INFO] [stdout] 
[INFO] [stdout] 
[INFO] [stdout] error[E0425]: cannot find value `VK_OEM_PLUS` in this scope
[INFO] [stdout]    --> src/config.rs:369:31
[INFO] [stdout]     |
[INFO] [stdout] 369 |         set_key(&mut vk_code, VK_OEM_PLUS.0 as u32, "+")?;
[INFO] [stdout]     |                               ^^^^^^^^^^^ not found in this scope
[INFO] [stdout] 
[INFO] [stdout] 
[INFO] [stdout] error[E0425]: cannot find value `MOD_WIN` in this scope
[INFO] [stdout]    --> src/config.rs:382:30
[INFO] [stdout]     |
[INFO] [stdout] 382 |                 modifiers |= MOD_WIN;
[INFO] [stdout]     |                              ^^^^^^^ not found in this scope
[INFO] [stdout] 
[INFO] [stdout] 
[INFO] [stdout] error[E0425]: cannot find value `MOD_CONTROL` in this scope
[INFO] [stdout]    --> src/config.rs:385:30
[INFO] [stdout]     |
[INFO] [stdout] 385 |                 modifiers |= MOD_CONTROL;
[INFO] [stdout]     |                              ^^^^^^^^^^^ not found in this scope
[INFO] [stdout] 
[INFO] [stdout] 
[INFO] [stdout] error[E0425]: cannot find value `MOD_ALT` in this scope
[INFO] [stdout]    --> src/config.rs:388:30
[INFO] [stdout]     |
[INFO] [stdout] 388 |                 modifiers |= MOD_ALT;
[INFO] [stdout]     |                              ^^^^^^^ not found in this scope
[INFO] [stdout] 
[INFO] [stdout] 
[INFO] [stdout] error[E0425]: cannot find value `MOD_SHIFT` in this scope
[INFO] [stdout]    --> src/config.rs:391:30
[INFO] [stdout]     |
[INFO] [stdout] 391 |                 modifiers |= MOD_SHIFT;
[INFO] [stdout]     |                              ^^^^^^^^^ not found in this scope
[INFO] [stdout] 
[INFO] [stdout] 
[INFO] [stdout] error[E0425]: cannot find value `MOD_NOREPEAT` in this scope
[INFO] [stdout]    --> src/config.rs:394:30
[INFO] [stdout]     |
[INFO] [stdout] 394 |                 modifiers |= MOD_NOREPEAT;
[INFO] [stdout]     |                              ^^^^^^^^^^^^ not found in this scope
[INFO] [stdout] 
[INFO] [stdout] 
[INFO] [stdout] error[E0425]: cannot find value `VK_RETURN` in this scope
[INFO] [stdout]    --> src/config.rs:398:57
[INFO] [stdout]     |
[INFO] [stdout] 398 |             "enter" | "return" => set_key(&mut vk_code, VK_RETURN.0 as u32, part)?,
[INFO] [stdout]     |                                                         ^^^^^^^^^ not found in this scope
[INFO] [stdout] 
[INFO] [stdout] 
[INFO] [stdout] error[E0425]: cannot find value `VK_SPACE` in this scope
[INFO] [stdout]    --> src/config.rs:399:59
[INFO] [stdout]     |
[INFO] [stdout] 399 |             "space" | "spacebar" => set_key(&mut vk_code, VK_SPACE.0 as u32, part)?,
[INFO] [stdout]     |                                                           ^^^^^^^^ not found in this scope
[INFO] [stdout] 
[INFO] [stdout] 
[INFO] [stdout] error[E0425]: cannot find value `VK_TAB` in this scope
[INFO] [stdout]    --> src/config.rs:400:44
[INFO] [stdout]     |
[INFO] [stdout] 400 |             "tab" => set_key(&mut vk_code, VK_TAB.0 as u32, part)?,
[INFO] [stdout]     |                                            ^^^^^^ not found in this scope
[INFO] [stdout] 
[INFO] [stdout] 
[INFO] [stdout] error[E0425]: cannot find value `VK_ESCAPE` in this scope
[INFO] [stdout]    --> src/config.rs:401:55
[INFO] [stdout]     |
[INFO] [stdout] 401 |             "esc" | "escape" => set_key(&mut vk_code, VK_ESCAPE.0 as u32, part)?,
[INFO] [stdout]     |                                                       ^^^^^^^^^ not found in this scope
[INFO] [stdout] 
[INFO] [stdout] 
[INFO] [stdout] error[E0425]: cannot find value `VK_BACK` in this scope
[INFO] [stdout]    --> src/config.rs:402:59
[INFO] [stdout]     |
[INFO] [stdout] 402 |             "backspace" | "back" => set_key(&mut vk_code, VK_BACK.0 as u32, part)?,
[INFO] [stdout]     |                                                           ^^^^^^^ not found in this scope
[INFO] [stdout] 
[INFO] [stdout] 
[INFO] [stdout] error[E0425]: cannot find value `VK_DELETE` in this scope
[INFO] [stdout]    --> src/config.rs:403:55
[INFO] [stdout]     |
[INFO] [stdout] 403 |             "delete" | "del" => set_key(&mut vk_code, VK_DELETE.0 as u32, part)?,
[INFO] [stdout]     |                                                       ^^^^^^^^^ not found in this scope
[INFO] [stdout] 
[INFO] [stdout] 
[INFO] [stdout] error[E0425]: cannot find value `VK_INSERT` in this scope
[INFO] [stdout]    --> src/config.rs:404:55
[INFO] [stdout]     |
[INFO] [stdout] 404 |             "insert" | "ins" => set_key(&mut vk_code, VK_INSERT.0 as u32, part)?,
[INFO] [stdout]     |                                                       ^^^^^^^^^ not found in this scope
[INFO] [stdout] 
[INFO] [stdout] 
[INFO] [stdout] error[E0425]: cannot find value `VK_HOME` in this scope
[INFO] [stdout]    --> src/config.rs:405:45
[INFO] [stdout]     |
[INFO] [stdout] 405 |             "home" => set_key(&mut vk_code, VK_HOME.0 as u32, part)?,
[INFO] [stdout]     |                                             ^^^^^^^ not found in this scope
[INFO] [stdout] 
[INFO] [stdout] 
[INFO] [stdout] error[E0425]: cannot find value `VK_END` in this scope
[INFO] [stdout]    --> src/config.rs:406:44
[INFO] [stdout]     |
[INFO] [stdout] 406 |             "end" => set_key(&mut vk_code, VK_END.0 as u32, part)?,
[INFO] [stdout]     |                                            ^^^^^^ not found in this scope
[INFO] [stdout] 
[INFO] [stdout] 
[INFO] [stdout] error[E0425]: cannot find value `VK_PRIOR` in this scope
[INFO] [stdout]    --> src/config.rs:407:66
[INFO] [stdout]     |
[INFO] [stdout] 407 |             "pageup" | "pgup" | "prior" => set_key(&mut vk_code, VK_PRIOR.0 as u32, part)?,
[INFO] [stdout]     |                                                                  ^^^^^^^^ not found in this scope
[INFO] [stdout] 
[INFO] [stdout] 
[INFO] [stdout] error[E0425]: cannot find value `VK_NEXT` in this scope
[INFO] [stdout]    --> src/config.rs:408:67
[INFO] [stdout]     |
[INFO] [stdout] 408 |             "pagedown" | "pgdn" | "next" => set_key(&mut vk_code, VK_NEXT.0 as u32, part)?,
[INFO] [stdout]     |                                                                   ^^^^^^^ not found in this scope
[INFO] [stdout] 
[INFO] [stdout] 
[INFO] [stdout] error[E0425]: cannot find value `VK_UP` in this scope
[INFO] [stdout]    --> src/config.rs:409:43
[INFO] [stdout]     |
[INFO] [stdout] 409 |             "up" => set_key(&mut vk_code, VK_UP.0 as u32, part)?,
[INFO] [stdout]     |                                           ^^^^^ not found in this scope
[INFO] [stdout] 
[INFO] [stdout] 
[INFO] [stdout] error[E0425]: cannot find value `VK_DOWN` in this scope
[INFO] [stdout]    --> src/config.rs:410:45
[INFO] [stdout]     |
[INFO] [stdout] 410 |             "down" => set_key(&mut vk_code, VK_DOWN.0 as u32, part)?,
[INFO] [stdout]     |                                             ^^^^^^^ not found in this scope
[INFO] [stdout] 
[INFO] [stdout] 
[INFO] [stdout] error[E0425]: cannot find value `VK_LEFT` in this scope
[INFO] [stdout]    --> src/config.rs:411:45
[INFO] [stdout]     |
[INFO] [stdout] 411 |             "left" => set_key(&mut vk_code, VK_LEFT.0 as u32, part)?,
[INFO] [stdout]     |                                             ^^^^^^^ not found in this scope
[INFO] [stdout] 
[INFO] [stdout] 
[INFO] [stdout] error[E0425]: cannot find value `VK_RIGHT` in this scope
[INFO] [stdout]    --> src/config.rs:412:46
[INFO] [stdout]     |
[INFO] [stdout] 412 |             "right" => set_key(&mut vk_code, VK_RIGHT.0 as u32, part)?,
[INFO] [stdout]     |                                              ^^^^^^^^ not found in this scope
[INFO] [stdout] 
[INFO] [stdout] 
[INFO] [stdout] error[E0425]: cannot find value `VK_CAPITAL` in this scope
[INFO] [stdout]    --> src/config.rs:413:61
[INFO] [stdout]     |
[INFO] [stdout] 413 |             "capslock" | "capital" => set_key(&mut vk_code, VK_CAPITAL.0 as u32, part)?,
[INFO] [stdout]     |                                                             ^^^^^^^^^^ not found in this scope
[INFO] [stdout] 
[INFO] [stdout] 
[INFO] [stdout] error[E0425]: cannot find value `VK_SNAPSHOT` in this scope
[INFO] [stdout]    --> src/config.rs:415:39
[INFO] [stdout]     |
[INFO] [stdout] 415 |                 set_key(&mut vk_code, VK_SNAPSHOT.0 as u32, part)?
[INFO] [stdout]     |                                       ^^^^^^^^^^^ not found in this scope
[INFO] [stdout] 
[INFO] [stdout] 
[INFO] [stdout] error[E0425]: cannot find value `VK_PAUSE` in this scope
[INFO] [stdout]    --> src/config.rs:417:56
[INFO] [stdout]     |
[INFO] [stdout] 417 |             "pause" | "break" => set_key(&mut vk_code, VK_PAUSE.0 as u32, part)?,
[INFO] [stdout]     |                                                        ^^^^^^^^ not found in this scope
[INFO] [stdout] 
[INFO] [stdout] 
[INFO] [stdout] error[E0425]: cannot find value `VK_SCROLL` in this scope
[INFO] [stdout]    --> src/config.rs:418:62
[INFO] [stdout]     |
[INFO] [stdout] 418 |             "scrolllock" | "scroll" => set_key(&mut vk_code, VK_SCROLL.0 as u32, part)?,
[INFO] [stdout]     |                                                              ^^^^^^^^^ not found in this scope
[INFO] [stdout] 
[INFO] [stdout] 
[INFO] [stdout] error[E0425]: cannot find value `VK_OEM_3` in this scope
[INFO] [stdout]    --> src/config.rs:422:39
[INFO] [stdout]     |
[INFO] [stdout] 422 |                 set_key(&mut vk_code, VK_OEM_3.0 as u32, part)?
[INFO] [stdout]     |                                       ^^^^^^^^ not found in this scope
[INFO] [stdout] 
[INFO] [stdout] 
[INFO] [stdout] error[E0425]: cannot find value `VK_OEM_MINUS` in this scope
[INFO] [stdout]    --> src/config.rs:424:61
[INFO] [stdout]     |
[INFO] [stdout] 424 |             "minus" | "dash" | "-" => set_key(&mut vk_code, VK_OEM_MINUS.0 as u32, part)?,
[INFO] [stdout]     |                                                             ^^^^^^^^^^^^ not found in this scope
[INFO] [stdout] 
[INFO] [stdout] 
[INFO] [stdout] error[E0425]: cannot find value `VK_OEM_PLUS` in this scope
[INFO] [stdout]    --> src/config.rs:426:39
[INFO] [stdout]     |
[INFO] [stdout] 426 |                 set_key(&mut vk_code, VK_OEM_PLUS.0 as u32, part)?
[INFO] [stdout]     |                                       ^^^^^^^^^^^ not found in this scope
[INFO] [stdout] 
[INFO] [stdout] 
[INFO] [stdout] error[E0425]: cannot find value `VK_OEM_COMMA` in this scope
[INFO] [stdout]    --> src/config.rs:428:58
[INFO] [stdout]     |
[INFO] [stdout] 428 |             "comma" | "," | "<" => set_key(&mut vk_code, VK_OEM_COMMA.0 as u32, part)?,
[INFO] [stdout]     |                                                          ^^^^^^^^^^^^ not found in this scope
[INFO] [stdout] 
[INFO] [stdout] 
[INFO] [stdout] error[E0425]: cannot find value `VK_OEM_PERIOD` in this scope
[INFO] [stdout]    --> src/config.rs:429:59
[INFO] [stdout]     |
[INFO] [stdout] 429 |             "period" | "." | ">" => set_key(&mut vk_code, VK_OEM_PERIOD.0 as u32, part)?,
[INFO] [stdout]     |                                                           ^^^^^^^^^^^^^ not found in this scope
[INFO] [stdout] 
[INFO] [stdout] 
[INFO] [stdout] error[E0425]: cannot find value `VK_OEM_2` in this scope
[INFO] [stdout]    --> src/config.rs:430:58
[INFO] [stdout]     |
[INFO] [stdout] 430 |             "slash" | "/" | "?" => set_key(&mut vk_code, VK_OEM_2.0 as u32, part)?,
[INFO] [stdout]     |                                                          ^^^^^^^^ not found in this scope
[INFO] [stdout] 
[INFO] [stdout] 
[INFO] [stdout] error[E0425]: cannot find value `VK_OEM_5` in this scope
[INFO] [stdout]    --> src/config.rs:431:63
[INFO] [stdout]     |
[INFO] [stdout] 431 |             "backslash" | "\\" | "|" => set_key(&mut vk_code, VK_OEM_5.0 as u32, part)?,
[INFO] [stdout]     |                                                               ^^^^^^^^ not found in this scope
[INFO] [stdout] 
[INFO] [stdout] 
[INFO] [stdout] error[E0425]: cannot find value `VK_OEM_1` in this scope
[INFO] [stdout]    --> src/config.rs:432:62
[INFO] [stdout]     |
[INFO] [stdout] 432 |             "semicolon" | ";" | ":" => set_key(&mut vk_code, VK_OEM_1.0 as u32, part)?,
[INFO] [stdout]     |                                                              ^^^^^^^^ not found in this scope
[INFO] [stdout] 
[INFO] [stdout] 
[INFO] [stdout] error[E0425]: cannot find value `VK_OEM_7` in this scope
[INFO] [stdout]    --> src/config.rs:433:59
[INFO] [stdout]     |
[INFO] [stdout] 433 |             "quote" | "'" | "\"" => set_key(&mut vk_code, VK_OEM_7.0 as u32, part)?,
[INFO] [stdout]     |                                                           ^^^^^^^^ not found in this scope
[INFO] [stdout] 
[INFO] [stdout] 
[INFO] [stdout] error[E0425]: cannot find value `VK_OEM_4` in this scope
[INFO] [stdout]    --> src/config.rs:434:64
[INFO] [stdout]     |
[INFO] [stdout] 434 |             "bracketleft" | "[" | "{" => set_key(&mut vk_code, VK_OEM_4.0 as u32, part)?,
[INFO] [stdout]     |                                                                ^^^^^^^^ not found in this scope
[INFO] [stdout] 
[INFO] [stdout] 
[INFO] [stdout] error[E0425]: cannot find value `VK_OEM_6` in this scope
[INFO] [stdout]    --> src/config.rs:435:65
[INFO] [stdout]     |
[INFO] [stdout] 435 |             "bracketright" | "]" | "}" => set_key(&mut vk_code, VK_OEM_6.0 as u32, part)?,
[INFO] [stdout]     |                                                                 ^^^^^^^^ not found in this scope
[INFO] [stdout] 
[INFO] [stdout] 
[INFO] [stdout] error[E0425]: cannot find value `VK_F1` in this scope
[INFO] [stdout]    --> src/config.rs:453:36
[INFO] [stdout]     |
[INFO] [stdout] 453 |                         let code = VK_F1.0 as u32 + (num - 1);
[INFO] [stdout]     |                                    ^^^^^ not found in this scope
[INFO] [stdout] 
[INFO] [stdout] 
[INFO] [stdout] error[E0425]: cannot find value `VK_NUMPAD0` in this scope
[INFO] [stdout]    --> src/config.rs:470:45
[INFO] [stdout]     |
[INFO] [stdout] 470 |             "num0" => set_key(&mut vk_code, VK_NUMPAD0.0 as u32, part)?,
[INFO] [stdout]     |                                             ^^^^^^^^^^ not found in this scope
[INFO] [stdout] 
[INFO] [stdout] 
[INFO] [stdout] error[E0425]: cannot find value `VK_NUMPAD0` in this scope
[INFO] [stdout]    --> src/config.rs:471:46
[INFO] [stdout]     |
[INFO] [stdout] 471 |             "num1" => set_key(&mut vk_code, (VK_NUMPAD0.0 + 1) as u32, part)?,
[INFO] [stdout]     |                                              ^^^^^^^^^^ not found in this scope
[INFO] [stdout] 
[INFO] [stdout] 
[INFO] [stdout] error[E0425]: cannot find value `VK_NUMPAD0` in this scope
[INFO] [stdout]    --> src/config.rs:472:46
[INFO] [stdout]     |
[INFO] [stdout] 472 |             "num2" => set_key(&mut vk_code, (VK_NUMPAD0.0 + 2) as u32, part)?,
[INFO] [stdout]     |                                              ^^^^^^^^^^ not found in this scope
[INFO] [stdout] 
[INFO] [stdout] 
[INFO] [stdout] error[E0425]: cannot find value `VK_NUMPAD0` in this scope
[INFO] [stdout]    --> src/config.rs:473:46
[INFO] [stdout]     |
[INFO] [stdout] 473 |             "num3" => set_key(&mut vk_code, (VK_NUMPAD0.0 + 3) as u32, part)?,
[INFO] [stdout]     |                                              ^^^^^^^^^^ not found in this scope
[INFO] [stdout] 
[INFO] [stdout] 
[INFO] [stdout] error[E0425]: cannot find value `VK_NUMPAD0` in this scope
[INFO] [stdout]    --> src/config.rs:474:46
[INFO] [stdout]     |
[INFO] [stdout] 474 |             "num4" => set_key(&mut vk_code, (VK_NUMPAD0.0 + 4) as u32, part)?,
[INFO] [stdout]     |                                              ^^^^^^^^^^ not found in this scope
[INFO] [stdout] 
[INFO] [stdout] 
[INFO] [stdout] error[E0425]: cannot find value `VK_NUMPAD0` in this scope
[INFO] [stdout]    --> src/config.rs:475:46
[INFO] [stdout]     |
[INFO] [stdout] 475 |             "num5" => set_key(&mut vk_code, (VK_NUMPAD0.0 + 5) as u32, part)?,
[INFO] [stdout]     |                                              ^^^^^^^^^^ not found in this scope
[INFO] [stdout] 
[INFO] [stdout] 
[INFO] [stdout] error[E0425]: cannot find value `VK_NUMPAD0` in this scope
[INFO] [stdout]    --> src/config.rs:476:46
[INFO] [stdout]     |
[INFO] [stdout] 476 |             "num6" => set_key(&mut vk_code, (VK_NUMPAD0.0 + 6) as u32, part)?,
[INFO] [stdout]     |                                              ^^^^^^^^^^ not found in this scope
[INFO] [stdout] 
[INFO] [stdout] 
[INFO] [stdout] error[E0425]: cannot find value `VK_NUMPAD0` in this scope
[INFO] [stdout]    --> src/config.rs:477:46
[INFO] [stdout]     |
[INFO] [stdout] 477 |             "num7" => set_key(&mut vk_code, (VK_NUMPAD0.0 + 7) as u32, part)?,
[INFO] [stdout]     |                                              ^^^^^^^^^^ not found in this scope
[INFO] [stdout] 
[INFO] [stdout] 
[INFO] [stdout] error[E0425]: cannot find value `VK_NUMPAD0` in this scope
[INFO] [stdout]    --> src/config.rs:478:46
[INFO] [stdout]     |
[INFO] [stdout] 478 |             "num8" => set_key(&mut vk_code, (VK_NUMPAD0.0 + 8) as u32, part)?,
[INFO] [stdout]     |                                              ^^^^^^^^^^ not found in this scope
[INFO] [stdout] 
[INFO] [stdout] 
[INFO] [stdout] error[E0425]: cannot find value `VK_NUMPAD0` in this scope
[INFO] [stdout]    --> src/config.rs:479:46
[INFO] [stdout]     |
[INFO] [stdout] 479 |             "num9" => set_key(&mut vk_code, (VK_NUMPAD0.0 + 9) as u32, part)?,
[INFO] [stdout]     |                                              ^^^^^^^^^^ not found in this scope
[INFO] [stdout] 
[INFO] [stdout] 
[INFO] [stdout] error[E0425]: cannot find value `VK_MULTIPLY` in this scope
[INFO] [stdout]    --> src/config.rs:480:52
[INFO] [stdout]     |
[INFO] [stdout] 480 |             "nummultiply" => set_key(&mut vk_code, VK_MULTIPLY.0 as u32, part)?,
[INFO] [stdout]     |                                                    ^^^^^^^^^^^ not found in this scope
[INFO] [stdout] 
[INFO] [stdout] 
[INFO] [stdout] error[E0425]: cannot find value `VK_ADD` in this scope
[INFO] [stdout]    --> src/config.rs:481:47
[INFO] [stdout]     |
[INFO] [stdout] 481 |             "numadd" => set_key(&mut vk_code, VK_ADD.0 as u32, part)?,
[INFO] [stdout]     |                                               ^^^^^^ not found in this scope
[INFO] [stdout] 
[INFO] [stdout] 
[INFO] [stdout] error[E0425]: cannot find value `VK_SUBTRACT` in this scope
[INFO] [stdout]    --> src/config.rs:482:52
[INFO] [stdout]     |
[INFO] [stdout] 482 |             "numsubtract" => set_key(&mut vk_code, VK_SUBTRACT.0 as u32, part)?,
[INFO] [stdout]     |                                                    ^^^^^^^^^^^ not found in this scope
[INFO] [stdout] 
[INFO] [stdout] 
[INFO] [stdout] error[E0425]: cannot find value `VK_DECIMAL` in this scope
[INFO] [stdout]    --> src/config.rs:483:51
[INFO] [stdout]     |
[INFO] [stdout] 483 |             "numdecimal" => set_key(&mut vk_code, VK_DECIMAL.0 as u32, part)?,
[INFO] [stdout]     |                                                   ^^^^^^^^^^ not found in this scope
[INFO] [stdout] 
[INFO] [stdout] 
[INFO] [stdout] error[E0425]: cannot find value `VK_DIVIDE` in this scope
[INFO] [stdout]    --> src/config.rs:484:50
[INFO] [stdout]     |
[INFO] [stdout] 484 |             "numdivide" => set_key(&mut vk_code, VK_DIVIDE.0 as u32, part)?,
[INFO] [stdout]     |                                                  ^^^^^^^^^ not found in this scope
[INFO] [stdout] 
[INFO] [stdout] 
[INFO] [stdout] error[E0425]: cannot find type `WPARAM` in this scope
[INFO] [stdout]   --> src/hotkey.rs:51:13
[INFO] [stdout]    |
[INFO] [stdout] 51 |     wparam: WPARAM,
[INFO] [stdout]    |             ^^^^^^ not found in this scope
[INFO] [stdout] 
[INFO] [stdout] 
[INFO] [stdout] error[E0425]: cannot find type `LPARAM` in this scope
[INFO] [stdout]   --> src/hotkey.rs:52:13
[INFO] [stdout]    |
[INFO] [stdout] 52 |     lparam: LPARAM,
[INFO] [stdout]    |             ^^^^^^ not found in this scope
[INFO] [stdout] 
[INFO] [stdout] 
[INFO] [stdout] error[E0425]: cannot find type `LRESULT` in this scope
[INFO] [stdout]   --> src/hotkey.rs:53:6
[INFO] [stdout]    |
[INFO] [stdout] 53 | ) -> LRESULT {
[INFO] [stdout]    |      ^^^^^^^ not found in this scope
[INFO] [stdout] 
[INFO] [stdout] 
[INFO] [stdout] error[E0425]: cannot find value `WM_KEYDOWN` in this scope
[INFO] [stdout]   --> src/hotkey.rs:54:41
[INFO] [stdout]    |
[INFO] [stdout] 54 |     if code >= 0 && (wparam.0 as u32 == WM_KEYDOWN || wparam.0 as u32 == WM_SYSKEYDOWN) {
[INFO] [stdout]    |                                         ^^^^^^^^^^ not found in this scope
[INFO] [stdout] 
[INFO] [stdout] 
[INFO] [stdout] error[E0425]: cannot find value `WM_SYSKEYDOWN` in this scope
[INFO] [stdout]   --> src/hotkey.rs:54:74
[INFO] [stdout]    |
[INFO] [stdout] 54 |     if code >= 0 && (wparam.0 as u32 == WM_KEYDOWN || wparam.0 as u32 == WM_SYSKEYDOWN) {
[INFO] [stdout]    |                                                                          ^^^^^^^^^^^^^ not found in this scope
[INFO] [stdout] 
[INFO] [stdout] 
[INFO] [stdout] error[E0425]: cannot find type `KBDLLHOOKSTRUCT` in this scope
[INFO] [stdout]   --> src/hotkey.rs:55:41
[INFO] [stdout]    |
[INFO] [stdout] 55 |         let kb_ptr = lparam.0 as *const KBDLLHOOKSTRUCT;
[INFO] [stdout]    |                                         ^^^^^^^^^^^^^^^ not found in this scope
[INFO] [stdout] 
[INFO] [stdout] 
[INFO] [stdout] error[E0425]: cannot find value `VK_LWIN` in this scope
[INFO] [stdout]   --> src/hotkey.rs:62:53
[INFO] [stdout]    |
[INFO] [stdout] 62 |             let is_win = (unsafe { GetAsyncKeyState(VK_LWIN.0 as i32) } as u16 & 0x8000 != 0)
[INFO] [stdout]    |                                                     ^^^^^^^ not found in this scope
[INFO] [stdout] 
[INFO] [stdout] 
[INFO] [stdout] error[E0425]: cannot find value `VK_RWIN` in this scope
[INFO] [stdout]   --> src/hotkey.rs:63:47
[INFO] [stdout]    |
[INFO] [stdout] 63 |                 || (unsafe { GetAsyncKeyState(VK_RWIN.0 as i32) } as u16 & 0x8000 != 0);
[INFO] [stdout]    |                                               ^^^^^^^ not found in this scope
[INFO] [stdout] 
[INFO] [stdout] 
[INFO] [stdout] error[E0425]: cannot find value `VK_CONTROL` in this scope
[INFO] [stdout]   --> src/hotkey.rs:64:54
[INFO] [stdout]    |
[INFO] [stdout] 64 |             let is_ctrl = (unsafe { GetAsyncKeyState(VK_CONTROL.0 as i32) } as u16 & 0x8000 != 0)
[INFO] [stdout]    |                                                      ^^^^^^^^^^ not found in this scope
[INFO] [stdout] 
[INFO] [stdout] 
[INFO] [stdout] error[E0425]: cannot find value `VK_LCONTROL` in this scope
[INFO] [stdout]   --> src/hotkey.rs:65:47
[INFO] [stdout]    |
[INFO] [stdout] 65 |                 || (unsafe { GetAsyncKeyState(VK_LCONTROL.0 as i32) } as u16 & 0x8000 != 0)
[INFO] [stdout]    |                                               ^^^^^^^^^^^ not found in this scope
[INFO] [stdout] 
[INFO] [stdout] 
[INFO] [stdout] error[E0425]: cannot find value `VK_RCONTROL` in this scope
[INFO] [stdout]   --> src/hotkey.rs:66:47
[INFO] [stdout]    |
[INFO] [stdout] 66 |                 || (unsafe { GetAsyncKeyState(VK_RCONTROL.0 as i32) } as u16 & 0x8000 != 0);
[INFO] [stdout]    |                                               ^^^^^^^^^^^ not found in this scope
[INFO] [stdout] 
[INFO] [stdout] 
[INFO] [stdout] error[E0425]: cannot find value `VK_MENU` in this scope
[INFO] [stdout]   --> src/hotkey.rs:67:53
[INFO] [stdout]    |
[INFO] [stdout] 67 |             let is_alt = (unsafe { GetAsyncKeyState(VK_MENU.0 as i32) } as u16 & 0x8000 != 0)
[INFO] [stdout]    |                                                     ^^^^^^^ not found in this scope
[INFO] [stdout] 
[INFO] [stdout] 
[INFO] [stdout] error[E0425]: cannot find value `VK_LMENU` in this scope
[INFO] [stdout]   --> src/hotkey.rs:68:47
[INFO] [stdout]    |
[INFO] [stdout] 68 |                 || (unsafe { GetAsyncKeyState(VK_LMENU.0 as i32) } as u16 & 0x8000 != 0)
[INFO] [stdout]    |                                               ^^^^^^^^ not found in this scope
[INFO] [stdout] 
[INFO] [stdout] 
[INFO] [stdout] error[E0425]: cannot find value `VK_RMENU` in this scope
[INFO] [stdout]   --> src/hotkey.rs:69:47
[INFO] [stdout]    |
[INFO] [stdout] 69 |                 || (unsafe { GetAsyncKeyState(VK_RMENU.0 as i32) } as u16 & 0x8000 != 0);
[INFO] [stdout]    |                                               ^^^^^^^^ not found in this scope
[INFO] [stdout] 
[INFO] [stdout] 
[INFO] [stdout] error[E0425]: cannot find value `VK_SHIFT` in this scope
[INFO] [stdout]   --> src/hotkey.rs:70:55
[INFO] [stdout]    |
[INFO] [stdout] 70 |             let is_shift = (unsafe { GetAsyncKeyState(VK_SHIFT.0 as i32) } as u16 & 0x8000 != 0)
[INFO] [stdout]    |                                                       ^^^^^^^^ not found in this scope
[INFO] [stdout] 
[INFO] [stdout] 
[INFO] [stdout] error[E0425]: cannot find value `VK_LSHIFT` in this scope
[INFO] [stdout]   --> src/hotkey.rs:71:47
[INFO] [stdout]    |
[INFO] [stdout] 71 |                 || (unsafe { GetAsyncKeyState(VK_LSHIFT.0 as i32) } as u16 & 0x8000 != 0)
[INFO] [stdout]    |                                               ^^^^^^^^^ not found in this scope
[INFO] [stdout] 
[INFO] [stdout] 
[INFO] [stdout] error[E0425]: cannot find value `VK_RSHIFT` in this scope
[INFO] [stdout]   --> src/hotkey.rs:72:47
[INFO] [stdout]    |
[INFO] [stdout] 72 |                 || (unsafe { GetAsyncKeyState(VK_RSHIFT.0 as i32) } as u16 & 0x8000 != 0);
[INFO] [stdout]    |                                               ^^^^^^^^^ not found in this scope
[INFO] [stdout] 
[INFO] [stdout] 
[INFO] [stdout] error[E0425]: cannot find value `MOD_WIN` in this scope
[INFO] [stdout]   --> src/hotkey.rs:76:33
[INFO] [stdout]    |
[INFO] [stdout] 76 |                 current_mods |= MOD_WIN;
[INFO] [stdout]    |                                 ^^^^^^^ not found in this scope
[INFO] [stdout] 
[INFO] [stdout] 
[INFO] [stdout] error[E0425]: cannot find value `MOD_CONTROL` in this scope
[INFO] [stdout]   --> src/hotkey.rs:79:33
[INFO] [stdout]    |
[INFO] [stdout] 79 |                 current_mods |= MOD_CONTROL;
[INFO] [stdout]    |                                 ^^^^^^^^^^^ not found in this scope
[INFO] [stdout] 
[INFO] [stdout] 
[INFO] [stdout] error[E0425]: cannot find value `MOD_ALT` in this scope
[INFO] [stdout]   --> src/hotkey.rs:82:33
[INFO] [stdout]    |
[INFO] [stdout] 82 |                 current_mods |= MOD_ALT;
[INFO] [stdout]    |                                 ^^^^^^^ not found in this scope
[INFO] [stdout] 
[INFO] [stdout] 
[INFO] [stdout] error[E0425]: cannot find value `MOD_SHIFT` in this scope
[INFO] [stdout]   --> src/hotkey.rs:85:33
[INFO] [stdout]    |
[INFO] [stdout] 85 |                 current_mods |= MOD_SHIFT;
[INFO] [stdout]    |                                 ^^^^^^^^^ not found in this scope
[INFO] [stdout] 
[INFO] [stdout] 
[INFO] [stdout] error[E0425]: cannot find value `MOD_NOREPEAT` in this scope
[INFO] [stdout]   --> src/hotkey.rs:92:66
[INFO] [stdout]    |
[INFO] [stdout] 92 |                     let expected_mods = item.parsed.modifiers & !MOD_NOREPEAT;
[INFO] [stdout]    |                                                                  ^^^^^^^^^^^^ not found in this scope
[INFO] [stdout] 
[INFO] [stdout] 
[INFO] [stdout] error[E0425]: cannot find type `HHOOK` in this scope
[INFO] [stdout]    --> src/hotkey.rs:123:25
[INFO] [stdout]     |
[INFO] [stdout] 123 |     hook_handle: Option<HHOOK>,
[INFO] [stdout]     |                         ^^^^^ not found in this scope
[INFO] [stdout]     |
[INFO] [stdout] help: you might be missing a type parameter
[INFO] [stdout]     |
[INFO] [stdout] 119 | pub struct HotkeyManager<P: Win32ApiProvider + 'static, HHOOK> {
[INFO] [stdout]     |                                                       +++++++
[INFO] [stdout] 
[INFO] [stdout] 
[INFO] [stdout] error[E0425]: cannot find value `MOD_NOREPEAT` in this scope
[INFO] [stdout]    --> src/hotkey.rs:157:67
[INFO] [stdout]     |
[INFO] [stdout] 157 |             let res = api.register_hotkey(id, (parsed.modifiers | MOD_NOREPEAT).0, parsed.vk_code);
[INFO] [stdout]     |                                                                   ^^^^^^^^^^^^ not found in this scope
[INFO] [stdout] 
[INFO] [stdout] 
[INFO] [stdout] error[E0425]: cannot find value `WH_KEYBOARD_LL` in this scope
[INFO] [stdout]    --> src/hotkey.rs:198:21
[INFO] [stdout]     |
[INFO] [stdout] 198 |                     WH_KEYBOARD_LL,
[INFO] [stdout]     |                     ^^^^^^^^^^^^^^ not found in this scope
[INFO] [stdout] 
[INFO] [stdout] 
[INFO] [stdout] error[E0425]: cannot find value `WM_HOTKEY` in this scope
[INFO] [stdout]    --> src/hotkey.rs:260:35
[INFO] [stdout]     |
[INFO] [stdout] 260 |                 if msg.message == WM_HOTKEY {
[INFO] [stdout]     |                                   ^^^^^^^^^ not found in this scope
[INFO] [stdout] 
[INFO] [stdout] 
[INFO] [stdout] error[E0425]: cannot find value `WM_APP` in this scope
[INFO] [stdout]   --> src/tray.rs:23:30
[INFO] [stdout]    |
[INFO] [stdout] 23 | pub const WM_TRAYICON: u32 = WM_APP + 100;
[INFO] [stdout]    |                              ^^^^^^ not found in this scope
[INFO] [stdout] 
[INFO] [stdout] 
[INFO] [stdout] error[E0425]: cannot find value `IDI_APPLICATION` in this scope
[INFO] [stdout]   --> src/tray.rs:44:65
[INFO] [stdout]    |
[INFO] [stdout] 44 |             .unwrap_or_else(|_| LoadIconW(HINSTANCE::default(), IDI_APPLICATION).unwrap_or_default());
[INFO] [stdout]    |                                                                 ^^^^^^^^^^^^^^^ not found in this scope
[INFO] [stdout] 
[INFO] [stdout] 
[INFO] [stdout] error[E0425]: cannot find value `WM_RBUTTONUP` in this scope
[INFO] [stdout]    --> src/tray.rs:104:25
[INFO] [stdout]     |
[INFO] [stdout] 104 |             if event == WM_RBUTTONUP || event == WM_RBUTTONDOWN || event == WM_CONTEXTMENU {
[INFO] [stdout]     |                         ^^^^^^^^^^^^ not found in this scope
[INFO] [stdout] 
[INFO] [stdout] 
[INFO] [stdout] error[E0425]: cannot find value `WM_RBUTTONDOWN` in this scope
[INFO] [stdout]    --> src/tray.rs:104:50
[INFO] [stdout]     |
[INFO] [stdout] 104 |             if event == WM_RBUTTONUP || event == WM_RBUTTONDOWN || event == WM_CONTEXTMENU {
[INFO] [stdout]     |                                                  ^^^^^^^^^^^^^^ not found in this scope
[INFO] [stdout] 
[INFO] [stdout] 
[INFO] [stdout] error[E0425]: cannot find value `WM_CONTEXTMENU` in this scope
[INFO] [stdout]    --> src/tray.rs:104:77
[INFO] [stdout]     |
[INFO] [stdout] 104 |             if event == WM_RBUTTONUP || event == WM_RBUTTONDOWN || event == WM_CONTEXTMENU {
[INFO] [stdout]     |                                                                             ^^^^^^^^^^^^^^ not found in this scope
[INFO] [stdout] 
[INFO] [stdout] 
[INFO] [stdout] error[E0425]: cannot find value `WM_LBUTTONDBLCLK` in this scope
[INFO] [stdout]    --> src/tray.rs:107:32
[INFO] [stdout]     |
[INFO] [stdout] 107 |             } else if event == WM_LBUTTONDBLCLK {
[INFO] [stdout]     |                                ^^^^^^^^^^^^^^^^ not found in this scope
[INFO] [stdout] 
[INFO] [stdout] 
[INFO] [stdout] error[E0425]: cannot find value `MF_STRING` in this scope
[INFO] [stdout]    --> src/tray.rs:171:36
[INFO] [stdout]     |
[INFO] [stdout] 171 |         let _ = AppendMenuW(hmenu, MF_STRING | MF_DISABLED, 0, PCWSTR(wide_title.as_mut_ptr()));
[INFO] [stdout]     |                                    ^^^^^^^^^ not found in this scope
[INFO] [stdout] 
[INFO] [stdout] 
[INFO] [stdout] error[E0425]: cannot find value `MF_DISABLED` in this scope
[INFO] [stdout]    --> src/tray.rs:171:48
[INFO] [stdout]     |
[INFO] [stdout] 171 |         let _ = AppendMenuW(hmenu, MF_STRING | MF_DISABLED, 0, PCWSTR(wide_title.as_mut_ptr()));
[INFO] [stdout]     |                                                ^^^^^^^^^^^ not found in this scope
[INFO] [stdout] 
[INFO] [stdout] 
[INFO] [stdout] error[E0425]: cannot find value `MF_SEPARATOR` in this scope
[INFO] [stdout]    --> src/tray.rs:172:36
[INFO] [stdout]     |
[INFO] [stdout] 172 |         let _ = AppendMenuW(hmenu, MF_SEPARATOR, 0, PCWSTR::null());
[INFO] [stdout]     |                                    ^^^^^^^^^^^^ not found in this scope
[INFO] [stdout] 
[INFO] [stdout] 
[INFO] [stdout] error[E0425]: cannot find value `MF_STRING` in this scope
[INFO] [stdout]    --> src/tray.rs:176:36
[INFO] [stdout]     |
[INFO] [stdout] 176 |         let _ = AppendMenuW(hmenu, MF_STRING, ID_TRAY_EDIT, PCWSTR(s_edit.as_mut_ptr()));
[INFO] [stdout]     |                                    ^^^^^^^^^ not found in this scope
[INFO] [stdout] 
[INFO] [stdout] 
[INFO] [stdout] error[E0425]: cannot find value `MF_STRING` in this scope
[INFO] [stdout]    --> src/tray.rs:180:36
[INFO] [stdout]     |
[INFO] [stdout] 180 |         let _ = AppendMenuW(hmenu, MF_STRING, ID_TRAY_RELOAD, PCWSTR(s_reload.as_mut_ptr()));
[INFO] [stdout]     |                                    ^^^^^^^^^ not found in this scope
[INFO] [stdout] 
[INFO] [stdout] 
[INFO] [stdout] error[E0425]: cannot find value `MF_SEPARATOR` in this scope
[INFO] [stdout]    --> src/tray.rs:182:36
[INFO] [stdout]     |
[INFO] [stdout] 182 |         let _ = AppendMenuW(hmenu, MF_SEPARATOR, 0, PCWSTR::null());
[INFO] [stdout]     |                                    ^^^^^^^^^^^^ not found in this scope
[INFO] [stdout] 
[INFO] [stdout] 
[INFO] [stdout] error[E0425]: cannot find value `MF_STRING` in this scope
[INFO] [stdout]    --> src/tray.rs:186:13
[INFO] [stdout]     |
[INFO] [stdout] 186 |             MF_STRING | MF_CHECKED
[INFO] [stdout]     |             ^^^^^^^^^ not found in this scope
[INFO] [stdout] 
[INFO] [stdout] 
[INFO] [stdout] error[E0425]: cannot find value `MF_CHECKED` in this scope
[INFO] [stdout]    --> src/tray.rs:186:25
[INFO] [stdout]     |
[INFO] [stdout] 186 |             MF_STRING | MF_CHECKED
[INFO] [stdout]     |                         ^^^^^^^^^^ not found in this scope
[INFO] [stdout] 
[INFO] [stdout] 
[INFO] [stdout] error[E0425]: cannot find value `MF_STRING` in this scope
[INFO] [stdout]    --> src/tray.rs:188:13
[INFO] [stdout]     |
[INFO] [stdout] 188 |             MF_STRING | MF_UNCHECKED
[INFO] [stdout]     |             ^^^^^^^^^ not found in this scope
[INFO] [stdout] 
[INFO] [stdout] 
[INFO] [stdout] error[E0425]: cannot find value `MF_UNCHECKED` in this scope
[INFO] [stdout]    --> src/tray.rs:188:25
[INFO] [stdout]     |
[INFO] [stdout] 188 |             MF_STRING | MF_UNCHECKED
[INFO] [stdout]     |                         ^^^^^^^^^^^^ not found in this scope
[INFO] [stdout] 
[INFO] [stdout] 
[INFO] [stdout] error[E0425]: cannot find value `MF_STRING` in this scope
[INFO] [stdout]    --> src/tray.rs:197:36
[INFO] [stdout]     |
[INFO] [stdout] 197 |         let _ = AppendMenuW(hmenu, MF_STRING, ID_TRAY_PAUSE, PCWSTR(s_pause.as_mut_ptr()));
[INFO] [stdout]     |                                    ^^^^^^^^^ not found in this scope
[INFO] [stdout] 
[INFO] [stdout] 
[INFO] [stdout] error[E0425]: cannot find value `MF_SEPARATOR` in this scope
[INFO] [stdout]    --> src/tray.rs:199:36
[INFO] [stdout]     |
[INFO] [stdout] 199 |         let _ = AppendMenuW(hmenu, MF_SEPARATOR, 0, PCWSTR::null());
[INFO] [stdout]     |                                    ^^^^^^^^^^^^ not found in this scope
[INFO] [stdout] 
[INFO] [stdout] 
[INFO] [stdout] error[E0425]: cannot find value `MF_STRING` in this scope
[INFO] [stdout]    --> src/tray.rs:203:36
[INFO] [stdout]     |
[INFO] [stdout] 203 |         let _ = AppendMenuW(hmenu, MF_STRING, ID_TRAY_EXIT, PCWSTR(s_exit.as_mut_ptr()));
[INFO] [stdout]     |                                    ^^^^^^^^^ not found in this scope
[INFO] [stdout] 
[INFO] [stdout] 
[INFO] [stdout] error[E0425]: cannot find value `TPM_LEFTALIGN` in this scope
[INFO] [stdout]    --> src/tray.rs:212:13
[INFO] [stdout]     |
[INFO] [stdout] 212 |             TPM_LEFTALIGN.0 | TPM_BOTTOMALIGN.0 | TPM_RIGHTBUTTON.0,
[INFO] [stdout]     |             ^^^^^^^^^^^^^ not found in this scope
[INFO] [stdout] 
[INFO] [stdout] 
[INFO] [stdout] error[E0425]: cannot find value `TPM_BOTTOMALIGN` in this scope
[INFO] [stdout]    --> src/tray.rs:212:31
[INFO] [stdout]     |
[INFO] [stdout] 212 |             TPM_LEFTALIGN.0 | TPM_BOTTOMALIGN.0 | TPM_RIGHTBUTTON.0,
[INFO] [stdout]     |                               ^^^^^^^^^^^^^^^ not found in this scope
[INFO] [stdout] 
[INFO] [stdout] 
[INFO] [stdout] error[E0425]: cannot find value `TPM_RIGHTBUTTON` in this scope
[INFO] [stdout]    --> src/tray.rs:212:51
[INFO] [stdout]     |
[INFO] [stdout] 212 |             TPM_LEFTALIGN.0 | TPM_BOTTOMALIGN.0 | TPM_RIGHTBUTTON.0,
[INFO] [stdout]     |                                                   ^^^^^^^^^^^^^^^ not found in this scope
[INFO] [stdout] 
[INFO] [stdout] 
[INFO] [stdout] error[E0425]: cannot find value `WM_NULL` in this scope
[INFO] [stdout]    --> src/tray.rs:218:36
[INFO] [stdout]     |
[INFO] [stdout] 218 |         let _ = PostMessageW(hwnd, WM_NULL, WPARAM(0), LPARAM(0));
[INFO] [stdout]     |                                    ^^^^^^^ not found in this scope
[INFO] [stdout] 
[INFO] [stdout] 
[INFO] [stdout] error[E0425]: cannot find value `IDI_APPLICATION` in this scope
[INFO] [stdout]    --> src/tray.rs:265:69
[INFO] [stdout]     |
[INFO] [stdout] 265 |                 .unwrap_or_else(|_| LoadIconW(HINSTANCE::default(), IDI_APPLICATION).unwrap_or_default());
[INFO] [stdout]     |                                                                     ^^^^^^^^^^^^^^^ not found in this scope
[INFO] [stdout] 
[INFO] [stdout] 
[INFO] [stdout] error[E0422]: cannot find struct, variant or union type `WNDCLASSEXW` in this scope
[INFO] [stdout]    --> src/tray.rs:267:22
[INFO] [stdout]     |
[INFO] [stdout] 267 |             let wc = WNDCLASSEXW {
[INFO] [stdout]     |                      ^^^^^^^^^^^ not found in this scope
[INFO] [stdout] 
[INFO] [stdout] 
[INFO] [stdout] error[E0425]: cannot find type `WNDCLASSEXW` in this scope
[INFO] [stdout]    --> src/tray.rs:268:45
[INFO] [stdout]     |
[INFO] [stdout] 268 |                 cbSize: std::mem::size_of::<WNDCLASSEXW>() as u32,
[INFO] [stdout]     |                                             ^^^^^^^^^^^ not found in this scope
[INFO] [stdout]     |
[INFO] [stdout] help: you might be missing a type parameter
[INFO] [stdout]     |
[INFO] [stdout] 254 | impl<WNDCLASSEXW> TrayIconManager {
[INFO] [stdout]     |     +++++++++++++
[INFO] [stdout] 
[INFO] [stdout] 
[INFO] [stdout] error[E0425]: cannot find value `IDC_ARROW` in this scope
[INFO] [stdout]    --> src/tray.rs:275:60
[INFO] [stdout]     |
[INFO] [stdout] 275 |                 hCursor: LoadCursorW(HINSTANCE::default(), IDC_ARROW).unwrap_or_default(),
[INFO] [stdout]     |                                                            ^^^^^^^^^ not found in this scope
[INFO] [stdout] 
[INFO] [stdout] 
[INFO] [stdout] error[E0425]: cannot find value `WS_POPUP` in this scope
[INFO] [stdout]    --> src/tray.rs:288:17
[INFO] [stdout]     |
[INFO] [stdout] 288 |                 WS_POPUP,
[INFO] [stdout]     |                 ^^^^^^^^ not found in this scope
[INFO] [stdout] 
[INFO] [stdout] 
[INFO] [stdout] error[E0425]: cannot find type `HWND` in this scope
[INFO] [stdout]   --> src/win32/real.rs:35:44
[INFO] [stdout]    |
[INFO] [stdout] 35 |     fn to_hwnd(handle: RawWindowHandle) -> HWND {
[INFO] [stdout]    |                                            ^^^^ not found in this scope
[INFO] [stdout] 
[INFO] [stdout] 
[INFO] [stdout] error[E0425]: cannot find type `HWND` in this scope
[INFO] [stdout]   --> src/win32/real.rs:40:24
[INFO] [stdout]    |
[INFO] [stdout] 40 |     fn from_hwnd(hwnd: HWND) -> RawWindowHandle {
[INFO] [stdout]    |                        ^^^^ not found in this scope
[INFO] [stdout] 
[INFO] [stdout] 
[INFO] [stdout] error[E0425]: cannot find value `ASFW_ANY` in this scope
[INFO] [stdout]   --> src/win32/real.rs:62:51
[INFO] [stdout]    |
[INFO] [stdout] 62 |             let target = if pid == ASFW_ANY_PID { ASFW_ANY } else { pid };
[INFO] [stdout]    |                                                   ^^^^^^^^ not found in this scope
[INFO] [stdout] 
[INFO] [stdout] 
[INFO] [stdout] error[E0425]: cannot find value `VK_MENU` in this scope
[INFO] [stdout]    --> src/win32/real.rs:171:25
[INFO] [stdout]     |
[INFO] [stdout] 171 |             keybd_event(VK_MENU.0 as u8, 0, KEYBD_EVENT_FLAGS(0), 0);
[INFO] [stdout]     |                         ^^^^^^^ not found in this scope
[INFO] [stdout] 
[INFO] [stdout] 
[INFO] [stdout] error[E0425]: cannot find value `VK_MENU` in this scope
[INFO] [stdout]    --> src/win32/real.rs:172:25
[INFO] [stdout]     |
[INFO] [stdout] 172 |             keybd_event(VK_MENU.0 as u8, 0, KEYEVENTF_KEYUP, 0);
[INFO] [stdout]     |                         ^^^^^^^ not found in this scope
[INFO] [stdout] 
[INFO] [stdout] 
[INFO] [stdout] error[E0425]: cannot find value `KEYEVENTF_KEYUP` in this scope
[INFO] [stdout]    --> src/win32/real.rs:172:45
[INFO] [stdout]     |
[INFO] [stdout] 172 |             keybd_event(VK_MENU.0 as u8, 0, KEYEVENTF_KEYUP, 0);
[INFO] [stdout]     |                                             ^^^^^^^^^^^^^^^ not found in this scope
[INFO] [stdout] 
[INFO] [stdout] 
[INFO] [stdout] error[E0425]: cannot find value `HWND_TOPMOST` in this scope
[INFO] [stdout]    --> src/win32/real.rs:182:17
[INFO] [stdout]     |
[INFO] [stdout] 182 |                 HWND_TOPMOST,
[INFO] [stdout]     |                 ^^^^^^^^^^^^ not found in this scope
[INFO] [stdout] 
[INFO] [stdout] 
[INFO] [stdout] error[E0425]: cannot find value `SWP_NOMOVE` in this scope
[INFO] [stdout]    --> src/win32/real.rs:187:17
[INFO] [stdout]     |
[INFO] [stdout] 187 |                 SWP_NOMOVE | SWP_NOSIZE | SWP_SHOWWINDOW,
[INFO] [stdout]     |                 ^^^^^^^^^^ not found in this scope
[INFO] [stdout] 
[INFO] [stdout] 
[INFO] [stdout] error[E0425]: cannot find value `SWP_NOSIZE` in this scope
[INFO] [stdout]    --> src/win32/real.rs:187:30
[INFO] [stdout]     |
[INFO] [stdout] 187 |                 SWP_NOMOVE | SWP_NOSIZE | SWP_SHOWWINDOW,
[INFO] [stdout]     |                              ^^^^^^^^^^ not found in this scope
[INFO] [stdout] 
[INFO] [stdout] 
[INFO] [stdout] error[E0425]: cannot find value `SWP_SHOWWINDOW` in this scope
[INFO] [stdout]    --> src/win32/real.rs:187:43
[INFO] [stdout]     |
[INFO] [stdout] 187 |                 SWP_NOMOVE | SWP_NOSIZE | SWP_SHOWWINDOW,
[INFO] [stdout]     |                                           ^^^^^^^^^^^^^^ not found in this scope
[INFO] [stdout] 
[INFO] [stdout] 
[INFO] [stdout] error[E0425]: cannot find value `HWND_NOTOPMOST` in this scope
[INFO] [stdout]    --> src/win32/real.rs:191:17
[INFO] [stdout]     |
[INFO] [stdout] 191 |                 HWND_NOTOPMOST,
[INFO] [stdout]     |                 ^^^^^^^^^^^^^^ not found in this scope
[INFO] [stdout] 
[INFO] [stdout] 
[INFO] [stdout] error[E0425]: cannot find value `SWP_NOMOVE` in this scope
[INFO] [stdout]    --> src/win32/real.rs:196:17
[INFO] [stdout]     |
[INFO] [stdout] 196 |                 SWP_NOMOVE | SWP_NOSIZE | SWP_SHOWWINDOW,
[INFO] [stdout]     |                 ^^^^^^^^^^ not found in this scope
[INFO] [stdout] 
[INFO] [stdout] 
[INFO] [stdout] error[E0425]: cannot find value `SWP_NOSIZE` in this scope
[INFO] [stdout]    --> src/win32/real.rs:196:30
[INFO] [stdout]     |
[INFO] [stdout] 196 |                 SWP_NOMOVE | SWP_NOSIZE | SWP_SHOWWINDOW,
[INFO] [stdout]     |                              ^^^^^^^^^^ not found in this scope
[INFO] [stdout] 
[INFO] [stdout] 
[INFO] [stdout] error[E0425]: cannot find value `SWP_SHOWWINDOW` in this scope
[INFO] [stdout]    --> src/win32/real.rs:196:43
[INFO] [stdout]     |
[INFO] [stdout] 196 |                 SWP_NOMOVE | SWP_NOSIZE | SWP_SHOWWINDOW,
[INFO] [stdout]     |                                           ^^^^^^^^^^^^^^ not found in this scope
[INFO] [stdout] 
[INFO] [stdout] 
[INFO] [stdout] error[E0425]: cannot find type `HWND` in this scope
[INFO] [stdout]    --> src/win32/real.rs:215:50
[INFO] [stdout]     |
[INFO] [stdout] 215 |         unsafe extern "system" fn callback(hwnd: HWND, lparam: LPARAM) -> BOOL {
[INFO] [stdout]     |                                                  ^^^^ not found in this scope
[INFO] [stdout] 
[INFO] [stdout] 
[INFO] [stdout] error[E0425]: cannot find type `LPARAM` in this scope
[INFO] [stdout]    --> src/win32/real.rs:215:64
[INFO] [stdout]     |
[INFO] [stdout] 215 |         unsafe extern "system" fn callback(hwnd: HWND, lparam: LPARAM) -> BOOL {
[INFO] [stdout]     |                                                                ^^^^^^ not found in this scope
[INFO] [stdout] 
[INFO] [stdout] 
[INFO] [stdout] error[E0425]: cannot find type `BOOL` in this scope
[INFO] [stdout]    --> src/win32/real.rs:215:75
[INFO] [stdout]     |
[INFO] [stdout] 215 |         unsafe extern "system" fn callback(hwnd: HWND, lparam: LPARAM) -> BOOL {
[INFO] [stdout]     |                                                                           ^^^^ not found in this scope
[INFO] [stdout]     |
[INFO] [stdout] help: a builtin type with a similar name exists
[INFO] [stdout]     |
[INFO] [stdout] 215 -         unsafe extern "system" fn callback(hwnd: HWND, lparam: LPARAM) -> BOOL {
[INFO] [stdout] 215 +         unsafe extern "system" fn callback(hwnd: HWND, lparam: LPARAM) -> bool {
[INFO] [stdout]     |
[INFO] [stdout] 
[INFO] [stdout] 
[INFO] [stdout] error[E0425]: cannot find value `DWMWA_CLOAKED` in this scope
[INFO] [stdout]    --> src/win32/real.rs:237:21
[INFO] [stdout]     |
[INFO] [stdout] 237 |                     DWMWA_CLOAKED,
[INFO] [stdout]     |                     ^^^^^^^^^^^^^ not found in this scope
[INFO] [stdout] 
[INFO] [stdout] 
[INFO] [stdout] error[E0425]: cannot find type `HWND` in this scope
[INFO] [stdout]    --> src/win32/real.rs:319:50
[INFO] [stdout]     |
[INFO] [stdout] 319 |         unsafe extern "system" fn callback(hwnd: HWND, lparam: LPARAM) -> BOOL {
[INFO] [stdout]     |                                                  ^^^^ not found in this scope
[INFO] [stdout] 
[INFO] [stdout] 
[INFO] [stdout] error[E0425]: cannot find type `LPARAM` in this scope
[INFO] [stdout]    --> src/win32/real.rs:319:64
[INFO] [stdout]     |
[INFO] [stdout] 319 |         unsafe extern "system" fn callback(hwnd: HWND, lparam: LPARAM) -> BOOL {
[INFO] [stdout]     |                                                                ^^^^^^ not found in this scope
[INFO] [stdout] 
[INFO] [stdout] 
[INFO] [stdout] error[E0425]: cannot find type `BOOL` in this scope
[INFO] [stdout]    --> src/win32/real.rs:319:75
[INFO] [stdout]     |
[INFO] [stdout] 319 |         unsafe extern "system" fn callback(hwnd: HWND, lparam: LPARAM) -> BOOL {
[INFO] [stdout]     |                                                                           ^^^^ not found in this scope
[INFO] [stdout]     |
[INFO] [stdout] help: a builtin type with a similar name exists
[INFO] [stdout]     |
[INFO] [stdout] 319 -         unsafe extern "system" fn callback(hwnd: HWND, lparam: LPARAM) -> BOOL {
[INFO] [stdout] 319 +         unsafe extern "system" fn callback(hwnd: HWND, lparam: LPARAM) -> bool {
[INFO] [stdout]     |
[INFO] [stdout] 
[INFO] [stdout] 
[INFO] [stdout] error[E0425]: cannot find value `DWMWA_CLOAKED` in this scope
[INFO] [stdout]    --> src/win32/real.rs:338:21
[INFO] [stdout]     |
[INFO] [stdout] 338 |                     DWMWA_CLOAKED,
[INFO] [stdout]     |                     ^^^^^^^^^^^^^ not found in this scope
[INFO] [stdout] 
[INFO] [stdout] 
[INFO] [stdout] error[E0425]: cannot find value `SW_SHOWDEFAULT` in this scope
[INFO] [stdout]    --> src/win32/real.rs:443:25
[INFO] [stdout]     |
[INFO] [stdout] 443 |                         SW_SHOWDEFAULT,
[INFO] [stdout]     |                         ^^^^^^^^^^^^^^ not found in this scope
[INFO] [stdout] 
[INFO] [stdout] 
[INFO] [stdout] error[E0425]: cannot find value `MOD_WIN` in this scope
[INFO] [stdout]    --> src/win32/real.rs:477:29
[INFO] [stdout]     |
[INFO] [stdout] 477 |             if (modifiers & MOD_WIN.0) != 0 {
[INFO] [stdout]     |                             ^^^^^^^ not found in this scope
[INFO] [stdout] 
[INFO] [stdout] 
[INFO] [stdout] error[E0425]: cannot find value `VK_LWIN` in this scope
[INFO] [stdout]    --> src/win32/real.rs:478:29
[INFO] [stdout]     |
[INFO] [stdout] 478 |                 keybd_event(VK_LWIN.0 as u8, 0, KEYBD_EVENT_FLAGS(0), 0);
[INFO] [stdout]     |                             ^^^^^^^ not found in this scope
[INFO] [stdout] 
[INFO] [stdout] 
[INFO] [stdout] error[E0425]: cannot find value `MOD_CONTROL` in this scope
[INFO] [stdout]    --> src/win32/real.rs:480:29
[INFO] [stdout]     |
[INFO] [stdout] 480 |             if (modifiers & MOD_CONTROL.0) != 0 {
[INFO] [stdout]     |                             ^^^^^^^^^^^ not found in this scope
[INFO] [stdout] 
[INFO] [stdout] 
[INFO] [stdout] error[E0425]: cannot find value `VK_CONTROL` in this scope
[INFO] [stdout]    --> src/win32/real.rs:481:29
[INFO] [stdout]     |
[INFO] [stdout] 481 |                 keybd_event(VK_CONTROL.0 as u8, 0, KEYBD_EVENT_FLAGS(0), 0);
[INFO] [stdout]     |                             ^^^^^^^^^^ not found in this scope
[INFO] [stdout] 
[INFO] [stdout] 
[INFO] [stdout] error[E0425]: cannot find value `MOD_ALT` in this scope
[INFO] [stdout]    --> src/win32/real.rs:483:29
[INFO] [stdout]     |
[INFO] [stdout] 483 |             if (modifiers & MOD_ALT.0) != 0 {
[INFO] [stdout]     |                             ^^^^^^^ not found in this scope
[INFO] [stdout] 
[INFO] [stdout] 
[INFO] [stdout] error[E0425]: cannot find value `VK_MENU` in this scope
[INFO] [stdout]    --> src/win32/real.rs:484:29
[INFO] [stdout]     |
[INFO] [stdout] 484 |                 keybd_event(VK_MENU.0 as u8, 0, KEYBD_EVENT_FLAGS(0), 0);
[INFO] [stdout]     |                             ^^^^^^^ not found in this scope
[INFO] [stdout] 
[INFO] [stdout] 
[INFO] [stdout] error[E0425]: cannot find value `MOD_SHIFT` in this scope
[INFO] [stdout]    --> src/win32/real.rs:486:29
[INFO] [stdout]     |
[INFO] [stdout] 486 |             if (modifiers & MOD_SHIFT.0) != 0 {
[INFO] [stdout]     |                             ^^^^^^^^^ not found in this scope
[INFO] [stdout] 
[INFO] [stdout] 
[INFO] [stdout] error[E0425]: cannot find value `VK_SHIFT` in this scope
[INFO] [stdout]    --> src/win32/real.rs:487:29
[INFO] [stdout]     |
[INFO] [stdout] 487 |                 keybd_event(VK_SHIFT.0 as u8, 0, KEYBD_EVENT_FLAGS(0), 0);
[INFO] [stdout]     |                             ^^^^^^^^ not found in this scope
[INFO] [stdout] 
[INFO] [stdout] 
[INFO] [stdout] error[E0425]: cannot find value `KEYEVENTF_KEYUP` in this scope
[INFO] [stdout]    --> src/win32/real.rs:495:38
[INFO] [stdout]     |
[INFO] [stdout] 495 |             keybd_event(vk as u8, 0, KEYEVENTF_KEYUP, 0);
[INFO] [stdout]     |                                      ^^^^^^^^^^^^^^^ not found in this scope
[INFO] [stdout] 
[INFO] [stdout] 
[INFO] [stdout] error[E0425]: cannot find value `MOD_SHIFT` in this scope
[INFO] [stdout]    --> src/win32/real.rs:500:29
[INFO] [stdout]     |
[INFO] [stdout] 500 |             if (modifiers & MOD_SHIFT.0) != 0 {
[INFO] [stdout]     |                             ^^^^^^^^^ not found in this scope
[INFO] [stdout] 
[INFO] [stdout] 
[INFO] [stdout] error[E0425]: cannot find value `VK_SHIFT` in this scope
[INFO] [stdout]    --> src/win32/real.rs:501:29
[INFO] [stdout]     |
[INFO] [stdout] 501 |                 keybd_event(VK_SHIFT.0 as u8, 0, KEYEVENTF_KEYUP, 0);
[INFO] [stdout]     |                             ^^^^^^^^ not found in this scope
[INFO] [stdout] 
[INFO] [stdout] 
[INFO] [stdout] error[E0425]: cannot find value `KEYEVENTF_KEYUP` in this scope
[INFO] [stdout]    --> src/win32/real.rs:501:50
[INFO] [stdout]     |
[INFO] [stdout] 501 |                 keybd_event(VK_SHIFT.0 as u8, 0, KEYEVENTF_KEYUP, 0);
[INFO] [stdout]     |                                                  ^^^^^^^^^^^^^^^ not found in this scope
[INFO] [stdout] 
[INFO] [stdout] 
[INFO] [stdout] error[E0425]: cannot find value `MOD_ALT` in this scope
[INFO] [stdout]    --> src/win32/real.rs:503:29
[INFO] [stdout]     |
[INFO] [stdout] 503 |             if (modifiers & MOD_ALT.0) != 0 {
[INFO] [stdout]     |                             ^^^^^^^ not found in this scope
[INFO] [stdout] 
[INFO] [stdout] 
[INFO] [stdout] error[E0425]: cannot find value `VK_MENU` in this scope
[INFO] [stdout]    --> src/win32/real.rs:504:29
[INFO] [stdout]     |
[INFO] [stdout] 504 |                 keybd_event(VK_MENU.0 as u8, 0, KEYEVENTF_KEYUP, 0);
[INFO] [stdout]     |                             ^^^^^^^ not found in this scope
[INFO] [stdout] 
[INFO] [stdout] 
[INFO] [stdout] error[E0425]: cannot find value `KEYEVENTF_KEYUP` in this scope
[INFO] [stdout]    --> src/win32/real.rs:504:49
[INFO] [stdout]     |
[INFO] [stdout] 504 |                 keybd_event(VK_MENU.0 as u8, 0, KEYEVENTF_KEYUP, 0);
[INFO] [stdout]     |                                                 ^^^^^^^^^^^^^^^ not found in this scope
[INFO] [stdout] 
[INFO] [stdout] 
[INFO] [stdout] error[E0425]: cannot find value `MOD_CONTROL` in this scope
[INFO] [stdout]    --> src/win32/real.rs:506:29
[INFO] [stdout]     |
[INFO] [stdout] 506 |             if (modifiers & MOD_CONTROL.0) != 0 {
[INFO] [stdout]     |                             ^^^^^^^^^^^ not found in this scope
[INFO] [stdout] 
[INFO] [stdout] 
[INFO] [stdout] error[E0425]: cannot find value `VK_CONTROL` in this scope
[INFO] [stdout]    --> src/win32/real.rs:507:29
[INFO] [stdout]     |
[INFO] [stdout] 507 |                 keybd_event(VK_CONTROL.0 as u8, 0, KEYEVENTF_KEYUP, 0);
[INFO] [stdout]     |                             ^^^^^^^^^^ not found in this scope
[INFO] [stdout] 
[INFO] [stdout] 
[INFO] [stdout] error[E0425]: cannot find value `KEYEVENTF_KEYUP` in this scope
[INFO] [stdout]    --> src/win32/real.rs:507:52
[INFO] [stdout]     |
[INFO] [stdout] 507 |                 keybd_event(VK_CONTROL.0 as u8, 0, KEYEVENTF_KEYUP, 0);
[INFO] [stdout]     |                                                    ^^^^^^^^^^^^^^^ not found in this scope
[INFO] [stdout] 
[INFO] [stdout] 
[INFO] [stdout] error[E0425]: cannot find value `MOD_WIN` in this scope
[INFO] [stdout]    --> src/win32/real.rs:509:29
[INFO] [stdout]     |
[INFO] [stdout] 509 |             if (modifiers & MOD_WIN.0) != 0 {
[INFO] [stdout]     |                             ^^^^^^^ not found in this scope
[INFO] [stdout] 
[INFO] [stdout] 
[INFO] [stdout] error[E0425]: cannot find value `VK_LWIN` in this scope
[INFO] [stdout]    --> src/win32/real.rs:510:29
[INFO] [stdout]     |
[INFO] [stdout] 510 |                 keybd_event(VK_LWIN.0 as u8, 0, KEYEVENTF_KEYUP, 0);
[INFO] [stdout]     |                             ^^^^^^^ not found in this scope
[INFO] [stdout] 
[INFO] [stdout] 
[INFO] [stdout] error[E0425]: cannot find value `KEYEVENTF_KEYUP` in this scope
[INFO] [stdout]    --> src/win32/real.rs:510:49
[INFO] [stdout]     |
[INFO] [stdout] 510 |                 keybd_event(VK_LWIN.0 as u8, 0, KEYEVENTF_KEYUP, 0);
[INFO] [stdout]     |                                                 ^^^^^^^^^^^^^^^ not found in this scope
[INFO] [stdout] 
[INFO] [stdout] 
[INFO] [stdout] error[E0599]: no method named `encode_wide` found for reference `&OsStr` in the current scope
[INFO] [stdout]    --> src/autostart.rs:103:14
[INFO] [stdout]     |
[INFO] [stdout] 102 |         let wide_cmd: Vec<u16> = OsStr::new(&quoted_cmd)
[INFO] [stdout] 103 |             .encode_wide()
[INFO] [stdout]     |              ^^^^^^^^^^^ method not found in `&OsStr`
[INFO] [stdout] 
[INFO] [stdout] 
[INFO] [stdout] error[E0425]: cannot find function, tuple struct or tuple variant `HOT_KEY_MODIFIERS` in this scope
[INFO] [stdout]    --> src/config.rs:347:25
[INFO] [stdout]     |
[INFO] [stdout] 347 |     let mut modifiers = HOT_KEY_MODIFIERS(0);
[INFO] [stdout]     |                         ^^^^^^^^^^^^^^^^^ not found in this scope
[INFO] [stdout] 
[INFO] [stdout] 
[INFO] [stdout] error[E0560]: struct `FocusLossManager` has no field named `hook`
[INFO] [stdout]    --> src/focus.rs:118:16
[INFO] [stdout]     |
[INFO] [stdout] 118 |         Self { hook: None }
[INFO] [stdout]     |                ^^^^ `FocusLossManager` does not have this field
[INFO] [stdout]     |
[INFO] [stdout]     = note: all struct fields are already assigned
[INFO] [stdout] 
[INFO] [stdout] 
[INFO] [stdout] error[E0425]: cannot find function, tuple struct or tuple variant `GetAsyncKeyState` in this scope
[INFO] [stdout]   --> src/hotkey.rs:62:36
[INFO] [stdout]    |
[INFO] [stdout] 62 |             let is_win = (unsafe { GetAsyncKeyState(VK_LWIN.0 as i32) } as u16 & 0x8000 != 0)
[INFO] [stdout]    |                                    ^^^^^^^^^^^^^^^^ not found in this scope
[INFO] [stdout] 
[INFO] [stdout] 
[INFO] [stdout] error[E0425]: cannot find function, tuple struct or tuple variant `GetAsyncKeyState` in this scope
[INFO] [stdout]   --> src/hotkey.rs:63:30
[INFO] [stdout]    |
[INFO] [stdout] 63 |                 || (unsafe { GetAsyncKeyState(VK_RWIN.0 as i32) } as u16 & 0x8000 != 0);
[INFO] [stdout]    |                              ^^^^^^^^^^^^^^^^ not found in this scope
[INFO] [stdout] 
[INFO] [stdout] 
[INFO] [stdout] error[E0425]: cannot find function, tuple struct or tuple variant `GetAsyncKeyState` in this scope
[INFO] [stdout]   --> src/hotkey.rs:64:37
[INFO] [stdout]    |
[INFO] [stdout] 64 |             let is_ctrl = (unsafe { GetAsyncKeyState(VK_CONTROL.0 as i32) } as u16 & 0x8000 != 0)
[INFO] [stdout]    |                                     ^^^^^^^^^^^^^^^^ not found in this scope
[INFO] [stdout] 
[INFO] [stdout] 
[INFO] [stdout] error[E0425]: cannot find function, tuple struct or tuple variant `GetAsyncKeyState` in this scope
[INFO] [stdout]   --> src/hotkey.rs:65:30
[INFO] [stdout]    |
[INFO] [stdout] 65 |                 || (unsafe { GetAsyncKeyState(VK_LCONTROL.0 as i32) } as u16 & 0x8000 != 0)
[INFO] [stdout]    |                              ^^^^^^^^^^^^^^^^ not found in this scope
[INFO] [stdout] 
[INFO] [stdout] 
[INFO] [stdout] error[E0425]: cannot find function, tuple struct or tuple variant `GetAsyncKeyState` in this scope
[INFO] [stdout]   --> src/hotkey.rs:66:30
[INFO] [stdout]    |
[INFO] [stdout] 66 |                 || (unsafe { GetAsyncKeyState(VK_RCONTROL.0 as i32) } as u16 & 0x8000 != 0);
[INFO] [stdout]    |                              ^^^^^^^^^^^^^^^^ not found in this scope
[INFO] [stdout] 
[INFO] [stdout] 
[INFO] [stdout] error[E0425]: cannot find function, tuple struct or tuple variant `GetAsyncKeyState` in this scope
[INFO] [stdout]   --> src/hotkey.rs:67:36
[INFO] [stdout]    |
[INFO] [stdout] 67 |             let is_alt = (unsafe { GetAsyncKeyState(VK_MENU.0 as i32) } as u16 & 0x8000 != 0)
[INFO] [stdout]    |                                    ^^^^^^^^^^^^^^^^ not found in this scope
[INFO] [stdout] 
[INFO] [stdout] 
[INFO] [stdout] error[E0425]: cannot find function, tuple struct or tuple variant `GetAsyncKeyState` in this scope
[INFO] [stdout]   --> src/hotkey.rs:68:30
[INFO] [stdout]    |
[INFO] [stdout] 68 |                 || (unsafe { GetAsyncKeyState(VK_LMENU.0 as i32) } as u16 & 0x8000 != 0)
[INFO] [stdout]    |                              ^^^^^^^^^^^^^^^^ not found in this scope
[INFO] [stdout] 
[INFO] [stdout] 
[INFO] [stdout] error[E0425]: cannot find function, tuple struct or tuple variant `GetAsyncKeyState` in this scope
[INFO] [stdout]   --> src/hotkey.rs:69:30
[INFO] [stdout]    |
[INFO] [stdout] 69 |                 || (unsafe { GetAsyncKeyState(VK_RMENU.0 as i32) } as u16 & 0x8000 != 0);
[INFO] [stdout]    |                              ^^^^^^^^^^^^^^^^ not found in this scope
[INFO] [stdout] 
[INFO] [stdout] 
[INFO] [stdout] error[E0425]: cannot find function, tuple struct or tuple variant `GetAsyncKeyState` in this scope
[INFO] [stdout]   --> src/hotkey.rs:70:38
[INFO] [stdout]    |
[INFO] [stdout] 70 |             let is_shift = (unsafe { GetAsyncKeyState(VK_SHIFT.0 as i32) } as u16 & 0x8000 != 0)
[INFO] [stdout]    |                                      ^^^^^^^^^^^^^^^^ not found in this scope
[INFO] [stdout] 
[INFO] [stdout] 
[INFO] [stdout] error[E0425]: cannot find function, tuple struct or tuple variant `GetAsyncKeyState` in this scope
[INFO] [stdout]   --> src/hotkey.rs:71:30
[INFO] [stdout]    |
[INFO] [stdout] 71 |                 || (unsafe { GetAsyncKeyState(VK_LSHIFT.0 as i32) } as u16 & 0x8000 != 0)
[INFO] [stdout]    |                              ^^^^^^^^^^^^^^^^ not found in this scope
[INFO] [stdout] 
[INFO] [stdout] 
[INFO] [stdout] error[E0425]: cannot find function, tuple struct or tuple variant `GetAsyncKeyState` in this scope
[INFO] [stdout]   --> src/hotkey.rs:72:30
[INFO] [stdout]    |
[INFO] [stdout] 72 |                 || (unsafe { GetAsyncKeyState(VK_RSHIFT.0 as i32) } as u16 & 0x8000 != 0);
[INFO] [stdout]    |                              ^^^^^^^^^^^^^^^^ not found in this scope
[INFO] [stdout] 
[INFO] [stdout] 
[INFO] [stdout] error[E0425]: cannot find function, tuple struct or tuple variant `HOT_KEY_MODIFIERS` in this scope
[INFO] [stdout]   --> src/hotkey.rs:74:36
[INFO] [stdout]    |
[INFO] [stdout] 74 |             let mut current_mods = HOT_KEY_MODIFIERS(0);
[INFO] [stdout]    |                                    ^^^^^^^^^^^^^^^^^ not found in this scope
[INFO] [stdout] 
[INFO] [stdout] 
[INFO] [stdout] error[E0425]: cannot find function, tuple struct or tuple variant `LRESULT` in this scope
[INFO] [stdout]    --> src/hotkey.rs:107:32
[INFO] [stdout]     |
[INFO] [stdout] 107 |                         return LRESULT(1);
[INFO] [stdout]     |                                ^^^^^^^ not found in this scope
[INFO] [stdout] 
[INFO] [stdout] 
[INFO] [stdout] error[E0425]: cannot find function, tuple struct or tuple variant `HHOOK` in this scope
[INFO] [stdout]    --> src/hotkey.rs:115:29
[INFO] [stdout]     |
[INFO] [stdout] 115 |     unsafe { CallNextHookEx(HHOOK(0 as _), code, wparam, lparam) }
[INFO] [stdout]     |                             ^^^^^ not found in this scope
[INFO] [stdout] 
[INFO] [stdout] 
[INFO] [stdout] error[E0425]: cannot find function, tuple struct or tuple variant `CallNextHookEx` in this scope
[INFO] [stdout]    --> src/hotkey.rs:115:14
[INFO] [stdout]     |
[INFO] [stdout] 115 |     unsafe { CallNextHookEx(HHOOK(0 as _), code, wparam, lparam) }
[INFO] [stdout]     |              ^^^^^^^^^^^^^^ not found in this scope
[INFO] [stdout] 
[INFO] [stdout] 
[INFO] [stdout] error[E0425]: cannot find function, tuple struct or tuple variant `HINSTANCE` in this scope
[INFO] [stdout]    --> src/hotkey.rs:200:21
[INFO] [stdout]     |
[INFO] [stdout] 200 |                     HINSTANCE(0 as _),
[INFO] [stdout]     |                     ^^^^^^^^^ not found in this scope
[INFO] [stdout] 
[INFO] [stdout] 
[INFO] [stdout] error[E0425]: cannot find function, tuple struct or tuple variant `SetWindowsHookExW` in this scope
[INFO] [stdout]    --> src/hotkey.rs:197:29
[INFO] [stdout]     |
[INFO] [stdout] 197 |                 let hhook = SetWindowsHookExW(
[INFO] [stdout]     |                             ^^^^^^^^^^^^^^^^^ not found in this scope
[INFO] [stdout] 
[INFO] [stdout] 
[INFO] [stdout] error[E0433]: cannot find type `MSG` in this scope
[INFO] [stdout]    --> src/hotkey.rs:248:23
[INFO] [stdout]     |
[INFO] [stdout] 248 |         let mut msg = MSG::default();
[INFO] [stdout]     |                       ^^^ use of undeclared type `MSG`
[INFO] [stdout] 
[INFO] [stdout] 
[INFO] [stdout] error[E0425]: cannot find function, tuple struct or tuple variant `HWND` in this scope
[INFO] [stdout]    --> src/hotkey.rs:253:49
[INFO] [stdout]     |
[INFO] [stdout] 253 |                 let ret = GetMessageW(&mut msg, HWND(0 as _), 0, 0);
[INFO] [stdout]     |                                                 ^^^^ not found in this scope
[INFO] [stdout] 
[INFO] [stdout] 
[INFO] [stdout] error[E0425]: cannot find function, tuple struct or tuple variant `GetMessageW` in this scope
[INFO] [stdout]    --> src/hotkey.rs:253:27
[INFO] [stdout]     |
[INFO] [stdout] 253 |                 let ret = GetMessageW(&mut msg, HWND(0 as _), 0, 0);
[INFO] [stdout]     |                           ^^^^^^^^^^^ not found in this scope
[INFO] [stdout] 
[INFO] [stdout] 
[INFO] [stdout] error[E0425]: cannot find function, tuple struct or tuple variant `TranslateMessage` in this scope
[INFO] [stdout]    --> src/hotkey.rs:275:25
[INFO] [stdout]     |
[INFO] [stdout] 275 |                 let _ = TranslateMessage(&msg);
[INFO] [stdout]     |                         ^^^^^^^^^^^^^^^^ not found in this scope
[INFO] [stdout] 
[INFO] [stdout] 
[INFO] [stdout] error[E0425]: cannot find function, tuple struct or tuple variant `DispatchMessageW` in this scope
[INFO] [stdout]    --> src/hotkey.rs:276:25
[INFO] [stdout]     |
[INFO] [stdout] 276 |                 let _ = DispatchMessageW(&msg);
[INFO] [stdout]     |                         ^^^^^^^^^^^^^^^^ not found in this scope
[INFO] [stdout] 
[INFO] [stdout] 
[INFO] [stdout] error[E0425]: cannot find function, tuple struct or tuple variant `UnhookWindowsHookEx` in this scope
[INFO] [stdout]    --> src/hotkey.rs:293:25
[INFO] [stdout]     |
[INFO] [stdout] 293 |                 let _ = UnhookWindowsHookEx(hook);
[INFO] [stdout]     |                         ^^^^^^^^^^^^^^^^^^^ not found in this scope
[INFO] [stdout] 
[INFO] [stdout] 
[INFO] [stdout] error[E0425]: cannot find function, tuple struct or tuple variant `LoadIconW` in this scope
[INFO] [stdout]   --> src/tray.rs:43:21
[INFO] [stdout]    |
[INFO] [stdout] 43 |         let hicon = LoadIconW(hinstance, PCWSTR(1 as *const u16))
[INFO] [stdout]    |                     ^^^^^^^^^ not found in this scope
[INFO] [stdout] 
[INFO] [stdout] 
[INFO] [stdout] error[E0425]: cannot find function, tuple struct or tuple variant `LoadIconW` in this scope
[INFO] [stdout]   --> src/tray.rs:44:33
[INFO] [stdout]    |
[INFO] [stdout] 44 |             .unwrap_or_else(|_| LoadIconW(HINSTANCE::default(), IDI_APPLICATION).unwrap_or_default());
[INFO] [stdout]    |                                 ^^^^^^^^^ not found in this scope
[INFO] [stdout] 
[INFO] [stdout] 
[INFO] [stdout] error[E0433]: cannot find type `HICON` in this scope
[INFO] [stdout]   --> src/tray.rs:61:27
[INFO] [stdout]    |
[INFO] [stdout] 61 |             hBalloonIcon: HICON::default(),
[INFO] [stdout]    |                           ^^^^^ use of undeclared type `HICON`
[INFO] [stdout] 
[INFO] [stdout] 
[INFO] [stdout] error[E0425]: cannot find function, tuple struct or tuple variant `PostQuitMessage` in this scope
[INFO] [stdout]    --> src/tray.rs:145:25
[INFO] [stdout]     |
[INFO] [stdout] 145 |                         PostQuitMessage(0);
[INFO] [stdout]     |                         ^^^^^^^^^^^^^^^ not found in this scope
[INFO] [stdout] 
[INFO] [stdout] 
[INFO] [stdout] error[E0425]: cannot find function, tuple struct or tuple variant `DefWindowProcW` in this scope
[INFO] [stdout]    --> src/tray.rs:154:23
[INFO] [stdout]     |
[INFO] [stdout] 154 |         _ => unsafe { DefWindowProcW(hwnd, msg, wparam, lparam) },
[INFO] [stdout]     |                       ^^^^^^^^^^^^^^ not found in this scope
[INFO] [stdout] 
[INFO] [stdout] 
[INFO] [stdout] error[E0425]: cannot find function, tuple struct or tuple variant `CreatePopupMenu` in this scope
[INFO] [stdout]    --> src/tray.rs:162:21
[INFO] [stdout]     |
[INFO] [stdout] 162 |         let hmenu = CreatePopupMenu().unwrap_or_default();
[INFO] [stdout]     |                     ^^^^^^^^^^^^^^^ not found in this scope
[INFO] [stdout] 
[INFO] [stdout] 
[INFO] [stdout] error[E0425]: cannot find function, tuple struct or tuple variant `AppendMenuW` in this scope
[INFO] [stdout]    --> src/tray.rs:171:17
[INFO] [stdout]     |
[INFO] [stdout] 171 |         let _ = AppendMenuW(hmenu, MF_STRING | MF_DISABLED, 0, PCWSTR(wide_title.as_mut_ptr()));
[INFO] [stdout]     |                 ^^^^^^^^^^^ not found in this scope
[INFO] [stdout] 
[INFO] [stdout] 
[INFO] [stdout] error[E0425]: cannot find function, tuple struct or tuple variant `AppendMenuW` in this scope
[INFO] [stdout]    --> src/tray.rs:172:17
[INFO] [stdout]     |
[INFO] [stdout] 172 |         let _ = AppendMenuW(hmenu, MF_SEPARATOR, 0, PCWSTR::null());
[INFO] [stdout]     |                 ^^^^^^^^^^^ not found in this scope
[INFO] [stdout] 
[INFO] [stdout] 
[INFO] [stdout] error[E0425]: cannot find function, tuple struct or tuple variant `AppendMenuW` in this scope
[INFO] [stdout]    --> src/tray.rs:176:17
[INFO] [stdout]     |
[INFO] [stdout] 176 |         let _ = AppendMenuW(hmenu, MF_STRING, ID_TRAY_EDIT, PCWSTR(s_edit.as_mut_ptr()));
[INFO] [stdout]     |                 ^^^^^^^^^^^ not found in this scope
[INFO] [stdout] 
[INFO] [stdout] 
[INFO] [stdout] error[E0425]: cannot find function, tuple struct or tuple variant `AppendMenuW` in this scope
[INFO] [stdout]    --> src/tray.rs:180:17
[INFO] [stdout]     |
[INFO] [stdout] 180 |         let _ = AppendMenuW(hmenu, MF_STRING, ID_TRAY_RELOAD, PCWSTR(s_reload.as_mut_ptr()));
[INFO] [stdout]     |                 ^^^^^^^^^^^ not found in this scope
[INFO] [stdout] 
[INFO] [stdout] 
[INFO] [stdout] error[E0425]: cannot find function, tuple struct or tuple variant `AppendMenuW` in this scope
[INFO] [stdout]    --> src/tray.rs:182:17
[INFO] [stdout]     |
[INFO] [stdout] 182 |         let _ = AppendMenuW(hmenu, MF_SEPARATOR, 0, PCWSTR::null());
[INFO] [stdout]     |                 ^^^^^^^^^^^ not found in this scope
[INFO] [stdout] 
[INFO] [stdout] 
[INFO] [stdout] error[E0425]: cannot find function, tuple struct or tuple variant `AppendMenuW` in this scope
[INFO] [stdout]    --> src/tray.rs:191:17
[INFO] [stdout]     |
[INFO] [stdout] 191 |         let _ = AppendMenuW(hmenu, autostart_flags, ID_TRAY_AUTOSTART, PCWSTR(s_autostart.as_mut_ptr()));
[INFO] [stdout]     |                 ^^^^^^^^^^^ not found in this scope
[INFO] [stdout] 
[INFO] [stdout] 
[INFO] [stdout] error[E0425]: cannot find function, tuple struct or tuple variant `AppendMenuW` in this scope
[INFO] [stdout]    --> src/tray.rs:197:17
[INFO] [stdout]     |
[INFO] [stdout] 197 |         let _ = AppendMenuW(hmenu, MF_STRING, ID_TRAY_PAUSE, PCWSTR(s_pause.as_mut_ptr()));
[INFO] [stdout]     |                 ^^^^^^^^^^^ not found in this scope
[INFO] [stdout] 
[INFO] [stdout] 
[INFO] [stdout] error[E0425]: cannot find function, tuple struct or tuple variant `AppendMenuW` in this scope
[INFO] [stdout]    --> src/tray.rs:199:17
[INFO] [stdout]     |
[INFO] [stdout] 199 |         let _ = AppendMenuW(hmenu, MF_SEPARATOR, 0, PCWSTR::null());
[INFO] [stdout]     |                 ^^^^^^^^^^^ not found in this scope
[INFO] [stdout] 
[INFO] [stdout] 
[INFO] [stdout] error[E0425]: cannot find function, tuple struct or tuple variant `AppendMenuW` in this scope
[INFO] [stdout]    --> src/tray.rs:203:17
[INFO] [stdout]     |
[INFO] [stdout] 203 |         let _ = AppendMenuW(hmenu, MF_STRING, ID_TRAY_EXIT, PCWSTR(s_exit.as_mut_ptr()));
[INFO] [stdout]     |                 ^^^^^^^^^^^ not found in this scope
[INFO] [stdout] 
[INFO] [stdout] 
[INFO] [stdout] error[E0425]: cannot find function, tuple struct or tuple variant `GetCursorPos` in this scope
[INFO] [stdout]    --> src/tray.rs:206:17
[INFO] [stdout]     |
[INFO] [stdout] 206 |         let _ = GetCursorPos(&mut pt);
[INFO] [stdout]     |                 ^^^^^^^^^^^^ not found in this scope
[INFO] [stdout] 
[INFO] [stdout] 
[INFO] [stdout] error[E0425]: cannot find function, tuple struct or tuple variant `SetForegroundWindow` in this scope
[INFO] [stdout]    --> src/tray.rs:209:17
[INFO] [stdout]     |
[INFO] [stdout] 209 |         let _ = SetForegroundWindow(hwnd);
[INFO] [stdout]     |                 ^^^^^^^^^^^^^^^^^^^ not found in this scope
[INFO] [stdout] 
[INFO] [stdout] 
[INFO] [stdout] error[E0425]: cannot find function, tuple struct or tuple variant `TrackPopupMenuEx` in this scope
[INFO] [stdout]    --> src/tray.rs:210:17
[INFO] [stdout]     |
[INFO] [stdout] 210 |         let _ = TrackPopupMenuEx(
[INFO] [stdout]     |                 ^^^^^^^^^^^^^^^^ not found in this scope
[INFO] [stdout] 
[INFO] [stdout] 
[INFO] [stdout] error[E0425]: cannot find function, tuple struct or tuple variant `PostMessageW` in this scope
[INFO] [stdout]    --> src/tray.rs:218:17
[INFO] [stdout]     |
[INFO] [stdout] 218 |         let _ = PostMessageW(hwnd, WM_NULL, WPARAM(0), LPARAM(0));
[INFO] [stdout]     |                 ^^^^^^^^^^^^ not found in this scope
[INFO] [stdout] 
[INFO] [stdout] 
[INFO] [stdout] error[E0425]: cannot find function, tuple struct or tuple variant `DestroyMenu` in this scope
[INFO] [stdout]    --> src/tray.rs:219:17
[INFO] [stdout]     |
[INFO] [stdout] 219 |         let _ = DestroyMenu(hmenu);
[INFO] [stdout]     |                 ^^^^^^^^^^^ not found in this scope
[INFO] [stdout] 
[INFO] [stdout] 
[INFO] [stdout] error[E0425]: cannot find function, tuple struct or tuple variant `LoadIconW` in this scope
[INFO] [stdout]    --> src/tray.rs:264:25
[INFO] [stdout]     |
[INFO] [stdout] 264 |             let hicon = LoadIconW(hinstance, PCWSTR(1 as *const u16))
[INFO] [stdout]     |                         ^^^^^^^^^ not found in this scope
[INFO] [stdout] 
[INFO] [stdout] 
[INFO] [stdout] error[E0425]: cannot find function, tuple struct or tuple variant `LoadIconW` in this scope
[INFO] [stdout]    --> src/tray.rs:265:37
[INFO] [stdout]     |
[INFO] [stdout] 265 |                 .unwrap_or_else(|_| LoadIconW(HINSTANCE::default(), IDI_APPLICATION).unwrap_or_default());
[INFO] [stdout]     |                                     ^^^^^^^^^ not found in this scope
[INFO] [stdout] 
[INFO] [stdout] 
[INFO] [stdout] error[E0425]: cannot find function, tuple struct or tuple variant `WNDCLASS_STYLES` in this scope
[INFO] [stdout]    --> src/tray.rs:269:24
[INFO] [stdout]     |
[INFO] [stdout] 269 |                 style: WNDCLASS_STYLES(0),
[INFO] [stdout]     |                        ^^^^^^^^^^^^^^^ not found in this scope
[INFO] [stdout] 
[INFO] [stdout] 
[INFO] [stdout] error[E0425]: cannot find function, tuple struct or tuple variant `LoadCursorW` in this scope
[INFO] [stdout]    --> src/tray.rs:275:26
[INFO] [stdout]     |
[INFO] [stdout] 275 |                 hCursor: LoadCursorW(HINSTANCE::default(), IDC_ARROW).unwrap_or_default(),
[INFO] [stdout]     |                          ^^^^^^^^^^^ not found in this scope
[INFO] [stdout] 
[INFO] [stdout] 
[INFO] [stdout] error[E0425]: cannot find function, tuple struct or tuple variant `RegisterClassExW` in this scope
[INFO] [stdout]    --> src/tray.rs:282:21
[INFO] [stdout]     |
[INFO] [stdout] 282 |             let _ = RegisterClassExW(&wc);
[INFO] [stdout]     |                     ^^^^^^^^^^^^^^^^ not found in this scope
[INFO] [stdout] 
[INFO] [stdout] 
[INFO] [stdout] error[E0425]: cannot find function, tuple struct or tuple variant `WINDOW_EX_STYLE` in this scope
[INFO] [stdout]    --> src/tray.rs:285:17
[INFO] [stdout]     |
[INFO] [stdout] 285 |                 WINDOW_EX_STYLE(0),
[INFO] [stdout]     |                 ^^^^^^^^^^^^^^^ not found in this scope
[INFO] [stdout] 
[INFO] [stdout] 
[INFO] [stdout] error[E0433]: cannot find type `HMENU` in this scope
[INFO] [stdout]    --> src/tray.rs:294:17
[INFO] [stdout]     |
[INFO] [stdout] 294 |                 HMENU::default(),
[INFO] [stdout]     |                 ^^^^^ use of undeclared type `HMENU`
[INFO] [stdout] 
[INFO] [stdout] 
[INFO] [stdout] error[E0425]: cannot find function, tuple struct or tuple variant `CreateWindowExW` in this scope
[INFO] [stdout]    --> src/tray.rs:284:24
[INFO] [stdout]     |
[INFO] [stdout] 284 |             let hwnd = CreateWindowExW(
[INFO] [stdout]     |                        ^^^^^^^^^^^^^^^ not found in this scope
[INFO] [stdout] 
[INFO] [stdout] 
[INFO] [stdout] error[E0425]: cannot find function, tuple struct or tuple variant `DestroyWindow` in this scope
[INFO] [stdout]    --> src/tray.rs:324:21
[INFO] [stdout]     |
[INFO] [stdout] 324 |             let _ = DestroyWindow(self.hwnd);
[INFO] [stdout]     |                     ^^^^^^^^^^^^^ not found in this scope
[INFO] [stdout] 
[INFO] [stdout] 
[INFO] [stdout] error[E0425]: cannot find function, tuple struct or tuple variant `HWND` in this scope
[INFO] [stdout]   --> src/win32/real.rs:36:9
[INFO] [stdout]    |
[INFO] [stdout] 36 |         HWND(handle.0 as *mut _)
[INFO] [stdout]    |         ^^^^ not found in this scope
[INFO] [stdout] 
[INFO] [stdout] 
[INFO] [stdout] error[E0425]: cannot find function, tuple struct or tuple variant `HWND` in this scope
[INFO] [stdout]   --> src/win32/real.rs:49:28
[INFO] [stdout]    |
[INFO] [stdout] 49 |             RegisterHotKey(HWND(0 as _), id, HOT_KEY_MODIFIERS(modifiers), vk)
[INFO] [stdout]    |                            ^^^^ not found in this scope
[INFO] [stdout] 
[INFO] [stdout] 
[INFO] [stdout] error[E0425]: cannot find function, tuple struct or tuple variant `HOT_KEY_MODIFIERS` in this scope
[INFO] [stdout]   --> src/win32/real.rs:49:46
[INFO] [stdout]    |
[INFO] [stdout] 49 |             RegisterHotKey(HWND(0 as _), id, HOT_KEY_MODIFIERS(modifiers), vk)
[INFO] [stdout]    |                                              ^^^^^^^^^^^^^^^^^ not found in this scope
[INFO] [stdout] 
[INFO] [stdout] 
[INFO] [stdout] error[E0425]: cannot find function, tuple struct or tuple variant `RegisterHotKey` in this scope
[INFO] [stdout]   --> src/win32/real.rs:49:13
[INFO] [stdout]    |
[INFO] [stdout] 49 |             RegisterHotKey(HWND(0 as _), id, HOT_KEY_MODIFIERS(modifiers), vk)
[INFO] [stdout]    |             ^^^^^^^^^^^^^^ not found in this scope
[INFO] [stdout] 
[INFO] [stdout] 
[INFO] [stdout] error[E0425]: cannot find function, tuple struct or tuple variant `GetLastError` in this scope
[INFO] [stdout]   --> src/win32/real.rs:50:30
[INFO] [stdout]    |
[INFO] [stdout] 50 |                 .map_err(|_| GetLastError().0)
[INFO] [stdout]    |                              ^^^^^^^^^^^^ not found in this scope
[INFO] [stdout] 
[INFO] [stdout] 
[INFO] [stdout] error[E0425]: cannot find function, tuple struct or tuple variant `HWND` in this scope
[INFO] [stdout]   --> src/win32/real.rs:56:35
[INFO] [stdout]    |
[INFO] [stdout] 56 |         unsafe { UnregisterHotKey(HWND(0 as _), id).map_err(|_| GetLastError().0) }
[INFO] [stdout]    |                                   ^^^^ not found in this scope
[INFO] [stdout] 
[INFO] [stdout] 
[INFO] [stdout] error[E0425]: cannot find function, tuple struct or tuple variant `UnregisterHotKey` in this scope
[INFO] [stdout]   --> src/win32/real.rs:56:18
[INFO] [stdout]    |
[INFO] [stdout] 56 |         unsafe { UnregisterHotKey(HWND(0 as _), id).map_err(|_| GetLastError().0) }
[INFO] [stdout]    |                  ^^^^^^^^^^^^^^^^ not found in this scope
[INFO] [stdout] 
[INFO] [stdout] 
[INFO] [stdout] error[E0425]: cannot find function, tuple struct or tuple variant `GetLastError` in this scope
[INFO] [stdout]   --> src/win32/real.rs:56:65
[INFO] [stdout]    |
[INFO] [stdout] 56 |         unsafe { UnregisterHotKey(HWND(0 as _), id).map_err(|_| GetLastError().0) }
[INFO] [stdout]    |                                                                 ^^^^^^^^^^^^ not found in this scope
[INFO] [stdout] 
[INFO] [stdout] 
[INFO] [stdout] error[E0425]: cannot find function, tuple struct or tuple variant `AllowSetForegroundWindow` in this scope
[INFO] [stdout]   --> src/win32/real.rs:63:13
[INFO] [stdout]    |
[INFO] [stdout] 63 |             AllowSetForegroundWindow(target).map_err(|_| GetLastError().0)
[INFO] [stdout]    |             ^^^^^^^^^^^^^^^^^^^^^^^^ not found in this scope
[INFO] [stdout] 
[INFO] [stdout] 
[INFO] [stdout] error[E0425]: cannot find function, tuple struct or tuple variant `GetLastError` in this scope
[INFO] [stdout]   --> src/win32/real.rs:63:58
[INFO] [stdout]    |
[INFO] [stdout] 63 |             AllowSetForegroundWindow(target).map_err(|_| GetLastError().0)
[INFO] [stdout]    |                                                          ^^^^^^^^^^^^ not found in this scope
[INFO] [stdout] 
[INFO] [stdout] 
[INFO] [stdout] error[E0425]: cannot find function, tuple struct or tuple variant `FOREGROUND_WINDOW_LOCK_CODE` in this scope
[INFO] [stdout]   --> src/win32/real.rs:70:37
[INFO] [stdout]    |
[INFO] [stdout] 70 |             LockSetForegroundWindow(FOREGROUND_WINDOW_LOCK_CODE(lock_code))
[INFO] [stdout]    |                                     ^^^^^^^^^^^^^^^^^^^^^^^^^^^ not found in this scope
[INFO] [stdout] 
[INFO] [stdout] 
[INFO] [stdout] error[E0425]: cannot find function, tuple struct or tuple variant `LockSetForegroundWindow` in this scope
[INFO] [stdout]   --> src/win32/real.rs:70:13
[INFO] [stdout]    |
[INFO] [stdout] 70 |             LockSetForegroundWindow(FOREGROUND_WINDOW_LOCK_CODE(lock_code))
[INFO] [stdout]    |             ^^^^^^^^^^^^^^^^^^^^^^^ not found in this scope
[INFO] [stdout] 
[INFO] [stdout] 
[INFO] [stdout] error[E0425]: cannot find function, tuple struct or tuple variant `GetLastError` in this scope
[INFO] [stdout]   --> src/win32/real.rs:71:30
[INFO] [stdout]    |
[INFO] [stdout] 71 |                 .map_err(|_| GetLastError().0)
[INFO] [stdout]    |                              ^^^^^^^^^^^^ not found in this scope
[INFO] [stdout] 
[INFO] [stdout] 
[INFO] [stdout] error[E0425]: cannot find function, tuple struct or tuple variant `GetForegroundWindow` in this scope
[INFO] [stdout]   --> src/win32/real.rs:77:24
[INFO] [stdout]    |
[INFO] [stdout] 77 |             let hwnd = GetForegroundWindow();
[INFO] [stdout]    |                        ^^^^^^^^^^^^^^^^^^^ not found in this scope
[INFO] [stdout] 
[INFO] [stdout] 
[INFO] [stdout] error[E0425]: cannot find function, tuple struct or tuple variant `SetForegroundWindow` in this scope
[INFO] [stdout]   --> src/win32/real.rs:88:16
[INFO] [stdout]    |
[INFO] [stdout] 88 |             if SetForegroundWindow(Self::to_hwnd(hwnd)).as_bool() {
[INFO] [stdout]    |                ^^^^^^^^^^^^^^^^^^^ not found in this scope
[INFO] [stdout] 
[INFO] [stdout] 
[INFO] [stdout] error[E0425]: cannot find function, tuple struct or tuple variant `GetLastError` in this scope
[INFO] [stdout]   --> src/win32/real.rs:91:21
[INFO] [stdout]    |
[INFO] [stdout] 91 |                 Err(GetLastError().0)
[INFO] [stdout]    |                     ^^^^^^^^^^^^ not found in this scope
[INFO] [stdout] 
[INFO] [stdout] 
[INFO] [stdout] error[E0425]: cannot find function, tuple struct or tuple variant `BringWindowToTop` in this scope
[INFO] [stdout]   --> src/win32/real.rs:97:18
[INFO] [stdout]    |
[INFO] [stdout] 97 |         unsafe { BringWindowToTop(Self::to_hwnd(hwnd)).map_err(|_| GetLastError().0) }
[INFO] [stdout]    |                  ^^^^^^^^^^^^^^^^ not found in this scope
[INFO] [stdout] 
[INFO] [stdout] 
[INFO] [stdout] error[E0425]: cannot find function, tuple struct or tuple variant `GetLastError` in this scope
[INFO] [stdout]   --> src/win32/real.rs:97:68
[INFO] [stdout]    |
[INFO] [stdout] 97 |         unsafe { BringWindowToTop(Self::to_hwnd(hwnd)).map_err(|_| GetLastError().0) }
[INFO] [stdout]    |                                                                    ^^^^^^^^^^^^ not found in this scope
[INFO] [stdout] 
[INFO] [stdout] 
[INFO] [stdout] error[E0425]: cannot find function, tuple struct or tuple variant `SetActiveWindow` in this scope
[INFO] [stdout]    --> src/win32/real.rs:102:13
[INFO] [stdout]     |
[INFO] [stdout] 102 |             SetActiveWindow(Self::to_hwnd(hwnd))
[INFO] [stdout]     |             ^^^^^^^^^^^^^^^ not found in this scope
[INFO] [stdout] 
[INFO] [stdout] 
[INFO] [stdout] error[E0425]: cannot find function, tuple struct or tuple variant `GetLastError` in this scope
[INFO] [stdout]    --> src/win32/real.rs:104:30
[INFO] [stdout]     |
[INFO] [stdout] 104 |                 .map_err(|_| GetLastError().0)
[INFO] [stdout]     |                              ^^^^^^^^^^^^ not found in this scope
[INFO] [stdout] 
[INFO] [stdout] 
[INFO] [stdout] error[E0425]: cannot find function, tuple struct or tuple variant `SetFocus` in this scope
[INFO] [stdout]    --> src/win32/real.rs:110:13
[INFO] [stdout]     |
[INFO] [stdout] 110 |             SetFocus(Self::to_hwnd(hwnd))
[INFO] [stdout]     |             ^^^^^^^^ not found in this scope
[INFO] [stdout] 
[INFO] [stdout] 
[INFO] [stdout] error[E0425]: cannot find function, tuple struct or tuple variant `GetLastError` in this scope
[INFO] [stdout]    --> src/win32/real.rs:112:30
[INFO] [stdout]     |
[INFO] [stdout] 112 |                 .map_err(|_| GetLastError().0)
[INFO] [stdout]     |                              ^^^^^^^^^^^^ not found in this scope
[INFO] [stdout] 
[INFO] [stdout] 
[INFO] [stdout] error[E0425]: cannot find function, tuple struct or tuple variant `SHOW_WINDOW_CMD` in this scope
[INFO] [stdout]    --> src/win32/real.rs:118:53
[INFO] [stdout]     |
[INFO] [stdout] 118 |             let _ = ShowWindow(Self::to_hwnd(hwnd), SHOW_WINDOW_CMD(cmd_show));
[INFO] [stdout]     |                                                     ^^^^^^^^^^^^^^^ not found in this scope
[INFO] [stdout] 
[INFO] [stdout] 
[INFO] [stdout] error[E0425]: cannot find function, tuple struct or tuple variant `ShowWindow` in this scope
[INFO] [stdout]    --> src/win32/real.rs:118:21
[INFO] [stdout]     |
[INFO] [stdout] 118 |             let _ = ShowWindow(Self::to_hwnd(hwnd), SHOW_WINDOW_CMD(cmd_show));
[INFO] [stdout]     |                     ^^^^^^^^^^ not found in this scope
[INFO] [stdout] 
[INFO] [stdout] 
[INFO] [stdout] error[E0425]: cannot find function, tuple struct or tuple variant `SHOW_WINDOW_CMD` in this scope
[INFO] [stdout]    --> src/win32/real.rs:125:58
[INFO] [stdout]     |
[INFO] [stdout] 125 |             let _ = ShowWindowAsync(Self::to_hwnd(hwnd), SHOW_WINDOW_CMD(cmd_show));
[INFO] [stdout]     |                                                          ^^^^^^^^^^^^^^^ not found in this scope
[INFO] [stdout] 
[INFO] [stdout] 
[INFO] [stdout] error[E0425]: cannot find function, tuple struct or tuple variant `ShowWindowAsync` in this scope
[INFO] [stdout]    --> src/win32/real.rs:125:21
[INFO] [stdout]     |
[INFO] [stdout] 125 |             let _ = ShowWindowAsync(Self::to_hwnd(hwnd), SHOW_WINDOW_CMD(cmd_show));
[INFO] [stdout]     |                     ^^^^^^^^^^^^^^^ not found in this scope
[INFO] [stdout] 
[INFO] [stdout] 
[INFO] [stdout] error[E0425]: cannot find function, tuple struct or tuple variant `IsWindow` in this scope
[INFO] [stdout]    --> src/win32/real.rs:131:18
[INFO] [stdout]     |
[INFO] [stdout] 131 |         unsafe { IsWindow(Self::to_hwnd(hwnd)).as_bool() }
[INFO] [stdout]     |                  ^^^^^^^^ not found in this scope
[INFO] [stdout] 
[INFO] [stdout] 
[INFO] [stdout] error[E0425]: cannot find function, tuple struct or tuple variant `IsWindowVisible` in this scope
[INFO] [stdout]    --> src/win32/real.rs:135:18
[INFO] [stdout]     |
[INFO] [stdout] 135 |         unsafe { IsWindowVisible(Self::to_hwnd(hwnd)).as_bool() }
[INFO] [stdout]     |                  ^^^^^^^^^^^^^^^ not found in this scope
[INFO] [stdout] 
[INFO] [stdout] 
[INFO] [stdout] error[E0425]: cannot find function, tuple struct or tuple variant `IsIconic` in this scope
[INFO] [stdout]    --> src/win32/real.rs:139:18
[INFO] [stdout]     |
[INFO] [stdout] 139 |         unsafe { IsIconic(Self::to_hwnd(hwnd)).as_bool() }
[INFO] [stdout]     |                  ^^^^^^^^ not found in this scope
[INFO] [stdout] 
[INFO] [stdout] 
[INFO] [stdout] error[E0425]: cannot find function, tuple struct or tuple variant `GetWindowThreadProcessId` in this scope
[INFO] [stdout]    --> src/win32/real.rs:145:23
[INFO] [stdout]     |
[INFO] [stdout] 145 |             let tid = GetWindowThreadProcessId(Self::to_hwnd(hwnd), Some(&mut pid));
[INFO] [stdout]     |                       ^^^^^^^^^^^^^^^^^^^^^^^^ not found in this scope
[INFO] [stdout] 
[INFO] [stdout] 
[INFO] [stdout] error[E0425]: cannot find function, tuple struct or tuple variant `GetCurrentThreadId` in this scope
[INFO] [stdout]    --> src/win32/real.rs:151:18
[INFO] [stdout]     |
[INFO] [stdout] 151 |         unsafe { GetCurrentThreadId() }
[INFO] [stdout]     |                  ^^^^^^^^^^^^^^^^^^ not found in this scope
[INFO] [stdout] 
[INFO] [stdout] 
[INFO] [stdout] error[E0425]: cannot find function, tuple struct or tuple variant `AttachThreadInput` in this scope
[INFO] [stdout]    --> src/win32/real.rs:161:16
[INFO] [stdout]     |
[INFO] [stdout] 161 |             if AttachThreadInput(id_attach, id_attach_to, attach).as_bool() {
[INFO] [stdout]     |                ^^^^^^^^^^^^^^^^^ not found in this scope
[INFO] [stdout] 
[INFO] [stdout] 
[INFO] [stdout] error[E0425]: cannot find function, tuple struct or tuple variant `GetLastError` in this scope
[INFO] [stdout]    --> src/win32/real.rs:164:21
[INFO] [stdout]     |
[INFO] [stdout] 164 |                 Err(GetLastError().0)
[INFO] [stdout]     |                     ^^^^^^^^^^^^ not found in this scope
[INFO] [stdout] 
[INFO] [stdout] 
[INFO] [stdout] error[E0425]: cannot find function, tuple struct or tuple variant `KEYBD_EVENT_FLAGS` in this scope
[INFO] [stdout]    --> src/win32/real.rs:171:45
[INFO] [stdout]     |
[INFO] [stdout] 171 |             keybd_event(VK_MENU.0 as u8, 0, KEYBD_EVENT_FLAGS(0), 0);
[INFO] [stdout]     |                                             ^^^^^^^^^^^^^^^^^ not found in this scope
[INFO] [stdout] 
[INFO] [stdout] 
[INFO] [stdout] error[E0425]: cannot find function `keybd_event` in this scope
[INFO] [stdout]    --> src/win32/real.rs:171:13
[INFO] [stdout]     |
[INFO] [stdout] 171 |             keybd_event(VK_MENU.0 as u8, 0, KEYBD_EVENT_FLAGS(0), 0);
[INFO] [stdout]     |             ^^^^^^^^^^^ not found in this scope
[INFO] [stdout] 
[INFO] [stdout] 
[INFO] [stdout] error[E0425]: cannot find function `keybd_event` in this scope
[INFO] [stdout]    --> src/win32/real.rs:172:13
[INFO] [stdout]     |
[INFO] [stdout] 172 |             keybd_event(VK_MENU.0 as u8, 0, KEYEVENTF_KEYUP, 0);
[INFO] [stdout]     |             ^^^^^^^^^^^ not found in this scope
[INFO] [stdout] 
[INFO] [stdout] 
[INFO] [stdout] error[E0425]: cannot find function, tuple struct or tuple variant `SetWindowPos` in this scope
[INFO] [stdout]    --> src/win32/real.rs:180:21
[INFO] [stdout]     |
[INFO] [stdout] 180 |             let _ = SetWindowPos(
[INFO] [stdout]     |                     ^^^^^^^^^^^^ not found in this scope
[INFO] [stdout] 
[INFO] [stdout] 
[INFO] [stdout] error[E0425]: cannot find function, tuple struct or tuple variant `SetWindowPos` in this scope
[INFO] [stdout]    --> src/win32/real.rs:189:21
[INFO] [stdout]     |
[INFO] [stdout] 189 |             let _ = SetWindowPos(
[INFO] [stdout]     |                     ^^^^^^^^^^^^ not found in this scope
[INFO] [stdout] 
[INFO] [stdout] 
[INFO] [stdout] error[E0425]: cannot find function, tuple struct or tuple variant `LPARAM` in this scope
[INFO] [stdout]    --> src/win32/real.rs:302:49
[INFO] [stdout]     |
[INFO] [stdout] 302 |             let _ = EnumWindows(Some(callback), LPARAM(&mut criteria as *mut _ as isize));
[INFO] [stdout]     |                                                 ^^^^^^ not found in this scope
[INFO] [stdout] 
[INFO] [stdout] 
[INFO] [stdout] error[E0425]: cannot find function, tuple struct or tuple variant `EnumWindows` in this scope
[INFO] [stdout]    --> src/win32/real.rs:302:21
[INFO] [stdout]     |
[INFO] [stdout] 302 |             let _ = EnumWindows(Some(callback), LPARAM(&mut criteria as *mut _ as isize));
[INFO] [stdout]     |                     ^^^^^^^^^^^ not found in this scope
[INFO] [stdout] 
[INFO] [stdout] 
[INFO] [stdout] error[E0425]: cannot find function, tuple struct or tuple variant `IsWindow` in this scope
[INFO] [stdout]    --> src/win32/real.rs:218:38
[INFO] [stdout]     |
[INFO] [stdout] 218 |             let is_window = unsafe { IsWindow(hwnd).as_bool() };
[INFO] [stdout]     |                                      ^^^^^^^^ not found in this scope
[INFO] [stdout] 
[INFO] [stdout] 
[INFO] [stdout] error[E0425]: cannot find function, tuple struct or tuple variant `BOOL` in this scope
[INFO] [stdout]    --> src/win32/real.rs:220:24
[INFO] [stdout]     |
[INFO] [stdout] 220 |                 return BOOL(1);
[INFO] [stdout]     |                        ^^^^ not found in this scope
[INFO] [stdout] 
[INFO] [stdout] 
[INFO] [stdout] error[E0425]: cannot find function, tuple struct or tuple variant `IsWindowVisible` in this scope
[INFO] [stdout]    --> src/win32/real.rs:224:36
[INFO] [stdout]     |
[INFO] [stdout] 224 |             let visible = unsafe { IsWindowVisible(hwnd).as_bool() };
[INFO] [stdout]     |                                    ^^^^^^^^^^^^^^^ not found in this scope
[INFO] [stdout] 
[INFO] [stdout] 
[INFO] [stdout] error[E0425]: cannot find function, tuple struct or tuple variant `IsIconic` in this scope
[INFO] [stdout]    --> src/win32/real.rs:225:35
[INFO] [stdout]     |
[INFO] [stdout] 225 |             let iconic = unsafe { IsIconic(hwnd).as_bool() };
[INFO] [stdout]     |                                   ^^^^^^^^ not found in this scope
[INFO] [stdout] 
[INFO] [stdout] 
[INFO] [stdout] error[E0425]: cannot find function, tuple struct or tuple variant `BOOL` in this scope
[INFO] [stdout]    --> src/win32/real.rs:230:24
[INFO] [stdout]     |
[INFO] [stdout] 230 |                 return BOOL(1);
[INFO] [stdout]     |                        ^^^^ not found in this scope
[INFO] [stdout] 
[INFO] [stdout] 
[INFO] [stdout] error[E0425]: cannot find function, tuple struct or tuple variant `DwmGetWindowAttribute` in this scope
[INFO] [stdout]    --> src/win32/real.rs:235:17
[INFO] [stdout]     |
[INFO] [stdout] 235 |                 DwmGetWindowAttribute(
[INFO] [stdout]     |                 ^^^^^^^^^^^^^^^^^^^^^ not found in this scope
[INFO] [stdout] 
[INFO] [stdout] 
[INFO] [stdout] error[E0425]: cannot find function, tuple struct or tuple variant `BOOL` in this scope
[INFO] [stdout]    --> src/win32/real.rs:244:24
[INFO] [stdout]     |
[INFO] [stdout] 244 |                 return BOOL(1);
[INFO] [stdout]     |                        ^^^^ not found in this scope
[INFO] [stdout] 
[INFO] [stdout] 
[INFO] [stdout] error[E0425]: cannot find function, tuple struct or tuple variant `GetWindowThreadProcessId` in this scope
[INFO] [stdout]    --> src/win32/real.rs:250:21
[INFO] [stdout]     |
[INFO] [stdout] 250 |                     GetWindowThreadProcessId(hwnd, Some(&mut pid));
[INFO] [stdout]     |                     ^^^^^^^^^^^^^^^^^^^^^^^^ not found in this scope
[INFO] [stdout] 
[INFO] [stdout] 
[INFO] [stdout] error[E0425]: cannot find function, tuple struct or tuple variant `BOOL` in this scope
[INFO] [stdout]    --> src/win32/real.rs:253:28
[INFO] [stdout]     |
[INFO] [stdout] 253 |                     return BOOL(1);
[INFO] [stdout]     |                            ^^^^ not found in this scope
[INFO] [stdout] 
[INFO] [stdout] 
[INFO] [stdout] error[E0425]: cannot find function, tuple struct or tuple variant `GetClassNameW` in this scope
[INFO] [stdout]    --> src/win32/real.rs:260:36
[INFO] [stdout]     |
[INFO] [stdout] 260 |                 let len = unsafe { GetClassNameW(hwnd, &mut buf) };
[INFO] [stdout]     |                                    ^^^^^^^^^^^^^ not found in this scope
[INFO] [stdout] 
[INFO] [stdout] 
[INFO] [stdout] error[E0425]: cannot find function, tuple struct or tuple variant `GetWindowTextLengthW` in this scope
[INFO] [stdout]    --> src/win32/real.rs:271:36
[INFO] [stdout]     |
[INFO] [stdout] 271 |                 let len = unsafe { GetWindowTextLengthW(hwnd) };
[INFO] [stdout]     |                                    ^^^^^^^^^^^^^^^^^^^^ not found in this scope
[INFO] [stdout] 
[INFO] [stdout] 
[INFO] [stdout] error[E0425]: cannot find function, tuple struct or tuple variant `GetWindowTextW` in this scope
[INFO] [stdout]    --> src/win32/real.rs:274:43
[INFO] [stdout]     |
[INFO] [stdout] 274 |                     let actual = unsafe { GetWindowTextW(hwnd, &mut buf) };
[INFO] [stdout]     |                                           ^^^^^^^^^^^^^^ not found in this scope
[INFO] [stdout] 
[INFO] [stdout] 
[INFO] [stdout] error[E0425]: cannot find function, tuple struct or tuple variant `BOOL` in this scope
[INFO] [stdout]    --> src/win32/real.rs:291:13
[INFO] [stdout]     |
[INFO] [stdout] 291 |             BOOL(1)
[INFO] [stdout]     |             ^^^^ not found in this scope
[INFO] [stdout] 
[INFO] [stdout] 
[INFO] [stdout] error[E0425]: cannot find function, tuple struct or tuple variant `LPARAM` in this scope
[INFO] [stdout]    --> src/win32/real.rs:389:49
[INFO] [stdout]     |
[INFO] [stdout] 389 |             let _ = EnumWindows(Some(callback), LPARAM(&mut criteria as *mut _ as isize));
[INFO] [stdout]     |                                                 ^^^^^^ not found in this scope
[INFO] [stdout] 
[INFO] [stdout] 
[INFO] [stdout] error[E0425]: cannot find function, tuple struct or tuple variant `EnumWindows` in this scope
[INFO] [stdout]    --> src/win32/real.rs:389:21
[INFO] [stdout]     |
[INFO] [stdout] 389 |             let _ = EnumWindows(Some(callback), LPARAM(&mut criteria as *mut _ as isize));
[INFO] [stdout]     |                     ^^^^^^^^^^^ not found in this scope
[INFO] [stdout] 
[INFO] [stdout] 
[INFO] [stdout] error[E0425]: cannot find function, tuple struct or tuple variant `IsWindow` in this scope
[INFO] [stdout]    --> src/win32/real.rs:322:38
[INFO] [stdout]     |
[INFO] [stdout] 322 |             let is_window = unsafe { IsWindow(hwnd).as_bool() };
[INFO] [stdout]     |                                      ^^^^^^^^ not found in this scope
[INFO] [stdout] 
[INFO] [stdout] 
[INFO] [stdout] error[E0425]: cannot find function, tuple struct or tuple variant `BOOL` in this scope
[INFO] [stdout]    --> src/win32/real.rs:324:24
[INFO] [stdout]     |
[INFO] [stdout] 324 |                 return BOOL(1);
[INFO] [stdout]     |                        ^^^^ not found in this scope
[INFO] [stdout] 
[INFO] [stdout] 
[INFO] [stdout] error[E0425]: cannot find function, tuple struct or tuple variant `IsWindowVisible` in this scope
[INFO] [stdout]    --> src/win32/real.rs:327:36
[INFO] [stdout]     |
[INFO] [stdout] 327 |             let visible = unsafe { IsWindowVisible(hwnd).as_bool() };
[INFO] [stdout]     |                                    ^^^^^^^^^^^^^^^ not found in this scope
[INFO] [stdout] 
[INFO] [stdout] 
[INFO] [stdout] error[E0425]: cannot find function, tuple struct or tuple variant `IsIconic` in this scope
[INFO] [stdout]    --> src/win32/real.rs:328:35
[INFO] [stdout]     |
[INFO] [stdout] 328 |             let iconic = unsafe { IsIconic(hwnd).as_bool() };
[INFO] [stdout]     |                                   ^^^^^^^^ not found in this scope
[INFO] [stdout] 
[INFO] [stdout] 
[INFO] [stdout] error[E0425]: cannot find function, tuple struct or tuple variant `BOOL` in this scope
[INFO] [stdout]    --> src/win32/real.rs:331:24
[INFO] [stdout]     |
[INFO] [stdout] 331 |                 return BOOL(1);
[INFO] [stdout]     |                        ^^^^ not found in this scope
[INFO] [stdout] 
[INFO] [stdout] 
[INFO] [stdout] error[E0425]: cannot find function, tuple struct or tuple variant `DwmGetWindowAttribute` in this scope
[INFO] [stdout]    --> src/win32/real.rs:336:17
[INFO] [stdout]     |
[INFO] [stdout] 336 |                 DwmGetWindowAttribute(
[INFO] [stdout]     |                 ^^^^^^^^^^^^^^^^^^^^^ not found in this scope
[INFO] [stdout] 
[INFO] [stdout] 
[INFO] [stdout] error[E0425]: cannot find function, tuple struct or tuple variant `BOOL` in this scope
[INFO] [stdout]    --> src/win32/real.rs:345:24
[INFO] [stdout]     |
[INFO] [stdout] 345 |                 return BOOL(1);
[INFO] [stdout]     |                        ^^^^ not found in this scope
[INFO] [stdout] 
[INFO] [stdout] 
[INFO] [stdout] error[E0425]: cannot find function, tuple struct or tuple variant `GetWindowThreadProcessId` in this scope
[INFO] [stdout]    --> src/win32/real.rs:351:21
[INFO] [stdout]     |
[INFO] [stdout] 351 |                     GetWindowThreadProcessId(hwnd, Some(&mut pid));
[INFO] [stdout]     |                     ^^^^^^^^^^^^^^^^^^^^^^^^ not found in this scope
[INFO] [stdout] 
[INFO] [stdout] 
[INFO] [stdout] error[E0425]: cannot find function, tuple struct or tuple variant `BOOL` in this scope
[INFO] [stdout]    --> src/win32/real.rs:354:28
[INFO] [stdout]     |
[INFO] [stdout] 354 |                     return BOOL(1);
[INFO] [stdout]     |                            ^^^^ not found in this scope
[INFO] [stdout] 
[INFO] [stdout] 
[INFO] [stdout] error[E0425]: cannot find function, tuple struct or tuple variant `GetClassNameW` in this scope
[INFO] [stdout]    --> src/win32/real.rs:360:32
[INFO] [stdout]     |
[INFO] [stdout] 360 |             let len = unsafe { GetClassNameW(hwnd, &mut buf) };
[INFO] [stdout]     |                                ^^^^^^^^^^^^^ not found in this scope
[INFO] [stdout] 
[INFO] [stdout] 
[INFO] [stdout] error[E0425]: cannot find function, tuple struct or tuple variant `GetWindowTextLengthW` in this scope
[INFO] [stdout]    --> src/win32/real.rs:366:32
[INFO] [stdout]     |
[INFO] [stdout] 366 |             let len = unsafe { GetWindowTextLengthW(hwnd) };
[INFO] [stdout]     |                                ^^^^^^^^^^^^^^^^^^^^ not found in this scope
[INFO] [stdout] 
[INFO] [stdout] 
[INFO] [stdout] error[E0425]: cannot find function, tuple struct or tuple variant `GetWindowTextW` in this scope
[INFO] [stdout]    --> src/win32/real.rs:369:39
[INFO] [stdout]     |
[INFO] [stdout] 369 |                 let actual = unsafe { GetWindowTextW(hwnd, &mut tbuf) };
[INFO] [stdout]     |                                       ^^^^^^^^^^^^^^ not found in this scope
[INFO] [stdout] 
[INFO] [stdout] 
[INFO] [stdout] error[E0425]: cannot find function, tuple struct or tuple variant `BOOL` in this scope
[INFO] [stdout]    --> src/win32/real.rs:379:13
[INFO] [stdout]     |
[INFO] [stdout] 379 |             BOOL(1)
[INFO] [stdout]     |             ^^^^ not found in this scope
[INFO] [stdout] 
[INFO] [stdout] 
[INFO] [stdout] error[E0599]: no method named `creation_flags` found for struct `Command` in the current scope
[INFO] [stdout]    --> src/win32/real.rs:407:13
[INFO] [stdout]     |
[INFO] [stdout] 407 |         cmd.creation_flags(CREATE_NO_WINDOW_FLAG);
[INFO] [stdout]     |             ^^^^^^^^^^^^^^ method not found in `Command`
[INFO] [stdout] 
[INFO] [stdout] 
[INFO] [stdout] error[E0599]: no method named `encode_wide` found for reference `&OsStr` in the current scope
[INFO] [stdout]    --> src/win32/real.rs:414:22
[INFO] [stdout]     |
[INFO] [stdout] 413 |                 let wide_file: Vec<u16> = OsStr::new(command)
[INFO] [stdout] 414 |                     .encode_wide()
[INFO] [stdout]     |                      ^^^^^^^^^^^ method not found in `&OsStr`
[INFO] [stdout] 
[INFO] [stdout] 
[INFO] [stdout] error[E0599]: no method named `encode_wide` found for reference `&OsStr` in the current scope
[INFO] [stdout]    --> src/win32/real.rs:419:22
[INFO] [stdout]     |
[INFO] [stdout] 418 |                 let wide_params: Vec<u16> = OsStr::new(&joined_args)
[INFO] [stdout] 419 |                     .encode_wide()
[INFO] [stdout]     |                      ^^^^^^^^^^^ method not found in `&OsStr`
[INFO] [stdout] 
[INFO] [stdout] 
[INFO] [stdout] error[E0599]: no method named `encode_wide` found for reference `&OsStr` in the current scope
[INFO] [stdout]    --> src/win32/real.rs:424:26
[INFO] [stdout]     |
[INFO] [stdout] 423 |                     OsStr::new(dir)
[INFO] [stdout] 424 |                         .encode_wide()
[INFO] [stdout]     |                          ^^^^^^^^^^^ method not found in `&OsStr`
[INFO] [stdout] 
[INFO] [stdout] 
[INFO] [stdout] error[E0425]: cannot find function, tuple struct or tuple variant `HWND` in this scope
[INFO] [stdout]    --> src/win32/real.rs:431:25
[INFO] [stdout]     |
[INFO] [stdout] 431 |                         HWND(0 as _),
[INFO] [stdout]     |                         ^^^^ not found in this scope
[INFO] [stdout] 
[INFO] [stdout] 
[INFO] [stdout] error[E0425]: cannot find function, tuple struct or tuple variant `KEYBD_EVENT_FLAGS` in this scope
[INFO] [stdout]    --> src/win32/real.rs:478:49
[INFO] [stdout]     |
[INFO] [stdout] 478 |                 keybd_event(VK_LWIN.0 as u8, 0, KEYBD_EVENT_FLAGS(0), 0);
[INFO] [stdout]     |                                                 ^^^^^^^^^^^^^^^^^ not found in this scope
[INFO] [stdout] 
[INFO] [stdout] 
[INFO] [stdout] error[E0425]: cannot find function `keybd_event` in this scope
[INFO] [stdout]    --> src/win32/real.rs:478:17
[INFO] [stdout]     |
[INFO] [stdout] 478 |                 keybd_event(VK_LWIN.0 as u8, 0, KEYBD_EVENT_FLAGS(0), 0);
[INFO] [stdout]     |                 ^^^^^^^^^^^ not found in this scope
[INFO] [stdout] 
[INFO] [stdout] 
[INFO] [stdout] error[E0425]: cannot find function, tuple struct or tuple variant `KEYBD_EVENT_FLAGS` in this scope
[INFO] [stdout]    --> src/win32/real.rs:481:52
[INFO] [stdout]     |
[INFO] [stdout] 481 |                 keybd_event(VK_CONTROL.0 as u8, 0, KEYBD_EVENT_FLAGS(0), 0);
[INFO] [stdout]     |                                                    ^^^^^^^^^^^^^^^^^ not found in this scope
[INFO] [stdout] 
[INFO] [stdout] 
[INFO] [stdout] error[E0425]: cannot find function `keybd_event` in this scope
[INFO] [stdout]    --> src/win32/real.rs:481:17
[INFO] [stdout]     |
[INFO] [stdout] 481 |                 keybd_event(VK_CONTROL.0 as u8, 0, KEYBD_EVENT_FLAGS(0), 0);
[INFO] [stdout]     |                 ^^^^^^^^^^^ not found in this scope
[INFO] [stdout] 
[INFO] [stdout] 
[INFO] [stdout] error[E0425]: cannot find function, tuple struct or tuple variant `KEYBD_EVENT_FLAGS` in this scope
[INFO] [stdout]    --> src/win32/real.rs:484:49
[INFO] [stdout]     |
[INFO] [stdout] 484 |                 keybd_event(VK_MENU.0 as u8, 0, KEYBD_EVENT_FLAGS(0), 0);
[INFO] [stdout]     |                                                 ^^^^^^^^^^^^^^^^^ not found in this scope
[INFO] [stdout] 
[INFO] [stdout] 
[INFO] [stdout] error[E0425]: cannot find function `keybd_event` in this scope
[INFO] [stdout]    --> src/win32/real.rs:484:17
[INFO] [stdout]     |
[INFO] [stdout] 484 |                 keybd_event(VK_MENU.0 as u8, 0, KEYBD_EVENT_FLAGS(0), 0);
[INFO] [stdout]     |                 ^^^^^^^^^^^ not found in this scope
[INFO] [stdout] 
[INFO] [stdout] 
[INFO] [stdout] error[E0425]: cannot find function, tuple struct or tuple variant `KEYBD_EVENT_FLAGS` in this scope
[INFO] [stdout]    --> src/win32/real.rs:487:50
[INFO] [stdout]     |
[INFO] [stdout] 487 |                 keybd_event(VK_SHIFT.0 as u8, 0, KEYBD_EVENT_FLAGS(0), 0);
[INFO] [stdout]     |                                                  ^^^^^^^^^^^^^^^^^ not found in this scope
[INFO] [stdout] 
[INFO] [stdout] 
[INFO] [stdout] error[E0425]: cannot find function `keybd_event` in this scope
[INFO] [stdout]    --> src/win32/real.rs:487:17
[INFO] [stdout]     |
[INFO] [stdout] 487 |                 keybd_event(VK_SHIFT.0 as u8, 0, KEYBD_EVENT_FLAGS(0), 0);
[INFO] [stdout]     |                 ^^^^^^^^^^^ not found in this scope
[INFO] [stdout] 
[INFO] [stdout] 
[INFO] [stdout] error[E0425]: cannot find function, tuple struct or tuple variant `KEYBD_EVENT_FLAGS` in this scope
[INFO] [stdout]    --> src/win32/real.rs:493:38
[INFO] [stdout]     |
[INFO] [stdout] 493 |             keybd_event(vk as u8, 0, KEYBD_EVENT_FLAGS(0), 0);
[INFO] [stdout]     |                                      ^^^^^^^^^^^^^^^^^ not found in this scope
[INFO] [stdout] 
[INFO] [stdout] 
[INFO] [stdout] error[E0425]: cannot find function `keybd_event` in this scope
[INFO] [stdout]    --> src/win32/real.rs:493:13
[INFO] [stdout]     |
[INFO] [stdout] 493 |             keybd_event(vk as u8, 0, KEYBD_EVENT_FLAGS(0), 0);
[INFO] [stdout]     |             ^^^^^^^^^^^ not found in this scope
[INFO] [stdout] 
[INFO] [stdout] 
[INFO] [stdout] error[E0425]: cannot find function `keybd_event` in this scope
[INFO] [stdout]    --> src/win32/real.rs:495:13
[INFO] [stdout]     |
[INFO] [stdout] 495 |             keybd_event(vk as u8, 0, KEYEVENTF_KEYUP, 0);
[INFO] [stdout]     |             ^^^^^^^^^^^ not found in this scope
[INFO] [stdout] 
[INFO] [stdout] 
[INFO] [stdout] error[E0425]: cannot find function `keybd_event` in this scope
[INFO] [stdout]    --> src/win32/real.rs:501:17
[INFO] [stdout]     |
[INFO] [stdout] 501 |                 keybd_event(VK_SHIFT.0 as u8, 0, KEYEVENTF_KEYUP, 0);
[INFO] [stdout]     |                 ^^^^^^^^^^^ not found in this scope
[INFO] [stdout] 
[INFO] [stdout] 
[INFO] [stdout] error[E0425]: cannot find function `keybd_event` in this scope
[INFO] [stdout]    --> src/win32/real.rs:504:17
[INFO] [stdout]     |
[INFO] [stdout] 504 |                 keybd_event(VK_MENU.0 as u8, 0, KEYEVENTF_KEYUP, 0);
[INFO] [stdout]     |                 ^^^^^^^^^^^ not found in this scope
[INFO] [stdout] 
[INFO] [stdout] 
[INFO] [stdout] error[E0425]: cannot find function `keybd_event` in this scope
[INFO] [stdout]    --> src/win32/real.rs:507:17
[INFO] [stdout]     |
[INFO] [stdout] 507 |                 keybd_event(VK_CONTROL.0 as u8, 0, KEYEVENTF_KEYUP, 0);
[INFO] [stdout]     |                 ^^^^^^^^^^^ not found in this scope
[INFO] [stdout] 
[INFO] [stdout] 
[INFO] [stdout] error[E0425]: cannot find function `keybd_event` in this scope
[INFO] [stdout]    --> src/win32/real.rs:510:17
[INFO] [stdout]     |
[INFO] [stdout] 510 |                 keybd_event(VK_LWIN.0 as u8, 0, KEYEVENTF_KEYUP, 0);
[INFO] [stdout]     |                 ^^^^^^^^^^^ not found in this scope
[INFO] [stdout] 
[INFO] [stdout] 
[INFO] [stdout] Some errors have detailed explanations: E0422, E0425, E0432, E0433, E0560, E0599.
[INFO] [stdout] 
[INFO] [stdout] For more information about an error, try `rustc --explain E0422`.
[INFO] [stdout] 
[INFO] [stderr] error: could not compile `winsummon` (lib) due to 327 previous errors
[INFO] [stderr] warning: build failed, waiting for other jobs to finish...
[INFO] running `Command { std: "docker" "inspect" "ae2ce1e2c50d2e909fa05208bf71cfd116f08cf194a60e237b0c5933f62c5618", kill_on_drop: false }`
[INFO] running `Command { std: "docker" "rm" "-f" "ae2ce1e2c50d2e909fa05208bf71cfd116f08cf194a60e237b0c5933f62c5618", kill_on_drop: false }`
[INFO] [stdout] ae2ce1e2c50d2e909fa05208bf71cfd116f08cf194a60e237b0c5933f62c5618
