[INFO] cloning repository https://github.com/chrisabruce/vixlio
[INFO] running `Command { std: "git" "-c" "credential.helper=" "-c" "credential.helper=/workspace/cargo-home/bin/git-credential-null" "clone" "--bare" "https://github.com/chrisabruce/vixlio" "/workspace/cache/git-repos/https%3A%2F%2Fgithub.com%2Fchrisabruce%2Fvixlio", kill_on_drop: false }`
[INFO] [stderr] Cloning into bare repository '/workspace/cache/git-repos/https%3A%2F%2Fgithub.com%2Fchrisabruce%2Fvixlio'...
[INFO] running `Command { std: "git" "rev-parse" "HEAD", kill_on_drop: false }`
[INFO] [stdout] b613f5c539b1ab4bf98980ce3dd6551b1d17109a
[INFO] checking chrisabruce/vixlio against 3154cc1a3e6424e44f438a95007d043ed5ceaaf6 for pr-133502-30
[INFO] running `Command { std: "git" "clone" "/workspace/cache/git-repos/https%3A%2F%2Fgithub.com%2Fchrisabruce%2Fvixlio" "/workspace/builds/worker-3-tc2/source", kill_on_drop: false }`
[INFO] [stderr] Cloning into '/workspace/builds/worker-3-tc2/source'...
[INFO] [stderr] done.
[INFO] started tweaking git repo https://github.com/chrisabruce/vixlio
[INFO] finished tweaking git repo https://github.com/chrisabruce/vixlio
[INFO] tweaked toml for git repo https://github.com/chrisabruce/vixlio written to /workspace/builds/worker-3-tc2/source/Cargo.toml
[INFO] validating manifest of git repo https://github.com/chrisabruce/vixlio on toolchain 3154cc1a3e6424e44f438a95007d043ed5ceaaf6
[INFO] running `Command { std: CARGO_HOME="/workspace/cargo-home" RUSTUP_HOME="/workspace/rustup-home" "/workspace/cargo-home/bin/cargo" "+3154cc1a3e6424e44f438a95007d043ed5ceaaf6" "metadata" "--manifest-path" "Cargo.toml" "--no-deps", kill_on_drop: false }`
[INFO] crate git repo https://github.com/chrisabruce/vixlio already has a lockfile, it will not be regenerated
[INFO] running `Command { std: CARGO_HOME="/workspace/cargo-home" RUSTUP_HOME="/workspace/rustup-home" "/workspace/cargo-home/bin/cargo" "+3154cc1a3e6424e44f438a95007d043ed5ceaaf6" "fetch" "--manifest-path" "Cargo.toml", kill_on_drop: false }`
[INFO] running `Command { std: "docker" "create" "-v" "/var/lib/crater-agent-workspace/builds/worker-3-tc2/source:/opt/rustwide/workdir:ro,Z" "-v" "/var/lib/crater-agent-workspace/builds/worker-3-tc2/target:/opt/rustwide/target:rw,Z" "-v" "/var/lib/crater-agent-workspace/cargo-home:/opt/rustwide/cargo-home:ro,Z" "-v" "/var/lib/crater-agent-workspace/rustup-home:/opt/rustwide/rustup-home:ro,Z" "-m" "1610612736" "--network" "none" "ghcr.io/rust-lang/crates-build-env/linux@sha256:77db811e55d90add9212f6832c23229e3de5f1c1f9905e8cb07319ea15df73ac" "sleep" "infinity", kill_on_drop: false }`
[INFO] [stdout] 1ff10cd17373ebead3fb7b99ce58859a462db8aa87892d05c3dedcc2383b58bf
[INFO] running `Command { std: "docker" "start" "1ff10cd17373ebead3fb7b99ce58859a462db8aa87892d05c3dedcc2383b58bf", kill_on_drop: false }`
[INFO] running `Command { std: "docker" "inspect" "1ff10cd17373ebead3fb7b99ce58859a462db8aa87892d05c3dedcc2383b58bf", kill_on_drop: false }`
[INFO] running `Command { std: "docker" "exec" "-e" "SOURCE_DIR=/opt/rustwide/workdir" "-e" "CARGO_HOME=/opt/rustwide/cargo-home" "-e" "RUSTUP_HOME=/opt/rustwide/rustup-home" "-e" "CARGO_TARGET_DIR=/opt/rustwide/target" "-w" "/opt/rustwide/workdir" "--user" "0:0" "1ff10cd17373ebead3fb7b99ce58859a462db8aa87892d05c3dedcc2383b58bf" "/opt/rustwide/cargo-home/bin/cargo" "+3154cc1a3e6424e44f438a95007d043ed5ceaaf6" "metadata" "--no-deps" "--format-version=1", kill_on_drop: false }`
[INFO] running `Command { std: "docker" "inspect" "1ff10cd17373ebead3fb7b99ce58859a462db8aa87892d05c3dedcc2383b58bf", kill_on_drop: false }`
[INFO] running `Command { std: "docker" "exec" "-e" "SOURCE_DIR=/opt/rustwide/workdir" "-e" "CARGO_HOME=/opt/rustwide/cargo-home" "-e" "RUSTUP_HOME=/opt/rustwide/rustup-home" "-e" "CARGO_TARGET_DIR=/opt/rustwide/target" "-e" "CARGO_INCREMENTAL=0" "-e" "RUST_BACKTRACE=full" "-e" "RUSTFLAGS=--cap-lints=forbid" "-e" "RUSTDOCFLAGS=--cap-lints=forbid" "-w" "/opt/rustwide/workdir" "--user" "0:0" "1ff10cd17373ebead3fb7b99ce58859a462db8aa87892d05c3dedcc2383b58bf" "/opt/rustwide/cargo-home/bin/cargo" "+3154cc1a3e6424e44f438a95007d043ed5ceaaf6" "check" "--frozen" "--all" "--all-targets" "--message-format=json", kill_on_drop: false }`
[INFO] [stderr]     Checking stable_deref_trait v1.2.1
[INFO] [stderr]    Compiling syn v3.0.3
[INFO] [stderr]     Checking lock_api v0.4.14
[INFO] [stderr]    Compiling zerocopy v0.8.55
[INFO] [stderr]    Compiling zerocopy-derive v0.8.55
[INFO] [stderr]    Compiling displaydoc v0.2.6
[INFO] [stderr]     Checking zerofrom v0.1.8
[INFO] [stderr]    Compiling cc v1.4.0
[INFO] [stderr]     Checking indexmap v2.14.0
[INFO] [stderr]    Compiling bytemuck_derive v1.11.0
[INFO] [stderr]     Checking getrandom v0.2.17
[INFO] [stderr]     Checking yoke v0.8.3
[INFO] [stderr]    Compiling zerovec-derive v0.11.3
[INFO] [stderr]     Checking bitflags v2.13.1
[INFO] [stderr]     Checking rayon v1.12.0
[INFO] [stderr]     Checking zerotrie v0.2.4
[INFO] [stderr]     Checking rand_core v0.6.4
[INFO] [stderr]    Compiling tokio-macros v2.7.1
[INFO] [stderr]     Checking futures-sink v0.3.33
[INFO] [stderr]     Checking serde_json v1.0.151
[INFO] [stderr]    Compiling rand v0.8.7
[INFO] [stderr]     Checking bytemuck v1.25.2
[INFO] [stderr]     Checking zerovec v0.11.6
[INFO] [stderr]    Compiling phf_shared v0.11.3
[INFO] [stderr]     Checking futures-channel v0.3.33
[INFO] [stderr]    Compiling yoke-derive v0.7.5
[INFO] [stderr]     Checking tracing v0.1.44
[INFO] [stderr]    Compiling zerovec-derive v0.10.3
[INFO] [stderr]    Compiling phf_generator v0.11.3
[INFO] [stderr]    Compiling futures-macro v0.3.33
[INFO] [stderr]     Checking num-integer v0.1.46
[INFO] [stderr]     Checking approx v0.5.1
[INFO] [stderr]    Compiling rust_decimal v1.42.1
[INFO] [stderr]     Checking tinyvec v1.12.0
[INFO] [stderr]     Checking futures-util v0.3.33
[INFO] [stderr]     Checking tinystr v0.8.3
[INFO] [stderr]     Checking potential_utf v0.1.5
[INFO] [stderr]    Compiling cmake v0.1.58
[INFO] [stderr]     Checking icu_collections v2.2.0
[INFO] [stderr]     Checking icu_locale_core v2.2.0
[INFO] [stderr]    Compiling zeroize_derive v1.5.0
[INFO] [stderr]     Checking writeable v0.5.5
[INFO] [stderr]     Checking ttf-parser v0.24.1
[INFO] [stderr]    Compiling aws-lc-sys v0.43.0
[INFO] [stderr]     Checking num-bigint v0.4.8
[INFO] [stderr]     Checking zeroize v1.9.0
[INFO] [stderr]    Compiling phf_macros v0.11.3
[INFO] [stderr]     Checking icu_provider v2.2.0
[INFO] [stderr]    Compiling icu_provider_macros v1.5.0
[INFO] [stderr]     Checking icu_properties v2.2.0
[INFO] [stderr]     Checking new_debug_unreachable v1.0.6
[INFO] [stderr]     Checking digest v0.10.7
[INFO] [stderr]     Checking phf v0.11.3
[INFO] [stderr]    Compiling icu_locid_transform_data v1.5.1
[INFO] [stderr]     Checking ciborium-io v0.2.2
[INFO] [stderr]     Checking roxmltree v0.20.0
[INFO] [stderr]     Checking tiny-skia-path v0.11.4
[INFO] [stderr]    Compiling phf_shared v0.13.1
[INFO] [stderr]    Compiling serde_derive v1.0.229
[INFO] [stderr]    Compiling thiserror-impl v2.0.19
[INFO] [stderr]     Checking fontconfig-parser v0.5.8
[INFO] [stderr]     Checking unicode-bidi-mirroring v0.3.0
[INFO] [stderr]     Checking unicode-ccc v0.3.0
[INFO] [stderr]    Compiling aws-lc-rs v1.17.3
[INFO] [stderr]    Compiling portable-atomic v1.14.0
[INFO] [stderr]     Checking fontdb v0.21.0
[INFO] [stderr]    Compiling phf_generator v0.13.1
[INFO] [stderr]     Checking png v0.17.16
[INFO] [stderr]    Compiling strum_macros v0.26.4
[INFO] [stderr]    Compiling ring v0.17.14
[INFO] [stderr]     Checking simplecss v0.2.2
[INFO] [stderr]     Checking unscanny v0.1.0
[INFO] [stderr]     Checking thiserror v2.0.19
[INFO] [stderr]     Checking cobs v0.3.0
[INFO] [stderr]    Compiling wasmparser v0.221.3
[INFO] [stderr]     Checking imagesize v0.13.0
[INFO] [stderr]    Compiling heapless v0.8.0
[INFO] [stderr]     Checking downcast-rs v1.2.1
[INFO] [stderr]    Compiling icu_properties_data v1.5.1
[INFO] [stderr]     Checking linked-hash-map v0.5.6
[INFO] [stderr]     Checking toml_write v0.1.2
[INFO] [stderr]     Checking yaml-rust v0.4.5
[INFO] [stderr]     Checking wasmi_core v0.40.0
[INFO] [stderr]     Checking moxcms v0.8.1
[INFO] [stderr]     Checking ppv-lite86 v0.2.21
[INFO] [stderr]     Checking fancy-regex v0.16.2
[INFO] [stderr]     Checking rand_chacha v0.9.0
[INFO] [stderr]     Checking rand_chacha v0.3.1
[INFO] [stderr]     Checking png v0.18.1
[INFO] [stderr]     Checking rand v0.9.5
[INFO] [stderr]     Checking strum v0.26.3
[INFO] [stderr]     Checking rand_distr v0.5.1
[INFO] [stderr]     Checking unicode-normalization v0.1.25
[INFO] [stderr]     Checking hash32 v0.3.1
[INFO] [stderr]    Compiling enum-ordinalize-derive v4.4.1
[INFO] [stderr]    Compiling thiserror-impl v1.0.69
[INFO] [stderr]    Compiling codex v0.1.1
[INFO] [stderr]     Checking half v2.7.1
[INFO] [stderr]    Compiling palette v0.7.6
[INFO] [stderr]     Checking serde v1.0.229
[INFO] [stderr]     Checking numerals v0.1.4
[INFO] [stderr]     Checking thin-vec v0.2.19
[INFO] [stderr]     Checking unsafe-libyaml v0.2.11
[INFO] [stderr]     Checking ciborium-ll v0.2.2
[INFO] [stderr]     Checking unicode-math-class v0.1.0
[INFO] [stderr]     Checking typst-utils v0.13.1
[INFO] [stderr]     Checking biblatex v0.10.0
[INFO] [stderr]     Checking smallvec v1.15.2
[INFO] [stderr]     Checking bytes v1.12.1
[INFO] [stderr]     Checking yoke v0.7.5
[INFO] [stderr]     Checking litemap v0.7.5
[INFO] [stderr]     Checking parking_lot_core v0.9.12
[INFO] [stderr]     Checking icu_normalizer v2.2.0
[INFO] [stderr]     Checking parking_lot v0.12.5
[INFO] [stderr]     Checking zerovec v0.10.4
[INFO] [stderr]     Checking postcard v1.1.3
[INFO] [stderr]     Checking tokio v1.53.1
[INFO] [stderr]     Checking http v1.4.2
[INFO] [stderr]     Checking idna_adapter v1.2.2
[INFO] [stderr]     Checking idna v1.1.0
[INFO] [stderr]     Checking kurbo v0.11.3
[INFO] [stderr]     Checking rustybuzz v0.18.0
[INFO] [stderr]     Checking url v2.5.8
[INFO] [stderr]     Checking serde_spanned v0.6.9
[INFO] [stderr]     Checking toml_datetime v0.6.11
[INFO] [stderr]     Checking ciborium v0.2.2
[INFO] [stderr]     Checking http-body v1.1.0
[INFO] [stderr]     Checking http-body-util v0.1.4
[INFO] [stderr]     Checking toml_edit v0.22.27
[INFO] [stderr]     Checking plist v1.10.0
[INFO] [stderr]     Checking svgtypes v0.15.3
[INFO] [stderr]     Checking unic-langid-impl v0.9.6
[INFO] [stderr]     Checking tinystr v0.7.6
[INFO] [stderr]     Checking icu_collections v1.5.0
[INFO] [stderr]     Checking quick-xml v0.36.2
[INFO] [stderr]     Checking icu_locid v1.5.0
[INFO] [stderr]     Checking bincode v1.3.3
[INFO] [stderr]     Checking unic-langid v0.9.6
[INFO] [stderr]     Checking zerotrie v0.1.3
[INFO] [stderr]     Checking icu_provider v1.5.0
[INFO] [stderr]     Checking syntect v5.3.0
[INFO] [stderr]     Checking image v0.25.10
[INFO] [stderr]     Checking usvg v0.43.0
[INFO] [stderr]     Checking icu_locid_transform v1.5.0
[INFO] [stderr]     Checking citationberg v0.5.0
[INFO] [stderr]     Checking toml v0.8.23
[INFO] [stderr]     Checking typst-timing v0.13.1
[INFO] [stderr]     Checking thiserror v1.0.69
[INFO] [stderr]     Checking serde_yaml v0.9.34+deprecated
[INFO] [stderr]     Checking ecow v0.2.6
[INFO] [stderr]    Compiling palette_derive v0.7.6
[INFO] [stderr]     Checking enum-ordinalize v4.4.1
[INFO] [stderr]     Checking wasmi_ir v0.40.0
[INFO] [stderr]     Checking rustls-pki-types v1.15.1
[INFO] [stderr]    Compiling comemo-macros v0.4.0
[INFO] [stderr]     Checking i_float v1.15.0
[INFO] [stderr]     Checking csv-core v0.1.13
[INFO] [stderr]     Checking wasmi_collections v0.40.0
[INFO] [stderr]     Checking spin v0.9.9
[INFO] [stderr]     Checking multi-stash v0.2.0
[INFO] [stderr]     Checking fast-srgb8 v1.0.0
[INFO] [stderr]     Checking mutate_once v0.1.2
[INFO] [stderr]     Checking chinese-variant v1.1.6
[INFO] [stderr]     Checking kamadak-exif v0.6.1
[INFO] [stderr]     Checking chinese-number v0.7.8
[INFO] [stderr]     Checking tokio-util v0.7.19
[INFO] [stderr]     Checking h2 v0.4.15
[INFO] [stderr]     Checking tower v0.5.3
[INFO] [stderr]     Checking hayagriva v0.8.1
[INFO] [stderr]     Checking comemo v0.4.0
[INFO] [stderr]     Checking chrono v0.4.45
[INFO] [stderr]     Checking typst-syntax v0.13.1
[INFO] [stderr]     Checking csv v1.4.0
[INFO] [stderr]     Checking i_shape v1.14.0
[INFO] [stderr]     Checking wasmi v0.40.0
[INFO] [stderr]     Checking icu_properties v1.5.1
[INFO] [stderr]     Checking rstar v0.12.2
[INFO] [stderr]     Checking two-face v0.4.5
[INFO] [stderr]     Checking icu_provider_blob v1.5.0
[INFO] [stderr]     Checking serde_urlencoded v0.7.1
[INFO] [stderr]     Checking lipsum v0.9.1
[INFO] [stderr]    Compiling typst-macros v0.13.1
[INFO] [stderr]     Checking itertools v0.11.0
[INFO] [stderr]     Checking bumpalo v3.20.3
[INFO] [stderr]     Checking qcms v0.3.0
[INFO] [stderr]    Compiling object v0.37.3
[INFO] [stderr]     Checking i_tree v0.16.0
[INFO] [stderr]     Checking hyper v1.11.0
[INFO] [stderr]     Checking i_key_sort v0.6.0
[INFO] [stderr]     Checking typst-assets v0.13.1
[INFO] [stderr]     Checking robust v1.2.0
[INFO] [stderr]    Compiling either v1.17.0
[INFO] [stderr]     Checking typed-arena v2.0.2
[INFO] [stderr]     Checking az v1.3.0
[INFO] [stderr]     Checking spade v2.15.1
[INFO] [stderr]     Checking i_overlay v4.0.7
[INFO] [stderr]    Compiling itertools v0.14.0
[INFO] [stderr]     Checking earcutr v0.4.3
[INFO] [stderr]     Checking geo-types v0.7.19
[INFO] [stderr]     Checking hyper-util v0.1.20
[INFO] [stderr]     Checking axum-core v0.5.6
[INFO] [stderr]     Checking uuid v1.24.0
[INFO] [stderr]    Compiling phf_codegen v0.13.1
[INFO] [stderr]    Compiling string_cache_codegen v0.6.1
[INFO] [stderr]    Compiling async-trait v0.1.91
[INFO] [stderr]     Checking typst-library v0.13.1
[INFO] [stderr]    Compiling phf_codegen v0.11.3
[INFO] [stderr]    Compiling axum-macros v0.5.1
[INFO] [stderr]     Checking serde_path_to_error v0.1.20
[INFO] [stderr]     Checking geographiclib-rs v0.2.7
[INFO] [stderr]     Checking sif-itree v0.4.1
[INFO] [stderr]     Checking float_next_after v1.0.0
[INFO] [stderr]    Compiling rustls v0.23.42
[INFO] [stderr]    Compiling prost-derive v0.14.4
[INFO] [stderr]     Checking geo v0.32.0
[INFO] [stderr]    Compiling web_atoms v0.2.5
[INFO] [stderr]    Compiling phf_macros v0.13.1
[INFO] [stderr]     Checking inout v0.1.4
[INFO] [stderr]     Checking axum v0.8.9
[INFO] [stderr]    Compiling pin-project-internal v1.1.13
[INFO] [stderr]     Checking phf v0.13.1
[INFO] [stderr]     Checking cipher v0.4.4
[INFO] [stderr]     Checking prost v0.14.4
[INFO] [stderr]     Checking hyper-timeout v0.5.2
[INFO] [stderr]    Compiling flatbuffers v25.12.19
[INFO] [stderr]     Checking string_cache v0.9.0
[INFO] [stderr]     Checking pin-project v1.1.13
[INFO] [stderr]     Checking tokio-stream v0.1.19
[INFO] [stderr]    Compiling lz4-sys v1.11.1+lz4-1.10.0
[INFO] [stderr]     Checking font-types v0.11.3
[INFO] [stderr]     Checking base64ct v1.8.3
[INFO] [stderr]     Checking read-fonts v0.39.2
[INFO] [stderr]     Checking password-hash v0.5.0
[INFO] [stderr]     Checking ahash v0.8.12
[INFO] [stderr]     Checking webpki-roots v1.0.9
[INFO] [stderr]     Checking roaring v0.11.4
[INFO] [stderr]     Checking diskann-wide v0.54.0
[INFO] [stderr]    Compiling ar_archive_writer v0.5.2
[INFO] [stderr]     Checking sha1 v0.10.7
[INFO] [stderr]     Checking sha2 v0.10.9
[INFO] [stdout] error[E0283]: type annotations needed
[INFO] [stdout]    --> /opt/rustwide/cargo-home/registry/src/index.crates.io-1949cf8c6b5b557f/diskann-wide-0.54.0/src/arch/x86_64/v3/mod.rs:435:82
[INFO] [stdout]     |
[INFO] [stdout] 435 |         let f: unsafe fn(Self, T0::Of<'_>) -> R = Self::run_function_with_1::<F, _, _>;
[INFO] [stdout]     |                                                                                  ^ cannot infer type
[INFO] [stdout]     |
[INFO] [stdout]     = note: the type must implement `AddLifetime`
[INFO] [stdout]     = help: the following types implement trait `AddLifetime`:
[INFO] [stdout]               As<T>
[INFO] [stdout]               Mut<T>
[INFO] [stdout]               String
[INFO] [stdout]               bool
[INFO] [stdout]               f32
[INFO] [stdout]               f64
[INFO] [stdout]               half::f16
[INFO] [stdout]               i16
[INFO] [stdout]             and 9 others
[INFO] [stdout] note: required by a bound in `V3::run_function_with_1`
[INFO] [stdout]    --> /opt/rustwide/cargo-home/registry/src/index.crates.io-1949cf8c6b5b557f/diskann-wide-0.54.0/src/arch/x86_64/v3/mod.rs:296:17
[INFO] [stdout]     |
[INFO] [stdout] 111 | impl V3 {
[INFO] [stdout] ...
[INFO] [stdout] 294 |         pub(super) unsafe fn run_function_with_1<F, T0, R>(self, x0: T0::Of<'_>) -> R
[INFO] [stdout] 295 |         where
[INFO] [stdout] 296 |             T0: AddLifetime,
[INFO] [stdout]     |                 ^^^^^^^^^^^ required by this bound in `V3::run_function_with_1`
[INFO] [stdout] 
[INFO] [stdout] 
[INFO] [stdout] error[E0283]: type annotations needed
[INFO] [stdout]    --> /opt/rustwide/cargo-home/registry/src/index.crates.io-1949cf8c6b5b557f/diskann-wide-0.54.0/src/arch/x86_64/v3/mod.rs:450:44
[INFO] [stdout]     |
[INFO] [stdout] 450 |             Self::run_function_with_2::<F, _, _, _>;
[INFO] [stdout]     |                                            ^ cannot infer type
[INFO] [stdout]     |
[INFO] [stdout]     = note: the type must implement `AddLifetime`
[INFO] [stdout]     = help: the following types implement trait `AddLifetime`:
[INFO] [stdout]               As<T>
[INFO] [stdout]               Mut<T>
[INFO] [stdout]               String
[INFO] [stdout]               bool
[INFO] [stdout]               f32
[INFO] [stdout]               f64
[INFO] [stdout]               half::f16
[INFO] [stdout]               i16
[INFO] [stdout]             and 9 others
[INFO] [stdout] note: required by a bound in `V3::run_function_with_2`
[INFO] [stdout]    --> /opt/rustwide/cargo-home/registry/src/index.crates.io-1949cf8c6b5b557f/diskann-wide-0.54.0/src/arch/x86_64/v3/mod.rs:313:17
[INFO] [stdout]     |
[INFO] [stdout] 111 | impl V3 {
[INFO] [stdout] ...
[INFO] [stdout] 307 |         pub(super) unsafe fn run_function_with_2<F, T0, T1, R>(
[INFO] [stdout] ...
[INFO] [stdout] 313 |             T0: AddLifetime,
[INFO] [stdout]     |                 ^^^^^^^^^^^ required by this bound in `V3::run_function_with_2`
[INFO] [stdout] 
[INFO] [stdout] 
[INFO] [stdout] error[E0283]: type annotations needed
[INFO] [stdout]    --> /opt/rustwide/cargo-home/registry/src/index.crates.io-1949cf8c6b5b557f/diskann-wide-0.54.0/src/arch/x86_64/v3/mod.rs:466:44
[INFO] [stdout]     |
[INFO] [stdout] 466 |             Self::run_function_with_3::<F, _, _, _, _>;
[INFO] [stdout]     |                                            ^ cannot infer type
[INFO] [stdout]     |
[INFO] [stdout]     = note: the type must implement `AddLifetime`
[INFO] [stdout]     = help: the following types implement trait `AddLifetime`:
[INFO] [stdout]               As<T>
[INFO] [stdout]               Mut<T>
[INFO] [stdout]               String
[INFO] [stdout]               bool
[INFO] [stdout]               f32
[INFO] [stdout]               f64
[INFO] [stdout]               half::f16
[INFO] [stdout]               i16
[INFO] [stdout]             and 9 others
[INFO] [stdout] note: required by a bound in `V3::run_function_with_3`
[INFO] [stdout]    --> /opt/rustwide/cargo-home/registry/src/index.crates.io-1949cf8c6b5b557f/diskann-wide-0.54.0/src/arch/x86_64/v3/mod.rs:332:17
[INFO] [stdout]     |
[INFO] [stdout] 111 | impl V3 {
[INFO] [stdout] ...
[INFO] [stdout] 325 |         pub(super) unsafe fn run_function_with_3<F, T0, T1, T2, R>(
[INFO] [stdout] ...
[INFO] [stdout] 332 |             T0: AddLifetime,
[INFO] [stdout]     |                 ^^^^^^^^^^^ required by this bound in `V3::run_function_with_3`
[INFO] [stdout] 
[INFO] [stdout] 
[INFO] [stdout] error[E0283]: type annotations needed
[INFO] [stdout]    --> /opt/rustwide/cargo-home/registry/src/index.crates.io-1949cf8c6b5b557f/diskann-wide-0.54.0/src/arch/x86_64/v4/mod.rs:540:82
[INFO] [stdout]     |
[INFO] [stdout] 540 |         let f: unsafe fn(Self, T0::Of<'_>) -> R = Self::run_function_with_1::<F, _, _>;
[INFO] [stdout]     |                                                                                  ^ cannot infer type
[INFO] [stdout]     |
[INFO] [stdout]     = note: the type must implement `AddLifetime`
[INFO] [stdout]     = help: the following types implement trait `AddLifetime`:
[INFO] [stdout]               As<T>
[INFO] [stdout]               Mut<T>
[INFO] [stdout]               String
[INFO] [stdout]               bool
[INFO] [stdout]               f32
[INFO] [stdout]               f64
[INFO] [stdout]               half::f16
[INFO] [stdout]               i16
[INFO] [stdout]             and 9 others
[INFO] [stdout] note: required by a bound in `v4::V4::run_function_with_1`
[INFO] [stdout]    --> /opt/rustwide/cargo-home/registry/src/index.crates.io-1949cf8c6b5b557f/diskann-wide-0.54.0/src/arch/x86_64/v4/mod.rs:401:17
[INFO] [stdout]     |
[INFO] [stdout] 213 | impl V4 {
[INFO] [stdout] ...
[INFO] [stdout] 399 |         pub(super) unsafe fn run_function_with_1<F, T0, R>(self, x0: T0::Of<'_>) -> R
[INFO] [stdout] 400 |         where
[INFO] [stdout] 401 |             T0: AddLifetime,
[INFO] [stdout]     |                 ^^^^^^^^^^^ required by this bound in `V4::run_function_with_1`
[INFO] [stdout] 
[INFO] [stdout] 
[INFO] [stdout] error[E0283]: type annotations needed
[INFO] [stdout]    --> /opt/rustwide/cargo-home/registry/src/index.crates.io-1949cf8c6b5b557f/diskann-wide-0.54.0/src/arch/x86_64/v4/mod.rs:555:44
[INFO] [stdout]     |
[INFO] [stdout] 555 |             Self::run_function_with_2::<F, _, _, _>;
[INFO] [stdout]     |                                            ^ cannot infer type
[INFO] [stdout]     |
[INFO] [stdout]     = note: the type must implement `AddLifetime`
[INFO] [stdout]     = help: the following types implement trait `AddLifetime`:
[INFO] [stdout]               As<T>
[INFO] [stdout]               Mut<T>
[INFO] [stdout]               String
[INFO] [stdout]               bool
[INFO] [stdout]               f32
[INFO] [stdout]               f64
[INFO] [stdout]               half::f16
[INFO] [stdout]               i16
[INFO] [stdout]             and 9 others
[INFO] [stdout] note: required by a bound in `v4::V4::run_function_with_2`
[INFO] [stdout]    --> /opt/rustwide/cargo-home/registry/src/index.crates.io-1949cf8c6b5b557f/diskann-wide-0.54.0/src/arch/x86_64/v4/mod.rs:418:17
[INFO] [stdout]     |
[INFO] [stdout] 213 | impl V4 {
[INFO] [stdout] ...
[INFO] [stdout] 412 |         pub(super) unsafe fn run_function_with_2<F, T0, T1, R>(
[INFO] [stdout] ...
[INFO] [stdout] 418 |             T0: AddLifetime,
[INFO] [stdout]     |                 ^^^^^^^^^^^ required by this bound in `V4::run_function_with_2`
[INFO] [stdout] 
[INFO] [stdout] 
[INFO] [stdout] error[E0283]: type annotations needed
[INFO] [stdout]    --> /opt/rustwide/cargo-home/registry/src/index.crates.io-1949cf8c6b5b557f/diskann-wide-0.54.0/src/arch/x86_64/v4/mod.rs:571:44
[INFO] [stdout]     |
[INFO] [stdout] 571 |             Self::run_function_with_3::<F, _, _, _, _>;
[INFO] [stdout]     |                                            ^ cannot infer type
[INFO] [stdout]     |
[INFO] [stdout]     = note: the type must implement `AddLifetime`
[INFO] [stdout]     = help: the following types implement trait `AddLifetime`:
[INFO] [stdout]               As<T>
[INFO] [stdout]               Mut<T>
[INFO] [stdout]               String
[INFO] [stdout]               bool
[INFO] [stdout]               f32
[INFO] [stdout]               f64
[INFO] [stdout]               half::f16
[INFO] [stdout]               i16
[INFO] [stdout]             and 9 others
[INFO] [stdout] note: required by a bound in `v4::V4::run_function_with_3`
[INFO] [stdout]    --> /opt/rustwide/cargo-home/registry/src/index.crates.io-1949cf8c6b5b557f/diskann-wide-0.54.0/src/arch/x86_64/v4/mod.rs:437:17
[INFO] [stdout]     |
[INFO] [stdout] 213 | impl V4 {
[INFO] [stdout] ...
[INFO] [stdout] 430 |         pub(super) unsafe fn run_function_with_3<F, T0, T1, T2, R>(
[INFO] [stdout] ...
[INFO] [stdout] 437 |             T0: AddLifetime,
[INFO] [stdout]     |                 ^^^^^^^^^^^ required by this bound in `V4::run_function_with_3`
[INFO] [stdout] 
[INFO] [stdout] 
[INFO] [stderr]     Checking futures-executor v0.3.33
[INFO] [stderr]     Checking tendril v0.5.1
[INFO] [stdout] For more information about this error, try `rustc --explain E0283`.
[INFO] [stdout] 
[INFO] [stderr] error: could not compile `diskann-wide` (lib) due to 6 previous errors
[INFO] [stderr] warning: build failed, waiting for other jobs to finish...
[INFO] running `Command { std: "docker" "inspect" "1ff10cd17373ebead3fb7b99ce58859a462db8aa87892d05c3dedcc2383b58bf", kill_on_drop: false }`
[INFO] running `Command { std: "docker" "rm" "-f" "1ff10cd17373ebead3fb7b99ce58859a462db8aa87892d05c3dedcc2383b58bf", kill_on_drop: false }`
[INFO] [stdout] 1ff10cd17373ebead3fb7b99ce58859a462db8aa87892d05c3dedcc2383b58bf
