[INFO] cloning repository https://github.com/chiragvx/rekoncfd
[INFO] running `Command { std: "git" "-c" "credential.helper=" "-c" "credential.helper=/workspace/cargo-home/bin/git-credential-null" "clone" "--bare" "https://github.com/chiragvx/rekoncfd" "/workspace/cache/git-repos/https%3A%2F%2Fgithub.com%2Fchiragvx%2Frekoncfd", kill_on_drop: false }`
[INFO] [stderr] Cloning into bare repository '/workspace/cache/git-repos/https%3A%2F%2Fgithub.com%2Fchiragvx%2Frekoncfd'...
[INFO] running `Command { std: "git" "rev-parse" "HEAD", kill_on_drop: false }`
[INFO] [stdout] 87401bbf8b50aadc07ca3621ae65631d378195d5
[INFO] checking chiragvx/rekoncfd against 3154cc1a3e6424e44f438a95007d043ed5ceaaf6+rustflags=-Znext-solver=coherence for pr-133502-30
[INFO] running `Command { std: "git" "clone" "/workspace/cache/git-repos/https%3A%2F%2Fgithub.com%2Fchiragvx%2Frekoncfd" "/workspace/builds/worker-1-tc1/source", kill_on_drop: false }`
[INFO] [stderr] Cloning into '/workspace/builds/worker-1-tc1/source'...
[INFO] [stderr] done.
[INFO] started tweaking git repo https://github.com/chiragvx/rekoncfd
[INFO] finished tweaking git repo https://github.com/chiragvx/rekoncfd
[INFO] tweaked toml for git repo https://github.com/chiragvx/rekoncfd written to /workspace/builds/worker-1-tc1/source/Cargo.toml
[INFO] validating manifest of git repo https://github.com/chiragvx/rekoncfd on toolchain 3154cc1a3e6424e44f438a95007d043ed5ceaaf6
[INFO] running `Command { std: CARGO_HOME="/workspace/cargo-home" RUSTUP_HOME="/workspace/rustup-home" "/workspace/cargo-home/bin/cargo" "+3154cc1a3e6424e44f438a95007d043ed5ceaaf6" "metadata" "--manifest-path" "Cargo.toml" "--no-deps", kill_on_drop: false }`
[INFO] crate git repo https://github.com/chiragvx/rekoncfd already has a lockfile, it will not be regenerated
[INFO] running `Command { std: CARGO_HOME="/workspace/cargo-home" RUSTUP_HOME="/workspace/rustup-home" "/workspace/cargo-home/bin/cargo" "+3154cc1a3e6424e44f438a95007d043ed5ceaaf6" "fetch" "--manifest-path" "Cargo.toml", kill_on_drop: false }`
[INFO] [stderr] warning: unused workspace dependency `serde_json`
[INFO] [stderr]   --> Cargo.toml:15:1
[INFO] [stderr]    |
[INFO] [stderr] 15 | serde_json = "1"
[INFO] [stderr]    | ^^^^^^^^^^
[INFO] [stderr]    |
[INFO] [stderr]    = note: `cargo::unused_workspace_dependencies` is set to `warn` by default
[INFO] [stderr] help: consider removing the workspace dependency `serde_json`
[INFO] [stderr] warning: workspace (manifest) generated 1 warning
[INFO] [stderr]     Updating crates.io index
[INFO] [stderr]  Downloading crates ...
[INFO] [stderr]   Downloaded stl_io v0.8.6
[INFO] [stderr]   Downloaded tao v0.37.0
[INFO] [stderr]   Downloaded self_update v0.44.0
[INFO] running `Command { std: "docker" "create" "-v" "/var/lib/crater-agent-workspace/builds/worker-1-tc1/source:/opt/rustwide/workdir:ro,Z" "-v" "/var/lib/crater-agent-workspace/builds/worker-1-tc1/target:/opt/rustwide/target:rw,Z" "-v" "/var/lib/crater-agent-workspace/cargo-home:/opt/rustwide/cargo-home:ro,Z" "-v" "/var/lib/crater-agent-workspace/rustup-home:/opt/rustwide/rustup-home:ro,Z" "-m" "1610612736" "--network" "none" "ghcr.io/rust-lang/crates-build-env/linux@sha256:77db811e55d90add9212f6832c23229e3de5f1c1f9905e8cb07319ea15df73ac" "sleep" "infinity", kill_on_drop: false }`
[INFO] [stdout] 834d38da11c31b22a15ab5a14f6da0528cd2acb1238c9419cf315d56dd31a8ef
[INFO] running `Command { std: "docker" "start" "834d38da11c31b22a15ab5a14f6da0528cd2acb1238c9419cf315d56dd31a8ef", kill_on_drop: false }`
[INFO] running `Command { std: "docker" "inspect" "834d38da11c31b22a15ab5a14f6da0528cd2acb1238c9419cf315d56dd31a8ef", kill_on_drop: false }`
[INFO] running `Command { std: "docker" "exec" "-e" "SOURCE_DIR=/opt/rustwide/workdir" "-e" "CARGO_HOME=/opt/rustwide/cargo-home" "-e" "RUSTUP_HOME=/opt/rustwide/rustup-home" "-e" "CARGO_TARGET_DIR=/opt/rustwide/target" "-w" "/opt/rustwide/workdir" "--user" "0:0" "834d38da11c31b22a15ab5a14f6da0528cd2acb1238c9419cf315d56dd31a8ef" "/opt/rustwide/cargo-home/bin/cargo" "+3154cc1a3e6424e44f438a95007d043ed5ceaaf6" "metadata" "--no-deps" "--format-version=1", kill_on_drop: false }`
[INFO] running `Command { std: "docker" "inspect" "834d38da11c31b22a15ab5a14f6da0528cd2acb1238c9419cf315d56dd31a8ef", kill_on_drop: false }`
[INFO] running `Command { std: "docker" "exec" "-e" "SOURCE_DIR=/opt/rustwide/workdir" "-e" "CARGO_HOME=/opt/rustwide/cargo-home" "-e" "RUSTUP_HOME=/opt/rustwide/rustup-home" "-e" "CARGO_TARGET_DIR=/opt/rustwide/target" "-e" "CARGO_INCREMENTAL=0" "-e" "RUST_BACKTRACE=full" "-e" "RUSTFLAGS=--cap-lints=forbid -Znext-solver=coherence" "-e" "RUSTDOCFLAGS=--cap-lints=forbid" "-w" "/opt/rustwide/workdir" "--user" "0:0" "834d38da11c31b22a15ab5a14f6da0528cd2acb1238c9419cf315d56dd31a8ef" "/opt/rustwide/cargo-home/bin/cargo" "+3154cc1a3e6424e44f438a95007d043ed5ceaaf6" "check" "--frozen" "--all" "--all-targets" "--message-format=json", kill_on_drop: false }`
[INFO] [stderr] warning: unused workspace dependency `serde_json`
[INFO] [stderr]   --> Cargo.toml:15:1
[INFO] [stderr]    |
[INFO] [stderr] 15 | serde_json = "1"
[INFO] [stderr]    | ^^^^^^^^^^
[INFO] [stderr]    |
[INFO] [stderr]    = note: `cargo::unused_workspace_dependencies` is set to `warn` by default
[INFO] [stderr] help: consider removing the workspace dependency `serde_json`
[INFO] [stderr] warning: workspace (manifest) generated 1 warning
[INFO] [stderr]    Compiling target-lexicon v0.12.16
[INFO] [stderr]    Compiling syn v3.0.3
[INFO] [stderr]    Compiling serde v1.0.229
[INFO] [stderr]    Compiling jobserver v0.1.35
[INFO] [stderr]     Checking bitflags v2.13.1
[INFO] [stderr]     Checking parking_lot_core v0.9.12
[INFO] [stderr]     Checking tracing v0.1.44
[INFO] [stderr]    Compiling proc-macro-error-attr v1.0.4
[INFO] [stderr]    Compiling syn v1.0.109
[INFO] [stderr]    Compiling aws-lc-rs v1.18.0
[INFO] [stderr]    Compiling gio v0.18.4
[INFO] [stderr]    Compiling memoffset v0.9.1
[INFO] [stderr]    Compiling x11 v2.21.0
[INFO] [stderr]    Compiling field-offset v0.3.6
[INFO] [stderr]     Checking float-cmp v0.9.0
[INFO] [stderr]    Compiling rustls v0.23.43
[INFO] [stderr]     Checking either v1.17.0
[INFO] [stderr]    Compiling gtk v0.18.2
[INFO] [stderr]    Compiling native-tls v0.2.18
[INFO] [stderr]    Compiling cc v1.4.4
[INFO] [stderr]     Checking parking_lot v0.12.5
[INFO] [stderr]     Checking stl_io v0.8.6
[INFO] [stderr]     Checking glam v0.29.3
[INFO] [stderr]     Checking regex-automata v0.4.18
[INFO] [stderr]     Checking rayon v1.12.0
[INFO] [stderr]    Compiling proc-macro-error v1.0.4
[INFO] [stderr]    Compiling matrixmultiply v0.3.11
[INFO] [stderr]    Compiling libxdo-sys v0.11.0
[INFO] [stderr]    Compiling digest v0.11.3
[INFO] [stderr]     Checking digest v0.10.7
[INFO] [stderr]     Checking rand_chacha v0.9.0
[INFO] [stderr]     Checking crypto-common v0.2.2
[INFO] [stderr]     Checking block-buffer v0.12.1
[INFO] [stderr]     Checking approx v0.5.1
[INFO] [stderr]    Compiling libdbus-sys v0.2.7
[INFO] [stderr]    Compiling cpufeatures v0.3.0
[INFO] [stderr]    Compiling portable-atomic v1.15.0
[INFO] [stderr]     Checking rustix v1.1.4
[INFO] [stderr]     Checking sha1 v0.10.7
[INFO] [stderr]    Compiling sha2 v0.11.0
[INFO] [stderr]     Checking rand v0.9.5
[INFO] [stderr]     Checking num-rational v0.4.2
[INFO] [stderr]    Compiling cfg-expr v0.15.8
[INFO] [stderr]     Checking rustls-native-certs v0.8.4
[INFO] [stderr]    Compiling nalgebra-macros v0.2.2
[INFO] [stderr]     Checking libloading v0.7.4
[INFO] [stderr]     Checking http-range-header v0.4.2
[INFO] [stderr]    Compiling mime v0.3.17
[INFO] [stderr]    Compiling toml_datetime v0.6.3
[INFO] [stderr]    Compiling serde_spanned v0.6.9
[INFO] [stderr]     Checking unicode-segmentation v1.13.3
[INFO] [stderr]    Compiling mime_guess v2.0.5
[INFO] [stderr]    Compiling cmake v0.1.58
[INFO] [stderr]    Compiling toml_edit v0.20.2
[INFO] [stderr]    Compiling toml_edit v0.19.15
[INFO] [stderr]     Checking libxdo v0.6.0
[INFO] [stderr]    Compiling rust-embed-utils v8.12.0
[INFO] [stderr]     Checking console v0.16.4
[INFO] [stderr]     Checking dirs-sys v0.5.0
[INFO] [stderr]    Compiling dlopen2_derive v0.4.3
[INFO] [stderr]     Checking tracing-log v0.2.0
[INFO] [stderr]     Checking is-docker v0.2.0
[INFO] [stderr]    Compiling self_update v0.44.0
[INFO] [stderr]     Checking nu-ansi-term v0.50.3
[INFO] [stderr]     Checking unit-prefix v0.5.2
[INFO] [stderr]     Checking spin v0.9.9
[INFO] [stderr]     Checking dbus v0.9.12
[INFO] [stderr]     Checking is-wsl v0.4.0
[INFO] [stderr]     Checking dirs v6.0.0
[INFO] [stderr]     Checking png v0.18.1
[INFO] [stderr]    Compiling rust-embed-impl v8.12.0
[INFO] [stderr]     Checking indicatif v0.18.6
[INFO] [stderr]     Checking x11-dl v2.21.0
[INFO] [stderr]     Checking dlopen2 v0.8.2
[INFO] [stderr]     Checking axum-core v0.5.6
[INFO] [stderr]     Checking quick-xml v0.38.4
[INFO] [stderr]     Checking open v5.4.1
[INFO] [stderr]    Compiling aws-lc-sys v0.44.0
[INFO] [stderr]    Compiling openssl-sys v0.9.117
[INFO] [stderr]     Checking rust-embed v8.12.0
[INFO] [stderr]     Checking tempfile v3.27.0
[INFO] [stderr]    Compiling openssl v0.10.81
[INFO] [stderr]     Checking self-replace v1.5.0
[INFO] [stderr]     Checking matchers v0.2.0
[INFO] [stderr]     Checking regex v1.13.1
[INFO] [stderr]     Checking tracing-subscriber v0.3.23
[INFO] [stderr]    Compiling proc-macro-crate v1.3.1
[INFO] [stderr]    Compiling gtk3-macros v0.18.2
[INFO] [stderr]    Compiling toml v0.8.2
[INFO] [stderr]    Compiling proc-macro-crate v2.0.2
[INFO] [stderr]    Compiling system-deps v6.2.2
[INFO] [stderr]    Compiling glib-macros v0.18.5
[INFO] [stderr]    Compiling glib-sys v0.18.1
[INFO] [stderr]    Compiling gobject-sys v0.18.0
[INFO] [stderr]    Compiling gio-sys v0.18.1
[INFO] [stderr]    Compiling gdk-sys v0.18.2
[INFO] [stderr]    Compiling pango-sys v0.18.0
[INFO] [stderr]    Compiling gdk-pixbuf-sys v0.18.0
[INFO] [stderr]    Compiling cairo-sys-rs v0.18.2
[INFO] [stderr]    Compiling atk-sys v0.18.2
[INFO] [stderr]    Compiling gtk-sys v0.18.2
[INFO] [stderr]    Compiling gdkx11-sys v0.18.2
[INFO] [stderr]    Compiling futures-macro v0.3.34
[INFO] [stderr]    Compiling tokio-macros v2.7.2
[INFO] [stderr]    Compiling zerovec-derive v0.11.6
[INFO] [stderr]    Compiling displaydoc v0.2.7
[INFO] [stderr]    Compiling thiserror-impl v2.0.20
[INFO] [stderr]    Compiling bytemuck_derive v1.12.0
[INFO] [stderr]    Compiling serde_derive v1.0.229
[INFO] [stderr]     Checking futures-util v0.3.34
[INFO] [stderr]     Checking tokio v1.53.1
[INFO] [stderr]     Checking zerotrie v0.2.5
[INFO] [stderr]     Checking bytemuck v1.25.2
[INFO] [stderr]     Checking safe_arch v0.7.4
[INFO] [stderr]     Checking rekon-protocol v0.1.5 (/opt/rustwide/workdir/crates/rekon-protocol)
[INFO] [stderr]     Checking zerovec v0.11.8
[INFO] [stderr]     Checking gdkwayland-sys v0.18.2
[INFO] [stderr]     Checking wide v0.7.33
[INFO] [stderr]     Checking tinystr v0.8.4
[INFO] [stderr]     Checking potential_utf v0.1.6
[INFO] [stderr]     Checking icu_locale_core v2.3.0
[INFO] [stderr]     Checking icu_collections v2.3.0
[INFO] [stderr]     Checking thiserror v2.0.20
[INFO] [stderr]     Checking rekon-geometry v0.1.5 (/opt/rustwide/workdir/crates/rekon-geometry)
[INFO] [stderr]     Checking tungstenite v0.29.0
[INFO] [stderr]     Checking rekon-lbm v0.1.5 (/opt/rustwide/workdir/crates/rekon-lbm)
[INFO] [stderr]     Checking simba v0.9.1
[INFO] [stderr]     Checking keyboard-types v0.7.0
[INFO] [stderr]     Checking serde_urlencoded v0.7.1
[INFO] [stderr]     Checking icu_provider v2.3.1
[INFO] [stderr]     Checking icu_properties v2.3.0
[INFO] [stderr]     Checking icu_normalizer v2.3.0
[INFO] [stderr]     Checking libappindicator-sys v0.9.0
[INFO] [stderr]     Checking futures-executor v0.3.34
[INFO] [stderr]     Checking multer v3.1.0
[INFO] [stderr]     Checking glib v0.18.5
[INFO] [stderr]     Checking idna_adapter v1.2.2
[INFO] [stderr]     Checking tokio-util v0.7.19
[INFO] [stderr]     Checking tower v0.5.3
[INFO] [stderr]     Checking tokio-native-tls v0.3.1
[INFO] [stderr]     Checking tokio-tungstenite v0.29.0
[INFO] [stderr]     Checking idna v1.1.0
[INFO] [stderr]     Checking url v2.5.8
[INFO] [stderr]     Checking h2 v0.4.18
[INFO] [stderr]     Checking tower-http v0.6.11
[INFO] [stderr]     Checking nalgebra v0.33.3
[INFO] [stderr]     Checking hyper v1.11.0
[INFO] [stderr]     Checking cairo-rs v0.18.5
[INFO] [stderr]     Checking atk v0.18.2
[INFO] [stderr]     Checking hyper-util v0.1.20
[INFO] [stderr]     Checking hyper-tls v0.6.0
[INFO] [stderr]     Checking axum v0.8.9
[INFO] [stderr]     Checking rekon-panel v0.1.5 (/opt/rustwide/workdir/crates/rekon-panel)
[INFO] [stderr]     Checking rustls-webpki v0.103.15
[INFO] [stderr]     Checking tokio-rustls v0.26.4
[INFO] [stderr]     Checking rustls-platform-verifier v0.7.0
[INFO] [stderr]     Checking hyper-rustls v0.27.9
[INFO] [stderr]     Checking reqwest v0.13.4
[INFO] [stderr]     Checking gdk-pixbuf v0.18.5
[INFO] [stderr]     Checking pango v0.18.3
[INFO] [stderr]     Checking gdk v0.18.2
[INFO] [stderr]     Checking muda v0.19.3
[INFO] [stderr]     Checking libappindicator v0.9.0
[INFO] [stderr]     Checking tao v0.37.0
[INFO] [stderr]     Checking tray-icon v0.24.2
[INFO] [stderr]     Checking rekon-app v0.1.5 (/opt/rustwide/workdir/crates/rekon-app)
[INFO] [stdout] error: #[derive(RustEmbed)] folder '/opt/rustwide/workdir/crates/rekon-app/../../web/dist' does not exist. cwd: '/opt/rustwide/workdir'
[INFO] [stdout]   --> crates/rekon-app/src/http.rs:18:1
[INFO] [stdout]    |
[INFO] [stdout] 18 | / /// The built frontend (`npm run build` in `web/`) is embedded into the binary at
[INFO] [stdout] 19 | | /// compile time, so the release artifact is a single standalone `.exe` with no
[INFO] [stdout] 20 | | /// separate Node/npm step required at runtime.
[INFO] [stdout] 21 | | #[derive(RustEmbed)]
[INFO] [stdout] 22 | | #[folder = "../../web/dist"]
[INFO] [stdout] 23 | | struct FrontendAssets;
[INFO] [stdout]    | |______________________^
[INFO] [stdout] 
[INFO] [stdout] 
[INFO] [stdout] error: #[derive(RustEmbed)] folder '/opt/rustwide/workdir/crates/rekon-app/../../web/dist' does not exist. cwd: '/opt/rustwide/workdir'
[INFO] [stdout]   --> crates/rekon-app/src/http.rs:18:1
[INFO] [stdout]    |
[INFO] [stdout] 18 | / /// The built frontend (`npm run build` in `web/`) is embedded into the binary at
[INFO] [stdout] 19 | | /// compile time, so the release artifact is a single standalone `.exe` with no
[INFO] [stdout] 20 | | /// separate Node/npm step required at runtime.
[INFO] [stdout] 21 | | #[derive(RustEmbed)]
[INFO] [stdout] 22 | | #[folder = "../../web/dist"]
[INFO] [stdout] 23 | | struct FrontendAssets;
[INFO] [stdout]    | |______________________^
[INFO] [stdout] 
[INFO] [stdout] 
[INFO] [stdout] error[E0599]: no associated function or constant named `get` found for struct `FrontendAssets` in the current scope
[INFO] [stdout]   --> crates/rekon-app/src/http.rs:29:27
[INFO] [stdout]    |
[INFO] [stdout] 23 | struct FrontendAssets;
[INFO] [stdout]    | --------------------- associated function or constant `get` not found for this struct
[INFO] [stdout] ...
[INFO] [stdout] 29 |     match FrontendAssets::get(path) {
[INFO] [stdout]    |                           ^^^ associated function or constant not found in `FrontendAssets`
[INFO] [stdout]    |
[INFO] [stdout]    = help: items from traits can only be used if the trait is implemented and in scope
[INFO] [stdout]    = note: the following traits define an item `get`, perhaps you need to implement one of them:
[INFO] [stdout]            candidate #1: `Embed`
[INFO] [stdout]            candidate #2: `MatrixIndex`
[INFO] [stdout]            candidate #3: `SliceIndex`
[INFO] [stdout]            candidate #4: `dbus::arg::msgarg::Get`
[INFO] [stdout]            candidate #5: `dbus::blocking::generated_org_freedesktop_standard_interfaces::Properties`
[INFO] [stdout]            candidate #6: `dbus::ffidisp::stdintf::org_freedesktop_dbus::Properties`
[INFO] [stdout]            candidate #7: `gio::auto::dbus_interface::DBusInterfaceExt`
[INFO] [stdout]            candidate #8: `gio::settings::SettingsExtManual`
[INFO] [stdout]            candidate #9: `gio::unix_fd_list::UnixFDListExtManual`
[INFO] [stdout]            candidate #10: `glib::property::PropertyGet`
[INFO] [stdout]            candidate #11: `icu_collections::codepointtrie::cptrie::TypedCodePointTrie`
[INFO] [stdout]            candidate #12: `icu_properties::names::PropertyEnumToValueNameLookup`
[INFO] [stdout]            candidate #13: `icu_provider::baked::DataStore`
[INFO] [stdout]            candidate #14: `rustls::server::server_conn::StoresServerSessions`
[INFO] [stdout] 
[INFO] [stdout] 
[INFO] [stdout] error[E0599]: no associated function or constant named `get` found for struct `FrontendAssets` in the current scope
[INFO] [stdout]   --> crates/rekon-app/src/http.rs:29:27
[INFO] [stdout]    |
[INFO] [stdout] 23 | struct FrontendAssets;
[INFO] [stdout]    | --------------------- associated function or constant `get` not found for this struct
[INFO] [stdout] ...
[INFO] [stdout] 29 |     match FrontendAssets::get(path) {
[INFO] [stdout]    |                           ^^^ associated function or constant not found in `FrontendAssets`
[INFO] [stdout]    |
[INFO] [stdout]    = help: items from traits can only be used if the trait is implemented and in scope
[INFO] [stdout]    = note: the following traits define an item `get`, perhaps you need to implement one of them:
[INFO] [stdout]            candidate #1: `Embed`
[INFO] [stdout]            candidate #2: `MatrixIndex`
[INFO] [stdout]            candidate #3: `SliceIndex`
[INFO] [stdout]            candidate #4: `dbus::arg::msgarg::Get`
[INFO] [stdout]            candidate #5: `dbus::blocking::generated_org_freedesktop_standard_interfaces::Properties`
[INFO] [stdout]            candidate #6: `dbus::ffidisp::stdintf::org_freedesktop_dbus::Properties`
[INFO] [stdout]            candidate #7: `gio::auto::dbus_interface::DBusInterfaceExt`
[INFO] [stdout]            candidate #8: `gio::settings::SettingsExtManual`
[INFO] [stdout]            candidate #9: `gio::unix_fd_list::UnixFDListExtManual`
[INFO] [stdout]            candidate #10: `glib::property::PropertyGet`
[INFO] [stdout]            candidate #11: `icu_collections::codepointtrie::cptrie::TypedCodePointTrie`
[INFO] [stdout]            candidate #12: `icu_properties::names::PropertyEnumToValueNameLookup`
[INFO] [stdout]            candidate #13: `icu_provider::baked::DataStore`
[INFO] [stdout]            candidate #14: `rustls::server::server_conn::StoresServerSessions`
[INFO] [stdout] 
[INFO] [stdout] 
[INFO] [stdout] error[E0599]: no associated function or constant named `get` found for struct `FrontendAssets` in the current scope
[INFO] [stdout]   --> crates/rekon-app/src/http.rs:39:39
[INFO] [stdout]    |
[INFO] [stdout] 23 | struct FrontendAssets;
[INFO] [stdout]    | --------------------- associated function or constant `get` not found for this struct
[INFO] [stdout] ...
[INFO] [stdout] 39 |         None => match FrontendAssets::get("index.html") {
[INFO] [stdout]    |                                       ^^^ associated function or constant not found in `FrontendAssets`
[INFO] [stdout]    |
[INFO] [stdout]    = help: items from traits can only be used if the trait is implemented and in scope
[INFO] [stdout]    = note: the following traits define an item `get`, perhaps you need to implement one of them:
[INFO] [stdout]            candidate #1: `Embed`
[INFO] [stdout]            candidate #2: `MatrixIndex`
[INFO] [stdout]            candidate #3: `SliceIndex`
[INFO] [stdout]            candidate #4: `dbus::arg::msgarg::Get`
[INFO] [stdout]            candidate #5: `dbus::blocking::generated_org_freedesktop_standard_interfaces::Properties`
[INFO] [stdout]            candidate #6: `dbus::ffidisp::stdintf::org_freedesktop_dbus::Properties`
[INFO] [stdout]            candidate #7: `gio::auto::dbus_interface::DBusInterfaceExt`
[INFO] [stdout]            candidate #8: `gio::settings::SettingsExtManual`
[INFO] [stdout]            candidate #9: `gio::unix_fd_list::UnixFDListExtManual`
[INFO] [stdout]            candidate #10: `glib::property::PropertyGet`
[INFO] [stdout]            candidate #11: `icu_collections::codepointtrie::cptrie::TypedCodePointTrie`
[INFO] [stdout]            candidate #12: `icu_properties::names::PropertyEnumToValueNameLookup`
[INFO] [stdout]            candidate #13: `icu_provider::baked::DataStore`
[INFO] [stdout]            candidate #14: `rustls::server::server_conn::StoresServerSessions`
[INFO] [stdout] 
[INFO] [stdout] 
[INFO] [stdout] error[E0599]: no associated function or constant named `get` found for struct `FrontendAssets` in the current scope
[INFO] [stdout]   --> crates/rekon-app/src/http.rs:39:39
[INFO] [stdout]    |
[INFO] [stdout] 23 | struct FrontendAssets;
[INFO] [stdout]    | --------------------- associated function or constant `get` not found for this struct
[INFO] [stdout] ...
[INFO] [stdout] 39 |         None => match FrontendAssets::get("index.html") {
[INFO] [stdout]    |                                       ^^^ associated function or constant not found in `FrontendAssets`
[INFO] [stdout]    |
[INFO] [stdout]    = help: items from traits can only be used if the trait is implemented and in scope
[INFO] [stdout]    = note: the following traits define an item `get`, perhaps you need to implement one of them:
[INFO] [stdout]            candidate #1: `Embed`
[INFO] [stdout]            candidate #2: `MatrixIndex`
[INFO] [stdout]            candidate #3: `SliceIndex`
[INFO] [stdout]            candidate #4: `dbus::arg::msgarg::Get`
[INFO] [stdout]            candidate #5: `dbus::blocking::generated_org_freedesktop_standard_interfaces::Properties`
[INFO] [stdout]            candidate #6: `dbus::ffidisp::stdintf::org_freedesktop_dbus::Properties`
[INFO] [stdout]            candidate #7: `gio::auto::dbus_interface::DBusInterfaceExt`
[INFO] [stdout]            candidate #8: `gio::settings::SettingsExtManual`
[INFO] [stdout]            candidate #9: `gio::unix_fd_list::UnixFDListExtManual`
[INFO] [stdout]            candidate #10: `glib::property::PropertyGet`
[INFO] [stdout]            candidate #11: `icu_collections::codepointtrie::cptrie::TypedCodePointTrie`
[INFO] [stdout]            candidate #12: `icu_properties::names::PropertyEnumToValueNameLookup`
[INFO] [stdout]            candidate #13: `icu_provider::baked::DataStore`
[INFO] [stdout]            candidate #14: `rustls::server::server_conn::StoresServerSessions`
[INFO] [stdout] 
[INFO] [stdout] 
[INFO] [stdout] For more information about this error, try `rustc --explain E0599`.
[INFO] [stdout] 
[INFO] [stderr] error: could not compile `rekon-app` (bin "rekon-app") due to 3 previous errors
[INFO] [stderr] warning: build failed, waiting for other jobs to finish...
[INFO] [stdout] For more information about this error, try `rustc --explain E0599`.
[INFO] [stdout] 
[INFO] [stderr] error: could not compile `rekon-app` (bin "rekon-app" test) due to 3 previous errors
[INFO] [stderr] warning: unused dependency `tracing`
[INFO] [stderr]   --> crates/rekon-geometry/Cargo.toml:11:1
[INFO] [stderr]    |
[INFO] [stderr] 11 | tracing = { workspace = true }
[INFO] [stderr]    | ^^^^^^^^^^^^^^^^^^^^^^^^^^^^^^
[INFO] [stderr]    |
[INFO] [stderr]    = note: `cargo::unused_dependencies` is set to `warn` by default
[INFO] [stderr] help: consider removing the dependency on `tracing`
[INFO] [stderr] warning: `rekon-geometry` (manifest) generated 1 warning
[INFO] running `Command { std: "docker" "inspect" "834d38da11c31b22a15ab5a14f6da0528cd2acb1238c9419cf315d56dd31a8ef", kill_on_drop: false }`
[INFO] running `Command { std: "docker" "rm" "-f" "834d38da11c31b22a15ab5a14f6da0528cd2acb1238c9419cf315d56dd31a8ef", kill_on_drop: false }`
[INFO] [stdout] 834d38da11c31b22a15ab5a14f6da0528cd2acb1238c9419cf315d56dd31a8ef
