[INFO] cloning repository https://github.com/chenzhou0071/EchoRoom
[INFO] running `Command { std: "git" "-c" "credential.helper=" "-c" "credential.helper=/workspace/cargo-home/bin/git-credential-null" "clone" "--bare" "https://github.com/chenzhou0071/EchoRoom" "/workspace/cache/git-repos/https%3A%2F%2Fgithub.com%2Fchenzhou0071%2FEchoRoom", kill_on_drop: false }`
[INFO] [stderr] Cloning into bare repository '/workspace/cache/git-repos/https%3A%2F%2Fgithub.com%2Fchenzhou0071%2FEchoRoom'...
[INFO] running `Command { std: "git" "rev-parse" "HEAD", kill_on_drop: false }`
[INFO] [stdout] ca0dc2f3205a7ada1be2adc957ff38461e30fb42
[INFO] checking chenzhou0071/EchoRoom against 3154cc1a3e6424e44f438a95007d043ed5ceaaf6 for pr-133502-30
[INFO] running `Command { std: "git" "clone" "/workspace/cache/git-repos/https%3A%2F%2Fgithub.com%2Fchenzhou0071%2FEchoRoom" "/workspace/builds/worker-5-tc2/source", kill_on_drop: false }`
[INFO] [stderr] Cloning into '/workspace/builds/worker-5-tc2/source'...
[INFO] [stderr] done.
[INFO] started tweaking git repo https://github.com/chenzhou0071/EchoRoom
[INFO] finished tweaking git repo https://github.com/chenzhou0071/EchoRoom
[INFO] tweaked toml for git repo https://github.com/chenzhou0071/EchoRoom written to /workspace/builds/worker-5-tc2/source/Cargo.toml
[INFO] validating manifest of git repo https://github.com/chenzhou0071/EchoRoom on toolchain 3154cc1a3e6424e44f438a95007d043ed5ceaaf6
[INFO] running `Command { std: CARGO_HOME="/workspace/cargo-home" RUSTUP_HOME="/workspace/rustup-home" "/workspace/cargo-home/bin/cargo" "+3154cc1a3e6424e44f438a95007d043ed5ceaaf6" "metadata" "--manifest-path" "Cargo.toml" "--no-deps", kill_on_drop: false }`
[INFO] crate git repo https://github.com/chenzhou0071/EchoRoom already has a lockfile, it will not be regenerated
[INFO] running `Command { std: CARGO_HOME="/workspace/cargo-home" RUSTUP_HOME="/workspace/rustup-home" "/workspace/cargo-home/bin/cargo" "+3154cc1a3e6424e44f438a95007d043ed5ceaaf6" "fetch" "--manifest-path" "Cargo.toml", kill_on_drop: false }`
[INFO] running `Command { std: "docker" "create" "-v" "/var/lib/crater-agent-workspace/builds/worker-5-tc2/source:/opt/rustwide/workdir:ro,Z" "-v" "/var/lib/crater-agent-workspace/builds/worker-5-tc2/target:/opt/rustwide/target:rw,Z" "-v" "/var/lib/crater-agent-workspace/cargo-home:/opt/rustwide/cargo-home:ro,Z" "-v" "/var/lib/crater-agent-workspace/rustup-home:/opt/rustwide/rustup-home:ro,Z" "-m" "1610612736" "--network" "none" "ghcr.io/rust-lang/crates-build-env/linux@sha256:77db811e55d90add9212f6832c23229e3de5f1c1f9905e8cb07319ea15df73ac" "sleep" "infinity", kill_on_drop: false }`
[INFO] [stdout] ab972004b0ccb7e06d79d9324ad6e67d12257af7f995b5151c77342caacc6486
[INFO] running `Command { std: "docker" "start" "ab972004b0ccb7e06d79d9324ad6e67d12257af7f995b5151c77342caacc6486", kill_on_drop: false }`
[INFO] running `Command { std: "docker" "inspect" "ab972004b0ccb7e06d79d9324ad6e67d12257af7f995b5151c77342caacc6486", kill_on_drop: false }`
[INFO] running `Command { std: "docker" "exec" "-e" "SOURCE_DIR=/opt/rustwide/workdir" "-e" "CARGO_HOME=/opt/rustwide/cargo-home" "-e" "RUSTUP_HOME=/opt/rustwide/rustup-home" "-e" "CARGO_TARGET_DIR=/opt/rustwide/target" "-w" "/opt/rustwide/workdir" "--user" "0:0" "ab972004b0ccb7e06d79d9324ad6e67d12257af7f995b5151c77342caacc6486" "/opt/rustwide/cargo-home/bin/cargo" "+3154cc1a3e6424e44f438a95007d043ed5ceaaf6" "metadata" "--no-deps" "--format-version=1", kill_on_drop: false }`
[INFO] running `Command { std: "docker" "inspect" "ab972004b0ccb7e06d79d9324ad6e67d12257af7f995b5151c77342caacc6486", kill_on_drop: false }`
[INFO] running `Command { std: "docker" "exec" "-e" "SOURCE_DIR=/opt/rustwide/workdir" "-e" "CARGO_HOME=/opt/rustwide/cargo-home" "-e" "RUSTUP_HOME=/opt/rustwide/rustup-home" "-e" "CARGO_TARGET_DIR=/opt/rustwide/target" "-e" "CARGO_INCREMENTAL=0" "-e" "RUST_BACKTRACE=full" "-e" "RUSTFLAGS=--cap-lints=forbid" "-e" "RUSTDOCFLAGS=--cap-lints=forbid" "-w" "/opt/rustwide/workdir" "--user" "0:0" "ab972004b0ccb7e06d79d9324ad6e67d12257af7f995b5151c77342caacc6486" "/opt/rustwide/cargo-home/bin/cargo" "+3154cc1a3e6424e44f438a95007d043ed5ceaaf6" "check" "--frozen" "--all" "--all-targets" "--message-format=json", kill_on_drop: false }`
[INFO] [stderr]    Compiling smallvec v1.16.1
[INFO] [stderr]    Compiling pkg-config v0.3.34
[INFO] [stderr]    Compiling syn v3.0.5
[INFO] [stderr]    Compiling syn v2.0.119
[INFO] [stderr]    Compiling indexmap v2.14.2
[INFO] [stderr]     Checking bitflags v2.13.2
[INFO] [stderr]    Compiling slab v0.4.9
[INFO] [stderr]     Checking futures-core v0.3.31
[INFO] [stderr]     Checking futures-task v0.3.31
[INFO] [stderr]    Compiling cfg-expr v0.15.8
[INFO] [stderr]     Checking futures-channel v0.3.31
[INFO] [stderr]    Compiling litemap v0.8.3
[INFO] [stderr]    Compiling writeable v0.6.4
[INFO] [stderr]    Compiling find-msvc-tools v0.1.12
[INFO] [stderr]    Compiling parking_lot_core v0.9.12
[INFO] [stderr]    Compiling cc v1.4.6
[INFO] [stderr]    Compiling icu_properties_data v2.3.0
[INFO] [stderr]    Compiling icu_normalizer_data v2.3.0
[INFO] [stderr]    Compiling web_atoms v0.2.6
[INFO] [stderr]    Compiling parking_lot v0.12.5
[INFO] [stderr]     Checking futures-io v0.3.31
[INFO] [stderr]    Compiling percent-encoding v2.3.2
[INFO] [stderr]     Checking hashbrown v0.17.1
[INFO] [stderr]    Compiling form_urlencoded v1.2.2
[INFO] [stderr]    Compiling uuid v1.26.1
[INFO] [stderr]    Compiling string_cache v0.9.0
[INFO] [stderr]    Compiling aho-corasick v1.1.5
[INFO] [stderr]    Compiling toml v1.1.6+spec-1.1.0
[INFO] [stderr]    Compiling time v0.3.55
[INFO] [stderr]    Compiling cfb v0.7.3
[INFO] [stderr]    Compiling quick-xml v0.42.0
[INFO] [stderr]    Compiling base64 v0.23.1
[INFO] [stderr]    Compiling regex-automata v0.4.18
[INFO] [stderr]     Checking dasp_sample v0.11.0
[INFO] [stderr]    Compiling infer v0.19.0
[INFO] [stderr]    Compiling gtk v0.18.2
[INFO] [stderr]     Checking dasp_frame v0.11.0
[INFO] [stderr]    Compiling x11 v2.21.0
[INFO] [stderr]     Checking windows-link v0.2.1
[INFO] [stderr]    Compiling toml v0.9.12+spec-1.1.0
[INFO] [stderr]    Compiling crc32fast v1.5.2
[INFO] [stderr]     Checking num-integer v0.1.47
[INFO] [stderr]    Compiling embed-resource v3.0.11
[INFO] [stderr]     Checking regex-syntax v0.8.11
[INFO] [stderr]    Compiling darling_core v0.24.1
[INFO] [stderr]    Compiling synstructure v0.13.2
[INFO] [stderr]    Compiling serde_derive_internals v0.29.1
[INFO] [stderr]    Compiling crossbeam-utils v0.8.23
[INFO] [stderr]    Compiling regex v1.13.1
[INFO] [stderr]     Checking unic-char-range v0.9.0
[INFO] [stderr]     Checking unic-common v0.9.0
[INFO] [stderr]    Compiling windows_x86_64_gnu v0.52.6
[INFO] [stderr]     Checking alloc-stdlib v0.2.4
[INFO] [stderr]     Checking unic-ucd-version v0.9.0
[INFO] [stderr]    Compiling serde_derive v1.0.229
[INFO] [stderr]    Compiling zerovec-derive v0.11.6
[INFO] [stderr]    Compiling displaydoc v0.2.7
[INFO] [stderr]    Compiling thiserror-impl v2.0.20
[INFO] [stderr]    Compiling zerofrom-derive v0.1.7
[INFO] [stderr]    Compiling yoke-derive v0.8.2
[INFO] [stderr]    Compiling thiserror-impl v1.0.69
[INFO] [stderr]    Compiling phf_macros v0.13.1
[INFO] [stderr]    Compiling futures-macro v0.3.31
[INFO] [stderr]    Compiling derive_more-impl v2.1.1
[INFO] [stderr]    Compiling zerofrom v0.1.8
[INFO] [stderr]     Checking thiserror v1.0.69
[INFO] [stderr]    Compiling phf v0.13.1
[INFO] [stderr]     Checking yoke v0.8.3
[INFO] [stderr]     Checking zerovec v0.11.8
[INFO] [stderr]     Checking zerotrie v0.2.5
[INFO] [stderr]     Checking futures-util v0.3.31
[INFO] [stderr]    Compiling darling_macro v0.24.1
[INFO] [stderr]    Compiling cssparser-macros v0.6.1
[INFO] [stderr]    Compiling derive_more v2.1.1
[INFO] [stderr]    Compiling darling v0.24.1
[INFO] [stderr]    Compiling cssparser v0.36.0
[INFO] [stderr]    Compiling serde_with_macros v3.23.0
[INFO] [stderr]     Checking tinystr v0.8.4
[INFO] [stderr]     Checking potential_utf v0.1.6
[INFO] [stderr]     Checking icu_collections v2.3.0
[INFO] [stderr]     Checking icu_locale_core v2.3.0
[INFO] [stderr]    Compiling serde v1.0.229
[INFO] [stderr]     Checking icu_provider v2.3.1
[INFO] [stderr]    Compiling markup5ever v0.38.0
[INFO] [stderr]    Compiling selectors v0.36.1
[INFO] [stderr]    Compiling thiserror v2.0.20
[INFO] [stderr]    Compiling schemars_derive v0.8.22
[INFO] [stderr]    Compiling serde_with v3.23.0
[INFO] [stderr]    Compiling html5ever v0.38.0
[INFO] [stderr]     Checking icu_properties v2.3.0
[INFO] [stderr]    Compiling toml_datetime v0.6.3
[INFO] [stderr]    Compiling serde_spanned v0.6.9
[INFO] [stderr]    Compiling toml_edit v0.20.2
[INFO] [stderr]     Checking futures-executor v0.3.31
[INFO] [stderr]    Compiling toml_edit v0.19.15
[INFO] [stderr]    Compiling cargo-platform v0.1.9
[INFO] [stderr]    Compiling icu_normalizer v2.3.0
[INFO] [stderr]    Compiling indexmap v1.9.3
[INFO] [stderr]    Compiling jsonptr v0.6.3
[INFO] [stderr]    Compiling dom_query v0.27.0
[INFO] [stderr]    Compiling json-patch v3.0.1
[INFO] [stderr]    Compiling cargo_metadata v0.19.2
[INFO] [stderr]    Compiling plist v1.10.1
[INFO] [stderr]    Compiling idna_adapter v1.2.2
[INFO] [stderr]    Compiling idna v1.1.0
[INFO] [stderr]    Compiling cargo_toml v0.22.3
[INFO] [stderr]    Compiling url v2.5.8
[INFO] [stderr]     Checking dpi v0.1.2
[INFO] [stderr]    Compiling toml v0.8.2
[INFO] [stderr]    Compiling proc-macro-crate v2.0.2
[INFO] [stderr]    Compiling proc-macro-crate v1.3.1
[INFO] [stderr]    Compiling schemars v0.8.22
[INFO] [stderr]    Compiling system-deps v6.2.2
[INFO] [stderr]    Compiling urlpattern v0.3.0
[INFO] [stderr]     Checking unic-char-property v0.9.0
[INFO] [stderr]    Compiling tauri-winres v0.3.6
[INFO] [stderr]    Compiling glib-macros v0.18.5
[INFO] [stderr]    Compiling gtk3-macros v0.18.2
[INFO] [stderr]    Compiling dirs v6.0.0
[INFO] [stderr]    Compiling miniz_oxide v0.9.1
[INFO] [stderr]    Compiling glib-sys v0.18.1
[INFO] [stderr]    Compiling gobject-sys v0.18.0
[INFO] [stderr]    Compiling gio-sys v0.18.1
[INFO] [stderr]    Compiling gdk-sys v0.18.2
[INFO] [stderr]    Compiling pango-sys v0.18.0
[INFO] [stderr]    Compiling gdk-pixbuf-sys v0.18.0
[INFO] [stderr]    Compiling cairo-sys-rs v0.18.2
[INFO] [stderr]    Compiling atk-sys v0.18.2
[INFO] [stderr]    Compiling gtk-sys v0.18.2
[INFO] [stderr]    Compiling javascriptcore-rs-sys v1.1.1
[INFO] [stderr]    Compiling soup3-sys v0.5.0
[INFO] [stderr]    Compiling tauri-utils v2.9.3
[INFO] [stderr]    Compiling webkit2gtk-sys v2.0.2
[INFO] [stderr]    Compiling gdkx11-sys v0.18.2
[INFO] [stderr]    Compiling libdbus-sys v0.2.7
[INFO] [stderr]    Compiling x11-dl v2.21.0
[INFO] [stderr]     Checking typeid v1.0.3
[INFO] [stderr]    Compiling cookie v0.18.2
[INFO] [stderr]     Checking winnow v1.0.4
[INFO] [stderr]     Checking dasp_ring_buffer v0.11.0
[INFO] [stderr]     Checking siphasher v1.0.3
[INFO] [stderr]     Checking phf_shared v0.13.1
[INFO] [stderr]     Checking toml_parser v1.1.3+spec-1.1.0
[INFO] [stderr]     Checking erased-serde v0.4.10
[INFO] [stderr]    Compiling flate2 v1.1.10
[INFO] [stderr]     Checking unic-ucd-ident v0.9.0
[INFO] [stderr]    Compiling windows-interface v0.59.3
[INFO] [stderr]    Compiling windows-implement v0.60.2
[INFO] [stderr]     Checking brotli-decompressor v5.0.3
[INFO] [stderr]     Checking http v1.5.0
[INFO] [stderr]     Checking windows-result v0.4.1
[INFO] [stderr]     Checking windows-strings v0.5.1
[INFO] [stderr]     Checking toml_datetime v1.1.1+spec-1.1.0
[INFO] [stderr]     Checking serde_spanned v1.1.1
[INFO] [stderr]     Checking toml_writer v1.1.2+spec-1.1.0
[INFO] [stderr]     Checking strength_reduce v0.2.4
[INFO] [stderr]     Checking same-file v1.0.6
[INFO] [stderr]     Checking transpose v0.2.3
[INFO] [stderr]     Checking walkdir v2.5.0
[INFO] [stderr]    Compiling png v0.17.16
[INFO] [stderr]     Checking glib v0.18.5
[INFO] [stderr]     Checking windows-core v0.62.2
[INFO] [stderr]     Checking brotli v8.0.4
[INFO] [stderr]     Checking windows-targets v0.52.6
[INFO] [stderr]     Checking crossbeam-channel v0.5.17
[INFO] [stderr]     Checking serde-untagged v0.1.9
[INFO] [stderr]     Checking dasp_rms v0.11.0
[INFO] [stderr]     Checking num-complex v0.4.6
[INFO] [stderr]    Compiling dlopen2_derive v0.4.3
[INFO] [stderr]     Checking dasp_peak v0.11.0
[INFO] [stderr]     Checking primal-check v0.3.4
[INFO] [stderr]     Checking ctor v0.8.0
[INFO] [stderr]     Checking echoroom-protocol v0.1.0 (/opt/rustwide/workdir/protocol)
[INFO] [stderr]    Compiling tauri-runtime v2.11.3
[INFO] [stderr]     Checking glob v0.3.4
[INFO] [stderr]    Compiling wry v0.55.1
[INFO] [stderr]     Checking dunce v1.0.5
[INFO] [stderr]     Checking dlopen2 v0.8.2
[INFO] [stderr]     Checking rustfft v6.4.1
[INFO] [stderr]     Checking dasp_envelope v0.11.0
[INFO] [stderr]     Checking dbus v0.9.12
[INFO] [stderr]    Compiling ico v0.5.0
[INFO] [stderr]     Checking windows-result v0.1.2
[INFO] [stderr]     Checking gdkwayland-sys v0.18.2
[INFO] [stderr]     Checking dasp_interpolate v0.11.0
[INFO] [stderr]    Compiling windows-interface v0.57.0
[INFO] [stderr]    Compiling windows-implement v0.57.0
[INFO] [stderr]     Checking dasp_window v0.11.1
[INFO] [stderr]    Compiling audiopus_sys v0.1.8
[INFO] [stderr]    Compiling tauri-runtime-wry v2.11.4
[INFO] [stderr]     Checking anymap3 v1.1.0
[INFO] [stderr]     Checking keyboard-types v0.7.0
[INFO] [stderr]     Checking generic_singleton v0.5.3
[INFO] [stderr]     Checking windows-core v0.57.0
[INFO] [stderr]     Checking dasp_signal v0.11.0
[INFO] [stderr]    Compiling serialize-to-javascript-impl v0.1.2
[INFO] [stderr]     Checking dasp_slice v0.11.0
[INFO] [stderr]     Checking windows-threading v0.2.1
[INFO] [stderr]     Checking atty v0.2.14
[INFO] [stderr]     Checking textwrap v0.16.4
[INFO] [stderr]     Checking array-init v2.1.0
[INFO] [stderr]     Checking dasp v0.11.0
[INFO] [stderr]     Checking windows v0.57.0
[INFO] [stderr]     Checking clap v3.2.25
[INFO] [stderr]     Checking windows-future v0.3.2
[INFO] [stderr]     Checking serialize-to-javascript v0.1.2
[INFO] [stdout] error[E0425]: cannot find type `IMarshal` in module `windows_core::imp`
[INFO] [stdout]   --> /opt/rustwide/cargo-home/registry/src/index.crates.io-1949cf8c6b5b557f/windows-future-0.3.2/src/bindings.rs:87:51
[INFO] [stdout]    |
[INFO] [stdout] 87 |             } else if *iid == <windows_core::imp::IMarshal as windows_core::Interface>::IID {
[INFO] [stdout]    |                                                   ^^^^^^^^ not found in `windows_core::imp`
[INFO] [stdout] 
[INFO] [stdout] 
[INFO] [stdout] error[E0425]: cannot find function `marshaler` in module `windows_core::imp`
[INFO] [stdout]   --> /opt/rustwide/cargo-home/registry/src/index.crates.io-1949cf8c6b5b557f/windows-future-0.3.2/src/bindings.rs:89:43
[INFO] [stdout]    |
[INFO] [stdout] 89 |                 return windows_core::imp::marshaler(
[INFO] [stdout]    |                                           ^^^^^^^^^ not found in `windows_core::imp`
[INFO] [stdout] 
[INFO] [stdout] 
[INFO] [stdout] error[E0425]: cannot find type `IMarshal` in module `windows_core::imp`
[INFO] [stdout]    --> /opt/rustwide/cargo-home/registry/src/index.crates.io-1949cf8c6b5b557f/windows-future-0.3.2/src/bindings.rs:255:51
[INFO] [stdout]     |
[INFO] [stdout] 255 |             } else if *iid == <windows_core::imp::IMarshal as windows_core::Interface>::IID {
[INFO] [stdout]     |                                                   ^^^^^^^^ not found in `windows_core::imp`
[INFO] [stdout] 
[INFO] [stdout] 
[INFO] [stdout] error[E0425]: cannot find function `marshaler` in module `windows_core::imp`
[INFO] [stdout]    --> /opt/rustwide/cargo-home/registry/src/index.crates.io-1949cf8c6b5b557f/windows-future-0.3.2/src/bindings.rs:257:43
[INFO] [stdout]     |
[INFO] [stdout] 257 |                 return windows_core::imp::marshaler(
[INFO] [stdout]     |                                           ^^^^^^^^^ not found in `windows_core::imp`
[INFO] [stdout] 
[INFO] [stdout] 
[INFO] [stdout] error[E0425]: cannot find type `IMarshal` in module `windows_core::imp`
[INFO] [stdout]    --> /opt/rustwide/cargo-home/registry/src/index.crates.io-1949cf8c6b5b557f/windows-future-0.3.2/src/bindings.rs:422:364
[INFO] [stdout]     |
[INFO] [stdout] 422 | ... _ } else if * iid == < windows_core::imp::IMarshal as windows_core::Interface >::IID { ( * this ) . count . add_ref ( ) ; retur...
[INFO] [stdout]     |                                               ^^^^^^^^ not found in `windows_core::imp`
[INFO] [stdout] 
[INFO] [stdout] 
[INFO] [stdout] error[E0425]: cannot find function `marshaler` in module `windows_core::imp`
[INFO] [stdout]    --> /opt/rustwide/cargo-home/registry/src/index.crates.io-1949cf8c6b5b557f/windows-future-0.3.2/src/bindings.rs:422:470
[INFO] [stdout]     |
[INFO] [stdout] 422 | ... . add_ref ( ) ; return windows_core::imp::marshaler ( core::mem::transmute ( & mut ( * this ) . vtable as * mut _ as * mut core...
[INFO] [stdout]     |                                               ^^^^^^^^^ not found in `windows_core::imp`
[INFO] [stdout] 
[INFO] [stdout] 
[INFO] [stdout] error[E0425]: cannot find type `IMarshal` in module `windows_core::imp`
[INFO] [stdout]    --> /opt/rustwide/cargo-home/registry/src/index.crates.io-1949cf8c6b5b557f/windows-future-0.3.2/src/bindings.rs:572:51
[INFO] [stdout]     |
[INFO] [stdout] 572 |             } else if *iid == <windows_core::imp::IMarshal as windows_core::Interface>::IID {
[INFO] [stdout]     |                                                   ^^^^^^^^ not found in `windows_core::imp`
[INFO] [stdout] 
[INFO] [stdout] 
[INFO] [stdout] error[E0425]: cannot find function `marshaler` in module `windows_core::imp`
[INFO] [stdout]    --> /opt/rustwide/cargo-home/registry/src/index.crates.io-1949cf8c6b5b557f/windows-future-0.3.2/src/bindings.rs:574:43
[INFO] [stdout]     |
[INFO] [stdout] 574 |                 return windows_core::imp::marshaler(
[INFO] [stdout]     |                                           ^^^^^^^^^ not found in `windows_core::imp`
[INFO] [stdout] 
[INFO] [stdout] 
[INFO] [stdout] error[E0425]: cannot find type `IMarshal` in module `windows_core::imp`
[INFO] [stdout]    --> /opt/rustwide/cargo-home/registry/src/index.crates.io-1949cf8c6b5b557f/windows-future-0.3.2/src/bindings.rs:752:364
[INFO] [stdout]     |
[INFO] [stdout] 752 | ... _ } else if * iid == < windows_core::imp::IMarshal as windows_core::Interface >::IID { ( * this ) . count . add_ref ( ) ; retur...
[INFO] [stdout]     |                                               ^^^^^^^^ not found in `windows_core::imp`
[INFO] [stdout] 
[INFO] [stdout] 
[INFO] [stdout] error[E0425]: cannot find function `marshaler` in module `windows_core::imp`
[INFO] [stdout]    --> /opt/rustwide/cargo-home/registry/src/index.crates.io-1949cf8c6b5b557f/windows-future-0.3.2/src/bindings.rs:752:470
[INFO] [stdout]     |
[INFO] [stdout] 752 | ... . add_ref ( ) ; return windows_core::imp::marshaler ( core::mem::transmute ( & mut ( * this ) . vtable as * mut _ as * mut core...
[INFO] [stdout]     |                                               ^^^^^^^^^ not found in `windows_core::imp`
[INFO] [stdout] 
[INFO] [stdout] 
[INFO] [stdout] error[E0425]: cannot find type `IMarshal` in module `windows_core::imp`
[INFO] [stdout]    --> /opt/rustwide/cargo-home/registry/src/index.crates.io-1949cf8c6b5b557f/windows-future-0.3.2/src/bindings.rs:927:377
[INFO] [stdout]     |
[INFO] [stdout] 927 | ... _ } else if * iid == < windows_core::imp::IMarshal as windows_core::Interface >::IID { ( * this ) . count . add_ref ( ) ; retur...
[INFO] [stdout]     |                                               ^^^^^^^^ not found in `windows_core::imp`
[INFO] [stdout] 
[INFO] [stdout] 
[INFO] [stdout] error[E0425]: cannot find function `marshaler` in module `windows_core::imp`
[INFO] [stdout]    --> /opt/rustwide/cargo-home/registry/src/index.crates.io-1949cf8c6b5b557f/windows-future-0.3.2/src/bindings.rs:927:483
[INFO] [stdout]     |
[INFO] [stdout] 927 | ... . add_ref ( ) ; return windows_core::imp::marshaler ( core::mem::transmute ( & mut ( * this ) . vtable as * mut _ as * mut core...
[INFO] [stdout]     |                                               ^^^^^^^^^ not found in `windows_core::imp`
[INFO] [stdout] 
[INFO] [stdout] 
[INFO] [stdout] error[E0425]: cannot find function `submit` in crate `windows_threading`
[INFO] [stdout]    --> /opt/rustwide/cargo-home/registry/src/index.crates.io-1949cf8c6b5b557f/windows-future-0.3.2/src/async_spawn.rs:264:28
[INFO] [stdout]     |
[INFO] [stdout] 264 |         windows_threading::submit(move || {
[INFO] [stdout]     |                            ^^^^^^ not found in `windows_threading`
[INFO] [stdout] 
[INFO] [stdout] 
[INFO] [stdout] error[E0425]: cannot find function `submit` in crate `windows_threading`
[INFO] [stdout]    --> /opt/rustwide/cargo-home/registry/src/index.crates.io-1949cf8c6b5b557f/windows-future-0.3.2/src/async_spawn.rs:281:28
[INFO] [stdout]     |
[INFO] [stdout] 281 |         windows_threading::submit(move || {
[INFO] [stdout]     |                            ^^^^^^ not found in `windows_threading`
[INFO] [stdout] 
[INFO] [stdout] 
[INFO] [stdout] error[E0425]: cannot find function `submit` in crate `windows_threading`
[INFO] [stdout]    --> /opt/rustwide/cargo-home/registry/src/index.crates.io-1949cf8c6b5b557f/windows-future-0.3.2/src/async_spawn.rs:298:28
[INFO] [stdout]     |
[INFO] [stdout] 298 |         windows_threading::submit(move || {
[INFO] [stdout]     |                            ^^^^^^ not found in `windows_threading`
[INFO] [stdout] 
[INFO] [stdout] 
[INFO] [stdout] error[E0425]: cannot find function `submit` in crate `windows_threading`
[INFO] [stdout]    --> /opt/rustwide/cargo-home/registry/src/index.crates.io-1949cf8c6b5b557f/windows-future-0.3.2/src/async_spawn.rs:315:28
[INFO] [stdout]     |
[INFO] [stdout] 315 |         windows_threading::submit(move || {
[INFO] [stdout]     |                            ^^^^^^ not found in `windows_threading`
[INFO] [stdout] 
[INFO] [stdout] 
[INFO] [stderr]     Checking windows-collections v0.3.2
[INFO] [stdout] For more information about this error, try `rustc --explain E0425`.
[INFO] [stdout] 
[INFO] [stderr] error: could not compile `windows-future` (lib) due to 16 previous errors
[INFO] [stderr] warning: build failed, waiting for other jobs to finish...
[INFO] [stderr] error: could not compile `tauri-utils` (lib)
[INFO] [stderr] 
[INFO] [stderr] Caused by:
[INFO] [stderr]   process didn't exit successfully: `/opt/rustwide/rustup-home/toolchains/3154cc1a3e6424e44f438a95007d043ed5ceaaf6/bin/rustc --crate-name tauri_utils --edition=2021 /opt/rustwide/cargo-home/registry/src/index.crates.io-1949cf8c6b5b557f/tauri-utils-2.9.3/src/lib.rs --error-format=json --json=diagnostic-rendered-ansi,artifacts,future-incompat,unused-externs-silent --crate-type lib --emit=dep-info,metadata,link -Z embed-metadata=no -C embed-bitcode=no --cfg 'feature="brotli"' --cfg 'feature="build-2"' --cfg 'feature="cargo_metadata"' --cfg 'feature="compression"' --cfg 'feature="html-manipulation-2"' --cfg 'feature="proc-macro2"' --cfg 'feature="quote"' --cfg 'feature="resources"' --cfg 'feature="schema"' --cfg 'feature="schemars"' --cfg 'feature="swift-rs"' --cfg 'feature="walkdir"' --check-cfg 'cfg(docsrs,test)' --check-cfg 'cfg(feature, values("aes-gcm", "brotli", "build", "build-2", "cargo_metadata", "compression", "config-json5", "config-toml", "getrandom", "html-manipulation", "html-manipulation-2", "isolation", "json5", "proc-macro2", "process-relaunch-dangerous-allow-symlink-macos", "quote", "resources", "schema", "schemars", "serialize-to-javascript", "swift-rs", "walkdir"))' -C metadata=3901b6f721ac36e6 -C extra-filename=-bc1a2d4f1e22a891 --out-dir /opt/rustwide/target/debug/build/tauri-utils/bc1a2d4f1e22a891/out -L dependency=/opt/rustwide/target/debug/build/aho-corasick/4f6a115ab09d8589/out -L dependency=/opt/rustwide/target/debug/build/alloc-no-stdlib/481e926020947070/out -L dependency=/opt/rustwide/target/debug/build/alloc-stdlib/d699b51811d4175c/out -L dependency=/opt/rustwide/target/debug/build/base64/4d6b5758bc631de8/out -L dependency=/opt/rustwide/target/debug/build/bit-set/6da90ebc149128b0/out -L dependency=/opt/rustwide/target/debug/build/bit-vec/4081f11a561ca3d3/out -L dependency=/opt/rustwide/target/debug/build/bitflags/fb8cb045d0014977/out -L dependency=/opt/rustwide/target/debug/build/brotli-decompressor/16d4476866898ca6/out -L dependency=/opt/rustwide/target/debug/build/byteorder/118a9ce0d0c0f5ff/out -L dependency=/opt/rustwide/target/debug/build/bytes/30351472287a0b7c/out -L dependency=/opt/rustwide/target/debug/build/camino/141cc0c160f87cff/out -L dependency=/opt/rustwide/target/debug/build/cargo-platform/34594c9d30299a11/out -L dependency=/opt/rustwide/target/debug/build/cfb/1fc3480db6ee7e8c/out -L dependency=/opt/rustwide/target/debug/build/cfg-if/9c7f9eb9639deea5/out -L dependency=/opt/rustwide/target/debug/build/cssparser-macros/2f345e9cd1b3dfec/out -L dependency=/opt/rustwide/target/debug/build/cssparser/db80c806b5e2eacd/out -L dependency=/opt/rustwide/target/debug/build/ctor-proc-macro/eecc9a2706ab3292/out -L dependency=/opt/rustwide/target/debug/build/deranged/c3700f59a0ae863a/out -L dependency=/opt/rustwide/target/debug/build/derive_more-impl/35e8dfbd4cacf70e/out -L dependency=/opt/rustwide/target/debug/build/derive_more/4931eb47f021076e/out -L dependency=/opt/rustwide/target/debug/build/displaydoc/af49cc2ee29518ec/out -L dependency=/opt/rustwide/target/debug/build/dtoa-short/d4fbfd45a5cc1754/out -L dependency=/opt/rustwide/target/debug/build/dtoa/c0979c39f7fc3969/out -L dependency=/opt/rustwide/target/debug/build/dyn-clone/9dfe35385ed711ee/out -L dependency=/opt/rustwide/target/debug/build/equivalent/1cd2a250f2449a60/out -L dependency=/opt/rustwide/target/debug/build/erased-serde/24151ae07eef8f84/out -L dependency=/opt/rustwide/target/debug/build/fnv/bd60753855300b18/out -L dependency=/opt/rustwide/target/debug/build/foldhash/d70aa99bc2fbe001/out -L dependency=/opt/rustwide/target/debug/build/form_urlencoded/a8c9e280eab86494/out -L dependency=/opt/rustwide/target/debug/build/getrandom/f101e6abfe7172a7/out -L dependency=/opt/rustwide/target/debug/build/hashbrown/88203a650ce9f298/out -L dependency=/opt/rustwide/target/debug/build/hashbrown/e6a297648138f250/out -L dependency=/opt/rustwide/target/debug/build/html5ever/091852c8dfda7440/out -L dependency=/opt/rustwide/target/debug/build/icu_collections/0f91af88c8f2289c/out -L dependency=/opt/rustwide/target/debug/build/icu_locale_core/1ab6b02a9e1f1ef9/out -L dependency=/opt/rustwide/target/debug/build/icu_normalizer/02616b8df5b23762/out -L dependency=/opt/rustwide/target/debug/build/icu_normalizer_data/6aaf64306c299019/out -L dependency=/opt/rustwide/target/debug/build/icu_properties/83bcca75a60fc62b/out -L dependency=/opt/rustwide/target/debug/build/icu_properties_data/2397e08a532f60c6/out -L dependency=/opt/rustwide/target/debug/build/icu_provider/d1e11ea3a2e08c46/out -L dependency=/opt/rustwide/target/debug/build/idna/eaa5c92a65c75ce1/out -L dependency=/opt/rustwide/target/debug/build/idna_adapter/8bae064dacc9cbe2/out -L dependency=/opt/rustwide/target/debug/build/indexmap/70cedc36eb9ee17d/out -L dependency=/opt/rustwide/target/debug/build/indexmap/becd6af01ec45e68/out -L dependency=/opt/rustwide/target/debug/build/itoa/8df6d4253752101e/out -L dependency=/opt/rustwide/target/debug/build/jsonptr/9df31e65c40e8d7b/out -L dependency=/opt/rustwide/target/debug/build/libc/957bca8494e3bc36/out -L dependency=/opt/rustwide/target/debug/build/litemap/4af3765d46b109e8/out -L dependency=/opt/rustwide/target/debug/build/lock_api/886e26369390df02/out -L dependency=/opt/rustwide/target/debug/build/log/33265d0507e2cfdb/out -L dependency=/opt/rustwide/target/debug/build/markup5ever/031206d62cfe095a/out -L dependency=/opt/rustwide/target/debug/build/memchr/eb8ac1f1f77ae379/out -L dependency=/opt/rustwide/target/debug/build/new_debug_unreachable/ded5321d275224be/out -L dependency=/opt/rustwide/target/debug/build/num-conv/e34be7e702f9596d/out -L dependency=/opt/rustwide/target/debug/build/parking_lot/db9676e3b5115335/out -L dependency=/opt/rustwide/target/debug/build/parking_lot_core/209a165645432fb1/out -L dependency=/opt/rustwide/target/debug/build/percent-encoding/4dba5c4fe26bc40a/out -L dependency=/opt/rustwide/target/debug/build/phf/c672a57485efbd56/out -L dependency=/opt/rustwide/target/debug/build/phf_macros/80a9b4a5352cd085/out -L dependency=/opt/rustwide/target/debug/build/phf_shared/d641fe0f4e2df121/out -L dependency=/opt/rustwide/target/debug/build/potential_utf/89d44cb9cae0f37b/out -L dependency=/opt/rustwide/target/debug/build/powerfmt/d4be3a962e830dc0/out -L dependency=/opt/rustwide/target/debug/build/precomputed-hash/537e948e8edfb962/out -L dependency=/opt/rustwide/target/debug/build/proc-macro2/66baf18af1fdf36f/out -L dependency=/opt/rustwide/target/debug/build/quick-xml/cc6d9a38b853c0dc/out -L dependency=/opt/rustwide/target/debug/build/regex-automata/3f5e2b732a551e1f/out -L dependency=/opt/rustwide/target/debug/build/regex-syntax/ad84fdbac3b7a759/out -L dependency=/opt/rustwide/target/debug/build/regex/c0c68a5f7e2bb2be/out -L dependency=/opt/rustwide/target/debug/build/rustc-hash/7fc97d08af7663dd/out -L dependency=/opt/rustwide/target/debug/build/same-file/d0318c27bac25c56/out -L dependency=/opt/rustwide/target/debug/build/schemars_derive/cc85d17702ee0fc0/out -L dependency=/opt/rustwide/target/debug/build/scopeguard/22e389c5edc90715/out -L dependency=/opt/rustwide/target/debug/build/selectors/a6466c66f4a11fd3/out -L dependency=/opt/rustwide/target/debug/build/semver/2ea64457bd93c71e/out -L dependency=/opt/rustwide/target/debug/build/serde/a7e09d50bcc1a5d6/out -L dependency=/opt/rustwide/target/debug/build/serde_core/4f838cbab6da8025/out -L dependency=/opt/rustwide/target/debug/build/serde_derive/da6cdf2eb7efb082/out -L dependency=/opt/rustwide/target/debug/build/serde_json/829b0f27beef5e16/out -L dependency=/opt/rustwide/target/debug/build/serde_spanned/40a36a3393ed3bb4/out -L dependency=/opt/rustwide/target/debug/build/serde_with_macros/e1f8c8d669eb5867/out -L dependency=/opt/rustwide/target/debug/build/servo_arc/a454d32a2ed1a395/out -L dependency=/opt/rustwide/target/debug/build/siphasher/7703005b7a34f1d2/out -L dependency=/opt/rustwide/target/debug/build/smallvec/66e7c6bd4bbbd24d/out -L dependency=/opt/rustwide/target/debug/build/stable_deref_trait/7ec5d9b2284a889a/out -L dependency=/opt/rustwide/target/debug/build/string_cache/9d6d74daf126f37e/out -L dependency=/opt/rustwide/target/debug/build/tendril/c546586f5781015b/out -L dependency=/opt/rustwide/target/debug/build/thiserror-impl/7ed98ebfa4eca35b/out -L dependency=/opt/rustwide/target/debug/build/thiserror-impl/df33d86d9c84c909/out -L dependency=/opt/rustwide/target/debug/build/thiserror/0cf0119fa66994f8/out -L dependency=/opt/rustwide/target/debug/build/thiserror/a7e192153ab0d071/out -L dependency=/opt/rustwide/target/debug/build/time-core/e5be5a39544975e5/out -L dependency=/opt/rustwide/target/debug/build/time/e357d2fc93da65ac/out -L dependency=/opt/rustwide/target/debug/build/tinystr/f9e8b0cf625112fa/out -L dependency=/opt/rustwide/target/debug/build/toml_datetime/dfe419548e52dc37/out -L dependency=/opt/rustwide/target/debug/build/toml_parser/cc232422b72dd4b0/out -L dependency=/opt/rustwide/target/debug/build/toml_writer/44a4504b6aaa2b65/out -L dependency=/opt/rustwide/target/debug/build/typeid/5ee579849530ca46/out -L dependency=/opt/rustwide/target/debug/build/unic-char-property/72b78f8d8a650d82/out -L dependency=/opt/rustwide/target/debug/build/unic-char-range/d34d4d4e5bf037ec/out -L dependency=/opt/rustwide/target/debug/build/unic-common/d348f1ffc33cc1b6/out -L dependency=/opt/rustwide/target/debug/build/unic-ucd-ident/18c498c6ca86b3ee/out -L dependency=/opt/rustwide/target/debug/build/unic-ucd-version/e9cb1a3bf84fd16a/out -L dependency=/opt/rustwide/target/debug/build/unicode-ident/8c98a1a0e58216a9/out -L dependency=/opt/rustwide/target/debug/build/url/2a271efae5a87e9c/out -L dependency=/opt/rustwide/target/debug/build/utf8_iter/83d48b7642e6f3cb/out -L dependency=/opt/rustwide/target/debug/build/uuid/b36ae04a0bfb5f8a/out -L dependency=/opt/rustwide/target/debug/build/web_atoms/5d594f78de138bfd/out -L dependency=/opt/rustwide/target/debug/build/winnow/166842a26d220deb/out -L dependency=/opt/rustwide/target/debug/build/writeable/799661769bfb7367/out -L dependency=/opt/rustwide/target/debug/build/yoke-derive/0c18c10060badc43/out -L dependency=/opt/rustwide/target/debug/build/yoke/6e356d8490e627ba/out -L dependency=/opt/rustwide/target/debug/build/zerofrom-derive/460674d688da2906/out -L dependency=/opt/rustwide/target/debug/build/zerofrom/05c881bb55b26e7f/out -L dependency=/opt/rustwide/target/debug/build/zerotrie/58fcfae28e1c4985/out -L dependency=/opt/rustwide/target/debug/build/zerovec-derive/4d8d25897687f243/out -L dependency=/opt/rustwide/target/debug/build/zerovec/a77c7418721bfe6a/out -L dependency=/opt/rustwide/target/debug/build/zmij/c7415b051ede4f3e/out --extern anyhow=/opt/rustwide/target/debug/build/anyhow/1f5bd579e1d9c8e5/out/libanyhow-1f5bd579e1d9c8e5.rmeta --extern brotli=/opt/rustwide/target/debug/build/brotli/f129ca9f51eabd50/out/libbrotli-f129ca9f51eabd50.rmeta --extern cargo_metadata=/opt/rustwide/target/debug/build/cargo_metadata/0a860c52d7f70081/out/libcargo_metadata-0a860c52d7f70081.rmeta --extern ctor=/opt/rustwide/target/debug/build/ctor/1b44ac9100fc0057/out/libctor-1b44ac9100fc0057.rmeta --extern dom_query=/opt/rustwide/target/debug/build/dom_query/0da1ab15a0ce7b7e/out/libdom_query-0da1ab15a0ce7b7e.rmeta --extern dunce=/opt/rustwide/target/debug/build/dunce/17efee76a01ab9cf/out/libdunce-17efee76a01ab9cf.rmeta --extern glob=/opt/rustwide/target/debug/build/glob/4c55fa9c31ca0b2a/out/libglob-4c55fa9c31ca0b2a.rmeta --extern http=/opt/rustwide/target/debug/build/http/652387d2311bea0e/out/libhttp-652387d2311bea0e.rmeta --extern infer=/opt/rustwide/target/debug/build/infer/173c5e43ff0bc4d8/out/libinfer-173c5e43ff0bc4d8.rmeta --extern json_patch=/opt/rustwide/target/debug/build/json-patch/b39934094cae287e/out/libjson_patch-b39934094cae287e.rmeta --extern log=/opt/rustwide/target/debug/build/log/33265d0507e2cfdb/out/liblog-33265d0507e2cfdb.rmeta --extern memchr=/opt/rustwide/target/debug/build/memchr/eb8ac1f1f77ae379/out/libmemchr-eb8ac1f1f77ae379.rmeta --extern phf=/opt/rustwide/target/debug/build/phf/c672a57485efbd56/out/libphf-c672a57485efbd56.rmeta --extern plist=/opt/rustwide/target/debug/build/plist/d86a998b61fb3dc3/out/libplist-d86a998b61fb3dc3.rmeta --extern proc_macro2=/opt/rustwide/target/debug/build/proc-macro2/66baf18af1fdf36f/out/libproc_macro2-66baf18af1fdf36f.rmeta --extern quote=/opt/rustwide/target/debug/build/quote/31698eed8d28fe2c/out/libquote-31698eed8d28fe2c.rmeta --extern regex=/opt/rustwide/target/debug/build/regex/c0c68a5f7e2bb2be/out/libregex-c0c68a5f7e2bb2be.rmeta --extern schemars=/opt/rustwide/target/debug/build/schemars/0ff8208e20804955/out/libschemars-0ff8208e20804955.rmeta --extern semver=/opt/rustwide/target/debug/build/semver/2ea64457bd93c71e/out/libsemver-2ea64457bd93c71e.rmeta --extern serde=/opt/rustwide/target/debug/build/serde/a7e09d50bcc1a5d6/out/libserde-a7e09d50bcc1a5d6.rmeta --extern serde_untagged=/opt/rustwide/target/debug/build/serde-untagged/54a9e20701dbf373/out/libserde_untagged-54a9e20701dbf373.rmeta --extern serde_json=/opt/rustwide/target/debug/build/serde_json/829b0f27beef5e16/out/libserde_json-829b0f27beef5e16.rmeta --extern serde_with=/opt/rustwide/target/debug/build/serde_with/42e81d5b9a47c9c5/out/libserde_with-42e81d5b9a47c9c5.rmeta --extern thiserror=/opt/rustwide/target/debug/build/thiserror/a7e192153ab0d071/out/libthiserror-a7e192153ab0d071.rmeta --extern toml=/opt/rustwide/target/debug/build/toml/12935a38532991a2/out/libtoml-12935a38532991a2.rmeta --extern url=/opt/rustwide/target/debug/build/url/2a271efae5a87e9c/out/liburl-2a271efae5a87e9c.rmeta --extern urlpattern=/opt/rustwide/target/debug/build/urlpattern/b4512f3e570284ba/out/liburlpattern-b4512f3e570284ba.rmeta --extern uuid=/opt/rustwide/target/debug/build/uuid/b36ae04a0bfb5f8a/out/libuuid-b36ae04a0bfb5f8a.rmeta --extern walkdir=/opt/rustwide/target/debug/build/walkdir/a30c0625979b09c8/out/libwalkdir-a30c0625979b09c8.rmeta --cap-lints allow --cap-lints=forbid --force-warn=unused_crate_dependencies` (signal: 9, SIGKILL: kill)
[INFO] [stderr] error: could not compile `glib` (lib)
[INFO] [stderr] 
[INFO] [stderr] Caused by:
[INFO] [stderr]   process didn't exit successfully: `/opt/rustwide/rustup-home/toolchains/3154cc1a3e6424e44f438a95007d043ed5ceaaf6/bin/rustc --crate-name glib --edition=2021 /opt/rustwide/cargo-home/registry/src/index.crates.io-1949cf8c6b5b557f/glib-0.18.5/src/lib.rs --error-format=json --json=diagnostic-rendered-ansi,artifacts,future-incompat,unused-externs-silent --crate-type lib --emit=dep-info,metadata -C embed-bitcode=no -C debuginfo=2 --cfg 'feature="default"' --cfg 'feature="gio"' --cfg 'feature="gio_ffi"' --cfg 'feature="v2_58"' --cfg 'feature="v2_60"' --cfg 'feature="v2_62"' --cfg 'feature="v2_64"' --cfg 'feature="v2_66"' --cfg 'feature="v2_68"' --cfg 'feature="v2_70"' --check-cfg 'cfg(docsrs,test)' --check-cfg 'cfg(feature, values("compiletests", "default", "gio", "gio_ffi", "log", "log_macros", "rs-log", "v2_58", "v2_60", "v2_62", "v2_64", "v2_66", "v2_68", "v2_70", "v2_72", "v2_74", "v2_76", "v2_78"))' -C metadata=ca1ca91cb90a703f -C extra-filename=-e2c2b1d525b34823 --out-dir /opt/rustwide/target/debug/build/glib/e2c2b1d525b34823/out -L dependency=/opt/rustwide/target/debug/build/futures-core/e0f5028531ad71be/out -L dependency=/opt/rustwide/target/debug/build/futures-macro/0ef8c9b661cd7d6d/out -L dependency=/opt/rustwide/target/debug/build/futures-task/011073701ea3a715/out -L dependency=/opt/rustwide/target/debug/build/futures-util/3609463b73b12ba2/out -L dependency=/opt/rustwide/target/debug/build/glib-sys/03c1097e99775771/out -L dependency=/opt/rustwide/target/debug/build/gobject-sys/26cdb955f00eeb93/out -L dependency=/opt/rustwide/target/debug/build/libc/5b122225efee376b/out -L dependency=/opt/rustwide/target/debug/build/pin-project-lite/7176d3be2b7ee2e1/out -L dependency=/opt/rustwide/target/debug/build/pin-utils/db1de871cd8706a6/out -L dependency=/opt/rustwide/target/debug/build/serde_core/182ae46cbfb5dc43/out -L dependency=/opt/rustwide/target/debug/build/slab/e851ce5c8176eb1a/out -L dependency=/opt/rustwide/target/debug/build/thiserror-impl/7ed98ebfa4eca35b/out --extern bitflags=/opt/rustwide/target/debug/build/bitflags/e497951ecb3ac00e/out/libbitflags-e497951ecb3ac00e.rmeta --extern futures_channel=/opt/rustwide/target/debug/build/futures-channel/2eb4f8fc6d179c6e/out/libfutures_channel-2eb4f8fc6d179c6e.rmeta --extern futures_core=/opt/rustwide/target/debug/build/futures-core/e0f5028531ad71be/out/libfutures_core-e0f5028531ad71be.rmeta --extern futures_executor=/opt/rustwide/target/debug/build/futures-executor/eaa678db20f38104/out/libfutures_executor-eaa678db20f38104.rmeta --extern futures_task=/opt/rustwide/target/debug/build/futures-task/011073701ea3a715/out/libfutures_task-011073701ea3a715.rmeta --extern futures_util=/opt/rustwide/target/debug/build/futures-util/3609463b73b12ba2/out/libfutures_util-3609463b73b12ba2.rmeta --extern gio_ffi=/opt/rustwide/target/debug/build/gio-sys/48b120e4532c3682/out/libgio_sys-48b120e4532c3682.rmeta --extern glib_macros=/opt/rustwide/target/debug/build/glib-macros/cb5ad742dfb65b4e/out/libglib_macros-cb5ad742dfb65b4e.so --extern ffi=/opt/rustwide/target/debug/build/glib-sys/03c1097e99775771/out/libglib_sys-03c1097e99775771.rmeta --extern gobject_ffi=/opt/rustwide/target/debug/build/gobject-sys/26cdb955f00eeb93/out/libgobject_sys-26cdb955f00eeb93.rmeta --extern libc=/opt/rustwide/target/debug/build/libc/5b122225efee376b/out/liblibc-5b122225efee376b.rmeta --extern memchr=/opt/rustwide/target/debug/build/memchr/b924193483665774/out/libmemchr-b924193483665774.rmeta --extern once_cell=/opt/rustwide/target/debug/build/once_cell/6f8123b0c2eed634/out/libonce_cell-6f8123b0c2eed634.rmeta --extern smallvec=/opt/rustwide/target/debug/build/smallvec/7d19ea96e94cdfbd/out/libsmallvec-7d19ea96e94cdfbd.rmeta --extern thiserror=/opt/rustwide/target/debug/build/thiserror/745a7588a37477cb/out/libthiserror-745a7588a37477cb.rmeta --cap-lints allow --cap-lints=forbid --force-warn=unused_crate_dependencies` (signal: 9, SIGKILL: kill)
[INFO] running `Command { std: "docker" "inspect" "ab972004b0ccb7e06d79d9324ad6e67d12257af7f995b5151c77342caacc6486", kill_on_drop: false }`
[INFO] running `Command { std: "docker" "rm" "-f" "ab972004b0ccb7e06d79d9324ad6e67d12257af7f995b5151c77342caacc6486", kill_on_drop: false }`
[INFO] [stdout] ab972004b0ccb7e06d79d9324ad6e67d12257af7f995b5151c77342caacc6486
