[INFO] cloning repository https://github.com/chcnew/clip2term
[INFO] running `Command { std: "git" "-c" "credential.helper=" "-c" "credential.helper=/workspace/cargo-home/bin/git-credential-null" "clone" "--bare" "https://github.com/chcnew/clip2term" "/workspace/cache/git-repos/https%3A%2F%2Fgithub.com%2Fchcnew%2Fclip2term", kill_on_drop: false }`
[INFO] [stderr] Cloning into bare repository '/workspace/cache/git-repos/https%3A%2F%2Fgithub.com%2Fchcnew%2Fclip2term'...
[INFO] running `Command { std: "git" "rev-parse" "HEAD", kill_on_drop: false }`
[INFO] [stdout] 2d4577a1fb1caf0d8b6e428004e10baf21e99957
[INFO] checking chcnew/clip2term against 3154cc1a3e6424e44f438a95007d043ed5ceaaf6+rustflags=-Znext-solver=coherence for pr-133502-30
[INFO] running `Command { std: "git" "clone" "/workspace/cache/git-repos/https%3A%2F%2Fgithub.com%2Fchcnew%2Fclip2term" "/workspace/builds/worker-0-tc1/source", kill_on_drop: false }`
[INFO] [stderr] Cloning into '/workspace/builds/worker-0-tc1/source'...
[INFO] [stderr] done.
[INFO] started tweaking git repo https://github.com/chcnew/clip2term
[INFO] finished tweaking git repo https://github.com/chcnew/clip2term
[INFO] tweaked toml for git repo https://github.com/chcnew/clip2term written to /workspace/builds/worker-0-tc1/source/Cargo.toml
[INFO] validating manifest of git repo https://github.com/chcnew/clip2term on toolchain 3154cc1a3e6424e44f438a95007d043ed5ceaaf6
[INFO] running `Command { std: CARGO_HOME="/workspace/cargo-home" RUSTUP_HOME="/workspace/rustup-home" "/workspace/cargo-home/bin/cargo" "+3154cc1a3e6424e44f438a95007d043ed5ceaaf6" "metadata" "--manifest-path" "Cargo.toml" "--no-deps", kill_on_drop: false }`
[INFO] crate git repo https://github.com/chcnew/clip2term already has a lockfile, it will not be regenerated
[INFO] running `Command { std: CARGO_HOME="/workspace/cargo-home" RUSTUP_HOME="/workspace/rustup-home" "/workspace/cargo-home/bin/cargo" "+3154cc1a3e6424e44f438a95007d043ed5ceaaf6" "fetch" "--manifest-path" "Cargo.toml", kill_on_drop: false }`
[INFO] [stderr]     Blocking waiting for file lock on package cache
[INFO] running `Command { std: "docker" "create" "-v" "/var/lib/crater-agent-workspace/builds/worker-0-tc1/source:/opt/rustwide/workdir:ro,Z" "-v" "/var/lib/crater-agent-workspace/builds/worker-0-tc1/target:/opt/rustwide/target:rw,Z" "-v" "/var/lib/crater-agent-workspace/cargo-home:/opt/rustwide/cargo-home:ro,Z" "-v" "/var/lib/crater-agent-workspace/rustup-home:/opt/rustwide/rustup-home:ro,Z" "-m" "1610612736" "--network" "none" "ghcr.io/rust-lang/crates-build-env/linux@sha256:77db811e55d90add9212f6832c23229e3de5f1c1f9905e8cb07319ea15df73ac" "sleep" "infinity", kill_on_drop: false }`
[INFO] [stdout] 564efb37aad9d867bb852f1cc379276cdf02c6842ff9b51e39728267cd1d13e2
[INFO] running `Command { std: "docker" "start" "564efb37aad9d867bb852f1cc379276cdf02c6842ff9b51e39728267cd1d13e2", kill_on_drop: false }`
[INFO] running `Command { std: "docker" "inspect" "564efb37aad9d867bb852f1cc379276cdf02c6842ff9b51e39728267cd1d13e2", kill_on_drop: false }`
[INFO] running `Command { std: "docker" "exec" "-e" "SOURCE_DIR=/opt/rustwide/workdir" "-e" "CARGO_HOME=/opt/rustwide/cargo-home" "-e" "RUSTUP_HOME=/opt/rustwide/rustup-home" "-e" "CARGO_TARGET_DIR=/opt/rustwide/target" "-w" "/opt/rustwide/workdir" "--user" "0:0" "564efb37aad9d867bb852f1cc379276cdf02c6842ff9b51e39728267cd1d13e2" "/opt/rustwide/cargo-home/bin/cargo" "+3154cc1a3e6424e44f438a95007d043ed5ceaaf6" "metadata" "--no-deps" "--format-version=1", kill_on_drop: false }`
[INFO] running `Command { std: "docker" "inspect" "564efb37aad9d867bb852f1cc379276cdf02c6842ff9b51e39728267cd1d13e2", kill_on_drop: false }`
[INFO] running `Command { std: "docker" "exec" "-e" "SOURCE_DIR=/opt/rustwide/workdir" "-e" "CARGO_HOME=/opt/rustwide/cargo-home" "-e" "RUSTUP_HOME=/opt/rustwide/rustup-home" "-e" "CARGO_TARGET_DIR=/opt/rustwide/target" "-e" "CARGO_INCREMENTAL=0" "-e" "RUST_BACKTRACE=full" "-e" "RUSTFLAGS=--cap-lints=forbid -Znext-solver=coherence" "-e" "RUSTDOCFLAGS=--cap-lints=forbid" "-w" "/opt/rustwide/workdir" "--user" "0:0" "564efb37aad9d867bb852f1cc379276cdf02c6842ff9b51e39728267cd1d13e2" "/opt/rustwide/cargo-home/bin/cargo" "+3154cc1a3e6424e44f438a95007d043ed5ceaaf6" "check" "--frozen" "--all" "--all-targets" "--message-format=json", kill_on_drop: false }`
[INFO] [stderr]    Compiling serde v1.0.229
[INFO] [stderr]    Compiling serde_core v1.0.229
[INFO] [stderr]     Checking bitflags v2.13.1
[INFO] [stderr]    Compiling cfg-expr v0.15.8
[INFO] [stderr]    Compiling syn v1.0.109
[INFO] [stderr]    Compiling syn v2.0.119
[INFO] [stderr]    Compiling proc-macro-error-attr v1.0.4
[INFO] [stderr]    Compiling futures-macro v0.3.34
[INFO] [stderr]    Compiling serde_derive v1.0.229
[INFO] [stderr]     Checking log v0.4.33
[INFO] [stderr]     Checking either v1.17.0
[INFO] [stderr]    Compiling thiserror-impl v2.0.20
[INFO] [stderr]    Compiling windows_x86_64_gnu v0.52.6
[INFO] [stderr]     Checking bytemuck v1.25.2
[INFO] [stderr]     Checking no_std_io2 v0.9.4
[INFO] [stderr]    Compiling gtk v0.18.2
[INFO] [stderr]    Compiling rustix v1.1.4
[INFO] [stderr]     Checking raw-cpuid v11.6.0
[INFO] [stderr]     Checking bitstream-io v4.10.0
[INFO] [stderr]     Checking rayon v1.12.0
[INFO] [stderr]     Checking itertools v0.14.0
[INFO] [stderr]     Checking num-complex v0.4.6
[INFO] [stderr]     Checking imgref v1.12.2
[INFO] [stderr]     Checking windows-targets v0.52.6
[INFO] [stderr]     Checking linux-raw-sys v0.12.1
[INFO] [stderr]    Compiling proc-macro-error v1.0.4
[INFO] [stderr]     Checking windows-result v0.2.0
[INFO] [stderr]     Checking loop9 v0.1.5
[INFO] [stderr]     Checking libxdo-sys v0.11.0
[INFO] [stderr]     Checking rgb v0.8.53
[INFO] [stderr]     Checking libxdo v0.6.0
[INFO] [stderr]     Checking parking_lot_core v0.9.12
[INFO] [stderr]     Checking qoi v0.4.1
[INFO] [stderr]     Checking futures-util v0.3.34
[INFO] [stderr]     Checking png v0.18.1
[INFO] [stderr]     Checking winnow v0.5.40
[INFO] [stderr]     Checking x11rb-protocol v0.13.2
[INFO] [stderr]     Checking png v0.17.16
[INFO] [stderr]     Checking windows-strings v0.1.0
[INFO] [stderr]     Checking parking_lot v0.12.5
[INFO] [stderr]     Checking dirs-sys v0.4.1
[INFO] [stderr]     Checking chrono v0.4.45
[INFO] [stderr]     Checking dirs v5.0.1
[INFO] [stderr]     Checking thiserror v2.0.20
[INFO] [stderr]     Checking pulp v0.22.3
[INFO] [stderr]    Compiling toml_datetime v0.6.3
[INFO] [stderr]    Compiling serde_spanned v0.6.9
[INFO] [stderr]    Compiling toml_edit v0.20.2
[INFO] [stderr]    Compiling toml_edit v0.19.15
[INFO] [stderr]     Checking futures-executor v0.3.34
[INFO] [stderr]     Checking keyboard-types v0.7.0
[INFO] [stderr]     Checking maybe-rayon v0.1.1
[INFO] [stderr]    Compiling proc-macro-crate v1.3.1
[INFO] [stderr]    Compiling toml v0.8.2
[INFO] [stderr]    Compiling proc-macro-crate v2.0.2
[INFO] [stderr]    Compiling system-deps v6.2.2
[INFO] [stderr]    Compiling thiserror-impl v1.0.69
[INFO] [stderr]    Compiling equator-macro v0.4.2
[INFO] [stderr]    Compiling zerocopy-derive v0.8.56
[INFO] [stderr]    Compiling profiling-procmacros v1.0.18
[INFO] [stderr]    Compiling arg_enum_proc_macro v0.3.4
[INFO] [stderr]    Compiling gtk3-macros v0.18.2
[INFO] [stderr]    Compiling num-derive v0.4.2
[INFO] [stderr]    Compiling windows-interface v0.58.0
[INFO] [stderr]    Compiling glib-macros v0.18.5
[INFO] [stderr]    Compiling windows-implement v0.58.0
[INFO] [stderr]     Checking profiling v1.0.18
[INFO] [stderr]    Compiling glib-sys v0.18.1
[INFO] [stderr]    Compiling gobject-sys v0.18.0
[INFO] [stderr]    Compiling gio-sys v0.18.1
[INFO] [stderr]    Compiling gdk-pixbuf-sys v0.18.0
[INFO] [stderr]    Compiling pango-sys v0.18.0
[INFO] [stderr]    Compiling gdk-sys v0.18.2
[INFO] [stderr]    Compiling cairo-sys-rs v0.18.2
[INFO] [stderr]    Compiling atk-sys v0.18.2
[INFO] [stderr]     Checking equator v0.4.2
[INFO] [stderr]    Compiling gtk-sys v0.18.2
[INFO] [stderr]     Checking aligned-vec v0.6.4
[INFO] [stderr]     Checking gethostname v1.1.0
[INFO] [stderr]     Checking windows-core v0.58.0
[INFO] [stderr]     Checking x11rb v0.13.2
[INFO] [stderr]     Checking v_frame v0.3.9
[INFO] [stderr]     Checking thiserror v1.0.69
[INFO] [stderr]     Checking av-scenechange v0.14.1
[INFO] [stderr]     Checking av1-grain v0.2.5
[INFO] [stderr]     Checking windows v0.58.0
[INFO] [stderr]     Checking zerocopy v0.8.56
[INFO] [stderr]     Checking rav1e v0.8.1
[INFO] [stderr]     Checking glib v0.18.5
[INFO] [stderr]     Checking libappindicator-sys v0.9.0
[INFO] [stderr]     Checking half v2.7.1
[INFO] [stderr]     Checking tiff v0.11.3
[INFO] [stderr]     Checking exr v1.74.2
[INFO] [stderr]     Checking ravif v0.13.0
[INFO] [stderr]     Checking gio v0.18.4
[INFO] [stderr]     Checking cairo-rs v0.18.5
[INFO] [stderr]     Checking atk v0.18.2
[INFO] [stderr]     Checking image v0.25.10
[INFO] [stderr]     Checking arboard v3.6.1
[INFO] [stderr]     Checking pango v0.18.3
[INFO] [stderr]     Checking gdk-pixbuf v0.18.5
[INFO] [stderr]     Checking gdk v0.18.2
[INFO] [stderr]     Checking libappindicator v0.9.0
[INFO] [stderr]     Checking muda v0.15.3
[INFO] [stderr]     Checking tray-icon v0.19.3
[INFO] [stderr]     Checking clip2term v0.1.0 (/opt/rustwide/workdir)
[INFO] [stdout] error[E0433]: cannot find `Win32` in `windows`
[INFO] [stdout]  --> src/hotkey.rs:7:14
[INFO] [stdout]   |
[INFO] [stdout] 7 | use windows::Win32::UI::Input::KeyboardAndMouse::{
[INFO] [stdout]   |              ^^^^^ could not find `Win32` in `windows`
[INFO] [stdout] 
[INFO] [stdout] 
[INFO] [stdout] error[E0433]: cannot find `Win32` in `windows`
[INFO] [stdout]  --> src/hotkey.rs:7:14
[INFO] [stdout]   |
[INFO] [stdout] 7 | use windows::Win32::UI::Input::KeyboardAndMouse::{
[INFO] [stdout]   |              ^^^^^ could not find `Win32` in `windows`
[INFO] [stdout] 
[INFO] [stdout] 
[INFO] [stdout] error[E0433]: cannot find `Win32` in `windows`
[INFO] [stdout]  --> src/picker.rs:5:14
[INFO] [stdout]   |
[INFO] [stdout] 5 | use windows::Win32::System::Com::{
[INFO] [stdout]   |              ^^^^^ could not find `Win32` in `windows`
[INFO] [stdout] 
[INFO] [stdout] 
[INFO] [stdout] error[E0433]: cannot find `Win32` in `windows`
[INFO] [stdout]  --> src/picker.rs:8:14
[INFO] [stdout]   |
[INFO] [stdout] 8 | use windows::Win32::UI::Shell::{
[INFO] [stdout]   |              ^^^^^ could not find `Win32` in `windows`
[INFO] [stdout] 
[INFO] [stdout] 
[INFO] [stdout] error[E0433]: cannot find `Win32` in `windows`
[INFO] [stdout]  --> src/picker.rs:5:14
[INFO] [stdout]   |
[INFO] [stdout] 5 | use windows::Win32::System::Com::{
[INFO] [stdout]   |              ^^^^^ could not find `Win32` in `windows`
[INFO] [stdout] 
[INFO] [stdout] 
[INFO] [stdout] error[E0433]: cannot find `Win32` in `windows`
[INFO] [stdout]  --> src/picker.rs:8:14
[INFO] [stdout]   |
[INFO] [stdout] 8 | use windows::Win32::UI::Shell::{
[INFO] [stdout]   |              ^^^^^ could not find `Win32` in `windows`
[INFO] [stdout] 
[INFO] [stdout] 
[INFO] [stdout] error[E0433]: cannot find `Win32` in `windows`
[INFO] [stdout]  --> src/tray.rs:6:14
[INFO] [stdout]   |
[INFO] [stdout] 6 | use windows::Win32::UI::WindowsAndMessaging::PostQuitMessage;
[INFO] [stdout]   |              ^^^^^ could not find `Win32` in `windows`
[INFO] [stdout] 
[INFO] [stdout] 
[INFO] [stdout] error[E0433]: cannot find `Win32` in `windows`
[INFO] [stdout]  --> src/tray.rs:6:14
[INFO] [stdout]   |
[INFO] [stdout] 6 | use windows::Win32::UI::WindowsAndMessaging::PostQuitMessage;
[INFO] [stdout]   |              ^^^^^ could not find `Win32` in `windows`
[INFO] [stdout] 
[INFO] [stdout] 
[INFO] [stdout] error[E0432]: unresolved import `windows::core`
[INFO] [stdout]  --> src/picker.rs:4:14
[INFO] [stdout]   |
[INFO] [stdout] 4 | use windows::core::{w, PWSTR};
[INFO] [stdout]   |              ^^^^ could not find `core` in `windows`
[INFO] [stdout] 
[INFO] [stdout] 
[INFO] [stdout] error[E0433]: cannot find `Win32` in `windows`
[INFO] [stdout]  --> src/wnd.rs:5:14
[INFO] [stdout]   |
[INFO] [stdout] 5 | use windows::Win32::Foundation::{HWND, LPARAM, LRESULT, WPARAM};
[INFO] [stdout]   |              ^^^^^ could not find `Win32` in `windows`
[INFO] [stdout] 
[INFO] [stdout] 
[INFO] [stdout] error[E0433]: cannot find `Win32` in `windows`
[INFO] [stdout]  --> src/wnd.rs:6:14
[INFO] [stdout]   |
[INFO] [stdout] 6 | use windows::Win32::System::DataExchange::{
[INFO] [stdout]   |              ^^^^^ could not find `Win32` in `windows`
[INFO] [stdout] 
[INFO] [stdout] 
[INFO] [stdout] error[E0433]: cannot find `Win32` in `windows`
[INFO] [stdout]  --> src/wnd.rs:9:14
[INFO] [stdout]   |
[INFO] [stdout] 9 | use windows::Win32::System::LibraryLoader::GetModuleHandleW;
[INFO] [stdout]   |              ^^^^^ could not find `Win32` in `windows`
[INFO] [stdout] 
[INFO] [stdout] 
[INFO] [stdout] error[E0433]: cannot find `Win32` in `windows`
[INFO] [stdout]   --> src/wnd.rs:10:14
[INFO] [stdout]    |
[INFO] [stdout] 10 | use windows::Win32::UI::Input::KeyboardAndMouse::{
[INFO] [stdout]    |              ^^^^^ could not find `Win32` in `windows`
[INFO] [stdout] 
[INFO] [stdout] 
[INFO] [stdout] error[E0432]: unresolved import `windows::core`
[INFO] [stdout]  --> src/picker.rs:4:14
[INFO] [stdout]   |
[INFO] [stdout] 4 | use windows::core::{w, PWSTR};
[INFO] [stdout]   |              ^^^^ could not find `core` in `windows`
[INFO] [stdout] 
[INFO] [stdout] 
[INFO] [stdout] error[E0433]: cannot find `Win32` in `windows`
[INFO] [stdout]  --> src/wnd.rs:5:14
[INFO] [stdout]   |
[INFO] [stdout] 5 | use windows::Win32::Foundation::{HWND, LPARAM, LRESULT, WPARAM};
[INFO] [stdout]   |              ^^^^^ could not find `Win32` in `windows`
[INFO] [stdout] 
[INFO] [stdout] 
[INFO] [stdout] error[E0433]: cannot find `Win32` in `windows`
[INFO] [stdout]  --> src/wnd.rs:6:14
[INFO] [stdout]   |
[INFO] [stdout] 6 | use windows::Win32::System::DataExchange::{
[INFO] [stdout]   |              ^^^^^ could not find `Win32` in `windows`
[INFO] [stdout] 
[INFO] [stdout] 
[INFO] [stdout] error[E0433]: cannot find `Win32` in `windows`
[INFO] [stdout]   --> src/wnd.rs:13:14
[INFO] [stdout]    |
[INFO] [stdout] 13 | use windows::Win32::UI::WindowsAndMessaging::{
[INFO] [stdout]    |              ^^^^^ could not find `Win32` in `windows`
[INFO] [stdout] 
[INFO] [stdout] 
[INFO] [stdout] error[E0433]: cannot find `Win32` in `windows`
[INFO] [stdout]  --> src/wnd.rs:9:14
[INFO] [stdout]   |
[INFO] [stdout] 9 | use windows::Win32::System::LibraryLoader::GetModuleHandleW;
[INFO] [stdout]   |              ^^^^^ could not find `Win32` in `windows`
[INFO] [stdout] 
[INFO] [stdout] 
[INFO] [stdout] error[E0433]: cannot find `Win32` in `windows`
[INFO] [stdout]   --> src/wnd.rs:10:14
[INFO] [stdout]    |
[INFO] [stdout] 10 | use windows::Win32::UI::Input::KeyboardAndMouse::{
[INFO] [stdout]    |              ^^^^^ could not find `Win32` in `windows`
[INFO] [stdout] 
[INFO] [stdout] 
[INFO] [stdout] error[E0433]: cannot find `Win32` in `windows`
[INFO] [stdout]   --> src/wnd.rs:13:14
[INFO] [stdout]    |
[INFO] [stdout] 13 | use windows::Win32::UI::WindowsAndMessaging::{
[INFO] [stdout]    |              ^^^^^ could not find `Win32` in `windows`
[INFO] [stdout] 
[INFO] [stdout] 
[INFO] [stdout] error[E0432]: unresolved import `windows::core`
[INFO] [stdout]  --> src/wnd.rs:4:14
[INFO] [stdout]   |
[INFO] [stdout] 4 | use windows::core::w;
[INFO] [stdout]   |              ^^^^ could not find `core` in `windows`
[INFO] [stdout] 
[INFO] [stdout] 
[INFO] [stdout] error[E0433]: cannot find `Win32` in `windows`
[INFO] [stdout]   --> src/main.rs:16:14
[INFO] [stdout]    |
[INFO] [stdout] 16 | use windows::Win32::Foundation::GetLastError;
[INFO] [stdout]    |              ^^^^^ could not find `Win32` in `windows`
[INFO] [stdout] 
[INFO] [stdout] 
[INFO] [stdout] error[E0432]: unresolved import `windows::core`
[INFO] [stdout]  --> src/wnd.rs:4:14
[INFO] [stdout]   |
[INFO] [stdout] 4 | use windows::core::w;
[INFO] [stdout]   |              ^^^^ could not find `core` in `windows`
[INFO] [stdout] 
[INFO] [stdout] 
[INFO] [stdout] error[E0433]: cannot find `Win32` in `windows`
[INFO] [stdout]   --> src/main.rs:17:14
[INFO] [stdout]    |
[INFO] [stdout] 17 | use windows::Win32::Foundation::ERROR_ALREADY_EXISTS;
[INFO] [stdout]    |              ^^^^^ could not find `Win32` in `windows`
[INFO] [stdout] 
[INFO] [stdout] 
[INFO] [stdout] error[E0433]: cannot find `Win32` in `windows`
[INFO] [stdout]   --> src/main.rs:18:14
[INFO] [stdout]    |
[INFO] [stdout] 18 | use windows::Win32::System::Threading::CreateMutexW;
[INFO] [stdout]    |              ^^^^^ could not find `Win32` in `windows`
[INFO] [stdout] 
[INFO] [stdout] 
[INFO] [stdout] error[E0433]: cannot find `Win32` in `windows`
[INFO] [stdout]   --> src/main.rs:16:14
[INFO] [stdout]    |
[INFO] [stdout] 16 | use windows::Win32::Foundation::GetLastError;
[INFO] [stdout]    |              ^^^^^ could not find `Win32` in `windows`
[INFO] [stdout] 
[INFO] [stdout] 
[INFO] [stdout] error[E0432]: unresolved import `windows::core`
[INFO] [stdout]   --> src/main.rs:15:14
[INFO] [stdout]    |
[INFO] [stdout] 15 | use windows::core::w;
[INFO] [stdout]    |              ^^^^ could not find `core` in `windows`
[INFO] [stdout] 
[INFO] [stdout] 
[INFO] [stdout] error[E0433]: cannot find `Win32` in `windows`
[INFO] [stdout]   --> src/main.rs:17:14
[INFO] [stdout]    |
[INFO] [stdout] 17 | use windows::Win32::Foundation::ERROR_ALREADY_EXISTS;
[INFO] [stdout]    |              ^^^^^ could not find `Win32` in `windows`
[INFO] [stdout] 
[INFO] [stdout] 
[INFO] [stdout] error[E0433]: cannot find `Win32` in `windows`
[INFO] [stdout]   --> src/main.rs:18:14
[INFO] [stdout]    |
[INFO] [stdout] 18 | use windows::Win32::System::Threading::CreateMutexW;
[INFO] [stdout]    |              ^^^^^ could not find `Win32` in `windows`
[INFO] [stdout] 
[INFO] [stdout] 
[INFO] [stdout] error[E0432]: unresolved import `windows::core`
[INFO] [stdout]   --> src/main.rs:15:14
[INFO] [stdout]    |
[INFO] [stdout] 15 | use windows::core::w;
[INFO] [stdout]    |              ^^^^ could not find `core` in `windows`
[INFO] [stdout] 
[INFO] [stdout] 
[INFO] [stdout] error[E0433]: cannot find `core` in `windows`
[INFO] [stdout]   --> src/wnd.rs:25:28
[INFO] [stdout]    |
[INFO] [stdout] 25 | const CLASS_NAME: windows::core::PCWSTR = w!("clip2term.ClipboardWnd");
[INFO] [stdout]    |                            ^^^^ could not find `core` in `windows`
[INFO] [stdout] 
[INFO] [stdout] 
[INFO] [stdout] error[E0433]: cannot find `core` in `windows`
[INFO] [stdout]   --> src/wnd.rs:25:28
[INFO] [stdout]    |
[INFO] [stdout] 25 | const CLASS_NAME: windows::core::PCWSTR = w!("clip2term.ClipboardWnd");
[INFO] [stdout]    |                            ^^^^ could not find `core` in `windows`
[INFO] [stdout] 
[INFO] [stdout] 
[INFO] [stdout] Some errors have detailed explanations: E0432, E0433.
[INFO] [stdout] 
[INFO] [stdout] For more information about an error, try `rustc --explain E0432`.
[INFO] [stdout] 
[INFO] [stdout] Some errors have detailed explanations: E0432, E0433.
[INFO] [stdout] 
[INFO] [stdout] For more information about an error, try `rustc --explain E0432`.
[INFO] [stdout] 
[INFO] [stderr] error: could not compile `clip2term` (bin "clip2term" test) due to 16 previous errors
[INFO] [stderr] warning: build failed, waiting for other jobs to finish...
[INFO] [stderr] error: could not compile `clip2term` (bin "clip2term") due to 16 previous errors
[INFO] running `Command { std: "docker" "inspect" "564efb37aad9d867bb852f1cc379276cdf02c6842ff9b51e39728267cd1d13e2", kill_on_drop: false }`
[INFO] running `Command { std: "docker" "rm" "-f" "564efb37aad9d867bb852f1cc379276cdf02c6842ff9b51e39728267cd1d13e2", kill_on_drop: false }`
[INFO] [stdout] 564efb37aad9d867bb852f1cc379276cdf02c6842ff9b51e39728267cd1d13e2
