[INFO] cloning repository https://github.com/chalk-ai/chalk-ty
[INFO] running `Command { std: "git" "-c" "credential.helper=" "-c" "credential.helper=/workspace/cargo-home/bin/git-credential-null" "clone" "--bare" "https://github.com/chalk-ai/chalk-ty" "/workspace/cache/git-repos/https%3A%2F%2Fgithub.com%2Fchalk-ai%2Fchalk-ty", kill_on_drop: false }`
[INFO] [stderr] Cloning into bare repository '/workspace/cache/git-repos/https%3A%2F%2Fgithub.com%2Fchalk-ai%2Fchalk-ty'...
[INFO] running `Command { std: "git" "rev-parse" "HEAD", kill_on_drop: false }`
[INFO] [stdout] 7aca4c2eb7093c674124ecb1c7e9088bbe1ee24f
[INFO] checking chalk-ai/chalk-ty against 3154cc1a3e6424e44f438a95007d043ed5ceaaf6+rustflags=-Znext-solver=coherence for pr-133502-30
[INFO] running `Command { std: "git" "clone" "/workspace/cache/git-repos/https%3A%2F%2Fgithub.com%2Fchalk-ai%2Fchalk-ty" "/workspace/builds/worker-3-tc1/source", kill_on_drop: false }`
[INFO] [stderr] Cloning into '/workspace/builds/worker-3-tc1/source'...
[INFO] [stderr] done.
[INFO] [stderr] Updating files:  53% (5785/10868)
Updating files:  54% (5869/10868)
Updating files:  55% (5978/10868)
Updating files:  56% (6087/10868)
Updating files:  57% (6195/10868)
Updating files:  58% (6304/10868)
Updating files:  59% (6413/10868)
Updating files:  60% (6521/10868)
Updating files:  61% (6630/10868)
Updating files:  62% (6739/10868)
Updating files:  63% (6847/10868)
Updating files:  64% (6956/10868)
Updating files:  65% (7065/10868)
Updating files:  66% (7173/10868)
Updating files:  67% (7282/10868)
Updating files:  68% (7391/10868)
Updating files:  69% (7499/10868)
Updating files:  70% (7608/10868)
Updating files:  71% (7717/10868)
Updating files:  72% (7825/10868)
Updating files:  73% (7934/10868)
Updating files:  74% (8043/10868)
Updating files:  75% (8151/10868)
Updating files:  76% (8260/10868)
Updating files:  77% (8369/10868)
Updating files:  78% (8478/10868)
Updating files:  79% (8586/10868)
Updating files:  80% (8695/10868)
Updating files:  81% (8804/10868)
Updating files:  82% (8912/10868)
Updating files:  83% (9021/10868)
Updating files:  84% (9130/10868)
Updating files:  85% (9238/10868)
Updating files:  86% (9347/10868)
Updating files:  87% (9456/10868)
Updating files:  88% (9564/10868)
Updating files:  89% (9673/10868)
Updating files:  90% (9782/10868)
Updating files:  91% (9890/10868)
Updating files:  92% (9999/10868)
Updating files:  93% (10108/10868)
Updating files:  94% (10216/10868)
Updating files:  95% (10325/10868)
Updating files:  96% (10434/10868)
Updating files:  97% (10542/10868)
Updating files:  98% (10651/10868)
Updating files:  99% (10760/10868)
Updating files:  99% (10849/10868)
Updating files: 100% (10868/10868)
Updating files: 100% (10868/10868), done.
[INFO] removed /workspace/builds/worker-3-tc1/source/.cargo/config.toml
[INFO] removed /workspace/builds/worker-3-tc1/source/rust-toolchain.toml
[INFO] started tweaking git repo https://github.com/chalk-ai/chalk-ty
[INFO] finished tweaking git repo https://github.com/chalk-ai/chalk-ty
[INFO] tweaked toml for git repo https://github.com/chalk-ai/chalk-ty written to /workspace/builds/worker-3-tc1/source/Cargo.toml
[INFO] validating manifest of git repo https://github.com/chalk-ai/chalk-ty on toolchain 3154cc1a3e6424e44f438a95007d043ed5ceaaf6
[INFO] running `Command { std: CARGO_HOME="/workspace/cargo-home" RUSTUP_HOME="/workspace/rustup-home" "/workspace/cargo-home/bin/cargo" "+3154cc1a3e6424e44f438a95007d043ed5ceaaf6" "metadata" "--manifest-path" "Cargo.toml" "--no-deps", kill_on_drop: false }`
[INFO] crate git repo https://github.com/chalk-ai/chalk-ty already has a lockfile, it will not be regenerated
[INFO] running `Command { std: CARGO_HOME="/workspace/cargo-home" RUSTUP_HOME="/workspace/rustup-home" "/workspace/cargo-home/bin/cargo" "+3154cc1a3e6424e44f438a95007d043ed5ceaaf6" "fetch" "--manifest-path" "Cargo.toml", kill_on_drop: false }`
[INFO] [stderr] warning: unused workspace dependency `ruff_mdtest`
[INFO] [stderr]    --> Cargo.toml:353:25
[INFO] [stderr]     |
[INFO] [stderr] 353 | [workspace.dependencies.ruff_mdtest]
[INFO] [stderr]     |                         ^^^^^^^^^^^
[INFO] [stderr]     |
[INFO] [stderr]     = note: `cargo::unused_workspace_dependencies` is set to `warn` by default
[INFO] [stderr] help: consider removing the workspace dependency `ruff_mdtest`
[INFO] [stderr] warning: unused workspace dependency `ty_completion_bench`
[INFO] [stderr]    --> Cargo.toml:537:25
[INFO] [stderr]     |
[INFO] [stderr] 537 | [workspace.dependencies.ty_completion_bench]
[INFO] [stderr]     |                         ^^^^^^^^^^^^^^^^^^^
[INFO] [stderr]     |
[INFO] [stderr] help: consider removing the workspace dependency `ty_completion_bench`
[INFO] [stderr] warning: unused workspace dependency `ty_completion_eval`
[INFO] [stderr]    --> Cargo.toml:540:25
[INFO] [stderr]     |
[INFO] [stderr] 540 | [workspace.dependencies.ty_completion_eval]
[INFO] [stderr]     |                         ^^^^^^^^^^^^^^^^^^
[INFO] [stderr]     |
[INFO] [stderr] help: consider removing the workspace dependency `ty_completion_eval`
[INFO] [stderr] warning: workspace (manifest) generated 3 warnings
[INFO] [stderr] warning: `package.homepage` is redundant with `package.documentation`
[INFO] [stderr]  --> crates/ty_project/Cargo.toml:7:1
[INFO] [stderr]   |
[INFO] [stderr] 7 | homepage.workspace = true
[INFO] [stderr]   | ^^^^^^^^
[INFO] [stderr] 8 | documentation.workspace = true
[INFO] [stderr]   | -------------
[INFO] [stderr]   |
[INFO] [stderr]   = note: `cargo::redundant_homepage` is set to `warn` by default
[INFO] [stderr] help: consider removing `package.homepage`
[INFO] [stderr] warning: `ty_project` (manifest) generated 1 warning
[INFO] [stderr] warning: `package.homepage` is redundant with `package.documentation`
[INFO] [stderr]  --> crates/ruff_macros/Cargo.toml:8:12
[INFO] [stderr]   |
[INFO] [stderr] 8 | homepage = { workspace = true }
[INFO] [stderr]   |            ^^^^^^^^^^^^^^^^^^^^
[INFO] [stderr] 9 | documentation = { workspace = true }
[INFO] [stderr]   |                 --------------------
[INFO] [stderr]   |
[INFO] [stderr]   = note: `cargo::redundant_homepage` is set to `warn` by default
[INFO] [stderr] help: consider removing `package.homepage`
[INFO] [stderr] warning: `ruff_macros` (manifest) generated 1 warning
[INFO] [stderr] warning: `package.homepage` is redundant with `package.documentation`
[INFO] [stderr]  --> crates/ruff_python_ast/Cargo.toml:8:12
[INFO] [stderr]   |
[INFO] [stderr] 8 | homepage = { workspace = true }
[INFO] [stderr]   |            ^^^^^^^^^^^^^^^^^^^^
[INFO] [stderr] 9 | documentation = { workspace = true }
[INFO] [stderr]   |                 --------------------
[INFO] [stderr]   |
[INFO] [stderr]   = note: `cargo::redundant_homepage` is set to `warn` by default
[INFO] [stderr] help: consider removing `package.homepage`
[INFO] [stderr] warning: `ruff_python_ast` (manifest) generated 1 warning
[INFO] [stderr] warning: `package.homepage` is redundant with `package.documentation`
[INFO] [stderr]  --> crates/ty_site_packages/Cargo.toml:8:12
[INFO] [stderr]   |
[INFO] [stderr] 8 | homepage = { workspace = true }
[INFO] [stderr]   |            ^^^^^^^^^^^^^^^^^^^^
[INFO] [stderr] 9 | documentation = { workspace = true }
[INFO] [stderr]   |                 --------------------
[INFO] [stderr]   |
[INFO] [stderr]   = note: `cargo::redundant_homepage` is set to `warn` by default
[INFO] [stderr] help: consider removing `package.homepage`
[INFO] [stderr] warning: `ty_site_packages` (manifest) generated 1 warning
[INFO] [stderr] warning: missing `[lints]` to inherit `[workspace.lints]`
[INFO] [stderr]   --> crates/ruff_diagnostics/Cargo.toml
[INFO] [stderr]    = note: `cargo::missing_lints_inheritance` is set to `warn` by default
[INFO] [stderr] help: to inherit `workspace.lints, add:
[INFO] [stderr]    |
[INFO] [stderr] 25 ~ serde = ["dep:serde", "ruff_text_size/serde"]
[INFO] [stderr] 26 + [lints]
[INFO] [stderr] 27 + workspace = true
[INFO] [stderr]    |
[INFO] [stderr] help: to clarify your intent to not inherit, add:
[INFO] [stderr]    |
[INFO] [stderr] 25 ~ serde = ["dep:serde", "ruff_text_size/serde"]
[INFO] [stderr] 26 + [lints]
[INFO] [stderr]    |
[INFO] [stderr] warning: `package.homepage` is redundant with `package.documentation`
[INFO] [stderr]  --> crates/ruff_diagnostics/Cargo.toml:8:12
[INFO] [stderr]   |
[INFO] [stderr] 8 | homepage = { workspace = true }
[INFO] [stderr]   |            ^^^^^^^^^^^^^^^^^^^^
[INFO] [stderr] 9 | documentation = { workspace = true }
[INFO] [stderr]   |                 --------------------
[INFO] [stderr]   |
[INFO] [stderr]   = note: `cargo::redundant_homepage` is set to `warn` by default
[INFO] [stderr] help: consider removing `package.homepage`
[INFO] [stderr] warning: `ruff_diagnostics` (manifest) generated 2 warnings
[INFO] [stderr] warning: `package.homepage` is redundant with `package.documentation`
[INFO] [stderr]  --> crates/ruff_notebook/Cargo.toml:8:12
[INFO] [stderr]   |
[INFO] [stderr] 8 | homepage = { workspace = true }
[INFO] [stderr]   |            ^^^^^^^^^^^^^^^^^^^^
[INFO] [stderr] 9 | documentation = { workspace = true }
[INFO] [stderr]   |                 --------------------
[INFO] [stderr]   |
[INFO] [stderr]   = note: `cargo::redundant_homepage` is set to `warn` by default
[INFO] [stderr] help: consider removing `package.homepage`
[INFO] [stderr] warning: `ruff_notebook` (manifest) generated 1 warning
[INFO] [stderr] warning: `package.homepage` is redundant with `package.documentation`
[INFO] [stderr]  --> crates/ruff_dev/Cargo.toml:8:12
[INFO] [stderr]   |
[INFO] [stderr] 8 | homepage = { workspace = true }
[INFO] [stderr]   |            ^^^^^^^^^^^^^^^^^^^^
[INFO] [stderr] 9 | documentation = { workspace = true }
[INFO] [stderr]   |                 --------------------
[INFO] [stderr]   |
[INFO] [stderr]   = note: `cargo::redundant_homepage` is set to `warn` by default
[INFO] [stderr] help: consider removing `package.homepage`
[INFO] [stderr] warning: `ruff_dev` (manifest) generated 1 warning
[INFO] [stderr] warning: `package.homepage` is redundant with `package.documentation`
[INFO] [stderr]  --> crates/ruff_index/Cargo.toml:8:12
[INFO] [stderr]   |
[INFO] [stderr] 8 | homepage = { workspace = true }
[INFO] [stderr]   |            ^^^^^^^^^^^^^^^^^^^^
[INFO] [stderr] 9 | documentation = { workspace = true }
[INFO] [stderr]   |                 --------------------
[INFO] [stderr]   |
[INFO] [stderr]   = note: `cargo::redundant_homepage` is set to `warn` by default
[INFO] [stderr] help: consider removing `package.homepage`
[INFO] [stderr] warning: `ruff_index` (manifest) generated 1 warning
[INFO] [stderr] warning: `package.homepage` is redundant with `package.documentation`
[INFO] [stderr]  --> crates/ruff_python_formatter/Cargo.toml:8:12
[INFO] [stderr]   |
[INFO] [stderr] 8 | homepage = { workspace = true }
[INFO] [stderr]   |            ^^^^^^^^^^^^^^^^^^^^
[INFO] [stderr] 9 | documentation = { workspace = true }
[INFO] [stderr]   |                 --------------------
[INFO] [stderr]   |
[INFO] [stderr]   = note: `cargo::redundant_homepage` is set to `warn` by default
[INFO] [stderr] help: consider removing `package.homepage`
[INFO] [stderr] warning: `ruff_python_formatter` (manifest) generated 1 warning
[INFO] [stderr] warning: `package.homepage` is redundant with `package.documentation`
[INFO] [stderr]  --> crates/mdtest/Cargo.toml:7:1
[INFO] [stderr]   |
[INFO] [stderr] 7 | homepage.workspace = true
[INFO] [stderr]   | ^^^^^^^^
[INFO] [stderr] 8 | documentation.workspace = true
[INFO] [stderr]   | -------------
[INFO] [stderr]   |
[INFO] [stderr]   = note: `cargo::redundant_homepage` is set to `warn` by default
[INFO] [stderr] help: consider removing `package.homepage`
[INFO] [stderr] warning: `mdtest` (manifest) generated 1 warning
[INFO] [stderr] warning: `package.homepage` is redundant with `package.documentation`
[INFO] [stderr]  --> crates/ruff_linter/Cargo.toml:8:12
[INFO] [stderr]   |
[INFO] [stderr] 8 | homepage = { workspace = true }
[INFO] [stderr]   |            ^^^^^^^^^^^^^^^^^^^^
[INFO] [stderr] 9 | documentation = { workspace = true }
[INFO] [stderr]   |                 --------------------
[INFO] [stderr]   |
[INFO] [stderr]   = note: `cargo::redundant_homepage` is set to `warn` by default
[INFO] [stderr] help: consider removing `package.homepage`
[INFO] [stderr] warning: `ruff_linter` (manifest) generated 1 warning
[INFO] [stderr] warning: `package.homepage` is redundant with `package.documentation`
[INFO] [stderr]  --> crates/ruff_annotate_snippets/Cargo.toml:8:12
[INFO] [stderr]   |
[INFO] [stderr] 8 | homepage = { workspace = true }
[INFO] [stderr]   |            ^^^^^^^^^^^^^^^^^^^^
[INFO] [stderr] 9 | documentation = { workspace = true }
[INFO] [stderr]   |                 --------------------
[INFO] [stderr]   |
[INFO] [stderr]   = note: `cargo::redundant_homepage` is set to `warn` by default
[INFO] [stderr] help: consider removing `package.homepage`
[INFO] [stderr] warning: `ruff_annotate_snippets` (manifest) generated 1 warning
[INFO] [stderr] warning: `package.homepage` is redundant with `package.documentation`
[INFO] [stderr]  --> crates/ty_static/Cargo.toml:7:12
[INFO] [stderr]   |
[INFO] [stderr] 7 | homepage = { workspace = true }
[INFO] [stderr]   |            ^^^^^^^^^^^^^^^^^^^^
[INFO] [stderr] 8 | documentation = { workspace = true }
[INFO] [stderr]   |                 --------------------
[INFO] [stderr]   |
[INFO] [stderr]   = note: `cargo::redundant_homepage` is set to `warn` by default
[INFO] [stderr] help: consider removing `package.homepage`
[INFO] [stderr] warning: `ty_static` (manifest) generated 1 warning
[INFO] [stderr] warning: `package.homepage` is redundant with `package.documentation`
[INFO] [stderr]  --> crates/ruff_source_file/Cargo.toml:8:12
[INFO] [stderr]   |
[INFO] [stderr] 8 | homepage = { workspace = true }
[INFO] [stderr]   |            ^^^^^^^^^^^^^^^^^^^^
[INFO] [stderr] 9 | documentation = { workspace = true }
[INFO] [stderr]   |                 --------------------
[INFO] [stderr]   |
[INFO] [stderr]   = note: `cargo::redundant_homepage` is set to `warn` by default
[INFO] [stderr] help: consider removing `package.homepage`
[INFO] [stderr] warning: `ruff_source_file` (manifest) generated 1 warning
[INFO] [stderr] warning: `package.homepage` is redundant with `package.documentation`
[INFO] [stderr]  --> crates/ruff_text_size/Cargo.toml:8:12
[INFO] [stderr]   |
[INFO] [stderr] 8 | homepage = { workspace = true }
[INFO] [stderr]   |            ^^^^^^^^^^^^^^^^^^^^
[INFO] [stderr] 9 | documentation = { workspace = true }
[INFO] [stderr]   |                 --------------------
[INFO] [stderr]   |
[INFO] [stderr]   = note: `cargo::redundant_homepage` is set to `warn` by default
[INFO] [stderr] help: consider removing `package.homepage`
[INFO] [stderr] warning: `ruff_text_size` (manifest) generated 1 warning
[INFO] [stderr] warning: `package.homepage` is redundant with `package.documentation`
[INFO] [stderr]  --> crates/ruff_python_parser/Cargo.toml:8:12
[INFO] [stderr]   |
[INFO] [stderr] 8 | homepage = { workspace = true }
[INFO] [stderr]   |            ^^^^^^^^^^^^^^^^^^^^
[INFO] [stderr] 9 | documentation = { workspace = true }
[INFO] [stderr]   |                 --------------------
[INFO] [stderr]   |
[INFO] [stderr]   = note: `cargo::redundant_homepage` is set to `warn` by default
[INFO] [stderr] help: consider removing `package.homepage`
[INFO] [stderr] warning: `ruff_python_parser` (manifest) generated 1 warning
[INFO] [stderr] warning: `package.homepage` is redundant with `package.documentation`
[INFO] [stderr]  --> crates/ty_python_semantic/Cargo.toml:8:12
[INFO] [stderr]   |
[INFO] [stderr] 8 | homepage = { workspace = true }
[INFO] [stderr]   |            ^^^^^^^^^^^^^^^^^^^^
[INFO] [stderr] 9 | documentation = { workspace = true }
[INFO] [stderr]   |                 --------------------
[INFO] [stderr]   |
[INFO] [stderr]   = note: `cargo::redundant_homepage` is set to `warn` by default
[INFO] [stderr] help: consider removing `package.homepage`
[INFO] [stderr] warning: `ty_python_semantic` (manifest) generated 1 warning
[INFO] [stderr] warning: `package.homepage` is redundant with `package.documentation`
[INFO] [stderr]  --> crates/ty_test/Cargo.toml:7:1
[INFO] [stderr]   |
[INFO] [stderr] 7 | homepage.workspace = true
[INFO] [stderr]   | ^^^^^^^^
[INFO] [stderr] 8 | documentation.workspace = true
[INFO] [stderr]   | -------------
[INFO] [stderr]   |
[INFO] [stderr]   = note: `cargo::redundant_homepage` is set to `warn` by default
[INFO] [stderr] help: consider removing `package.homepage`
[INFO] [stderr] warning: `ty_test` (manifest) generated 1 warning
[INFO] [stderr] warning: `package.homepage` is redundant with `package.documentation`
[INFO] [stderr]  --> crates/ruff_python_index/Cargo.toml:8:12
[INFO] [stderr]   |
[INFO] [stderr] 8 | homepage = { workspace = true }
[INFO] [stderr]   |            ^^^^^^^^^^^^^^^^^^^^
[INFO] [stderr] 9 | documentation = { workspace = true }
[INFO] [stderr]   |                 --------------------
[INFO] [stderr]   |
[INFO] [stderr]   = note: `cargo::redundant_homepage` is set to `warn` by default
[INFO] [stderr] help: consider removing `package.homepage`
[INFO] [stderr] warning: `ruff_python_index` (manifest) generated 1 warning
[INFO] [stderr] warning: `package.homepage` is redundant with `package.documentation`
[INFO] [stderr]  --> crates/ty_completion_eval/Cargo.toml:8:12
[INFO] [stderr]   |
[INFO] [stderr] 8 | homepage = { workspace = true }
[INFO] [stderr]   |            ^^^^^^^^^^^^^^^^^^^^
[INFO] [stderr] 9 | documentation = { workspace = true }
[INFO] [stderr]   |                 --------------------
[INFO] [stderr]   |
[INFO] [stderr]   = note: `cargo::redundant_homepage` is set to `warn` by default
[INFO] [stderr] help: consider removing `package.homepage`
[INFO] [stderr] warning: `ty_completion_eval` (manifest) generated 1 warning
[INFO] [stderr] warning: `package.homepage` is redundant with `package.documentation`
[INFO] [stderr]  --> crates/ty_combine/Cargo.toml:7:1
[INFO] [stderr]   |
[INFO] [stderr] 7 | homepage.workspace = true
[INFO] [stderr]   | ^^^^^^^^
[INFO] [stderr] 8 | documentation.workspace = true
[INFO] [stderr]   | -------------
[INFO] [stderr]   |
[INFO] [stderr]   = note: `cargo::redundant_homepage` is set to `warn` by default
[INFO] [stderr] help: consider removing `package.homepage`
[INFO] [stderr] warning: `ty_combine` (manifest) generated 1 warning
[INFO] [stderr] warning: missing `[lints]` to inherit `[workspace.lints]`
[INFO] [stderr]   --> crates/ruff_db/Cargo.toml
[INFO] [stderr]    = note: `cargo::missing_lints_inheritance` is set to `warn` by default
[INFO] [stderr] help: to inherit `workspace.lints, add:
[INFO] [stderr]    |
[INFO] [stderr] 74 ~ testing = ["tracing-subscriber"]
[INFO] [stderr] 75 + [lints]
[INFO] [stderr] 76 + workspace = true
[INFO] [stderr]    |
[INFO] [stderr] help: to clarify your intent to not inherit, add:
[INFO] [stderr]    |
[INFO] [stderr] 74 ~ testing = ["tracing-subscriber"]
[INFO] [stderr] 75 + [lints]
[INFO] [stderr]    |
[INFO] [stderr] warning: `package.homepage` is redundant with `package.documentation`
[INFO] [stderr]  --> crates/ruff_db/Cargo.toml:8:12
[INFO] [stderr]   |
[INFO] [stderr] 8 | homepage = { workspace = true }
[INFO] [stderr]   |            ^^^^^^^^^^^^^^^^^^^^
[INFO] [stderr] 9 | documentation = { workspace = true }
[INFO] [stderr]   |                 --------------------
[INFO] [stderr]   |
[INFO] [stderr]   = note: `cargo::redundant_homepage` is set to `warn` by default
[INFO] [stderr] help: consider removing `package.homepage`
[INFO] [stderr] warning: `ruff_db` (manifest) generated 2 warnings
[INFO] [stderr] warning: `package.homepage` is redundant with `package.documentation`
[INFO] [stderr]  --> crates/ruff_python_literal/Cargo.toml:8:12
[INFO] [stderr]   |
[INFO] [stderr] 8 | homepage = { workspace = true }
[INFO] [stderr]   |            ^^^^^^^^^^^^^^^^^^^^
[INFO] [stderr] 9 | documentation = { workspace = true }
[INFO] [stderr]   |                 --------------------
[INFO] [stderr]   |
[INFO] [stderr]   = note: `cargo::redundant_homepage` is set to `warn` by default
[INFO] [stderr] help: consider removing `package.homepage`
[INFO] [stderr] warning: `ruff_python_literal` (manifest) generated 1 warning
[INFO] [stderr] warning: `package.homepage` is redundant with `package.documentation`
[INFO] [stderr]  --> crates/ruff/Cargo.toml:8:12
[INFO] [stderr]   |
[INFO] [stderr] 8 | homepage = { workspace = true }
[INFO] [stderr]   |            ^^^^^^^^^^^^^^^^^^^^
[INFO] [stderr] 9 | documentation = { workspace = true }
[INFO] [stderr]   |                 --------------------
[INFO] [stderr]   |
[INFO] [stderr]   = note: `cargo::redundant_homepage` is set to `warn` by default
[INFO] [stderr] help: consider removing `package.homepage`
[INFO] [stderr] warning: `ruff` (manifest) generated 1 warning
[INFO] [stderr] warning: `package.homepage` is redundant with `package.documentation`
[INFO] [stderr]  --> crates/ruff_wasm/Cargo.toml:8:12
[INFO] [stderr]   |
[INFO] [stderr] 8 | homepage = { workspace = true }
[INFO] [stderr]   |            ^^^^^^^^^^^^^^^^^^^^
[INFO] [stderr] 9 | documentation = { workspace = true }
[INFO] [stderr]   |                 --------------------
[INFO] [stderr]   |
[INFO] [stderr]   = note: `cargo::redundant_homepage` is set to `warn` by default
[INFO] [stderr] help: consider removing `package.homepage`
[INFO] [stderr] warning: `ruff_wasm` (manifest) generated 1 warning
[INFO] [stderr] warning: `package.homepage` is redundant with `package.documentation`
[INFO] [stderr]  --> crates/ty_vendored/Cargo.toml:8:12
[INFO] [stderr]   |
[INFO] [stderr] 8 | homepage = { workspace = true }
[INFO] [stderr]   |            ^^^^^^^^^^^^^^^^^^^^
[INFO] [stderr] 9 | documentation = { workspace = true }
[INFO] [stderr]   |                 --------------------
[INFO] [stderr]   |
[INFO] [stderr]   = note: `cargo::redundant_homepage` is set to `warn` by default
[INFO] [stderr] help: consider removing `package.homepage`
[INFO] [stderr] warning: `ty_vendored` (manifest) generated 1 warning
[INFO] [stderr] warning: `package.homepage` is redundant with `package.documentation`
[INFO] [stderr]  --> crates/ty_python_core/Cargo.toml:8:12
[INFO] [stderr]   |
[INFO] [stderr] 8 | homepage = { workspace = true }
[INFO] [stderr]   |            ^^^^^^^^^^^^^^^^^^^^
[INFO] [stderr] 9 | documentation = { workspace = true }
[INFO] [stderr]   |                 --------------------
[INFO] [stderr]   |
[INFO] [stderr]   = note: `cargo::redundant_homepage` is set to `warn` by default
[INFO] [stderr] help: consider removing `package.homepage`
[INFO] [stderr] warning: `ty_python_core` (manifest) generated 1 warning
[INFO] [stderr] warning: `package.homepage` is redundant with `package.documentation`
[INFO] [stderr]  --> crates/ty_ide/Cargo.toml:8:12
[INFO] [stderr]   |
[INFO] [stderr] 8 | homepage = { workspace = true }
[INFO] [stderr]   |            ^^^^^^^^^^^^^^^^^^^^
[INFO] [stderr] 9 | documentation = { workspace = true }
[INFO] [stderr]   |                 --------------------
[INFO] [stderr]   |
[INFO] [stderr]   = note: `cargo::redundant_homepage` is set to `warn` by default
[INFO] [stderr] help: consider removing `package.homepage`
[INFO] [stderr] warning: `ty_ide` (manifest) generated 1 warning
[INFO] [stderr] warning: `package.homepage` is redundant with `package.documentation`
[INFO] [stderr]  --> crates/ruff_python_stdlib/Cargo.toml:8:12
[INFO] [stderr]   |
[INFO] [stderr] 8 | homepage = { workspace = true }
[INFO] [stderr]   |            ^^^^^^^^^^^^^^^^^^^^
[INFO] [stderr] 9 | documentation = { workspace = true }
[INFO] [stderr]   |                 --------------------
[INFO] [stderr]   |
[INFO] [stderr]   = note: `cargo::redundant_homepage` is set to `warn` by default
[INFO] [stderr] help: consider removing `package.homepage`
[INFO] [stderr] warning: `ruff_python_stdlib` (manifest) generated 1 warning
[INFO] [stderr] warning: `package.homepage` is redundant with `package.documentation`
[INFO] [stderr]  --> crates/ruff_workspace/Cargo.toml:8:12
[INFO] [stderr]   |
[INFO] [stderr] 8 | homepage = { workspace = true }
[INFO] [stderr]   |            ^^^^^^^^^^^^^^^^^^^^
[INFO] [stderr] 9 | documentation = { workspace = true }
[INFO] [stderr]   |                 --------------------
[INFO] [stderr]   |
[INFO] [stderr]   = note: `cargo::redundant_homepage` is set to `warn` by default
[INFO] [stderr] help: consider removing `package.homepage`
[INFO] [stderr] warning: `ruff_workspace` (manifest) generated 1 warning
[INFO] [stderr] warning: `package.homepage` is redundant with `package.documentation`
[INFO] [stderr]  --> crates/ruff_python_semantic/Cargo.toml:8:12
[INFO] [stderr]   |
[INFO] [stderr] 8 | homepage = { workspace = true }
[INFO] [stderr]   |            ^^^^^^^^^^^^^^^^^^^^
[INFO] [stderr] 9 | documentation = { workspace = true }
[INFO] [stderr]   |                 --------------------
[INFO] [stderr]   |
[INFO] [stderr]   = note: `cargo::redundant_homepage` is set to `warn` by default
[INFO] [stderr] help: consider removing `package.homepage`
[INFO] [stderr] warning: `ruff_python_semantic` (manifest) generated 1 warning
[INFO] [stderr] warning: `package.homepage` is redundant with `package.documentation`
[INFO] [stderr]  --> crates/ruff_graph/Cargo.toml:7:1
[INFO] [stderr]   |
[INFO] [stderr] 7 | homepage.workspace = true
[INFO] [stderr]   | ^^^^^^^^
[INFO] [stderr] 8 | documentation.workspace = true
[INFO] [stderr]   | -------------
[INFO] [stderr]   |
[INFO] [stderr]   = note: `cargo::redundant_homepage` is set to `warn` by default
[INFO] [stderr] help: consider removing `package.homepage`
[INFO] [stderr] warning: `ruff_graph` (manifest) generated 1 warning
[INFO] [stderr] warning: `package.homepage` is redundant with `package.documentation`
[INFO] [stderr]  --> crates/ruff_server/Cargo.toml:8:12
[INFO] [stderr]   |
[INFO] [stderr] 8 | homepage = { workspace = true }
[INFO] [stderr]   |            ^^^^^^^^^^^^^^^^^^^^
[INFO] [stderr] 9 | documentation = { workspace = true }
[INFO] [stderr]   |                 --------------------
[INFO] [stderr]   |
[INFO] [stderr]   = note: `cargo::redundant_homepage` is set to `warn` by default
[INFO] [stderr] help: consider removing `package.homepage`
[INFO] [stderr] warning: `ruff_server` (manifest) generated 1 warning
[INFO] [stderr] warning: `package.homepage` is redundant with `package.repository`
[INFO] [stderr]  --> crates/ty/Cargo.toml:6:12
[INFO] [stderr]   |
[INFO] [stderr] 6 | homepage = "https://github.com/astral-sh/ty/"
[INFO] [stderr]   |            ^^^^^^^^^^^^^^^^^^^^^^^^^^^^^^^^^^
[INFO] [stderr] ...
[INFO] [stderr] 9 | repository = "https://github.com/astral-sh/ty/"
[INFO] [stderr]   |              ----------------------------------
[INFO] [stderr]   |
[INFO] [stderr]   = note: `cargo::redundant_homepage` is set to `warn` by default
[INFO] [stderr] help: consider removing `package.homepage`
[INFO] [stderr] warning: `ty` (manifest) generated 1 warning
[INFO] [stderr] warning: `package.homepage` is redundant with `package.documentation`
[INFO] [stderr]  --> crates/ty_server/Cargo.toml:8:12
[INFO] [stderr]   |
[INFO] [stderr] 8 | homepage = { workspace = true }
[INFO] [stderr]   |            ^^^^^^^^^^^^^^^^^^^^
[INFO] [stderr] 9 | documentation = { workspace = true }
[INFO] [stderr]   |                 --------------------
[INFO] [stderr]   |
[INFO] [stderr]   = note: `cargo::redundant_homepage` is set to `warn` by default
[INFO] [stderr] help: consider removing `package.homepage`
[INFO] [stderr] warning: `ty_server` (manifest) generated 1 warning
[INFO] [stderr] warning: `package.homepage` is redundant with `package.documentation`
[INFO] [stderr]  --> crates/ruff_python_ast_integration_tests/Cargo.toml:7:1
[INFO] [stderr]   |
[INFO] [stderr] 7 | homepage.workspace = true
[INFO] [stderr]   | ^^^^^^^^
[INFO] [stderr] 8 | documentation.workspace = true
[INFO] [stderr]   | -------------
[INFO] [stderr]   |
[INFO] [stderr]   = note: `cargo::redundant_homepage` is set to `warn` by default
[INFO] [stderr] help: consider removing `package.homepage`
[INFO] [stderr] warning: `ruff_python_ast_integration_tests` (manifest) generated 1 warning
[INFO] [stderr] warning: `package.homepage` is redundant with `package.documentation`
[INFO] [stderr]  --> crates/ty_module_resolver/Cargo.toml:8:12
[INFO] [stderr]   |
[INFO] [stderr] 8 | homepage = { workspace = true }
[INFO] [stderr]   |            ^^^^^^^^^^^^^^^^^^^^
[INFO] [stderr] 9 | documentation = { workspace = true }
[INFO] [stderr]   |                 --------------------
[INFO] [stderr]   |
[INFO] [stderr]   = note: `cargo::redundant_homepage` is set to `warn` by default
[INFO] [stderr] help: consider removing `package.homepage`
[INFO] [stderr] warning: `ty_module_resolver` (manifest) generated 1 warning
[INFO] [stderr] warning: `package.homepage` is redundant with `package.documentation`
[INFO] [stderr]  --> crates/ruff_markdown/Cargo.toml:7:12
[INFO] [stderr]   |
[INFO] [stderr] 7 | homepage = { workspace = true }
[INFO] [stderr]   |            ^^^^^^^^^^^^^^^^^^^^
[INFO] [stderr] 8 | documentation = { workspace = true }
[INFO] [stderr]   |                 --------------------
[INFO] [stderr]   |
[INFO] [stderr]   = note: `cargo::redundant_homepage` is set to `warn` by default
[INFO] [stderr] help: consider removing `package.homepage`
[INFO] [stderr] warning: `ruff_markdown` (manifest) generated 1 warning
[INFO] [stderr] warning: `package.homepage` is redundant with `package.documentation`
[INFO] [stderr]  --> crates/ty_completion_bench/Cargo.toml:8:12
[INFO] [stderr]   |
[INFO] [stderr] 8 | homepage = { workspace = true }
[INFO] [stderr]   |            ^^^^^^^^^^^^^^^^^^^^
[INFO] [stderr] 9 | documentation = { workspace = true }
[INFO] [stderr]   |                 --------------------
[INFO] [stderr]   |
[INFO] [stderr]   = note: `cargo::redundant_homepage` is set to `warn` by default
[INFO] [stderr] help: consider removing `package.homepage`
[INFO] [stderr] warning: `ty_completion_bench` (manifest) generated 1 warning
[INFO] [stderr] warning: `package.homepage` is redundant with `package.documentation`
[INFO] [stderr]  --> crates/ruff_cache/Cargo.toml:8:12
[INFO] [stderr]   |
[INFO] [stderr] 8 | homepage = { workspace = true }
[INFO] [stderr]   |            ^^^^^^^^^^^^^^^^^^^^
[INFO] [stderr] 9 | documentation = { workspace = true }
[INFO] [stderr]   |                 --------------------
[INFO] [stderr]   |
[INFO] [stderr]   = note: `cargo::redundant_homepage` is set to `warn` by default
[INFO] [stderr] help: consider removing `package.homepage`
[INFO] [stderr] warning: `ruff_cache` (manifest) generated 1 warning
[INFO] [stderr] warning: `package.homepage` is redundant with `package.documentation`
[INFO] [stderr]  --> crates/ruff_python_trivia/Cargo.toml:8:12
[INFO] [stderr]   |
[INFO] [stderr] 8 | homepage = { workspace = true }
[INFO] [stderr]   |            ^^^^^^^^^^^^^^^^^^^^
[INFO] [stderr] 9 | documentation = { workspace = true }
[INFO] [stderr]   |                 --------------------
[INFO] [stderr]   |
[INFO] [stderr]   = note: `cargo::redundant_homepage` is set to `warn` by default
[INFO] [stderr] help: consider removing `package.homepage`
[INFO] [stderr] warning: `ruff_python_trivia` (manifest) generated 1 warning
[INFO] [stderr] warning: `package.homepage` is redundant with `package.documentation`
[INFO] [stderr]  --> crates/ruff_ranged_value/Cargo.toml:8:12
[INFO] [stderr]   |
[INFO] [stderr] 8 | homepage = { workspace = true }
[INFO] [stderr]   |            ^^^^^^^^^^^^^^^^^^^^
[INFO] [stderr] 9 | documentation = { workspace = true }
[INFO] [stderr]   |                 --------------------
[INFO] [stderr]   |
[INFO] [stderr]   = note: `cargo::redundant_homepage` is set to `warn` by default
[INFO] [stderr] help: consider removing `package.homepage`
[INFO] [stderr] warning: `ruff_ranged_value` (manifest) generated 1 warning
[INFO] [stderr] warning: `package.homepage` is redundant with `package.documentation`
[INFO] [stderr]  --> crates/ruff_formatter/Cargo.toml:8:12
[INFO] [stderr]   |
[INFO] [stderr] 8 | homepage = { workspace = true }
[INFO] [stderr]   |            ^^^^^^^^^^^^^^^^^^^^
[INFO] [stderr] 9 | documentation = { workspace = true }
[INFO] [stderr]   |                 --------------------
[INFO] [stderr]   |
[INFO] [stderr]   = note: `cargo::redundant_homepage` is set to `warn` by default
[INFO] [stderr] help: consider removing `package.homepage`
[INFO] [stderr] warning: `ruff_formatter` (manifest) generated 1 warning
[INFO] [stderr] warning: `package.homepage` is redundant with `package.documentation`
[INFO] [stderr]  --> crates/ruff_python_codegen/Cargo.toml:8:12
[INFO] [stderr]   |
[INFO] [stderr] 8 | homepage = { workspace = true }
[INFO] [stderr]   |            ^^^^^^^^^^^^^^^^^^^^
[INFO] [stderr] 9 | documentation = { workspace = true }
[INFO] [stderr]   |                 --------------------
[INFO] [stderr]   |
[INFO] [stderr]   = note: `cargo::redundant_homepage` is set to `warn` by default
[INFO] [stderr] help: consider removing `package.homepage`
[INFO] [stderr] warning: `ruff_python_codegen` (manifest) generated 1 warning
[INFO] [stderr] warning: `package.homepage` is redundant with `package.documentation`
[INFO] [stderr]  --> crates/ruff_python_importer/Cargo.toml:8:12
[INFO] [stderr]   |
[INFO] [stderr] 8 | homepage = { workspace = true }
[INFO] [stderr]   |            ^^^^^^^^^^^^^^^^^^^^
[INFO] [stderr] 9 | documentation = { workspace = true }
[INFO] [stderr]   |                 --------------------
[INFO] [stderr]   |
[INFO] [stderr]   = note: `cargo::redundant_homepage` is set to `warn` by default
[INFO] [stderr] help: consider removing `package.homepage`
[INFO] [stderr] warning: `ruff_python_importer` (manifest) generated 1 warning
[INFO] [stderr] warning: `package.homepage` is redundant with `package.documentation`
[INFO] [stderr]   --> crates/ruff_benchmark/Cargo.toml:9:12
[INFO] [stderr]    |
[INFO] [stderr]  9 | homepage = { workspace = true }
[INFO] [stderr]    |            ^^^^^^^^^^^^^^^^^^^^
[INFO] [stderr] 10 | documentation = { workspace = true }
[INFO] [stderr]    |                 --------------------
[INFO] [stderr]    |
[INFO] [stderr]    = note: `cargo::redundant_homepage` is set to `warn` by default
[INFO] [stderr] help: consider removing `package.homepage`
[INFO] [stderr] warning: `ruff_benchmark` (manifest) generated 1 warning
[INFO] [stderr] warning: `package.homepage` is redundant with `package.documentation`
[INFO] [stderr]  --> crates/ruff_mdtest/Cargo.toml:7:1
[INFO] [stderr]   |
[INFO] [stderr] 7 | homepage.workspace = true
[INFO] [stderr]   | ^^^^^^^^
[INFO] [stderr] 8 | documentation.workspace = true
[INFO] [stderr]   | -------------
[INFO] [stderr]   |
[INFO] [stderr]   = note: `cargo::redundant_homepage` is set to `warn` by default
[INFO] [stderr] help: consider removing `package.homepage`
[INFO] [stderr] warning: `ruff_mdtest` (manifest) generated 1 warning
[INFO] [stderr] warning: `package.homepage` is redundant with `package.documentation`
[INFO] [stderr]  --> crates/ruff_python_trivia_integration_tests/Cargo.toml:7:1
[INFO] [stderr]   |
[INFO] [stderr] 7 | homepage.workspace = true
[INFO] [stderr]   | ^^^^^^^^
[INFO] [stderr] 8 | documentation.workspace = true
[INFO] [stderr]   | -------------
[INFO] [stderr]   |
[INFO] [stderr]   = note: `cargo::redundant_homepage` is set to `warn` by default
[INFO] [stderr] help: consider removing `package.homepage`
[INFO] [stderr] warning: `ruff_python_trivia_integration_tests` (manifest) generated 1 warning
[INFO] [stderr] warning: `package.homepage` is redundant with `package.documentation`
[INFO] [stderr]  --> crates/ruff_memory_usage/Cargo.toml:8:12
[INFO] [stderr]   |
[INFO] [stderr] 8 | homepage = { workspace = true }
[INFO] [stderr]   |            ^^^^^^^^^^^^^^^^^^^^
[INFO] [stderr] 9 | documentation = { workspace = true }
[INFO] [stderr]   |                 --------------------
[INFO] [stderr]   |
[INFO] [stderr]   = note: `cargo::redundant_homepage` is set to `warn` by default
[INFO] [stderr] help: consider removing `package.homepage`
[INFO] [stderr] warning: `ruff_memory_usage` (manifest) generated 1 warning
[INFO] [stderr] warning: `package.homepage` is redundant with `package.documentation`
[INFO] [stderr]  --> crates/ruff_options_metadata/Cargo.toml:8:12
[INFO] [stderr]   |
[INFO] [stderr] 8 | homepage = { workspace = true }
[INFO] [stderr]   |            ^^^^^^^^^^^^^^^^^^^^
[INFO] [stderr] 9 | documentation = { workspace = true }
[INFO] [stderr]   |                 --------------------
[INFO] [stderr]   |
[INFO] [stderr]   = note: `cargo::redundant_homepage` is set to `warn` by default
[INFO] [stderr] help: consider removing `package.homepage`
[INFO] [stderr] warning: `ruff_options_metadata` (manifest) generated 1 warning
[INFO] [stderr] warning: `package.homepage` is redundant with `package.documentation`
[INFO] [stderr]  --> crates/ty_wasm/Cargo.toml:8:12
[INFO] [stderr]   |
[INFO] [stderr] 8 | homepage = { workspace = true }
[INFO] [stderr]   |            ^^^^^^^^^^^^^^^^^^^^
[INFO] [stderr] 9 | documentation = { workspace = true }
[INFO] [stderr]   |                 --------------------
[INFO] [stderr]   |
[INFO] [stderr]   = note: `cargo::redundant_homepage` is set to `warn` by default
[INFO] [stderr] help: consider removing `package.homepage`
[INFO] [stderr] warning: `ty_wasm` (manifest) generated 1 warning
[INFO] [stderr]     Blocking waiting for file lock on package cache
[INFO] [stderr]     Updating crates.io index
[INFO] [stderr]     Blocking waiting for file lock on package cache
[INFO] [stderr]  Downloading crates ...
[INFO] [stderr]   Downloaded wasm-bindgen-test-shared v0.2.123
[INFO] [stderr]   Downloaded wasm-bindgen-futures v0.4.73
[INFO] [stderr]   Downloaded wasm-bindgen v0.2.123
[INFO] [stderr]   Downloaded wasm-bindgen-test-macro v0.3.73
[INFO] [stderr]   Downloaded wasm-bindgen-macro v0.2.123
[INFO] [stderr]   Downloaded wasm-bindgen-test v0.3.73
[INFO] [stderr]   Downloaded wasm-bindgen-shared v0.2.123
[INFO] [stderr]   Downloaded zmij v1.0.10
[INFO] [stderr]   Downloaded js-sys v0.3.100
[INFO] [stderr]   Downloaded minicov v0.3.8
[INFO] [stderr]   Downloaded wasm-bindgen-macro-support v0.2.123
[INFO] [stderr]   Downloaded serde_test v1.0.177
[INFO] [stderr]   Downloaded libz-rs-sys v0.5.5
[INFO] [stderr]   Downloaded which v8.0.4
[INFO] [stderr]   Downloaded schemars_derive v1.2.1
[INFO] [stderr]   Downloaded get-size-derive2 v0.10.1
[INFO] [stderr]   Downloaded attribute-derive v0.10.3
[INFO] [stderr]   Downloaded thin-vec v0.2.18
[INFO] [stderr]   Downloaded attribute-derive-macro v0.10.3
[INFO] [stderr]   Downloaded ordermap v1.2.0
[INFO] [stderr]   Downloaded get-size2 v0.10.1
[INFO] [stderr]   Downloaded collection_literals v1.0.2
[INFO] [stderr]   Downloaded zlib-rs v0.5.5
[INFO] [stderr]   Downloaded derive-where v1.6.0
[INFO] [stderr]   Downloaded regex v1.12.4
[INFO] [stderr]   Downloaded rand_core v0.10.0
[INFO] [stderr]   Downloaded supports-hyperlinks v3.2.0
[INFO] [stderr]   Downloaded similar v3.1.1
[INFO] [stderr]   Downloaded intrusive-collections v0.10.1
[INFO] [stderr]   Downloaded salsa-macro-rules v0.27.2
[INFO] [stderr]   Downloaded salsa v0.27.2
[INFO] [stderr]   Downloaded unicode_names2_generator v1.3.0
[INFO] [stderr]   Downloaded snapbox-macros v1.0.0
[INFO] [stderr]   Downloaded boxcar v0.2.14
[INFO] [stderr]   Downloaded snapbox v1.0.0
[INFO] [stderr]   Downloaded salsa-macros v0.27.2
[INFO] [stderr]   Downloaded hashlink v0.12.0
[INFO] [stderr]   Downloaded is-macro v0.3.7
[INFO] [stderr]   Downloaded tryfn v1.0.0
[INFO] [stderr]   Downloaded unicode_names2 v1.3.0
[INFO] [stderr]   Downloaded os_pipe v1.2.2
[INFO] [stderr]   Downloaded terminal_size v0.4.3
[INFO] [stderr]   Downloaded escargot v0.5.15
[INFO] [stderr]   Downloaded anstyle-lossy v1.1.4
[INFO] [stderr]   Downloaded escape8259 v0.5.3
[INFO] [stderr]   Downloaded winnow v1.0.0
[INFO] [stderr]   Downloaded libtest-mimic v0.7.3
[INFO] [stderr]   Downloaded anstyle-svg v0.1.11
[INFO] [stderr]   Downloaded chacha20 v0.10.0
[INFO] [stderr]   Downloaded newtype-uuid v1.3.2
[INFO] [stderr]   Downloaded uuid v1.23.4
[INFO] [stderr]   Downloaded libtest-mimic v0.8.1
[INFO] [stderr]   Downloaded datatest-stable v0.3.3
[INFO] [stderr]   Downloaded rustc-stable-hash v0.1.2
[INFO] [stderr]   Downloaded quick-junit v0.6.0
[INFO] [stderr]   Downloaded console v0.16.1
[INFO] [stderr]   Downloaded drop_bomb v0.1.5
[INFO] [stderr]   Downloaded unscanny v0.1.0
[INFO] [stderr]   Downloaded quickcheck_macros v1.2.0
[INFO] [stderr]   Downloaded pep440_rs v0.7.3
[INFO] [stderr]   Downloaded pep508_rs v0.9.2
[INFO] [stderr]   Downloaded version-ranges v0.1.1
[INFO] [stderr]   Downloaded pyproject-toml v0.13.7
[INFO] [stderr]   Downloaded peg-runtime v0.8.5
[INFO] [stderr]   Downloaded libcst_derive v1.8.6
[INFO] [stderr]   Downloaded jod-thread v1.0.0
[INFO] [stderr]   Downloaded defmt v1.1.0
[INFO] [stderr]   Downloaded peg-macros v0.8.5
[INFO] [stderr]   Downloaded lsp-server v0.8.0
[INFO] [stderr]   Downloaded tracing-flame v0.2.0
[INFO] [stderr]   Downloaded defmt-macros v1.1.0
[INFO] [stderr]   Downloaded predicates-core v1.0.10
[INFO] [stderr]   Downloaded ptr_meta v0.3.1
[INFO] [stderr]   Downloaded unit-prefix v0.5.1
[INFO] [stderr]   Downloaded wild v2.2.1
[INFO] [stderr]   Downloaded indicatif v0.18.5
[INFO] [stderr]   Downloaded rkyv_derive v0.8.16
[INFO] [stderr]   Downloaded imperative v1.0.7
[INFO] [stderr]   Downloaded insta-cmd v0.7.0
[INFO] [stderr]   Downloaded bytecheck v0.8.2
[INFO] [stderr]   Downloaded tracing-indicatif v0.3.14
[INFO] [stderr]   Downloaded codspeed-divan-compat v5.0.1
[INFO] [stderr]   Downloaded jiff-static v0.2.31
[INFO] [stderr]   Downloaded jiff-tzdb v0.1.4
[INFO] [stderr]   Downloaded tikv-jemallocator v0.6.1
[INFO] [stderr]   Downloaded clap_complete_command v0.6.1
[INFO] [stderr]   Downloaded rend v0.5.3
[INFO] [stderr]   Downloaded libcst v1.8.6
[INFO] [stderr]   Downloaded gen-lsp-types v0.9.0
[INFO] [stderr]   Downloaded assert_fs v1.1.4
[INFO] [stderr]   Downloaded peg v0.8.5
[INFO] [stderr]   Downloaded web-sys v0.3.100
[INFO] [stderr]   Downloaded nix v0.31.2
[INFO] [stderr]   Downloaded cachedir v0.3.1
[INFO] [stderr]   Downloaded annotate-snippets v0.11.5
[INFO] [stderr]   Downloaded unicode-id v0.3.6
[INFO] [stderr]   Downloaded fs-err v3.3.0
[INFO] [stderr]   Downloaded predicates v3.1.4
[INFO] [stderr]   Downloaded bytecheck_derive v0.8.2
[INFO] [stderr]   Downloaded predicates-tree v1.0.13
[INFO] [stderr]   Downloaded clap_complete_nushell v4.5.8
[INFO] [stderr]   Downloaded ptr_meta_derive v0.3.1
[INFO] [stderr]   Downloaded codspeed-divan-compat-macros v5.0.1
[INFO] [stderr]   Downloaded rancor v0.1.1
[INFO] [stderr]   Downloaded condtype v1.3.0
[INFO] [stderr]   Downloaded is-terminal v0.4.16
[INFO] [stderr]   Downloaded clearscreen v4.0.6
[INFO] [stderr]   Downloaded argfile v1.0.0
[INFO] [stderr]   Downloaded clap_complete v4.5.58
[INFO] [stderr]   Downloaded os_str_bytes v7.1.1
[INFO] [stderr]   Downloaded codspeed-criterion-compat v5.0.1
[INFO] [stderr]   Downloaded divan-macros v0.1.17
[INFO] [stderr]   Downloaded codspeed-divan-compat-walltime v5.0.1
[INFO] [stderr]   Downloaded fern v0.7.1
[INFO] [stderr]   Downloaded rkyv v0.8.16
[INFO] [stderr]   Downloaded codspeed-criterion-compat-walltime v5.0.1
[INFO] [stderr]   Downloaded codspeed v5.0.1
[INFO] [stderr]   Downloaded jiff v0.2.31
[INFO] [stderr]   Downloaded tikv-jemalloc-sys v0.6.1+5.3.0-1-ge13ca993e8ccb9ba9847cc330696e02839f328f7
[INFO] [stderr]   Downloaded rust-stemmers v1.2.0
[INFO] running `Command { std: "docker" "create" "-v" "/var/lib/crater-agent-workspace/builds/worker-3-tc1/source:/opt/rustwide/workdir:ro,Z" "-v" "/var/lib/crater-agent-workspace/builds/worker-3-tc1/target:/opt/rustwide/target:rw,Z" "-v" "/var/lib/crater-agent-workspace/cargo-home:/opt/rustwide/cargo-home:ro,Z" "-v" "/var/lib/crater-agent-workspace/rustup-home:/opt/rustwide/rustup-home:ro,Z" "-m" "1610612736" "--network" "none" "ghcr.io/rust-lang/crates-build-env/linux@sha256:77db811e55d90add9212f6832c23229e3de5f1c1f9905e8cb07319ea15df73ac" "sleep" "infinity", kill_on_drop: false }`
[INFO] [stdout] 322849d60515e0776fae043ec52071f4fa045c5cb8922c2da0ece6fb23c5b624
[INFO] running `Command { std: "docker" "start" "322849d60515e0776fae043ec52071f4fa045c5cb8922c2da0ece6fb23c5b624", kill_on_drop: false }`
[INFO] running `Command { std: "docker" "inspect" "322849d60515e0776fae043ec52071f4fa045c5cb8922c2da0ece6fb23c5b624", kill_on_drop: false }`
[INFO] running `Command { std: "docker" "exec" "-e" "SOURCE_DIR=/opt/rustwide/workdir" "-e" "CARGO_HOME=/opt/rustwide/cargo-home" "-e" "RUSTUP_HOME=/opt/rustwide/rustup-home" "-e" "CARGO_TARGET_DIR=/opt/rustwide/target" "-w" "/opt/rustwide/workdir" "--user" "0:0" "322849d60515e0776fae043ec52071f4fa045c5cb8922c2da0ece6fb23c5b624" "/opt/rustwide/cargo-home/bin/cargo" "+3154cc1a3e6424e44f438a95007d043ed5ceaaf6" "metadata" "--no-deps" "--format-version=1", kill_on_drop: false }`
[INFO] running `Command { std: "docker" "inspect" "322849d60515e0776fae043ec52071f4fa045c5cb8922c2da0ece6fb23c5b624", kill_on_drop: false }`
[INFO] running `Command { std: "docker" "exec" "-e" "SOURCE_DIR=/opt/rustwide/workdir" "-e" "CARGO_HOME=/opt/rustwide/cargo-home" "-e" "RUSTUP_HOME=/opt/rustwide/rustup-home" "-e" "CARGO_TARGET_DIR=/opt/rustwide/target" "-e" "CARGO_INCREMENTAL=0" "-e" "RUST_BACKTRACE=full" "-e" "RUSTFLAGS=--cap-lints=forbid -Znext-solver=coherence" "-e" "RUSTDOCFLAGS=--cap-lints=forbid" "-w" "/opt/rustwide/workdir" "--user" "0:0" "322849d60515e0776fae043ec52071f4fa045c5cb8922c2da0ece6fb23c5b624" "/opt/rustwide/cargo-home/bin/cargo" "+3154cc1a3e6424e44f438a95007d043ed5ceaaf6" "check" "--frozen" "--all" "--all-targets" "--message-format=json", kill_on_drop: false }`
[INFO] [stderr] warning: unused workspace dependency `ruff_mdtest`
[INFO] [stderr]    --> Cargo.toml:353:25
[INFO] [stderr]     |
[INFO] [stderr] 353 | [workspace.dependencies.ruff_mdtest]
[INFO] [stderr]     |                         ^^^^^^^^^^^
[INFO] [stderr]     |
[INFO] [stderr]     = note: `cargo::unused_workspace_dependencies` is set to `warn` by default
[INFO] [stderr] help: consider removing the workspace dependency `ruff_mdtest`
[INFO] [stderr] warning: unused workspace dependency `ty_completion_bench`
[INFO] [stderr]    --> Cargo.toml:537:25
[INFO] [stderr]     |
[INFO] [stderr] 537 | [workspace.dependencies.ty_completion_bench]
[INFO] [stderr]     |                         ^^^^^^^^^^^^^^^^^^^
[INFO] [stderr]     |
[INFO] [stderr] help: consider removing the workspace dependency `ty_completion_bench`
[INFO] [stderr] warning: unused workspace dependency `ty_completion_eval`
[INFO] [stderr]    --> Cargo.toml:540:25
[INFO] [stderr]     |
[INFO] [stderr] 540 | [workspace.dependencies.ty_completion_eval]
[INFO] [stderr]     |                         ^^^^^^^^^^^^^^^^^^
[INFO] [stderr]     |
[INFO] [stderr] help: consider removing the workspace dependency `ty_completion_eval`
[INFO] [stderr] warning: workspace (manifest) generated 3 warnings
[INFO] [stderr] warning: `package.homepage` is redundant with `package.repository`
[INFO] [stderr]  --> crates/ty/Cargo.toml:6:12
[INFO] [stderr]   |
[INFO] [stderr] 6 | homepage = "https://github.com/astral-sh/ty/"
[INFO] [stderr]   |            ^^^^^^^^^^^^^^^^^^^^^^^^^^^^^^^^^^
[INFO] [stderr] ...
[INFO] [stderr] 9 | repository = "https://github.com/astral-sh/ty/"
[INFO] [stderr]   |              ----------------------------------
[INFO] [stderr]   |
[INFO] [stderr]   = note: `cargo::redundant_homepage` is set to `warn` by default
[INFO] [stderr] help: consider removing `package.homepage`
[INFO] [stderr] warning: `ty` (manifest) generated 1 warning
[INFO] [stderr] warning: `package.homepage` is redundant with `package.documentation`
[INFO] [stderr]  --> crates/ruff_workspace/Cargo.toml:8:12
[INFO] [stderr]   |
[INFO] [stderr] 8 | homepage = { workspace = true }
[INFO] [stderr]   |            ^^^^^^^^^^^^^^^^^^^^
[INFO] [stderr] 9 | documentation = { workspace = true }
[INFO] [stderr]   |                 --------------------
[INFO] [stderr]   |
[INFO] [stderr]   = note: `cargo::redundant_homepage` is set to `warn` by default
[INFO] [stderr] help: consider removing `package.homepage`
[INFO] [stderr] warning: `ruff_workspace` (manifest) generated 1 warning
[INFO] [stderr] warning: `package.homepage` is redundant with `package.documentation`
[INFO] [stderr]  --> crates/ruff_graph/Cargo.toml:7:1
[INFO] [stderr]   |
[INFO] [stderr] 7 | homepage.workspace = true
[INFO] [stderr]   | ^^^^^^^^
[INFO] [stderr] 8 | documentation.workspace = true
[INFO] [stderr]   | -------------
[INFO] [stderr]   |
[INFO] [stderr]   = note: `cargo::redundant_homepage` is set to `warn` by default
[INFO] [stderr] help: consider removing `package.homepage`
[INFO] [stderr] warning: `ruff_graph` (manifest) generated 1 warning
[INFO] [stderr] warning: `package.homepage` is redundant with `package.documentation`
[INFO] [stderr]  --> crates/ruff_python_semantic/Cargo.toml:8:12
[INFO] [stderr]   |
[INFO] [stderr] 8 | homepage = { workspace = true }
[INFO] [stderr]   |            ^^^^^^^^^^^^^^^^^^^^
[INFO] [stderr] 9 | documentation = { workspace = true }
[INFO] [stderr]   |                 --------------------
[INFO] [stderr]   |
[INFO] [stderr]   = note: `cargo::redundant_homepage` is set to `warn` by default
[INFO] [stderr] help: consider removing `package.homepage`
[INFO] [stderr] warning: `ruff_python_semantic` (manifest) generated 1 warning
[INFO] [stderr] warning: `package.homepage` is redundant with `package.documentation`
[INFO] [stderr]  --> crates/ruff_server/Cargo.toml:8:12
[INFO] [stderr]   |
[INFO] [stderr] 8 | homepage = { workspace = true }
[INFO] [stderr]   |            ^^^^^^^^^^^^^^^^^^^^
[INFO] [stderr] 9 | documentation = { workspace = true }
[INFO] [stderr]   |                 --------------------
[INFO] [stderr]   |
[INFO] [stderr]   = note: `cargo::redundant_homepage` is set to `warn` by default
[INFO] [stderr] help: consider removing `package.homepage`
[INFO] [stderr] warning: `ruff_server` (manifest) generated 1 warning
[INFO] [stderr] warning: `package.homepage` is redundant with `package.documentation`
[INFO] [stderr]  --> crates/ty_server/Cargo.toml:8:12
[INFO] [stderr]   |
[INFO] [stderr] 8 | homepage = { workspace = true }
[INFO] [stderr]   |            ^^^^^^^^^^^^^^^^^^^^
[INFO] [stderr] 9 | documentation = { workspace = true }
[INFO] [stderr]   |                 --------------------
[INFO] [stderr]   |
[INFO] [stderr]   = note: `cargo::redundant_homepage` is set to `warn` by default
[INFO] [stderr] help: consider removing `package.homepage`
[INFO] [stderr] warning: `ty_server` (manifest) generated 1 warning
[INFO] [stderr] warning: `package.homepage` is redundant with `package.documentation`
[INFO] [stderr]  --> crates/ruff_python_ast_integration_tests/Cargo.toml:7:1
[INFO] [stderr]   |
[INFO] [stderr] 7 | homepage.workspace = true
[INFO] [stderr]   | ^^^^^^^^
[INFO] [stderr] 8 | documentation.workspace = true
[INFO] [stderr]   | -------------
[INFO] [stderr]   |
[INFO] [stderr]   = note: `cargo::redundant_homepage` is set to `warn` by default
[INFO] [stderr] help: consider removing `package.homepage`
[INFO] [stderr] warning: `ruff_python_ast_integration_tests` (manifest) generated 1 warning
[INFO] [stderr] warning: `package.homepage` is redundant with `package.documentation`
[INFO] [stderr]  --> crates/ty_module_resolver/Cargo.toml:8:12
[INFO] [stderr]   |
[INFO] [stderr] 8 | homepage = { workspace = true }
[INFO] [stderr]   |            ^^^^^^^^^^^^^^^^^^^^
[INFO] [stderr] 9 | documentation = { workspace = true }
[INFO] [stderr]   |                 --------------------
[INFO] [stderr]   |
[INFO] [stderr]   = note: `cargo::redundant_homepage` is set to `warn` by default
[INFO] [stderr] help: consider removing `package.homepage`
[INFO] [stderr] warning: `ty_module_resolver` (manifest) generated 1 warning
[INFO] [stderr] warning: `package.homepage` is redundant with `package.documentation`
[INFO] [stderr]  --> crates/ruff_markdown/Cargo.toml:7:12
[INFO] [stderr]   |
[INFO] [stderr] 7 | homepage = { workspace = true }
[INFO] [stderr]   |            ^^^^^^^^^^^^^^^^^^^^
[INFO] [stderr] 8 | documentation = { workspace = true }
[INFO] [stderr]   |                 --------------------
[INFO] [stderr]   |
[INFO] [stderr]   = note: `cargo::redundant_homepage` is set to `warn` by default
[INFO] [stderr] help: consider removing `package.homepage`
[INFO] [stderr] warning: `ruff_markdown` (manifest) generated 1 warning
[INFO] [stderr] warning: `package.homepage` is redundant with `package.documentation`
[INFO] [stderr]  --> crates/ty_completion_bench/Cargo.toml:8:12
[INFO] [stderr]   |
[INFO] [stderr] 8 | homepage = { workspace = true }
[INFO] [stderr]   |            ^^^^^^^^^^^^^^^^^^^^
[INFO] [stderr] 9 | documentation = { workspace = true }
[INFO] [stderr]   |                 --------------------
[INFO] [stderr]   |
[INFO] [stderr]   = note: `cargo::redundant_homepage` is set to `warn` by default
[INFO] [stderr] help: consider removing `package.homepage`
[INFO] [stderr] warning: `ty_completion_bench` (manifest) generated 1 warning
[INFO] [stderr] warning: `package.homepage` is redundant with `package.documentation`
[INFO] [stderr]  --> crates/ruff_cache/Cargo.toml:8:12
[INFO] [stderr]   |
[INFO] [stderr] 8 | homepage = { workspace = true }
[INFO] [stderr]   |            ^^^^^^^^^^^^^^^^^^^^
[INFO] [stderr] 9 | documentation = { workspace = true }
[INFO] [stderr]   |                 --------------------
[INFO] [stderr]   |
[INFO] [stderr]   = note: `cargo::redundant_homepage` is set to `warn` by default
[INFO] [stderr] help: consider removing `package.homepage`
[INFO] [stderr] warning: `ruff_cache` (manifest) generated 1 warning
[INFO] [stderr] warning: `package.homepage` is redundant with `package.documentation`
[INFO] [stderr]  --> crates/ruff_python_trivia/Cargo.toml:8:12
[INFO] [stderr]   |
[INFO] [stderr] 8 | homepage = { workspace = true }
[INFO] [stderr]   |            ^^^^^^^^^^^^^^^^^^^^
[INFO] [stderr] 9 | documentation = { workspace = true }
[INFO] [stderr]   |                 --------------------
[INFO] [stderr]   |
[INFO] [stderr]   = note: `cargo::redundant_homepage` is set to `warn` by default
[INFO] [stderr] help: consider removing `package.homepage`
[INFO] [stderr] warning: `ruff_python_trivia` (manifest) generated 1 warning
[INFO] [stderr] warning: `package.homepage` is redundant with `package.documentation`
[INFO] [stderr]  --> crates/ruff_ranged_value/Cargo.toml:8:12
[INFO] [stderr]   |
[INFO] [stderr] 8 | homepage = { workspace = true }
[INFO] [stderr]   |            ^^^^^^^^^^^^^^^^^^^^
[INFO] [stderr] 9 | documentation = { workspace = true }
[INFO] [stderr]   |                 --------------------
[INFO] [stderr]   |
[INFO] [stderr]   = note: `cargo::redundant_homepage` is set to `warn` by default
[INFO] [stderr] help: consider removing `package.homepage`
[INFO] [stderr] warning: `ruff_ranged_value` (manifest) generated 1 warning
[INFO] [stderr] warning: `package.homepage` is redundant with `package.documentation`
[INFO] [stderr]  --> crates/ruff_formatter/Cargo.toml:8:12
[INFO] [stderr]   |
[INFO] [stderr] 8 | homepage = { workspace = true }
[INFO] [stderr]   |            ^^^^^^^^^^^^^^^^^^^^
[INFO] [stderr] 9 | documentation = { workspace = true }
[INFO] [stderr]   |                 --------------------
[INFO] [stderr]   |
[INFO] [stderr]   = note: `cargo::redundant_homepage` is set to `warn` by default
[INFO] [stderr] help: consider removing `package.homepage`
[INFO] [stderr] warning: `ruff_formatter` (manifest) generated 1 warning
[INFO] [stderr] warning: `package.homepage` is redundant with `package.documentation`
[INFO] [stderr]  --> crates/ruff_python_codegen/Cargo.toml:8:12
[INFO] [stderr]   |
[INFO] [stderr] 8 | homepage = { workspace = true }
[INFO] [stderr]   |            ^^^^^^^^^^^^^^^^^^^^
[INFO] [stderr] 9 | documentation = { workspace = true }
[INFO] [stderr]   |                 --------------------
[INFO] [stderr]   |
[INFO] [stderr]   = note: `cargo::redundant_homepage` is set to `warn` by default
[INFO] [stderr] help: consider removing `package.homepage`
[INFO] [stderr] warning: `ruff_python_codegen` (manifest) generated 1 warning
[INFO] [stderr] warning: `package.homepage` is redundant with `package.documentation`
[INFO] [stderr]  --> crates/ruff_python_importer/Cargo.toml:8:12
[INFO] [stderr]   |
[INFO] [stderr] 8 | homepage = { workspace = true }
[INFO] [stderr]   |            ^^^^^^^^^^^^^^^^^^^^
[INFO] [stderr] 9 | documentation = { workspace = true }
[INFO] [stderr]   |                 --------------------
[INFO] [stderr]   |
[INFO] [stderr]   = note: `cargo::redundant_homepage` is set to `warn` by default
[INFO] [stderr] help: consider removing `package.homepage`
[INFO] [stderr] warning: `ruff_python_importer` (manifest) generated 1 warning
[INFO] [stderr] warning: `package.homepage` is redundant with `package.documentation`
[INFO] [stderr]   --> crates/ruff_benchmark/Cargo.toml:9:12
[INFO] [stderr]    |
[INFO] [stderr]  9 | homepage = { workspace = true }
[INFO] [stderr]    |            ^^^^^^^^^^^^^^^^^^^^
[INFO] [stderr] 10 | documentation = { workspace = true }
[INFO] [stderr]    |                 --------------------
[INFO] [stderr]    |
[INFO] [stderr]    = note: `cargo::redundant_homepage` is set to `warn` by default
[INFO] [stderr] help: consider removing `package.homepage`
[INFO] [stderr] warning: `ruff_benchmark` (manifest) generated 1 warning
[INFO] [stderr] warning: `package.homepage` is redundant with `package.documentation`
[INFO] [stderr]  --> crates/ruff_mdtest/Cargo.toml:7:1
[INFO] [stderr]   |
[INFO] [stderr] 7 | homepage.workspace = true
[INFO] [stderr]   | ^^^^^^^^
[INFO] [stderr] 8 | documentation.workspace = true
[INFO] [stderr]   | -------------
[INFO] [stderr]   |
[INFO] [stderr]   = note: `cargo::redundant_homepage` is set to `warn` by default
[INFO] [stderr] help: consider removing `package.homepage`
[INFO] [stderr] warning: `ruff_mdtest` (manifest) generated 1 warning
[INFO] [stderr] warning: `package.homepage` is redundant with `package.documentation`
[INFO] [stderr]  --> crates/ruff_python_trivia_integration_tests/Cargo.toml:7:1
[INFO] [stderr]   |
[INFO] [stderr] 7 | homepage.workspace = true
[INFO] [stderr]   | ^^^^^^^^
[INFO] [stderr] 8 | documentation.workspace = true
[INFO] [stderr]   | -------------
[INFO] [stderr]   |
[INFO] [stderr]   = note: `cargo::redundant_homepage` is set to `warn` by default
[INFO] [stderr] help: consider removing `package.homepage`
[INFO] [stderr] warning: `ruff_python_trivia_integration_tests` (manifest) generated 1 warning
[INFO] [stderr] warning: `package.homepage` is redundant with `package.documentation`
[INFO] [stderr]  --> crates/ruff_memory_usage/Cargo.toml:8:12
[INFO] [stderr]   |
[INFO] [stderr] 8 | homepage = { workspace = true }
[INFO] [stderr]   |            ^^^^^^^^^^^^^^^^^^^^
[INFO] [stderr] 9 | documentation = { workspace = true }
[INFO] [stderr]   |                 --------------------
[INFO] [stderr]   |
[INFO] [stderr]   = note: `cargo::redundant_homepage` is set to `warn` by default
[INFO] [stderr] help: consider removing `package.homepage`
[INFO] [stderr] warning: `ruff_memory_usage` (manifest) generated 1 warning
[INFO] [stderr] warning: `package.homepage` is redundant with `package.documentation`
[INFO] [stderr]  --> crates/ruff_options_metadata/Cargo.toml:8:12
[INFO] [stderr]   |
[INFO] [stderr] 8 | homepage = { workspace = true }
[INFO] [stderr]   |            ^^^^^^^^^^^^^^^^^^^^
[INFO] [stderr] 9 | documentation = { workspace = true }
[INFO] [stderr]   |                 --------------------
[INFO] [stderr]   |
[INFO] [stderr]   = note: `cargo::redundant_homepage` is set to `warn` by default
[INFO] [stderr] help: consider removing `package.homepage`
[INFO] [stderr] warning: `ruff_options_metadata` (manifest) generated 1 warning
[INFO] [stderr] warning: `package.homepage` is redundant with `package.documentation`
[INFO] [stderr]  --> crates/ty_wasm/Cargo.toml:8:12
[INFO] [stderr]   |
[INFO] [stderr] 8 | homepage = { workspace = true }
[INFO] [stderr]   |            ^^^^^^^^^^^^^^^^^^^^
[INFO] [stderr] 9 | documentation = { workspace = true }
[INFO] [stderr]   |                 --------------------
[INFO] [stderr]   |
[INFO] [stderr]   = note: `cargo::redundant_homepage` is set to `warn` by default
[INFO] [stderr] help: consider removing `package.homepage`
[INFO] [stderr] warning: `ty_wasm` (manifest) generated 1 warning
[INFO] [stderr] warning: `package.homepage` is redundant with `package.documentation`
[INFO] [stderr]  --> crates/ruff_macros/Cargo.toml:8:12
[INFO] [stderr]   |
[INFO] [stderr] 8 | homepage = { workspace = true }
[INFO] [stderr]   |            ^^^^^^^^^^^^^^^^^^^^
[INFO] [stderr] 9 | documentation = { workspace = true }
[INFO] [stderr]   |                 --------------------
[INFO] [stderr]   |
[INFO] [stderr]   = note: `cargo::redundant_homepage` is set to `warn` by default
[INFO] [stderr] help: consider removing `package.homepage`
[INFO] [stderr] warning: `ruff_macros` (manifest) generated 1 warning
[INFO] [stderr] warning: `package.homepage` is redundant with `package.documentation`
[INFO] [stderr]  --> crates/ruff_python_ast/Cargo.toml:8:12
[INFO] [stderr]   |
[INFO] [stderr] 8 | homepage = { workspace = true }
[INFO] [stderr]   |            ^^^^^^^^^^^^^^^^^^^^
[INFO] [stderr] 9 | documentation = { workspace = true }
[INFO] [stderr]   |                 --------------------
[INFO] [stderr]   |
[INFO] [stderr]   = note: `cargo::redundant_homepage` is set to `warn` by default
[INFO] [stderr] help: consider removing `package.homepage`
[INFO] [stderr] warning: `ruff_python_ast` (manifest) generated 1 warning
[INFO] [stderr] warning: `package.homepage` is redundant with `package.documentation`
[INFO] [stderr]  --> crates/ty_project/Cargo.toml:7:1
[INFO] [stderr]   |
[INFO] [stderr] 7 | homepage.workspace = true
[INFO] [stderr]   | ^^^^^^^^
[INFO] [stderr] 8 | documentation.workspace = true
[INFO] [stderr]   | -------------
[INFO] [stderr]   |
[INFO] [stderr]   = note: `cargo::redundant_homepage` is set to `warn` by default
[INFO] [stderr] help: consider removing `package.homepage`
[INFO] [stderr] warning: `ty_project` (manifest) generated 1 warning
[INFO] [stderr] warning: `package.homepage` is redundant with `package.documentation`
[INFO] [stderr]  --> crates/ty_site_packages/Cargo.toml:8:12
[INFO] [stderr]   |
[INFO] [stderr] 8 | homepage = { workspace = true }
[INFO] [stderr]   |            ^^^^^^^^^^^^^^^^^^^^
[INFO] [stderr] 9 | documentation = { workspace = true }
[INFO] [stderr]   |                 --------------------
[INFO] [stderr]   |
[INFO] [stderr]   = note: `cargo::redundant_homepage` is set to `warn` by default
[INFO] [stderr] help: consider removing `package.homepage`
[INFO] [stderr] warning: `ty_site_packages` (manifest) generated 1 warning
[INFO] [stderr] warning: missing `[lints]` to inherit `[workspace.lints]`
[INFO] [stderr]   --> crates/ruff_diagnostics/Cargo.toml
[INFO] [stderr]    = note: `cargo::missing_lints_inheritance` is set to `warn` by default
[INFO] [stderr] help: to inherit `workspace.lints, add:
[INFO] [stderr]    |
[INFO] [stderr] 25 ~ serde = ["dep:serde", "ruff_text_size/serde"]
[INFO] [stderr] 26 + [lints]
[INFO] [stderr] 27 + workspace = true
[INFO] [stderr]    |
[INFO] [stderr] help: to clarify your intent to not inherit, add:
[INFO] [stderr]    |
[INFO] [stderr] 25 ~ serde = ["dep:serde", "ruff_text_size/serde"]
[INFO] [stderr] 26 + [lints]
[INFO] [stderr]    |
[INFO] [stderr] warning: `package.homepage` is redundant with `package.documentation`
[INFO] [stderr]  --> crates/ruff_diagnostics/Cargo.toml:8:12
[INFO] [stderr]   |
[INFO] [stderr] 8 | homepage = { workspace = true }
[INFO] [stderr]   |            ^^^^^^^^^^^^^^^^^^^^
[INFO] [stderr] 9 | documentation = { workspace = true }
[INFO] [stderr]   |                 --------------------
[INFO] [stderr]   |
[INFO] [stderr]   = note: `cargo::redundant_homepage` is set to `warn` by default
[INFO] [stderr] help: consider removing `package.homepage`
[INFO] [stderr] warning: `ruff_diagnostics` (manifest) generated 2 warnings
[INFO] [stderr] warning: `package.homepage` is redundant with `package.documentation`
[INFO] [stderr]  --> crates/ruff_notebook/Cargo.toml:8:12
[INFO] [stderr]   |
[INFO] [stderr] 8 | homepage = { workspace = true }
[INFO] [stderr]   |            ^^^^^^^^^^^^^^^^^^^^
[INFO] [stderr] 9 | documentation = { workspace = true }
[INFO] [stderr]   |                 --------------------
[INFO] [stderr]   |
[INFO] [stderr]   = note: `cargo::redundant_homepage` is set to `warn` by default
[INFO] [stderr] help: consider removing `package.homepage`
[INFO] [stderr] warning: `ruff_notebook` (manifest) generated 1 warning
[INFO] [stderr] warning: `package.homepage` is redundant with `package.documentation`
[INFO] [stderr]  --> crates/ruff_dev/Cargo.toml:8:12
[INFO] [stderr]   |
[INFO] [stderr] 8 | homepage = { workspace = true }
[INFO] [stderr]   |            ^^^^^^^^^^^^^^^^^^^^
[INFO] [stderr] 9 | documentation = { workspace = true }
[INFO] [stderr]   |                 --------------------
[INFO] [stderr]   |
[INFO] [stderr]   = note: `cargo::redundant_homepage` is set to `warn` by default
[INFO] [stderr] help: consider removing `package.homepage`
[INFO] [stderr] warning: `ruff_dev` (manifest) generated 1 warning
[INFO] [stderr] warning: `package.homepage` is redundant with `package.documentation`
[INFO] [stderr]  --> crates/ruff_index/Cargo.toml:8:12
[INFO] [stderr]   |
[INFO] [stderr] 8 | homepage = { workspace = true }
[INFO] [stderr]   |            ^^^^^^^^^^^^^^^^^^^^
[INFO] [stderr] 9 | documentation = { workspace = true }
[INFO] [stderr]   |                 --------------------
[INFO] [stderr]   |
[INFO] [stderr]   = note: `cargo::redundant_homepage` is set to `warn` by default
[INFO] [stderr] help: consider removing `package.homepage`
[INFO] [stderr] warning: `ruff_index` (manifest) generated 1 warning
[INFO] [stderr] warning: `package.homepage` is redundant with `package.documentation`
[INFO] [stderr]  --> crates/ruff_python_formatter/Cargo.toml:8:12
[INFO] [stderr]   |
[INFO] [stderr] 8 | homepage = { workspace = true }
[INFO] [stderr]   |            ^^^^^^^^^^^^^^^^^^^^
[INFO] [stderr] 9 | documentation = { workspace = true }
[INFO] [stderr]   |                 --------------------
[INFO] [stderr]   |
[INFO] [stderr]   = note: `cargo::redundant_homepage` is set to `warn` by default
[INFO] [stderr] help: consider removing `package.homepage`
[INFO] [stderr] warning: `ruff_python_formatter` (manifest) generated 1 warning
[INFO] [stderr] warning: `package.homepage` is redundant with `package.documentation`
[INFO] [stderr]  --> crates/mdtest/Cargo.toml:7:1
[INFO] [stderr]   |
[INFO] [stderr] 7 | homepage.workspace = true
[INFO] [stderr]   | ^^^^^^^^
[INFO] [stderr] 8 | documentation.workspace = true
[INFO] [stderr]   | -------------
[INFO] [stderr]   |
[INFO] [stderr]   = note: `cargo::redundant_homepage` is set to `warn` by default
[INFO] [stderr] help: consider removing `package.homepage`
[INFO] [stderr] warning: `mdtest` (manifest) generated 1 warning
[INFO] [stderr] warning: `package.homepage` is redundant with `package.documentation`
[INFO] [stderr]  --> crates/ruff_linter/Cargo.toml:8:12
[INFO] [stderr]   |
[INFO] [stderr] 8 | homepage = { workspace = true }
[INFO] [stderr]   |            ^^^^^^^^^^^^^^^^^^^^
[INFO] [stderr] 9 | documentation = { workspace = true }
[INFO] [stderr]   |                 --------------------
[INFO] [stderr]   |
[INFO] [stderr]   = note: `cargo::redundant_homepage` is set to `warn` by default
[INFO] [stderr] help: consider removing `package.homepage`
[INFO] [stderr] warning: `ruff_linter` (manifest) generated 1 warning
[INFO] [stderr] warning: `package.homepage` is redundant with `package.documentation`
[INFO] [stderr]  --> crates/ruff_annotate_snippets/Cargo.toml:8:12
[INFO] [stderr]   |
[INFO] [stderr] 8 | homepage = { workspace = true }
[INFO] [stderr]   |            ^^^^^^^^^^^^^^^^^^^^
[INFO] [stderr] 9 | documentation = { workspace = true }
[INFO] [stderr]   |                 --------------------
[INFO] [stderr]   |
[INFO] [stderr]   = note: `cargo::redundant_homepage` is set to `warn` by default
[INFO] [stderr] help: consider removing `package.homepage`
[INFO] [stderr] warning: `ruff_annotate_snippets` (manifest) generated 1 warning
[INFO] [stderr] warning: `package.homepage` is redundant with `package.documentation`
[INFO] [stderr]  --> crates/ty_static/Cargo.toml:7:12
[INFO] [stderr]   |
[INFO] [stderr] 7 | homepage = { workspace = true }
[INFO] [stderr]   |            ^^^^^^^^^^^^^^^^^^^^
[INFO] [stderr] 8 | documentation = { workspace = true }
[INFO] [stderr]   |                 --------------------
[INFO] [stderr]   |
[INFO] [stderr]   = note: `cargo::redundant_homepage` is set to `warn` by default
[INFO] [stderr] help: consider removing `package.homepage`
[INFO] [stderr] warning: `ty_static` (manifest) generated 1 warning
[INFO] [stderr] warning: `package.homepage` is redundant with `package.documentation`
[INFO] [stderr]  --> crates/ruff_source_file/Cargo.toml:8:12
[INFO] [stderr]   |
[INFO] [stderr] 8 | homepage = { workspace = true }
[INFO] [stderr]   |            ^^^^^^^^^^^^^^^^^^^^
[INFO] [stderr] 9 | documentation = { workspace = true }
[INFO] [stderr]   |                 --------------------
[INFO] [stderr]   |
[INFO] [stderr]   = note: `cargo::redundant_homepage` is set to `warn` by default
[INFO] [stderr] help: consider removing `package.homepage`
[INFO] [stderr] warning: `ruff_source_file` (manifest) generated 1 warning
[INFO] [stderr] warning: `package.homepage` is redundant with `package.documentation`
[INFO] [stderr]  --> crates/ruff_text_size/Cargo.toml:8:12
[INFO] [stderr]   |
[INFO] [stderr] 8 | homepage = { workspace = true }
[INFO] [stderr]   |            ^^^^^^^^^^^^^^^^^^^^
[INFO] [stderr] 9 | documentation = { workspace = true }
[INFO] [stderr]   |                 --------------------
[INFO] [stderr]   |
[INFO] [stderr]   = note: `cargo::redundant_homepage` is set to `warn` by default
[INFO] [stderr] help: consider removing `package.homepage`
[INFO] [stderr] warning: `ruff_text_size` (manifest) generated 1 warning
[INFO] [stderr] warning: `package.homepage` is redundant with `package.documentation`
[INFO] [stderr]  --> crates/ruff_python_parser/Cargo.toml:8:12
[INFO] [stderr]   |
[INFO] [stderr] 8 | homepage = { workspace = true }
[INFO] [stderr]   |            ^^^^^^^^^^^^^^^^^^^^
[INFO] [stderr] 9 | documentation = { workspace = true }
[INFO] [stderr]   |                 --------------------
[INFO] [stderr]   |
[INFO] [stderr]   = note: `cargo::redundant_homepage` is set to `warn` by default
[INFO] [stderr] help: consider removing `package.homepage`
[INFO] [stderr] warning: `ruff_python_parser` (manifest) generated 1 warning
[INFO] [stderr] warning: `package.homepage` is redundant with `package.documentation`
[INFO] [stderr]  --> crates/ty_python_semantic/Cargo.toml:8:12
[INFO] [stderr]   |
[INFO] [stderr] 8 | homepage = { workspace = true }
[INFO] [stderr]   |            ^^^^^^^^^^^^^^^^^^^^
[INFO] [stderr] 9 | documentation = { workspace = true }
[INFO] [stderr]   |                 --------------------
[INFO] [stderr]   |
[INFO] [stderr]   = note: `cargo::redundant_homepage` is set to `warn` by default
[INFO] [stderr] help: consider removing `package.homepage`
[INFO] [stderr] warning: `ty_python_semantic` (manifest) generated 1 warning
[INFO] [stderr] warning: `package.homepage` is redundant with `package.documentation`
[INFO] [stderr]  --> crates/ty_test/Cargo.toml:7:1
[INFO] [stderr]   |
[INFO] [stderr] 7 | homepage.workspace = true
[INFO] [stderr]   | ^^^^^^^^
[INFO] [stderr] 8 | documentation.workspace = true
[INFO] [stderr]   | -------------
[INFO] [stderr]   |
[INFO] [stderr]   = note: `cargo::redundant_homepage` is set to `warn` by default
[INFO] [stderr] help: consider removing `package.homepage`
[INFO] [stderr] warning: `ty_test` (manifest) generated 1 warning
[INFO] [stderr] warning: `package.homepage` is redundant with `package.documentation`
[INFO] [stderr]  --> crates/ruff_python_index/Cargo.toml:8:12
[INFO] [stderr]   |
[INFO] [stderr] 8 | homepage = { workspace = true }
[INFO] [stderr]   |            ^^^^^^^^^^^^^^^^^^^^
[INFO] [stderr] 9 | documentation = { workspace = true }
[INFO] [stderr]   |                 --------------------
[INFO] [stderr]   |
[INFO] [stderr]   = note: `cargo::redundant_homepage` is set to `warn` by default
[INFO] [stderr] help: consider removing `package.homepage`
[INFO] [stderr] warning: `ruff_python_index` (manifest) generated 1 warning
[INFO] [stderr] warning: `package.homepage` is redundant with `package.documentation`
[INFO] [stderr]  --> crates/ty_combine/Cargo.toml:7:1
[INFO] [stderr]   |
[INFO] [stderr] 7 | homepage.workspace = true
[INFO] [stderr]   | ^^^^^^^^
[INFO] [stderr] 8 | documentation.workspace = true
[INFO] [stderr]   | -------------
[INFO] [stderr]   |
[INFO] [stderr]   = note: `cargo::redundant_homepage` is set to `warn` by default
[INFO] [stderr] help: consider removing `package.homepage`
[INFO] [stderr] warning: `ty_combine` (manifest) generated 1 warning
[INFO] [stderr] warning: `package.homepage` is redundant with `package.documentation`
[INFO] [stderr]  --> crates/ty_completion_eval/Cargo.toml:8:12
[INFO] [stderr]   |
[INFO] [stderr] 8 | homepage = { workspace = true }
[INFO] [stderr]   |            ^^^^^^^^^^^^^^^^^^^^
[INFO] [stderr] 9 | documentation = { workspace = true }
[INFO] [stderr]   |                 --------------------
[INFO] [stderr]   |
[INFO] [stderr]   = note: `cargo::redundant_homepage` is set to `warn` by default
[INFO] [stderr] help: consider removing `package.homepage`
[INFO] [stderr] warning: `ty_completion_eval` (manifest) generated 1 warning
[INFO] [stderr] warning: `package.homepage` is redundant with `package.documentation`
[INFO] [stderr]  --> crates/ruff_python_literal/Cargo.toml:8:12
[INFO] [stderr]   |
[INFO] [stderr] 8 | homepage = { workspace = true }
[INFO] [stderr]   |            ^^^^^^^^^^^^^^^^^^^^
[INFO] [stderr] 9 | documentation = { workspace = true }
[INFO] [stderr]   |                 --------------------
[INFO] [stderr]   |
[INFO] [stderr]   = note: `cargo::redundant_homepage` is set to `warn` by default
[INFO] [stderr] help: consider removing `package.homepage`
[INFO] [stderr] warning: `ruff_python_literal` (manifest) generated 1 warning
[INFO] [stderr] warning: missing `[lints]` to inherit `[workspace.lints]`
[INFO] [stderr]   --> crates/ruff_db/Cargo.toml
[INFO] [stderr]    = note: `cargo::missing_lints_inheritance` is set to `warn` by default
[INFO] [stderr] help: to inherit `workspace.lints, add:
[INFO] [stderr]    |
[INFO] [stderr] 74 ~ testing = ["tracing-subscriber"]
[INFO] [stderr] 75 + [lints]
[INFO] [stderr] 76 + workspace = true
[INFO] [stderr]    |
[INFO] [stderr] help: to clarify your intent to not inherit, add:
[INFO] [stderr]    |
[INFO] [stderr] 74 ~ testing = ["tracing-subscriber"]
[INFO] [stderr] 75 + [lints]
[INFO] [stderr]    |
[INFO] [stderr] warning: `package.homepage` is redundant with `package.documentation`
[INFO] [stderr]  --> crates/ruff_db/Cargo.toml:8:12
[INFO] [stderr]   |
[INFO] [stderr] 8 | homepage = { workspace = true }
[INFO] [stderr]   |            ^^^^^^^^^^^^^^^^^^^^
[INFO] [stderr] 9 | documentation = { workspace = true }
[INFO] [stderr]   |                 --------------------
[INFO] [stderr]   |
[INFO] [stderr]   = note: `cargo::redundant_homepage` is set to `warn` by default
[INFO] [stderr] help: consider removing `package.homepage`
[INFO] [stderr] warning: `ruff_db` (manifest) generated 2 warnings
[INFO] [stderr] warning: `package.homepage` is redundant with `package.documentation`
[INFO] [stderr]  --> crates/ruff/Cargo.toml:8:12
[INFO] [stderr]   |
[INFO] [stderr] 8 | homepage = { workspace = true }
[INFO] [stderr]   |            ^^^^^^^^^^^^^^^^^^^^
[INFO] [stderr] 9 | documentation = { workspace = true }
[INFO] [stderr]   |                 --------------------
[INFO] [stderr]   |
[INFO] [stderr]   = note: `cargo::redundant_homepage` is set to `warn` by default
[INFO] [stderr] help: consider removing `package.homepage`
[INFO] [stderr] warning: `ruff` (manifest) generated 1 warning
[INFO] [stderr] warning: `package.homepage` is redundant with `package.documentation`
[INFO] [stderr]  --> crates/ruff_wasm/Cargo.toml:8:12
[INFO] [stderr]   |
[INFO] [stderr] 8 | homepage = { workspace = true }
[INFO] [stderr]   |            ^^^^^^^^^^^^^^^^^^^^
[INFO] [stderr] 9 | documentation = { workspace = true }
[INFO] [stderr]   |                 --------------------
[INFO] [stderr]   |
[INFO] [stderr]   = note: `cargo::redundant_homepage` is set to `warn` by default
[INFO] [stderr] help: consider removing `package.homepage`
[INFO] [stderr] warning: `ruff_wasm` (manifest) generated 1 warning
[INFO] [stderr] warning: `package.homepage` is redundant with `package.documentation`
[INFO] [stderr]  --> crates/ty_vendored/Cargo.toml:8:12
[INFO] [stderr]   |
[INFO] [stderr] 8 | homepage = { workspace = true }
[INFO] [stderr]   |            ^^^^^^^^^^^^^^^^^^^^
[INFO] [stderr] 9 | documentation = { workspace = true }
[INFO] [stderr]   |                 --------------------
[INFO] [stderr]   |
[INFO] [stderr]   = note: `cargo::redundant_homepage` is set to `warn` by default
[INFO] [stderr] help: consider removing `package.homepage`
[INFO] [stderr] warning: `ty_vendored` (manifest) generated 1 warning
[INFO] [stderr] warning: `package.homepage` is redundant with `package.documentation`
[INFO] [stderr]  --> crates/ty_python_core/Cargo.toml:8:12
[INFO] [stderr]   |
[INFO] [stderr] 8 | homepage = { workspace = true }
[INFO] [stderr]   |            ^^^^^^^^^^^^^^^^^^^^
[INFO] [stderr] 9 | documentation = { workspace = true }
[INFO] [stderr]   |                 --------------------
[INFO] [stderr]   |
[INFO] [stderr]   = note: `cargo::redundant_homepage` is set to `warn` by default
[INFO] [stderr] help: consider removing `package.homepage`
[INFO] [stderr] warning: `ty_python_core` (manifest) generated 1 warning
[INFO] [stderr] warning: `package.homepage` is redundant with `package.documentation`
[INFO] [stderr]  --> crates/ty_ide/Cargo.toml:8:12
[INFO] [stderr]   |
[INFO] [stderr] 8 | homepage = { workspace = true }
[INFO] [stderr]   |            ^^^^^^^^^^^^^^^^^^^^
[INFO] [stderr] 9 | documentation = { workspace = true }
[INFO] [stderr]   |                 --------------------
[INFO] [stderr]   |
[INFO] [stderr]   = note: `cargo::redundant_homepage` is set to `warn` by default
[INFO] [stderr] help: consider removing `package.homepage`
[INFO] [stderr] warning: `ty_ide` (manifest) generated 1 warning
[INFO] [stderr] warning: `package.homepage` is redundant with `package.documentation`
[INFO] [stderr]  --> crates/ruff_python_stdlib/Cargo.toml:8:12
[INFO] [stderr]   |
[INFO] [stderr] 8 | homepage = { workspace = true }
[INFO] [stderr]   |            ^^^^^^^^^^^^^^^^^^^^
[INFO] [stderr] 9 | documentation = { workspace = true }
[INFO] [stderr]   |                 --------------------
[INFO] [stderr]   |
[INFO] [stderr]   = note: `cargo::redundant_homepage` is set to `warn` by default
[INFO] [stderr] help: consider removing `package.homepage`
[INFO] [stderr] warning: `ruff_python_stdlib` (manifest) generated 1 warning
[INFO] [stderr]    Compiling quote v1.0.46
[INFO] [stderr]    Compiling proc-macro2 v1.0.106
[INFO] [stderr]    Compiling serde_core v1.0.228
[INFO] [stderr]     Checking memchr v2.8.2
[INFO] [stderr]    Compiling libc v0.2.186
[INFO] [stderr]    Compiling zmij v1.0.10
[INFO] [stderr]    Compiling serde_json v1.0.150
[INFO] [stderr]     Checking smallvec v1.15.2
[INFO] [stderr]    Compiling rustversion v1.0.22
[INFO] [stderr]     Checking hashbrown v0.17.1
[INFO] [stderr]     Checking aho-corasick v1.1.4
[INFO] [stderr]    Compiling interpolator v0.5.0
[INFO] [stderr]    Compiling collection_literals v1.0.2
[INFO] [stderr]     Checking static_assertions v1.1.0
[INFO] [stderr]     Checking unicode-ident v1.0.24
[INFO] [stderr]     Checking either v1.15.0
[INFO] [stderr]     Checking castaway v0.2.4
[INFO] [stderr]    Compiling syn v2.0.118
[INFO] [stderr]    Compiling proc-macro-utils v0.10.0
[INFO] [stderr]     Checking regex-automata v0.4.14
[INFO] [stderr]     Checking itertools v0.15.0
[INFO] [stderr]     Checking rustc-hash v2.1.2
[INFO] [stderr]    Compiling regex-syntax v0.8.11
[INFO] [stderr]    Compiling manyhow-macros v0.11.4
[INFO] [stderr]    Compiling ruff_text_size v0.0.4 (/opt/rustwide/workdir/crates/ruff_text_size)
[INFO] [stderr]    Compiling ruff_source_file v0.0.4 (/opt/rustwide/workdir/crates/ruff_source_file)
[INFO] [stderr]    Compiling zerocopy v0.8.27
[INFO] [stderr]     Checking bitflags v2.13.0
[INFO] [stderr]     Checking indexmap v2.14.0
[INFO] [stderr]    Compiling getrandom v0.2.16
[INFO] [stderr]     Checking glob v0.3.3
[INFO] [stderr]    Compiling typeid v1.0.3
[INFO] [stderr]     Checking ordermap v1.2.0
[INFO] [stderr]    Compiling rand_core v0.6.4
[INFO] [stderr]    Compiling ruff_python_trivia v0.0.4 (/opt/rustwide/workdir/crates/ruff_python_trivia)
[INFO] [stderr]     Checking bstr v1.12.3
[INFO] [stderr]     Checking regex v1.12.4
[INFO] [stderr]    Compiling portable-atomic v1.13.1
[INFO] [stderr]    Compiling memoffset v0.9.1
[INFO] [stderr]    Compiling rustix v1.1.4
[INFO] [stderr]    Compiling ppv-lite86 v0.2.21
[INFO] [stderr]    Compiling siphasher v1.0.1
[INFO] [stderr]     Checking globset v0.4.18
[INFO] [stderr]    Compiling phf_shared v0.11.3
[INFO] [stderr]     Checking parking_lot_core v0.9.11
[INFO] [stderr]     Checking filetime v0.2.29
[INFO] [stderr]    Compiling rand_chacha v0.3.1
[INFO] [stderr]     Checking seahash v4.1.0
[INFO] [stderr]     Checking boxcar v0.2.14
[INFO] [stderr]     Checking crossbeam-queue v0.3.12
[INFO] [stderr]     Checking arrayvec v0.7.7
[INFO] [stderr]    Compiling rand v0.8.5
[INFO] [stderr]     Checking ruff_cache v0.0.4 (/opt/rustwide/workdir/crates/ruff_cache)
[INFO] [stderr]     Checking intrusive-collections v0.10.1
[INFO] [stderr]     Checking parking_lot v0.12.4
[INFO] [stderr]     Checking hashlink v0.12.0
[INFO] [stderr]     Checking inventory v0.3.24
[INFO] [stderr]    Compiling getrandom v0.4.2
[INFO] [stderr]     Checking rand_core v0.10.0
[INFO] [stderr]     Checking salsa-macro-rules v0.27.2
[INFO] [stderr]    Compiling unicode-width v0.2.2
[INFO] [stderr]    Compiling jobserver v0.1.34
[INFO] [stderr]     Checking vte v0.14.1
[INFO] [stderr]     Checking phf v0.11.3
[INFO] [stderr]    Compiling getopts v0.2.24
[INFO] [stderr]     Checking strip-ansi-escapes v0.2.1
[INFO] [stderr]    Compiling num-traits v0.2.19
[INFO] [stderr]    Compiling cc v1.2.65
[INFO] [stderr]    Compiling phf_generator v0.11.3
[INFO] [stderr]     Checking ignore v0.4.26
[INFO] [stderr]    Compiling phf_codegen v0.11.3
[INFO] [stderr]     Checking ruff_annotate_snippets v0.0.4 (/opt/rustwide/workdir/crates/ruff_annotate_snippets)
[INFO] [stderr]    Compiling manyhow v0.11.4
[INFO] [stderr]    Compiling synstructure v0.13.2
[INFO] [stderr]    Compiling serde_derive_internals v0.29.1
[INFO] [stderr]    Compiling unicode_names2_generator v1.3.0
[INFO] [stderr]    Compiling anyhow v1.0.103
[INFO] [stderr]     Checking is_terminal_polyfill v1.70.1
[INFO] [stderr]    Compiling zstd-safe v7.2.4
[INFO] [stderr]    Compiling camino v1.2.4
[INFO] [stderr]    Compiling unicode_names2 v1.3.0
[INFO] [stderr]     Checking anstream v1.0.0
[INFO] [stderr]     Checking clap_lex v1.0.0
[INFO] [stderr]     Checking terminal_size v0.4.3
[INFO] [stderr]     Checking chrono v0.4.44
[INFO] [stderr]     Checking chacha20 v0.10.0
[INFO] [stderr]     Checking clap_builder v4.6.0
[INFO] [stderr]    Compiling zstd-sys v2.0.16+zstd.1.5.7
[INFO] [stderr]     Checking uuid v1.23.4
[INFO] [stderr]     Checking rand v0.10.1
[INFO] [stderr]     Checking matchers v0.2.0
[INFO] [stderr]     Checking tracing-log v0.2.0
[INFO] [stderr]     Checking thread_local v1.1.9
[INFO] [stderr]     Checking zlib-rs v0.5.5
[INFO] [stderr]    Compiling serde_derive v1.0.228
[INFO] [stderr]    Compiling quote-use-macros v0.8.4
[INFO] [stderr]    Compiling derive-where v1.6.0
[INFO] [stderr]    Compiling ref-cast-impl v1.0.25
[INFO] [stderr]    Compiling quote-use v0.8.4
[INFO] [stderr]    Compiling attribute-derive-macro v0.10.3
[INFO] [stderr]     Checking ref-cast v1.0.25
[INFO] [stderr]    Compiling schemars_derive v1.2.1
[INFO] [stderr]    Compiling thiserror-impl v2.0.18
[INFO] [stderr]    Compiling tracing-attributes v0.1.31
[INFO] [stderr]    Compiling ruff_macros v0.0.4 (/opt/rustwide/workdir/crates/ruff_macros)
[INFO] [stderr]    Compiling attribute-derive v0.10.3
[INFO] [stderr]    Compiling is-macro v0.3.7
[INFO] [stderr]    Compiling get-size-derive2 v0.10.1
[INFO] [stderr]    Compiling salsa-macros v0.27.2
[INFO] [stderr]     Checking thiserror v2.0.18
[INFO] [stderr]    Compiling clap_derive v4.6.1
[INFO] [stderr]     Checking libz-rs-sys v0.5.5
[INFO] [stderr]     Checking flate2 v1.1.2
[INFO] [stderr]     Checking tracing v0.1.44
[INFO] [stderr]    Compiling zerofrom-derive v0.1.6
[INFO] [stderr]     Checking tracing-subscriber v0.3.23
[INFO] [stderr]     Checking serde v1.0.228
[INFO] [stderr]     Checking newtype-uuid v1.3.2
[INFO] [stderr]     Checking which v8.0.4
[INFO] [stderr]     Checking quick-xml v0.38.4
[INFO] [stderr]     Checking thin-vec v0.2.18
[INFO] [stderr]     Checking compact_str v0.9.1
[INFO] [stderr]     Checking schemars v1.2.1
[INFO] [stderr]     Checking typed-path v0.12.3
[INFO] [stderr]     Checking hashbrown v0.14.5
[INFO] [stderr]     Checking quick-junit v0.6.0
[INFO] [stderr]     Checking get-size2 v0.10.1
[INFO] [stderr]     Checking salsa v0.27.2
[INFO] [stderr]     Checking clap v4.6.1
[INFO] [stderr]     Checking zerofrom v0.1.6
[INFO] [stderr]     Checking ty_static v0.0.4 (/opt/rustwide/workdir/crates/ty_static)
[INFO] [stderr]     Checking ruff_memory_usage v0.0.4 (/opt/rustwide/workdir/crates/ruff_memory_usage)
[INFO] [stderr]    Compiling yoke-derive v0.8.2
[INFO] [stderr]     Checking dashmap v6.2.1
[INFO] [stderr]     Checking arc-swap v1.9.2
[INFO] [stderr]     Checking etcetera v0.11.0
[INFO] [stderr]     Checking path-slash v0.2.1
[INFO] [stderr]     Checking ruff_diagnostics v0.0.4 (/opt/rustwide/workdir/crates/ruff_diagnostics)
[INFO] [stderr]     Checking matchit v0.9.2
[INFO] [stderr]     Checking dunce v1.0.5
[INFO] [stderr]     Checking ruff_notebook v0.0.4 (/opt/rustwide/workdir/crates/ruff_notebook)
[INFO] [stderr]     Checking similar v3.1.1
[INFO] [stderr]     Checking supports-hyperlinks v3.2.0
[INFO] [stderr]     Checking stable_deref_trait v1.2.0
[INFO] [stderr]     Checking winnow v1.0.0
[INFO] [stderr]    Compiling zerovec-derive v0.11.3
[INFO] [stderr]     Checking serde_spanned v1.1.1
[INFO] [stderr]    Compiling displaydoc v0.2.5
[INFO] [stderr]     Checking toml_parser v1.1.2+spec-1.1.0
[INFO] [stderr]     Checking toml_datetime v1.1.1+spec-1.1.0
[INFO] [stderr]     Checking toml_writer v1.1.1+spec-1.1.0
[INFO] [stderr]     Checking yoke v0.8.2
[INFO] [stderr]     Checking litemap v0.8.0
[INFO] [stderr]     Checking colored v3.1.1
[INFO] [stderr]    Compiling strum_macros v0.28.0
[INFO] [stderr]     Checking ruff_python_stdlib v0.0.4 (/opt/rustwide/workdir/crates/ruff_python_stdlib)
[INFO] [stderr]     Checking toml v1.1.2+spec-1.1.0
[INFO] [stderr]     Checking drop_bomb v0.1.5
[INFO] [stderr]     Checking zerotrie v0.2.4
[INFO] [stderr]     Checking similar v2.7.0
[INFO] [stderr]     Checking tempfile v3.27.0
[INFO] [stderr]     Checking zerovec v0.11.6
[INFO] [stderr]     Checking version-ranges v0.1.1
[INFO] [stderr]     Checking unscanny v0.1.0
[INFO] [stderr]     Checking ruff_formatter v0.0.4 (/opt/rustwide/workdir/crates/ruff_formatter)
[INFO] [stderr]     Checking pep440_rs v0.7.3
[INFO] [stderr]     Checking console v0.16.1
[INFO] [stderr]     Checking countme v3.0.1
[INFO] [stderr]     Checking tinystr v0.8.3
[INFO] [stderr]     Checking ruff_python_ast v0.0.4 (/opt/rustwide/workdir/crates/ruff_python_ast)
[INFO] [stderr]     Checking potential_utf v0.1.3
[INFO] [stderr]     Checking icu_collections v2.2.0
[INFO] [stderr]     Checking ruff_index v0.0.4 (/opt/rustwide/workdir/crates/ruff_index)
[INFO] [stderr]     Checking icu_locale_core v2.2.0
[INFO] [stderr]    Compiling pest v2.8.2
[INFO] [stderr]     Checking option-ext v0.2.0
[INFO] [stderr]     Checking dirs-sys v0.5.0
[INFO] [stderr]     Checking dirs v6.0.0
[INFO] [stderr]     Checking shellexpand v3.1.2
[INFO] [stderr]     Checking ruff_options_metadata v0.0.4 (/opt/rustwide/workdir/crates/ruff_options_metadata)
[INFO] [stderr]     Checking ron v0.12.0
[INFO] [stderr]     Checking percent-encoding v2.3.2
[INFO] [stderr]     Checking form_urlencoded v1.2.2
[INFO] [stderr]     Checking rayon v1.12.0
[INFO] [stderr]     Checking icu_provider v2.2.0
[INFO] [stderr]     Checking icu_properties v2.2.0
[INFO] [stderr]     Checking strum v0.28.0
[INFO] [stderr]     Checking icu_normalizer v2.2.0
[INFO] [stderr]    Compiling pest_meta v2.8.2
[INFO] [stderr]     Checking crossbeam-channel v0.5.15
[INFO] [stderr]    Compiling crc32fast v1.5.0
[INFO] [stderr]     Checking crossbeam v0.8.4
[INFO] [stderr]    Compiling same-file v1.0.6
[INFO] [stderr]    Compiling walkdir v2.5.0
[INFO] [stderr]     Checking idna_adapter v1.2.1
[INFO] [stderr]     Checking idna v1.1.0
[INFO] [stderr]     Checking inotify-sys v0.1.5
[INFO] [stderr]     Checking inotify v0.11.0
[INFO] [stderr]    Compiling pest_generator v2.8.2
[INFO] [stderr]     Checking url v2.5.8
[INFO] [stderr]     Checking mio v1.0.4
[INFO] [stderr]     Checking jiff v0.2.31
[INFO] [stderr]     Checking notify-types v2.0.0
[INFO] [stderr]    Compiling radium v0.7.0
[INFO] [stderr]     Checking tap v1.0.1
[INFO] [stderr]     Checking notify v8.2.0
[INFO] [stderr]     Checking wyz v0.5.1
[INFO] [stderr]    Compiling pest_derive v2.8.2
[INFO] [stderr]     Checking itertools v0.13.0
[INFO] [stderr]     Checking funty v2.0.0
[INFO] [stderr]    Compiling thiserror-impl v1.0.69
[INFO] [stderr]     Checking insta v1.48.0
[INFO] [stderr]     Checking ruff_python_parser v0.0.4 (/opt/rustwide/workdir/crates/ruff_python_parser)
[INFO] [stderr]     Checking ruff_python_literal v0.0.4 (/opt/rustwide/workdir/crates/ruff_python_literal)
[INFO] [stderr]     Checking zstd v0.13.3
[INFO] [stderr]     Checking zip v8.6.0
[INFO] [stderr]     Checking bitvec v1.1.1
[INFO] [stderr]    Compiling peg-runtime v0.8.5
[INFO] [stderr]     Checking thiserror v1.0.69
[INFO] [stderr]     Checking phf_shared v0.13.1
[INFO] [stderr]    Compiling peg-macros v0.8.5
[INFO] [stderr]     Checking toml_datetime v0.7.5+spec-1.1.0
[INFO] [stderr]     Checking urlencoding v2.1.3
[INFO] [stderr]     Checking winnow v0.7.13
[INFO] [stderr]     Checking phf v0.13.1
[INFO] [stderr]     Checking ruff_db v0.0.4 (/opt/rustwide/workdir/crates/ruff_db)
[INFO] [stderr]     Checking ruff_python_codegen v0.0.4 (/opt/rustwide/workdir/crates/ruff_python_codegen)
[INFO] [stderr]     Checking pep508_rs v0.9.2
[INFO] [stderr]     Checking ruff_python_importer v0.0.4 (/opt/rustwide/workdir/crates/ruff_python_importer)
[INFO] [stderr]     Checking rust-stemmers v1.2.0
[INFO] [stderr]    Compiling libcst_derive v1.8.6
[INFO] [stderr]     Checking peg v0.8.5
[INFO] [stderr]     Checking annotate-snippets v0.11.5
[INFO] [stderr]     Checking path-dedot v3.1.1
[INFO] [stderr]     Checking ruff_python_semantic v0.0.4 (/opt/rustwide/workdir/crates/ruff_python_semantic)
[INFO] [stderr]     Checking path-absolutize v3.1.1
[INFO] [stderr]     Checking toml v0.9.12+spec-1.1.0
[INFO] [stderr]     Checking ruff_python_index v0.0.4 (/opt/rustwide/workdir/crates/ruff_python_index)
[INFO] [stderr]     Checking imperative v1.0.7
[INFO] [stderr]     Checking libcst v1.8.6
[INFO] [stderr]     Checking fern v0.7.1
[INFO] [stderr]     Checking typed-arena v2.0.2
[INFO] [stderr]     Checking natord v1.0.9
[INFO] [stderr]    Compiling cfg_aliases v0.2.1
[INFO] [stderr]    Compiling tikv-jemalloc-sys v0.6.1+5.3.0-1-ge13ca993e8ccb9ba9847cc330696e02839f328f7
[INFO] [stderr]     Checking ruff_ranged_value v0.0.4 (/opt/rustwide/workdir/crates/ruff_ranged_value)
[INFO] [stderr]     Checking ty_site_packages v0.0.4 (/opt/rustwide/workdir/crates/ty_site_packages)
[INFO] [stderr]     Checking ty_module_resolver v0.0.4 (/opt/rustwide/workdir/crates/ty_module_resolver)
[INFO] [stderr]     Checking ruff_python_formatter v0.0.4 (/opt/rustwide/workdir/crates/ruff_python_formatter)
[INFO] [stderr]     Checking ty_combine v0.0.4 (/opt/rustwide/workdir/crates/ty_combine)
[INFO] [stderr]     Checking pyproject-toml v0.13.7
[INFO] [stderr]    Compiling nix v0.31.2
[INFO] [stderr]     Checking anstream v0.6.21
[INFO] [stderr]     Checking gen-lsp-types v0.9.0
[INFO] [stderr]     Checking lsp-server v0.8.0
[INFO] [stderr]    Compiling ty_vendored v0.0.4 (/opt/rustwide/workdir/crates/ty_vendored)
[INFO] [stderr]     Checking escape8259 v0.5.3
[INFO] [stderr]     Checking jod-thread v1.0.0
[INFO] [stderr]    Compiling terminfo v0.9.0
[INFO] [stderr]    Compiling fs-err v3.3.0
[INFO] [stderr]     Checking nom v7.1.3
[INFO] [stderr]     Checking clap_complete v4.5.58
[INFO] [stderr]     Checking ty_python_core v0.0.4 (/opt/rustwide/workdir/crates/ty_python_core)
[INFO] [stderr]    Compiling wasm-bindgen-shared v0.2.123
[INFO] [stderr]     Checking clap_complete_nushell v4.5.8
[INFO] [stderr]     Checking os_str_bytes v7.1.1
[INFO] [stderr]     Checking clap_complete_command v0.6.1
[INFO] [stderr]     Checking wild v2.2.1
[INFO] [stderr]    Compiling ptr_meta_derive v0.3.1
[INFO] [stderr]     Checking argfile v1.0.0
[INFO] [stderr]    Compiling test-case-core v3.3.1
[INFO] [stderr]     Checking ptr_meta v0.3.1
[INFO] [stderr]    Compiling bumpalo v3.19.0
[INFO] [stderr]     Checking rancor v0.1.1
[INFO] [stderr]    Compiling bytecheck_derive v0.8.2
[INFO] [stderr]    Compiling wasm-bindgen-macro-support v0.2.123
[INFO] [stderr]    Compiling test-case-macros v3.3.1
[INFO] [stderr]     Checking test-case v3.3.1
[INFO] [stderr]    Compiling wasm-bindgen v0.2.123
[INFO] [stderr]     Checking bit-vec v0.8.0
[INFO] [stderr]     Checking simdutf8 v0.1.5
[INFO] [stderr]     Checking bytecheck v0.8.2
[INFO] [stderr]     Checking bit-set v0.8.0
[INFO] [stderr]     Checking serde_yaml v0.9.34+deprecated
[INFO] [stderr]     Checking ruff_linter v0.15.21 (/opt/rustwide/workdir/crates/ruff_linter)
[INFO] [stderr]    Compiling munge_macro v0.4.7
[INFO] [stderr]     Checking munge v0.4.7
[INFO] [stderr]     Checking rend v0.5.3
[INFO] [stderr]     Checking ty_python_semantic v0.0.4 (/opt/rustwide/workdir/crates/ty_python_semantic)
[INFO] [stderr]     Checking fancy-regex v0.14.0
[INFO] [stderr]     Checking libtest-mimic v0.8.1
[INFO] [stderr]    Compiling rkyv_derive v0.8.16
[INFO] [stderr]     Checking clearscreen v4.0.6
[INFO] [stderr]     Checking globwalk v0.9.1
[INFO] [stderr]     Checking futures-core v0.3.32
[INFO] [stderr]     Checking futures-task v0.3.32
[INFO] [stderr]    Compiling ruff v0.15.21 (/opt/rustwide/workdir/crates/ruff)
[INFO] [stderr]    Compiling escargot v0.5.15
[INFO] [stderr]    Compiling wasm-bindgen-macro v0.2.123
[INFO] [stderr]     Checking utf8-width v0.1.7
[INFO] [stderr]     Checking html-escape v0.2.13
[INFO] [stderr]     Checking futures-util v0.3.32
[INFO] [stderr]     Checking datatest-stable v0.3.3
[INFO] [stderr]     Checking rkyv v0.8.16
[INFO] [stderr]     Checking insta-cmd v0.7.0
[INFO] [stderr]     Checking cachedir v0.3.1
[INFO] [stderr]    Compiling codspeed v5.0.1
[INFO] [stderr]     Checking approx v0.5.1
[INFO] [stderr]     Checking anstyle-lossy v1.1.4
[INFO] [stderr]     Checking num_cpus v1.17.0
[INFO] [stderr]    Compiling indoc v2.0.7
[INFO] [stderr]     Checking threadpool v1.8.1
[INFO] [stderr]    Compiling toml_edit v0.25.12+spec-1.1.0
[INFO] [stderr]     Checking anstyle-svg v0.1.11
[INFO] [stderr]     Checking js-sys v0.3.100
[INFO] [stderr] error: could not compile `gen-lsp-types` (lib)
[INFO] [stderr] 
[INFO] [stderr] Caused by:
[INFO] [stderr]   process didn't exit successfully: `/opt/rustwide/rustup-home/toolchains/3154cc1a3e6424e44f438a95007d043ed5ceaaf6/bin/rustc --crate-name gen_lsp_types --edition=2024 /opt/rustwide/cargo-home/registry/src/index.crates.io-1949cf8c6b5b557f/gen-lsp-types-0.9.0/src/lib.rs --error-format=json --json=diagnostic-rendered-ansi,artifacts,future-incompat,unused-externs-silent --crate-type lib --emit=dep-info,metadata -C embed-bitcode=no -C debuginfo=2 --cfg 'feature="url"' --check-cfg 'cfg(docsrs,test)' --check-cfg 'cfg(feature, values("fluent-uri", "url"))' -C metadata=27590da8ebd1a1e3 -C extra-filename=-214814ebf39497ad --out-dir /opt/rustwide/target/debug/build/gen-lsp-types/214814ebf39497ad/out -L dependency=/opt/rustwide/target/debug/build/displaydoc/3194cc673e3d5b44/out -L dependency=/opt/rustwide/target/debug/build/form_urlencoded/12ce6f266a8550a2/out -L dependency=/opt/rustwide/target/debug/build/icu_collections/a4b7c80021f70dea/out -L dependency=/opt/rustwide/target/debug/build/icu_locale_core/d599a4b98bc10877/out -L dependency=/opt/rustwide/target/debug/build/icu_normalizer/75f96a7aeafd4d79/out -L dependency=/opt/rustwide/target/debug/build/icu_normalizer_data/2044323167a29de8/out -L dependency=/opt/rustwide/target/debug/build/icu_properties/b07b527b263f2656/out -L dependency=/opt/rustwide/target/debug/build/icu_properties_data/2f014232ea9057bb/out -L dependency=/opt/rustwide/target/debug/build/icu_provider/b5e1e7dd9a02faa3/out -L dependency=/opt/rustwide/target/debug/build/idna/4f773b940035e180/out -L dependency=/opt/rustwide/target/debug/build/idna_adapter/ec887de0a4390999/out -L dependency=/opt/rustwide/target/debug/build/itoa/5e6fae9653c9d29e/out -L dependency=/opt/rustwide/target/debug/build/litemap/1e3ccab876fdcacb/out -L dependency=/opt/rustwide/target/debug/build/memchr/fa409d9d46367e7c/out -L dependency=/opt/rustwide/target/debug/build/percent-encoding/365709ab70365ea4/out -L dependency=/opt/rustwide/target/debug/build/potential_utf/8c3349e73aff3714/out -L dependency=/opt/rustwide/target/debug/build/serde/83e5c7f594a01317/out -L dependency=/opt/rustwide/target/debug/build/serde_core/6e1907735d488b51/out -L dependency=/opt/rustwide/target/debug/build/serde_derive/7b03619bd4c77130/out -L dependency=/opt/rustwide/target/debug/build/smallvec/9ee489883686cc0a/out -L dependency=/opt/rustwide/target/debug/build/stable_deref_trait/dc7e16d2ef212a06/out -L dependency=/opt/rustwide/target/debug/build/tinystr/f95352dd762fac99/out -L dependency=/opt/rustwide/target/debug/build/utf8_iter/2a9a14295c98e961/out -L dependency=/opt/rustwide/target/debug/build/writeable/999454f8466c5908/out -L dependency=/opt/rustwide/target/debug/build/yoke-derive/f753a47145273940/out -L dependency=/opt/rustwide/target/debug/build/yoke/ea90538a7c5a45d1/out -L dependency=/opt/rustwide/target/debug/build/zerofrom-derive/5b2fd89015b02ae8/out -L dependency=/opt/rustwide/target/debug/build/zerofrom/0c47a6917c09003b/out -L dependency=/opt/rustwide/target/debug/build/zerotrie/3be63183ad26fe3a/out -L dependency=/opt/rustwide/target/debug/build/zerovec-derive/17e9580e157bb8a2/out -L dependency=/opt/rustwide/target/debug/build/zerovec/710bbe5b773e2e2c/out -L dependency=/opt/rustwide/target/debug/build/zmij/11a9a83bcb44e70a/out --extern serde=/opt/rustwide/target/debug/build/serde/83e5c7f594a01317/out/libserde-83e5c7f594a01317.rmeta --extern serde_json=/opt/rustwide/target/debug/build/serde_json/802b853be365e88d/out/libserde_json-802b853be365e88d.rmeta --extern url=/opt/rustwide/target/debug/build/url/289f27dab3d2f96c/out/liburl-289f27dab3d2f96c.rmeta --cap-lints allow --cap-lints=forbid -Znext-solver=coherence --force-warn=unused_crate_dependencies` (signal: 9, SIGKILL: kill)
[INFO] [stderr] warning: build failed, waiting for other jobs to finish...
[INFO] [stderr] error: could not compile `ty_python_semantic` (lib)
[INFO] [stderr] 
[INFO] [stderr] Caused by:
[INFO] [stderr]   process didn't exit successfully: `/opt/rustwide/rustup-home/toolchains/3154cc1a3e6424e44f438a95007d043ed5ceaaf6/bin/rustc --crate-name ty_python_semantic --edition=2024 crates/ty_python_semantic/src/lib.rs --error-format=json --json=diagnostic-rendered-ansi,artifacts,future-incompat,unused-externs-silent --crate-type lib --emit=dep-info,metadata -C embed-bitcode=no -C debuginfo=2 '--warn=clippy::pedantic' '--warn=clippy::unused_peekable' --warn=unsafe_code --warn=unreachable_pub '--allow=clippy::unnecessary_debug_formatting' --warn=unexpected_cfgs '--allow=clippy::too_many_lines' '--allow=clippy::single_match_else' '--allow=clippy::similar_names' '--warn=clippy::rest_pat_in_fully_bound_structs' '--warn=clippy::redundant_clone' '--warn=clippy::rc_mutex' '--warn=clippy::rc_buffer' '--warn=clippy::print_stdout' '--warn=clippy::print_stderr' '--allow=clippy::needless_raw_string_hashes' '--allow=clippy::needless_continue' '--allow=clippy::must_use_candidate' '--allow=clippy::module_name_repetitions' '--allow=clippy::missing_panics_doc' '--allow=clippy::missing_errors_doc' '--allow=clippy::match_same_arms' '--allow=clippy::map_unwrap_or' '--warn=clippy::iter_over_hash_type' '--allow=clippy::implicit_hasher' '--allow=clippy::ignore_without_reason' '--allow=clippy::if_not_else' '--warn=clippy::get_unwrap' '--warn=clippy::exit' '--warn=clippy::empty_structs_with_brackets' '--warn=clippy::empty_drop' '--allow=clippy::disallowed_methods' '--warn=clippy::debug_assert_with_mut_call' '--warn=clippy::dbg_macro' '--allow=clippy::collapsible_match' '--allow=clippy::collapsible_if' '--allow=clippy::collapsible_else_if' '--allow=clippy::char_lit_as_u8' --check-cfg 'cfg(fuzzing)' --check-cfg 'cfg(codspeed)' --cfg 'feature="schemars"' --cfg 'feature="serde"' --cfg 'feature="testing"' --check-cfg 'cfg(docsrs,test)' --check-cfg 'cfg(feature, values("schemars", "serde", "testing"))' -C metadata=b68bdd43c8506d69 -C extra-filename=-d93f3a60883c02c8 --out-dir /opt/rustwide/target/debug/build/ty_python_semantic/d93f3a60883c02c8/out -L dependency=/opt/rustwide/target/debug/build/aho-corasick/9aced5035f700ea0/out -L dependency=/opt/rustwide/target/debug/build/allocator-api2/320a7223f6faf4b8/out -L dependency=/opt/rustwide/target/debug/build/anstyle/c817f3fd9a811ac3/out -L dependency=/opt/rustwide/target/debug/build/anyhow/215e9e70762e0ea5/out -L dependency=/opt/rustwide/target/debug/build/arc-swap/f75fb30bf8452a12/out -L dependency=/opt/rustwide/target/debug/build/arrayvec/e55fcfaa4f778833/out -L dependency=/opt/rustwide/target/debug/build/bitflags/ee3fbcad3b5bca2c/out -L dependency=/opt/rustwide/target/debug/build/bitvec/0df27273dc079b37/out -L dependency=/opt/rustwide/target/debug/build/boxcar/ca6c32a92034e641/out -L dependency=/opt/rustwide/target/debug/build/bstr/2d67a6ec922a06a0/out -L dependency=/opt/rustwide/target/debug/build/camino/0d9ecb1a201249b8/out -L dependency=/opt/rustwide/target/debug/build/castaway/6abad3f83e6b305c/out -L dependency=/opt/rustwide/target/debug/build/cfg-if/455a21b2886a1534/out -L dependency=/opt/rustwide/target/debug/build/chacha20/37145a678dc180dd/out -L dependency=/opt/rustwide/target/debug/build/chrono/0238b1255ea8ea47/out -L dependency=/opt/rustwide/target/debug/build/colored/39696a6cf7e7c3dd/out -L dependency=/opt/rustwide/target/debug/build/compact_str/d7a99ce94879078c/out -L dependency=/opt/rustwide/target/debug/build/cpufeatures/1dc4fc21797f1e07/out -L dependency=/opt/rustwide/target/debug/build/crc32fast/59b7cdb19678a957/out -L dependency=/opt/rustwide/target/debug/build/crossbeam-deque/2571b81f4ac068dc/out -L dependency=/opt/rustwide/target/debug/build/crossbeam-epoch/492bc6727f61795b/out -L dependency=/opt/rustwide/target/debug/build/crossbeam-queue/e35a88eac9666b3a/out -L dependency=/opt/rustwide/target/debug/build/crossbeam-utils/01b97955d654b440/out -L dependency=/opt/rustwide/target/debug/build/dashmap/81d917cfe4f6d784/out -L dependency=/opt/rustwide/target/debug/build/displaydoc/3194cc673e3d5b44/out -L dependency=/opt/rustwide/target/debug/build/dunce/1198ede63cea0587/out -L dependency=/opt/rustwide/target/debug/build/dyn-clone/c3d4deac80eb63bf/out -L dependency=/opt/rustwide/target/debug/build/either/74fcb86e509fe94c/out -L dependency=/opt/rustwide/target/debug/build/equivalent/53277b141c879f87/out -L dependency=/opt/rustwide/target/debug/build/etcetera/9c7f11a9332a3a85/out -L dependency=/opt/rustwide/target/debug/build/filetime/4e749bd1483bda16/out -L dependency=/opt/rustwide/target/debug/build/flate2/1f84f3b7f54ffe8e/out -L dependency=/opt/rustwide/target/debug/build/foldhash/d794f8647a7c5183/out -L dependency=/opt/rustwide/target/debug/build/funty/afe18b9c1a364713/out -L dependency=/opt/rustwide/target/debug/build/get-size-derive2/79d421392aa1ed8b/out -L dependency=/opt/rustwide/target/debug/build/get-size2/485e3439f4527630/out -L dependency=/opt/rustwide/target/debug/build/getrandom/7794790239af8bdc/out -L dependency=/opt/rustwide/target/debug/build/glob/7b15eb80c25ff35d/out -L dependency=/opt/rustwide/target/debug/build/globset/4ab898682e04c26a/out -L dependency=/opt/rustwide/target/debug/build/hashbrown/68a1f0a460acd3f4/out -L dependency=/opt/rustwide/target/debug/build/hashbrown/961435e6bdfa6eb7/out -L dependency=/opt/rustwide/target/debug/build/hashlink/e411e782a6a73fb3/out -L dependency=/opt/rustwide/target/debug/build/iana-time-zone/f90d3d5060ddf03d/out -L dependency=/opt/rustwide/target/debug/build/icu_collections/a4b7c80021f70dea/out -L dependency=/opt/rustwide/target/debug/build/icu_locale_core/d599a4b98bc10877/out -L dependency=/opt/rustwide/target/debug/build/icu_properties/b07b527b263f2656/out -L dependency=/opt/rustwide/target/debug/build/icu_properties_data/2f014232ea9057bb/out -L dependency=/opt/rustwide/target/debug/build/icu_provider/b5e1e7dd9a02faa3/out -L dependency=/opt/rustwide/target/debug/build/ignore/e6558a5aaaa175c8/out -L dependency=/opt/rustwide/target/debug/build/indexmap/92931949afcfbe1a/out -L dependency=/opt/rustwide/target/debug/build/intrusive-collections/c0489718ad3bcf87/out -L dependency=/opt/rustwide/target/debug/build/inventory/8af1617fcb5c2197/out -L dependency=/opt/rustwide/target/debug/build/is-macro/452c16967ed75c65/out -L dependency=/opt/rustwide/target/debug/build/itertools/c1d40d163aa38bca/out -L dependency=/opt/rustwide/target/debug/build/itoa/5e6fae9653c9d29e/out -L dependency=/opt/rustwide/target/debug/build/lazy_static/8814797a196a17b5/out -L dependency=/opt/rustwide/target/debug/build/libc/3bd0ba84fcbcedd3/out -L dependency=/opt/rustwide/target/debug/build/libm/2e0fe817bf4c866c/out -L dependency=/opt/rustwide/target/debug/build/libz-rs-sys/6d906531e0f4aa27/out -L dependency=/opt/rustwide/target/debug/build/litemap/1e3ccab876fdcacb/out -L dependency=/opt/rustwide/target/debug/build/lock_api/b7908f781e6c01bf/out -L dependency=/opt/rustwide/target/debug/build/log/b577a85bc909ef1e/out -L dependency=/opt/rustwide/target/debug/build/matchers/14243765e8059a2c/out -L dependency=/opt/rustwide/target/debug/build/matchit/9921d6e109924d62/out -L dependency=/opt/rustwide/target/debug/build/memchr/fa409d9d46367e7c/out -L dependency=/opt/rustwide/target/debug/build/memoffset/47a2fc45cb0ebfbd/out -L dependency=/opt/rustwide/target/debug/build/newtype-uuid/05eb3c80e56ed2ef/out -L dependency=/opt/rustwide/target/debug/build/nu-ansi-term/21e6315ce3de3597/out -L dependency=/opt/rustwide/target/debug/build/num-traits/29b93eb0bfa7897d/out -L dependency=/opt/rustwide/target/debug/build/once_cell/c3517054d55a7dff/out -L dependency=/opt/rustwide/target/debug/build/ordermap/68ab5167e0873930/out -L dependency=/opt/rustwide/target/debug/build/parking_lot/a072e0e86e6bd80b/out -L dependency=/opt/rustwide/target/debug/build/parking_lot_core/c19c6dbe4742c79e/out -L dependency=/opt/rustwide/target/debug/build/path-slash/00bde70e62bc4392/out -L dependency=/opt/rustwide/target/debug/build/pathdiff/3f2e692a8fd9a1c7/out -L dependency=/opt/rustwide/target/debug/build/phf/7e77ebe68407bfea/out -L dependency=/opt/rustwide/target/debug/build/phf_shared/f11cb24031704229/out -L dependency=/opt/rustwide/target/debug/build/pin-project-lite/1b81da4f494a9bc3/out -L dependency=/opt/rustwide/target/debug/build/portable-atomic/1705026fff9a26e0/out -L dependency=/opt/rustwide/target/debug/build/potential_utf/8c3349e73aff3714/out -L dependency=/opt/rustwide/target/debug/build/quick-junit/89f9968a4520c826/out -L dependency=/opt/rustwide/target/debug/build/quick-xml/a3f5607a729833e4/out -L dependency=/opt/rustwide/target/debug/build/radium/9ca7325be4e4a02a/out -L dependency=/opt/rustwide/target/debug/build/rand/f02d4a4712f1c591/out -L dependency=/opt/rustwide/target/debug/build/rand_core/24980ca5fb042aa1/out -L dependency=/opt/rustwide/target/debug/build/rayon-core/2ba080d339420d6b/out -L dependency=/opt/rustwide/target/debug/build/ref-cast-impl/794edde1a69dd88b/out -L dependency=/opt/rustwide/target/debug/build/ref-cast/59cec1bad928c64b/out -L dependency=/opt/rustwide/target/debug/build/regex-automata/f907244e67f09d50/out -L dependency=/opt/rustwide/target/debug/build/regex-syntax/8191e3a61fa341b7/out -L dependency=/opt/rustwide/target/debug/build/regex/792a43462f73e89e/out -L dependency=/opt/rustwide/target/debug/build/ruff_annotate_snippets/0a21d69a0fe4b5e3/out -L dependency=/opt/rustwide/target/debug/build/ruff_cache/09d1299c4138cc02/out -L dependency=/opt/rustwide/target/debug/build/ruff_db/2528e0f69e496ff5/out -L dependency=/opt/rustwide/target/debug/build/ruff_diagnostics/494a9b43527b6221/out -L dependency=/opt/rustwide/target/debug/build/ruff_index/eb2f345be45e0979/out -L dependency=/opt/rustwide/target/debug/build/ruff_macros/85851050523cde7e/out -L dependency=/opt/rustwide/target/debug/build/ruff_memory_usage/52676731257c71b3/out -L dependency=/opt/rustwide/target/debug/build/ruff_notebook/e32e9e96729060d4/out -L dependency=/opt/rustwide/target/debug/build/ruff_python_ast/b0cf90c92ae11de7/out -L dependency=/opt/rustwide/target/debug/build/ruff_python_parser/cd64213f9fa570d6/out -L dependency=/opt/rustwide/target/debug/build/ruff_python_stdlib/c1aab5c578e977f2/out -L dependency=/opt/rustwide/target/debug/build/ruff_python_trivia/58a74b9930da3fe7/out -L dependency=/opt/rustwide/target/debug/build/ruff_ranged_value/0a5110b93a1e0b35/out -L dependency=/opt/rustwide/target/debug/build/ruff_source_file/614d5863437bda43/out -L dependency=/opt/rustwide/target/debug/build/ruff_text_size/ffe6f6ceeecd62f0/out -L dependency=/opt/rustwide/target/debug/build/rustc-hash/4412a84728385ada/out -L dependency=/opt/rustwide/target/debug/build/rustversion/9f087dd105db79d1/out -L dependency=/opt/rustwide/target/debug/build/ryu/3bb9095b4adae92b/out -L dependency=/opt/rustwide/target/debug/build/salsa-macro-rules/c3c9867b11a9e141/out -L dependency=/opt/rustwide/target/debug/build/salsa-macros/c29e067e1ce9087e/out -L dependency=/opt/rustwide/target/debug/build/salsa/a08c95e9acdbb58d/out -L dependency=/opt/rustwide/target/debug/build/same-file/dcdb966383785818/out -L dependency=/opt/rustwide/target/debug/build/schemars/8cfe1b83775a1c4d/out -L dependency=/opt/rustwide/target/debug/build/schemars_derive/25186c09f0cdff2d/out -L dependency=/opt/rustwide/target/debug/build/scopeguard/2eedc5e742d791e6/out -L dependency=/opt/rustwide/target/debug/build/seahash/b5b04a0646f70946/out -L dependency=/opt/rustwide/target/debug/build/serde/83e5c7f594a01317/out -L dependency=/opt/rustwide/target/debug/build/serde_core/6e1907735d488b51/out -L dependency=/opt/rustwide/target/debug/build/serde_derive/7b03619bd4c77130/out -L dependency=/opt/rustwide/target/debug/build/serde_json/802b853be365e88d/out -L dependency=/opt/rustwide/target/debug/build/serde_spanned/07bf5d25a0f46a46/out -L dependency=/opt/rustwide/target/debug/build/sharded-slab/10ced3d8fd7e5e0c/out -L dependency=/opt/rustwide/target/debug/build/similar/c62e2055b81c244a/out -L dependency=/opt/rustwide/target/debug/build/siphasher/ab3850a894fe8b58/out -L dependency=/opt/rustwide/target/debug/build/smallvec/9ee489883686cc0a/out -L dependency=/opt/rustwide/target/debug/build/stable_deref_trait/dc7e16d2ef212a06/out -L dependency=/opt/rustwide/target/debug/build/static_assertions/ccbe326b41a234c7/out -L dependency=/opt/rustwide/target/debug/build/strip-ansi-escapes/02b965cb9c9d6c46/out -L dependency=/opt/rustwide/target/debug/build/strum/375bb5a1f9df5562/out -L dependency=/opt/rustwide/target/debug/build/strum_macros/92de3f9d6aba8958/out -L dependency=/opt/rustwide/target/debug/build/supports-hyperlinks/11787b9ef1cb4e11/out -L dependency=/opt/rustwide/target/debug/build/tap/3e66966ee826b1a4/out -L dependency=/opt/rustwide/target/debug/build/thin-vec/06cf548379e84805/out -L dependency=/opt/rustwide/target/debug/build/thiserror-impl/b18290500c536d7a/out -L dependency=/opt/rustwide/target/debug/build/thiserror/27f02d883b2da9ef/out -L dependency=/opt/rustwide/target/debug/build/thread_local/95def79636ca211a/out -L dependency=/opt/rustwide/target/debug/build/tinystr/f95352dd762fac99/out -L dependency=/opt/rustwide/target/debug/build/tinyvec/6b3fba0a5a212117/out -L dependency=/opt/rustwide/target/debug/build/tinyvec_macros/124a72ced85adfc8/out -L dependency=/opt/rustwide/target/debug/build/toml/0a54d71a6ca1917f/out -L dependency=/opt/rustwide/target/debug/build/toml_datetime/0b35e64249afb987/out -L dependency=/opt/rustwide/target/debug/build/toml_parser/7a2db3b40abe393e/out -L dependency=/opt/rustwide/target/debug/build/toml_writer/17604b8c3a8b397d/out -L dependency=/opt/rustwide/target/debug/build/tracing-attributes/69715cc84b47b8af/out -L dependency=/opt/rustwide/target/debug/build/tracing-core/f96a330ff2c13dd7/out -L dependency=/opt/rustwide/target/debug/build/tracing-log/4e532b3f5d990642/out -L dependency=/opt/rustwide/target/debug/build/tracing-subscriber/4070dda097eb99ee/out -L dependency=/opt/rustwide/target/debug/build/tracing/3ea9b2e787fdbb1a/out -L dependency=/opt/rustwide/target/debug/build/ty_combine/cdfe390be86a7b63/out -L dependency=/opt/rustwide/target/debug/build/ty_module_resolver/fd5cf31de13f20a0/out -L dependency=/opt/rustwide/target/debug/build/ty_site_packages/001a962c0f31bdad/out -L dependency=/opt/rustwide/target/debug/build/ty_static/7bbe0731ddc210b6/out -L dependency=/opt/rustwide/target/debug/build/ty_vendored/e309b273b4d11bd5/out -L dependency=/opt/rustwide/target/debug/build/typed-path/acdc5a5969f66894/out -L dependency=/opt/rustwide/target/debug/build/typeid/9c3fa084fbf35f89/out -L dependency=/opt/rustwide/target/debug/build/unicode-ident/34a5014e0dd756af/out -L dependency=/opt/rustwide/target/debug/build/unicode-normalization/33d00af36864f269/out -L dependency=/opt/rustwide/target/debug/build/unicode-width/d240299c8c3a1bab/out -L dependency=/opt/rustwide/target/debug/build/unicode_names2/13b70e0beaf7cd33/out -L dependency=/opt/rustwide/target/debug/build/utf8_iter/2a9a14295c98e961/out -L dependency=/opt/rustwide/target/debug/build/uuid/7f2f8b8a94acf3e4/out -L dependency=/opt/rustwide/target/debug/build/vte/5cee8f809434106c/out -L dependency=/opt/rustwide/target/debug/build/walkdir/9cf77ea4ba6f40cd/out -L dependency=/opt/rustwide/target/debug/build/which/dfed8695774d370d/out -L dependency=/opt/rustwide/target/debug/build/winnow/a074438846878d0e/out -L dependency=/opt/rustwide/target/debug/build/writeable/999454f8466c5908/out -L dependency=/opt/rustwide/target/debug/build/wyz/76895a3b0c18a9ee/out -L dependency=/opt/rustwide/target/debug/build/yoke-derive/f753a47145273940/out -L dependency=/opt/rustwide/target/debug/build/yoke/ea90538a7c5a45d1/out -L dependency=/opt/rustwide/target/debug/build/zerofrom-derive/5b2fd89015b02ae8/out -L dependency=/opt/rustwide/target/debug/build/zerofrom/0c47a6917c09003b/out -L dependency=/opt/rustwide/target/debug/build/zerotrie/3be63183ad26fe3a/out -L dependency=/opt/rustwide/target/debug/build/zerovec-derive/17e9580e157bb8a2/out -L dependency=/opt/rustwide/target/debug/build/zerovec/710bbe5b773e2e2c/out -L dependency=/opt/rustwide/target/debug/build/zip/27602b3954d3682d/out -L dependency=/opt/rustwide/target/debug/build/zlib-rs/578686f9bb858ef8/out -L dependency=/opt/rustwide/target/debug/build/zmij/11a9a83bcb44e70a/out -L dependency=/opt/rustwide/target/debug/build/zstd-safe/aab69ed352f41406/out -L dependency=/opt/rustwide/target/debug/build/zstd-sys/0b560d3ca578ce76/out -L dependency=/opt/rustwide/target/debug/build/zstd/e47ab5fca5c65efb/out --extern bitflags=/opt/rustwide/target/debug/build/bitflags/ee3fbcad3b5bca2c/out/libbitflags-ee3fbcad3b5bca2c.rmeta --extern compact_str=/opt/rustwide/target/debug/build/compact_str/d7a99ce94879078c/out/libcompact_str-d7a99ce94879078c.rmeta --extern drop_bomb=/opt/rustwide/target/debug/build/drop_bomb/fbf2dc0f77f38870/out/libdrop_bomb-fbf2dc0f77f38870.rmeta --extern get_size2=/opt/rustwide/target/debug/build/get-size2/485e3439f4527630/out/libget_size2-485e3439f4527630.rmeta --extern indexmap=/opt/rustwide/target/debug/build/indexmap/92931949afcfbe1a/out/libindexmap-92931949afcfbe1a.rmeta --extern itertools=/opt/rustwide/target/debug/build/itertools/c1d40d163aa38bca/out/libitertools-c1d40d163aa38bca.rmeta --extern memchr=/opt/rustwide/target/debug/build/memchr/fa409d9d46367e7c/out/libmemchr-fa409d9d46367e7c.rmeta --extern ordermap=/opt/rustwide/target/debug/build/ordermap/68ab5167e0873930/out/libordermap-68ab5167e0873930.rmeta --extern rayon=/opt/rustwide/target/debug/build/rayon/75dca1eed45bac74/out/librayon-75dca1eed45bac74.rmeta --extern ruff_db=/opt/rustwide/target/debug/build/ruff_db/2528e0f69e496ff5/out/libruff_db-2528e0f69e496ff5.rmeta --extern ruff_diagnostics=/opt/rustwide/target/debug/build/ruff_diagnostics/494a9b43527b6221/out/libruff_diagnostics-494a9b43527b6221.rmeta --extern ruff_index=/opt/rustwide/target/debug/build/ruff_index/eb2f345be45e0979/out/libruff_index-eb2f345be45e0979.rmeta --extern ruff_macros=/opt/rustwide/target/debug/build/ruff_macros/85851050523cde7e/out/libruff_macros-85851050523cde7e.so --extern ruff_memory_usage=/opt/rustwide/target/debug/build/ruff_memory_usage/52676731257c71b3/out/libruff_memory_usage-52676731257c71b3.rmeta --extern ruff_python_ast=/opt/rustwide/target/debug/build/ruff_python_ast/b0cf90c92ae11de7/out/libruff_python_ast-b0cf90c92ae11de7.rmeta --extern ruff_python_literal=/opt/rustwide/target/debug/build/ruff_python_literal/d9974ef92dea2374/out/libruff_python_literal-d9974ef92dea2374.rmeta --extern ruff_python_parser=/opt/rustwide/target/debug/build/ruff_python_parser/cd64213f9fa570d6/out/libruff_python_parser-cd64213f9fa570d6.rmeta --extern ruff_python_stdlib=/opt/rustwide/target/debug/build/ruff_python_stdlib/c1aab5c578e977f2/out/libruff_python_stdlib-c1aab5c578e977f2.rmeta --extern ruff_python_trivia=/opt/rustwide/target/debug/build/ruff_python_trivia/58a74b9930da3fe7/out/libruff_python_trivia-58a74b9930da3fe7.rmeta --extern ruff_source_file=/opt/rustwide/target/debug/build/ruff_source_file/614d5863437bda43/out/libruff_source_file-614d5863437bda43.rmeta --extern ruff_text_size=/opt/rustwide/target/debug/build/ruff_text_size/ffe6f6ceeecd62f0/out/libruff_text_size-ffe6f6ceeecd62f0.rmeta --extern rustc_hash=/opt/rustwide/target/debug/build/rustc-hash/4412a84728385ada/out/librustc_hash-4412a84728385ada.rmeta --extern salsa=/opt/rustwide/target/debug/build/salsa/a08c95e9acdbb58d/out/libsalsa-a08c95e9acdbb58d.rmeta --extern schemars=/opt/rustwide/target/debug/build/schemars/8cfe1b83775a1c4d/out/libschemars-8cfe1b83775a1c4d.rmeta --extern serde=/opt/rustwide/target/debug/build/serde/83e5c7f594a01317/out/libserde-83e5c7f594a01317.rmeta --extern smallvec=/opt/rustwide/target/debug/build/smallvec/9ee489883686cc0a/out/libsmallvec-9ee489883686cc0a.rmeta --extern static_assertions=/opt/rustwide/target/debug/build/static_assertions/ccbe326b41a234c7/out/libstatic_assertions-ccbe326b41a234c7.rmeta --extern strum=/opt/rustwide/target/debug/build/strum/375bb5a1f9df5562/out/libstrum-375bb5a1f9df5562.rmeta --extern strum_macros=/opt/rustwide/target/debug/build/strum_macros/92de3f9d6aba8958/out/libstrum_macros-92de3f9d6aba8958.so --extern thiserror=/opt/rustwide/target/debug/build/thiserror/27f02d883b2da9ef/out/libthiserror-27f02d883b2da9ef.rmeta --extern tracing=/opt/rustwide/target/debug/build/tracing/3ea9b2e787fdbb1a/out/libtracing-3ea9b2e787fdbb1a.rmeta --extern ty_module_resolver=/opt/rustwide/target/debug/build/ty_module_resolver/fd5cf31de13f20a0/out/libty_module_resolver-fd5cf31de13f20a0.rmeta --extern ty_python_core=/opt/rustwide/target/debug/build/ty_python_core/c7337b861aa12e17/out/libty_python_core-c7337b861aa12e17.rmeta --extern ty_site_packages=/opt/rustwide/target/debug/build/ty_site_packages/001a962c0f31bdad/out/libty_site_packages-001a962c0f31bdad.rmeta --cap-lints=forbid -Znext-solver=coherence --force-warn=unused_crate_dependencies -L native=/opt/rustwide/target/debug/build/zstd-sys/b3d64b97ebef8eec/out` (signal: 9, SIGKILL: kill)
[INFO] [stderr] error: could not compile `ruff_linter` (lib)
[INFO] [stderr] 
[INFO] [stderr] Caused by:
[INFO] [stderr]   process didn't exit successfully: `/opt/rustwide/rustup-home/toolchains/3154cc1a3e6424e44f438a95007d043ed5ceaaf6/bin/rustc --crate-name ruff_linter --edition=2024 crates/ruff_linter/src/lib.rs --error-format=json --json=diagnostic-rendered-ansi,artifacts,future-incompat,unused-externs-silent --crate-type lib --emit=dep-info,metadata -C embed-bitcode=no -C debuginfo=2 '--warn=clippy::pedantic' '--warn=clippy::unused_peekable' --warn=unsafe_code --warn=unreachable_pub '--allow=clippy::unnecessary_debug_formatting' --warn=unexpected_cfgs '--allow=clippy::too_many_lines' '--allow=clippy::single_match_else' '--allow=clippy::similar_names' '--warn=clippy::rest_pat_in_fully_bound_structs' '--warn=clippy::redundant_clone' '--warn=clippy::rc_mutex' '--warn=clippy::rc_buffer' '--warn=clippy::print_stdout' '--warn=clippy::print_stderr' '--allow=clippy::needless_raw_string_hashes' '--allow=clippy::needless_continue' '--allow=clippy::must_use_candidate' '--allow=clippy::module_name_repetitions' '--allow=clippy::missing_panics_doc' '--allow=clippy::missing_errors_doc' '--allow=clippy::match_same_arms' '--allow=clippy::map_unwrap_or' '--warn=clippy::iter_over_hash_type' '--allow=clippy::implicit_hasher' '--allow=clippy::ignore_without_reason' '--allow=clippy::if_not_else' '--warn=clippy::get_unwrap' '--warn=clippy::exit' '--warn=clippy::empty_structs_with_brackets' '--warn=clippy::empty_drop' '--allow=clippy::disallowed_methods' '--warn=clippy::debug_assert_with_mut_call' '--warn=clippy::dbg_macro' '--allow=clippy::collapsible_match' '--allow=clippy::collapsible_if' '--allow=clippy::collapsible_else_if' '--allow=clippy::char_lit_as_u8' --check-cfg 'cfg(fuzzing)' --check-cfg 'cfg(codspeed)' --cfg 'feature="clap"' --cfg 'feature="default"' --cfg 'feature="schemars"' --cfg 'feature="test-rules"' --cfg 'feature="testing"' --check-cfg 'cfg(docsrs,test)' --check-cfg 'cfg(feature, values("clap", "default", "schemars", "test-rules", "testing"))' -C metadata=df46388dee33f6c1 -C extra-filename=-f33ba1333551527d --out-dir /opt/rustwide/target/debug/build/ruff_linter/f33ba1333551527d/out -L dependency=/opt/rustwide/target/debug/build/aho-corasick/9aced5035f700ea0/out -L dependency=/opt/rustwide/target/debug/build/allocator-api2/320a7223f6faf4b8/out -L dependency=/opt/rustwide/target/debug/build/annotate-snippets/627d219c37065bdc/out -L dependency=/opt/rustwide/target/debug/build/anstream/4051b4f7a6e45efe/out -L dependency=/opt/rustwide/target/debug/build/anstyle-parse/e1ac79ef6a069817/out -L dependency=/opt/rustwide/target/debug/build/anstyle-query/e87410f7bbd06325/out -L dependency=/opt/rustwide/target/debug/build/anstyle/c817f3fd9a811ac3/out -L dependency=/opt/rustwide/target/debug/build/anyhow/215e9e70762e0ea5/out -L dependency=/opt/rustwide/target/debug/build/arc-swap/f75fb30bf8452a12/out -L dependency=/opt/rustwide/target/debug/build/arrayvec/e55fcfaa4f778833/out -L dependency=/opt/rustwide/target/debug/build/bitflags/ee3fbcad3b5bca2c/out -L dependency=/opt/rustwide/target/debug/build/boxcar/ca6c32a92034e641/out -L dependency=/opt/rustwide/target/debug/build/bstr/2d67a6ec922a06a0/out -L dependency=/opt/rustwide/target/debug/build/camino/0d9ecb1a201249b8/out -L dependency=/opt/rustwide/target/debug/build/castaway/6abad3f83e6b305c/out -L dependency=/opt/rustwide/target/debug/build/cfg-if/455a21b2886a1534/out -L dependency=/opt/rustwide/target/debug/build/chacha20/37145a678dc180dd/out -L dependency=/opt/rustwide/target/debug/build/chrono/0238b1255ea8ea47/out -L dependency=/opt/rustwide/target/debug/build/clap_builder/b13e379f26c43e19/out -L dependency=/opt/rustwide/target/debug/build/clap_derive/b11517a468497696/out -L dependency=/opt/rustwide/target/debug/build/clap_lex/8082d718aef21100/out -L dependency=/opt/rustwide/target/debug/build/colorchoice/8403a3949049b370/out -L dependency=/opt/rustwide/target/debug/build/compact_str/d7a99ce94879078c/out -L dependency=/opt/rustwide/target/debug/build/cpufeatures/1dc4fc21797f1e07/out -L dependency=/opt/rustwide/target/debug/build/crc32fast/59b7cdb19678a957/out -L dependency=/opt/rustwide/target/debug/build/crossbeam-deque/2571b81f4ac068dc/out -L dependency=/opt/rustwide/target/debug/build/crossbeam-epoch/492bc6727f61795b/out -L dependency=/opt/rustwide/target/debug/build/crossbeam-queue/e35a88eac9666b3a/out -L dependency=/opt/rustwide/target/debug/build/crossbeam-utils/01b97955d654b440/out -L dependency=/opt/rustwide/target/debug/build/dashmap/81d917cfe4f6d784/out -L dependency=/opt/rustwide/target/debug/build/displaydoc/3194cc673e3d5b44/out -L dependency=/opt/rustwide/target/debug/build/dunce/1198ede63cea0587/out -L dependency=/opt/rustwide/target/debug/build/dyn-clone/c3d4deac80eb63bf/out -L dependency=/opt/rustwide/target/debug/build/either/74fcb86e509fe94c/out -L dependency=/opt/rustwide/target/debug/build/equivalent/53277b141c879f87/out -L dependency=/opt/rustwide/target/debug/build/etcetera/9c7f11a9332a3a85/out -L dependency=/opt/rustwide/target/debug/build/filetime/4e749bd1483bda16/out -L dependency=/opt/rustwide/target/debug/build/flate2/1f84f3b7f54ffe8e/out -L dependency=/opt/rustwide/target/debug/build/foldhash/d794f8647a7c5183/out -L dependency=/opt/rustwide/target/debug/build/form_urlencoded/12ce6f266a8550a2/out -L dependency=/opt/rustwide/target/debug/build/get-size-derive2/79d421392aa1ed8b/out -L dependency=/opt/rustwide/target/debug/build/get-size2/485e3439f4527630/out -L dependency=/opt/rustwide/target/debug/build/getrandom/7794790239af8bdc/out -L dependency=/opt/rustwide/target/debug/build/glob/7b15eb80c25ff35d/out -L dependency=/opt/rustwide/target/debug/build/globset/4ab898682e04c26a/out -L dependency=/opt/rustwide/target/debug/build/hashbrown/68a1f0a460acd3f4/out -L dependency=/opt/rustwide/target/debug/build/hashbrown/961435e6bdfa6eb7/out -L dependency=/opt/rustwide/target/debug/build/hashlink/e411e782a6a73fb3/out -L dependency=/opt/rustwide/target/debug/build/iana-time-zone/f90d3d5060ddf03d/out -L dependency=/opt/rustwide/target/debug/build/icu_collections/a4b7c80021f70dea/out -L dependency=/opt/rustwide/target/debug/build/icu_locale_core/d599a4b98bc10877/out -L dependency=/opt/rustwide/target/debug/build/icu_normalizer/75f96a7aeafd4d79/out -L dependency=/opt/rustwide/target/debug/build/icu_normalizer_data/2044323167a29de8/out -L dependency=/opt/rustwide/target/debug/build/icu_properties/b07b527b263f2656/out -L dependency=/opt/rustwide/target/debug/build/icu_properties_data/2f014232ea9057bb/out -L dependency=/opt/rustwide/target/debug/build/icu_provider/b5e1e7dd9a02faa3/out -L dependency=/opt/rustwide/target/debug/build/idna/4f773b940035e180/out -L dependency=/opt/rustwide/target/debug/build/idna_adapter/ec887de0a4390999/out -L dependency=/opt/rustwide/target/debug/build/ignore/e6558a5aaaa175c8/out -L dependency=/opt/rustwide/target/debug/build/indexmap/92931949afcfbe1a/out -L dependency=/opt/rustwide/target/debug/build/intrusive-collections/c0489718ad3bcf87/out -L dependency=/opt/rustwide/target/debug/build/inventory/8af1617fcb5c2197/out -L dependency=/opt/rustwide/target/debug/build/is-macro/452c16967ed75c65/out -L dependency=/opt/rustwide/target/debug/build/is_terminal_polyfill/fdef5b25b29553f6/out -L dependency=/opt/rustwide/target/debug/build/itertools/07365d1483529fa9/out -L dependency=/opt/rustwide/target/debug/build/itertools/c1d40d163aa38bca/out -L dependency=/opt/rustwide/target/debug/build/itoa/5e6fae9653c9d29e/out -L dependency=/opt/rustwide/target/debug/build/lazy_static/8814797a196a17b5/out -L dependency=/opt/rustwide/target/debug/build/libc/3bd0ba84fcbcedd3/out -L dependency=/opt/rustwide/target/debug/build/libcst_derive/d0d1e59d98485ffb/out -L dependency=/opt/rustwide/target/debug/build/libm/2e0fe817bf4c866c/out -L dependency=/opt/rustwide/target/debug/build/libz-rs-sys/6d906531e0f4aa27/out -L dependency=/opt/rustwide/target/debug/build/linux-raw-sys/d7c2b8f3e85e9f02/out -L dependency=/opt/rustwide/target/debug/build/litemap/1e3ccab876fdcacb/out -L dependency=/opt/rustwide/target/debug/build/lock_api/b7908f781e6c01bf/out -L dependency=/opt/rustwide/target/debug/build/log/b577a85bc909ef1e/out -L dependency=/opt/rustwide/target/debug/build/matchers/14243765e8059a2c/out -L dependency=/opt/rustwide/target/debug/build/matchit/9921d6e109924d62/out -L dependency=/opt/rustwide/target/debug/build/memchr/fa409d9d46367e7c/out -L dependency=/opt/rustwide/target/debug/build/memoffset/47a2fc45cb0ebfbd/out -L dependency=/opt/rustwide/target/debug/build/newtype-uuid/05eb3c80e56ed2ef/out -L dependency=/opt/rustwide/target/debug/build/nu-ansi-term/21e6315ce3de3597/out -L dependency=/opt/rustwide/target/debug/build/num-traits/29b93eb0bfa7897d/out -L dependency=/opt/rustwide/target/debug/build/once_cell/c3517054d55a7dff/out -L dependency=/opt/rustwide/target/debug/build/ordermap/68ab5167e0873930/out -L dependency=/opt/rustwide/target/debug/build/parking_lot/a072e0e86e6bd80b/out -L dependency=/opt/rustwide/target/debug/build/parking_lot_core/c19c6dbe4742c79e/out -L dependency=/opt/rustwide/target/debug/build/paste/ed0d01cb7994f7d7/out -L dependency=/opt/rustwide/target/debug/build/path-dedot/8f2ad8dab04d57ac/out -L dependency=/opt/rustwide/target/debug/build/path-slash/00bde70e62bc4392/out -L dependency=/opt/rustwide/target/debug/build/pathdiff/3f2e692a8fd9a1c7/out -L dependency=/opt/rustwide/target/debug/build/peg-macros/c19dee9290f623c6/out -L dependency=/opt/rustwide/target/debug/build/peg-runtime/c5cb4c3bed8a17c5/out -L dependency=/opt/rustwide/target/debug/build/peg/5caf17a51d52f01b/out -L dependency=/opt/rustwide/target/debug/build/pep440_rs/7e9905c4aaa5b081/out -L dependency=/opt/rustwide/target/debug/build/pep508_rs/8085458d8b0fe3bd/out -L dependency=/opt/rustwide/target/debug/build/percent-encoding/365709ab70365ea4/out -L dependency=/opt/rustwide/target/debug/build/phf/3db7691af88d928b/out -L dependency=/opt/rustwide/target/debug/build/phf/7e77ebe68407bfea/out -L dependency=/opt/rustwide/target/debug/build/phf_shared/b2561e44741e349e/out -L dependency=/opt/rustwide/target/debug/build/phf_shared/f11cb24031704229/out -L dependency=/opt/rustwide/target/debug/build/pin-project-lite/1b81da4f494a9bc3/out -L dependency=/opt/rustwide/target/debug/build/portable-atomic/1705026fff9a26e0/out -L dependency=/opt/rustwide/target/debug/build/potential_utf/8c3349e73aff3714/out -L dependency=/opt/rustwide/target/debug/build/quick-junit/89f9968a4520c826/out -L dependency=/opt/rustwide/target/debug/build/quick-xml/a3f5607a729833e4/out -L dependency=/opt/rustwide/target/debug/build/rand/f02d4a4712f1c591/out -L dependency=/opt/rustwide/target/debug/build/rand_core/24980ca5fb042aa1/out -L dependency=/opt/rustwide/target/debug/build/ref-cast-impl/794edde1a69dd88b/out -L dependency=/opt/rustwide/target/debug/build/ref-cast/59cec1bad928c64b/out -L dependency=/opt/rustwide/target/debug/build/regex-automata/f907244e67f09d50/out -L dependency=/opt/rustwide/target/debug/build/regex-syntax/8191e3a61fa341b7/out -L dependency=/opt/rustwide/target/debug/build/regex/792a43462f73e89e/out -L dependency=/opt/rustwide/target/debug/build/ruff_annotate_snippets/0a21d69a0fe4b5e3/out -L dependency=/opt/rustwide/target/debug/build/ruff_cache/09d1299c4138cc02/out -L dependency=/opt/rustwide/target/debug/build/ruff_db/2528e0f69e496ff5/out -L dependency=/opt/rustwide/target/debug/build/ruff_diagnostics/494a9b43527b6221/out -L dependency=/opt/rustwide/target/debug/build/ruff_index/eb2f345be45e0979/out -L dependency=/opt/rustwide/target/debug/build/ruff_macros/85851050523cde7e/out -L dependency=/opt/rustwide/target/debug/build/ruff_memory_usage/52676731257c71b3/out -L dependency=/opt/rustwide/target/debug/build/ruff_notebook/e32e9e96729060d4/out -L dependency=/opt/rustwide/target/debug/build/ruff_python_ast/b0cf90c92ae11de7/out -L dependency=/opt/rustwide/target/debug/build/ruff_python_codegen/9daba389c29f2058/out -L dependency=/opt/rustwide/target/debug/build/ruff_python_literal/d9974ef92dea2374/out -L dependency=/opt/rustwide/target/debug/build/ruff_python_parser/cd64213f9fa570d6/out -L dependency=/opt/rustwide/target/debug/build/ruff_python_stdlib/c1aab5c578e977f2/out -L dependency=/opt/rustwide/target/debug/build/ruff_python_trivia/58a74b9930da3fe7/out -L dependency=/opt/rustwide/target/debug/build/ruff_source_file/614d5863437bda43/out -L dependency=/opt/rustwide/target/debug/build/ruff_text_size/ffe6f6ceeecd62f0/out -L dependency=/opt/rustwide/target/debug/build/rust-stemmers/db03c8ea08a37980/out -L dependency=/opt/rustwide/target/debug/build/rustc-hash/4412a84728385ada/out -L dependency=/opt/rustwide/target/debug/build/rustix/e28e979749ecba12/out -L dependency=/opt/rustwide/target/debug/build/rustversion/9f087dd105db79d1/out -L dependency=/opt/rustwide/target/debug/build/ryu/3bb9095b4adae92b/out -L dependency=/opt/rustwide/target/debug/build/salsa-macro-rules/c3c9867b11a9e141/out -L dependency=/opt/rustwide/target/debug/build/salsa-macros/c29e067e1ce9087e/out -L dependency=/opt/rustwide/target/debug/build/salsa/a08c95e9acdbb58d/out -L dependency=/opt/rustwide/target/debug/build/same-file/dcdb966383785818/out -L dependency=/opt/rustwide/target/debug/build/schemars/8cfe1b83775a1c4d/out -L dependency=/opt/rustwide/target/debug/build/schemars_derive/25186c09f0cdff2d/out -L dependency=/opt/rustwide/target/debug/build/scopeguard/2eedc5e742d791e6/out -L dependency=/opt/rustwide/target/debug/build/seahash/b5b04a0646f70946/out -L dependency=/opt/rustwide/target/debug/build/serde/83e5c7f594a01317/out -L dependency=/opt/rustwide/target/debug/build/serde_core/6e1907735d488b51/out -L dependency=/opt/rustwide/target/debug/build/serde_derive/7b03619bd4c77130/out -L dependency=/opt/rustwide/target/debug/build/serde_json/802b853be365e88d/out -L dependency=/opt/rustwide/target/debug/build/serde_spanned/07bf5d25a0f46a46/out -L dependency=/opt/rustwide/target/debug/build/sharded-slab/10ced3d8fd7e5e0c/out -L dependency=/opt/rustwide/target/debug/build/similar/c62e2055b81c244a/out -L dependency=/opt/rustwide/target/debug/build/siphasher/ab3850a894fe8b58/out -L dependency=/opt/rustwide/target/debug/build/smallvec/9ee489883686cc0a/out -L dependency=/opt/rustwide/target/debug/build/stable_deref_trait/dc7e16d2ef212a06/out -L dependency=/opt/rustwide/target/debug/build/static_assertions/ccbe326b41a234c7/out -L dependency=/opt/rustwide/target/debug/build/strip-ansi-escapes/02b965cb9c9d6c46/out -L dependency=/opt/rustwide/target/debug/build/strsim/8ef4eec82bb5cc1e/out -L dependency=/opt/rustwide/target/debug/build/strum_macros/92de3f9d6aba8958/out -L dependency=/opt/rustwide/target/debug/build/supports-hyperlinks/11787b9ef1cb4e11/out -L dependency=/opt/rustwide/target/debug/build/terminal_size/9ab6df5a210657f1/out -L dependency=/opt/rustwide/target/debug/build/thin-vec/06cf548379e84805/out -L dependency=/opt/rustwide/target/debug/build/thiserror-impl/51a5bd56bcc8983e/out -L dependency=/opt/rustwide/target/debug/build/thiserror-impl/b18290500c536d7a/out -L dependency=/opt/rustwide/target/debug/build/thiserror/27f02d883b2da9ef/out -L dependency=/opt/rustwide/target/debug/build/thiserror/af7689d166644e66/out -L dependency=/opt/rustwide/target/debug/build/thread_local/95def79636ca211a/out -L dependency=/opt/rustwide/target/debug/build/tinystr/f95352dd762fac99/out -L dependency=/opt/rustwide/target/debug/build/tinyvec/6b3fba0a5a212117/out -L dependency=/opt/rustwide/target/debug/build/tinyvec_macros/124a72ced85adfc8/out -L dependency=/opt/rustwide/target/debug/build/toml/0a54d71a6ca1917f/out -L dependency=/opt/rustwide/target/debug/build/toml/a04da7951d87331a/out -L dependency=/opt/rustwide/target/debug/build/toml_datetime/0b35e64249afb987/out -L dependency=/opt/rustwide/target/debug/build/toml_datetime/601462acc640fb6f/out -L dependency=/opt/rustwide/target/debug/build/toml_parser/7a2db3b40abe393e/out -L dependency=/opt/rustwide/target/debug/build/toml_writer/17604b8c3a8b397d/out -L dependency=/opt/rustwide/target/debug/build/tracing-attributes/69715cc84b47b8af/out -L dependency=/opt/rustwide/target/debug/build/tracing-core/f96a330ff2c13dd7/out -L dependency=/opt/rustwide/target/debug/build/tracing-log/4e532b3f5d990642/out -L dependency=/opt/rustwide/target/debug/build/tracing-subscriber/4070dda097eb99ee/out -L dependency=/opt/rustwide/target/debug/build/tracing/3ea9b2e787fdbb1a/out -L dependency=/opt/rustwide/target/debug/build/ty_static/7bbe0731ddc210b6/out -L dependency=/opt/rustwide/target/debug/build/typed-path/acdc5a5969f66894/out -L dependency=/opt/rustwide/target/debug/build/typeid/9c3fa084fbf35f89/out -L dependency=/opt/rustwide/target/debug/build/unicode-ident/34a5014e0dd756af/out -L dependency=/opt/rustwide/target/debug/build/unicode-normalization/33d00af36864f269/out -L dependency=/opt/rustwide/target/debug/build/unicode-width/d240299c8c3a1bab/out -L dependency=/opt/rustwide/target/debug/build/unicode_names2/13b70e0beaf7cd33/out -L dependency=/opt/rustwide/target/debug/build/unscanny/7e8d042a9d45758f/out -L dependency=/opt/rustwide/target/debug/build/url/289f27dab3d2f96c/out -L dependency=/opt/rustwide/target/debug/build/urlencoding/a820217702783b7f/out -L dependency=/opt/rustwide/target/debug/build/utf8_iter/2a9a14295c98e961/out -L dependency=/opt/rustwide/target/debug/build/utf8parse/22c8bfc04b871790/out -L dependency=/opt/rustwide/target/debug/build/uuid/7f2f8b8a94acf3e4/out -L dependency=/opt/rustwide/target/debug/build/version-ranges/eef41869db98f1b3/out -L dependency=/opt/rustwide/target/debug/build/vte/5cee8f809434106c/out -L dependency=/opt/rustwide/target/debug/build/walkdir/9cf77ea4ba6f40cd/out -L dependency=/opt/rustwide/target/debug/build/which/dfed8695774d370d/out -L dependency=/opt/rustwide/target/debug/build/winnow/81da0a5297faa792/out -L dependency=/opt/rustwide/target/debug/build/winnow/a074438846878d0e/out -L dependency=/opt/rustwide/target/debug/build/writeable/999454f8466c5908/out -L dependency=/opt/rustwide/target/debug/build/yoke-derive/f753a47145273940/out -L dependency=/opt/rustwide/target/debug/build/yoke/ea90538a7c5a45d1/out -L dependency=/opt/rustwide/target/debug/build/zerofrom-derive/5b2fd89015b02ae8/out -L dependency=/opt/rustwide/target/debug/build/zerofrom/0c47a6917c09003b/out -L dependency=/opt/rustwide/target/debug/build/zerotrie/3be63183ad26fe3a/out -L dependency=/opt/rustwide/target/debug/build/zerovec-derive/17e9580e157bb8a2/out -L dependency=/opt/rustwide/target/debug/build/zerovec/710bbe5b773e2e2c/out -L dependency=/opt/rustwide/target/debug/build/zip/27602b3954d3682d/out -L dependency=/opt/rustwide/target/debug/build/zlib-rs/578686f9bb858ef8/out -L dependency=/opt/rustwide/target/debug/build/zmij/11a9a83bcb44e70a/out -L dependency=/opt/rustwide/target/debug/build/zstd-safe/aab69ed352f41406/out -L dependency=/opt/rustwide/target/debug/build/zstd-sys/0b560d3ca578ce76/out -L dependency=/opt/rustwide/target/debug/build/zstd/e47ab5fca5c65efb/out --extern aho_corasick=/opt/rustwide/target/debug/build/aho-corasick/9aced5035f700ea0/out/libaho_corasick-9aced5035f700ea0.rmeta --extern anyhow=/opt/rustwide/target/debug/build/anyhow/215e9e70762e0ea5/out/libanyhow-215e9e70762e0ea5.rmeta --extern bitflags=/opt/rustwide/target/debug/build/bitflags/ee3fbcad3b5bca2c/out/libbitflags-ee3fbcad3b5bca2c.rmeta --extern clap=/opt/rustwide/target/debug/build/clap/4ac656bb32be857f/out/libclap-4ac656bb32be857f.rmeta --extern colored=/opt/rustwide/target/debug/build/colored/39696a6cf7e7c3dd/out/libcolored-39696a6cf7e7c3dd.rmeta --extern compact_str=/opt/rustwide/target/debug/build/compact_str/d7a99ce94879078c/out/libcompact_str-d7a99ce94879078c.rmeta --extern fern=/opt/rustwide/target/debug/build/fern/b78728aa47841a5e/out/libfern-b78728aa47841a5e.rmeta --extern glob=/opt/rustwide/target/debug/build/glob/7b15eb80c25ff35d/out/libglob-7b15eb80c25ff35d.rmeta --extern globset=/opt/rustwide/target/debug/build/globset/4ab898682e04c26a/out/libglobset-4ab898682e04c26a.rmeta --extern hashbrown=/opt/rustwide/target/debug/build/hashbrown/961435e6bdfa6eb7/out/libhashbrown-961435e6bdfa6eb7.rmeta --extern imperative=/opt/rustwide/target/debug/build/imperative/ae129c57406204dd/out/libimperative-ae129c57406204dd.rmeta --extern is_macro=/opt/rustwide/target/debug/build/is-macro/452c16967ed75c65/out/libis_macro-452c16967ed75c65.so --extern itertools=/opt/rustwide/target/debug/build/itertools/c1d40d163aa38bca/out/libitertools-c1d40d163aa38bca.rmeta --extern jiff=/opt/rustwide/target/debug/build/jiff/23b10f860a592034/out/libjiff-23b10f860a592034.rmeta --extern libcst_native=/opt/rustwide/target/debug/build/libcst/82961b1b860f4b25/out/liblibcst_native-82961b1b860f4b25.rmeta --extern log=/opt/rustwide/target/debug/build/log/b577a85bc909ef1e/out/liblog-b577a85bc909ef1e.rmeta --extern memchr=/opt/rustwide/target/debug/build/memchr/fa409d9d46367e7c/out/libmemchr-fa409d9d46367e7c.rmeta --extern natord=/opt/rustwide/target/debug/build/natord/19d377c044808802/out/libnatord-19d377c044808802.rmeta --extern path_absolutize=/opt/rustwide/target/debug/build/path-absolutize/fde89d4dfbb0f4ae/out/libpath_absolutize-fde89d4dfbb0f4ae.rmeta --extern pep440_rs=/opt/rustwide/target/debug/build/pep440_rs/7e9905c4aaa5b081/out/libpep440_rs-7e9905c4aaa5b081.rmeta --extern pyproject_toml=/opt/rustwide/target/debug/build/pyproject-toml/5baad5d54801489b/out/libpyproject_toml-5baad5d54801489b.rmeta --extern regex=/opt/rustwide/target/debug/build/regex/792a43462f73e89e/out/libregex-792a43462f73e89e.rmeta --extern ruff_cache=/opt/rustwide/target/debug/build/ruff_cache/09d1299c4138cc02/out/libruff_cache-09d1299c4138cc02.rmeta --extern ruff_db=/opt/rustwide/target/debug/build/ruff_db/2528e0f69e496ff5/out/libruff_db-2528e0f69e496ff5.rmeta --extern ruff_diagnostics=/opt/rustwide/target/debug/build/ruff_diagnostics/494a9b43527b6221/out/libruff_diagnostics-494a9b43527b6221.rmeta --extern ruff_macros=/opt/rustwide/target/debug/build/ruff_macros/85851050523cde7e/out/libruff_macros-85851050523cde7e.so --extern ruff_notebook=/opt/rustwide/target/debug/build/ruff_notebook/e32e9e96729060d4/out/libruff_notebook-e32e9e96729060d4.rmeta --extern ruff_python_ast=/opt/rustwide/target/debug/build/ruff_python_ast/b0cf90c92ae11de7/out/libruff_python_ast-b0cf90c92ae11de7.rmeta --extern ruff_python_codegen=/opt/rustwide/target/debug/build/ruff_python_codegen/9daba389c29f2058/out/libruff_python_codegen-9daba389c29f2058.rmeta --extern ruff_python_importer=/opt/rustwide/target/debug/build/ruff_python_importer/41eb7a1c67ed95cc/out/libruff_python_importer-41eb7a1c67ed95cc.rmeta --extern ruff_python_index=/opt/rustwide/target/debug/build/ruff_python_index/7dc81f9f4f27b121/out/libruff_python_index-7dc81f9f4f27b121.rmeta --extern ruff_python_literal=/opt/rustwide/target/debug/build/ruff_python_literal/d9974ef92dea2374/out/libruff_python_literal-d9974ef92dea2374.rmeta --extern ruff_python_parser=/opt/rustwide/target/debug/build/ruff_python_parser/cd64213f9fa570d6/out/libruff_python_parser-cd64213f9fa570d6.rmeta --extern ruff_python_semantic=/opt/rustwide/target/debug/build/ruff_python_semantic/5190b714f86bf298/out/libruff_python_semantic-5190b714f86bf298.rmeta --extern ruff_python_stdlib=/opt/rustwide/target/debug/build/ruff_python_stdlib/c1aab5c578e977f2/out/libruff_python_stdlib-c1aab5c578e977f2.rmeta --extern ruff_python_trivia=/opt/rustwide/target/debug/build/ruff_python_trivia/58a74b9930da3fe7/out/libruff_python_trivia-58a74b9930da3fe7.rmeta --extern ruff_ranged_value=/opt/rustwide/target/debug/build/ruff_ranged_value/0a5110b93a1e0b35/out/libruff_ranged_value-0a5110b93a1e0b35.rmeta --extern ruff_source_file=/opt/rustwide/target/debug/build/ruff_source_file/614d5863437bda43/out/libruff_source_file-614d5863437bda43.rmeta --extern ruff_text_size=/opt/rustwide/target/debug/build/ruff_text_size/ffe6f6ceeecd62f0/out/libruff_text_size-ffe6f6ceeecd62f0.rmeta --extern rustc_hash=/opt/rustwide/target/debug/build/rustc-hash/4412a84728385ada/out/librustc_hash-4412a84728385ada.rmeta --extern schemars=/opt/rustwide/target/debug/build/schemars/8cfe1b83775a1c4d/out/libschemars-8cfe1b83775a1c4d.rmeta --extern serde=/opt/rustwide/target/debug/build/serde/83e5c7f594a01317/out/libserde-83e5c7f594a01317.rmeta --extern serde_json=/opt/rustwide/target/debug/build/serde_json/802b853be365e88d/out/libserde_json-802b853be365e88d.rmeta --extern similar=/opt/rustwide/target/debug/build/similar/c62e2055b81c244a/out/libsimilar-c62e2055b81c244a.rmeta --extern smallvec=/opt/rustwide/target/debug/build/smallvec/9ee489883686cc0a/out/libsmallvec-9ee489883686cc0a.rmeta --extern strum=/opt/rustwide/target/debug/build/strum/375bb5a1f9df5562/out/libstrum-375bb5a1f9df5562.rmeta --extern strum_macros=/opt/rustwide/target/debug/build/strum_macros/92de3f9d6aba8958/out/libstrum_macros-92de3f9d6aba8958.so --extern thiserror=/opt/rustwide/target/debug/build/thiserror/27f02d883b2da9ef/out/libthiserror-27f02d883b2da9ef.rmeta --extern toml=/opt/rustwide/target/debug/build/toml/0a54d71a6ca1917f/out/libtoml-0a54d71a6ca1917f.rmeta --extern typed_arena=/opt/rustwide/target/debug/build/typed-arena/b22adc658d5e00bb/out/libtyped_arena-b22adc658d5e00bb.rmeta --extern unicode_normalization=/opt/rustwide/target/debug/build/unicode-normalization/33d00af36864f269/out/libunicode_normalization-33d00af36864f269.rmeta --extern unicode_width=/opt/rustwide/target/debug/build/unicode-width/d240299c8c3a1bab/out/libunicode_width-d240299c8c3a1bab.rmeta --extern unicode_names2=/opt/rustwide/target/debug/build/unicode_names2/13b70e0beaf7cd33/out/libunicode_names2-13b70e0beaf7cd33.rmeta --extern url=/opt/rustwide/target/debug/build/url/289f27dab3d2f96c/out/liburl-289f27dab3d2f96c.rmeta --cap-lints=forbid -Znext-solver=coherence --force-warn=unused_crate_dependencies -L native=/opt/rustwide/target/debug/build/zstd-sys/b3d64b97ebef8eec/out` (signal: 9, SIGKILL: kill)
[INFO] [stderr] error: failed to run custom build command for `tikv-jemalloc-sys v0.6.1+5.3.0-1-ge13ca993e8ccb9ba9847cc330696e02839f328f7`
[INFO] [stderr] note: To improve backtraces for build dependencies, set the CARGO_PROFILE_DEV_BUILD_OVERRIDE_DEBUG=true environment variable to enable debug information generation.
[INFO] [stderr] 
[INFO] [stderr] Caused by:
[INFO] [stderr]   process didn't exit successfully: `/opt/rustwide/target/debug/build/tikv-jemalloc-sys/a563c0fd24b19340/out/build_script_build` (exit status: 101)
[INFO] [stderr]   --- stdout
[INFO] [stderr]   TARGET=x86_64-unknown-linux-gnu
[INFO] [stderr]   HOST=x86_64-unknown-linux-gnu
[INFO] [stderr]   NUM_JOBS=8
[INFO] [stderr]   OUT_DIR="/opt/rustwide/target/debug/build/tikv-jemalloc-sys/b38849c5a908e24a/out"
[INFO] [stderr]   BUILD_DIR="/opt/rustwide/target/debug/build/tikv-jemalloc-sys/b38849c5a908e24a/out/build"
[INFO] [stderr]   SRC_DIR="/opt/rustwide/cargo-home/registry/src/index.crates.io-1949cf8c6b5b557f/tikv-jemalloc-sys-0.6.1+5.3.0-1-ge13ca993e8ccb9ba9847cc330696e02839f328f7"
[INFO] [stderr]   cargo:rustc-cfg=prefixed
[INFO] [stderr]   cargo:rerun-if-env-changed=X86_64_UNKNOWN_LINUX_GNU_JEMALLOC_OVERRIDE
[INFO] [stderr]   cargo:rerun-if-env-changed=JEMALLOC_OVERRIDE
[INFO] [stderr]   cargo:rerun-if-env-changed=CC_x86_64-unknown-linux-gnu
[INFO] [stderr]   CC_x86_64-unknown-linux-gnu = None
[INFO] [stderr]   cargo:rerun-if-env-changed=CC_x86_64_unknown_linux_gnu
[INFO] [stderr]   CC_x86_64_unknown_linux_gnu = None
[INFO] [stderr]   cargo:rerun-if-env-changed=HOST_CC
[INFO] [stderr]   HOST_CC = None
[INFO] [stderr]   cargo:rerun-if-env-changed=CC
[INFO] [stderr]   CC = None
[INFO] [stderr]   cargo:rerun-if-env-changed=CC_ENABLE_DEBUG_OUTPUT
[INFO] [stderr]   cargo:rerun-if-env-changed=CRATE_CC_NO_DEFAULTS
[INFO] [stderr]   CRATE_CC_NO_DEFAULTS = None
[INFO] [stderr]   cargo:rerun-if-env-changed=CFLAGS
[INFO] [stderr]   CFLAGS = None
[INFO] [stderr]   cargo:rerun-if-env-changed=HOST_CFLAGS
[INFO] [stderr]   HOST_CFLAGS = None
[INFO] [stderr]   cargo:rerun-if-env-changed=CFLAGS_x86_64_unknown_linux_gnu
[INFO] [stderr]   CFLAGS_x86_64_unknown_linux_gnu = None
[INFO] [stderr]   cargo:rerun-if-env-changed=CFLAGS_x86_64-unknown-linux-gnu
[INFO] [stderr]   CFLAGS_x86_64-unknown-linux-gnu = None
[INFO] [stderr]   CC="cc"
[INFO] [stderr]   CFLAGS="-O0 -ffunction-sections -fdata-sections -fPIC -g -gdwarf-4 -fno-omit-frame-pointer -m64 -Wall"
[INFO] [stderr]   JEMALLOC_REPO_DIR="jemalloc"
[INFO] [stderr]   cargo:rerun-if-env-changed=X86_64_UNKNOWN_LINUX_GNU_JEMALLOC_SYS_WITH_MALLOC_CONF
[INFO] [stderr]   cargo:rerun-if-env-changed=JEMALLOC_SYS_WITH_MALLOC_CONF
[INFO] [stderr]   cargo:rerun-if-env-changed=X86_64_UNKNOWN_LINUX_GNU_JEMALLOC_SYS_WITH_LG_PAGE
[INFO] [stderr]   cargo:rerun-if-env-changed=JEMALLOC_SYS_WITH_LG_PAGE
[INFO] [stderr]   cargo:rerun-if-env-changed=X86_64_UNKNOWN_LINUX_GNU_JEMALLOC_SYS_WITH_LG_HUGEPAGE
[INFO] [stderr]   cargo:rerun-if-env-changed=JEMALLOC_SYS_WITH_LG_HUGEPAGE
[INFO] [stderr]   cargo:rerun-if-env-changed=X86_64_UNKNOWN_LINUX_GNU_JEMALLOC_SYS_WITH_LG_QUANTUM
[INFO] [stderr]   cargo:rerun-if-env-changed=JEMALLOC_SYS_WITH_LG_QUANTUM
[INFO] [stderr]   cargo:rerun-if-env-changed=X86_64_UNKNOWN_LINUX_GNU_JEMALLOC_SYS_WITH_LG_VADDR
[INFO] [stderr]   cargo:rerun-if-env-changed=JEMALLOC_SYS_WITH_LG_VADDR
[INFO] [stderr]   --with-jemalloc-prefix=_rjem_
[INFO] [stderr]   CARGO_FEATURE_STATS not set
[INFO] [stderr]   running: cd "/opt/rustwide/target/debug/build/tikv-jemalloc-sys/b38849c5a908e24a/out/build" && CC="cc" CFLAGS="-O0 -ffunction-sections -fdata-sections -fPIC -g -gdwarf-4 -fno-omit-frame-pointer -m64 -Wall" CPPFLAGS="-O0 -ffunction-sections -fdata-sections -fPIC -g -gdwarf-4 -fno-omit-frame-pointer -m64 -Wall" LDFLAGS="-O0 -ffunction-sections -fdata-sections -fPIC -g -gdwarf-4 -fno-omit-frame-pointer -m64 -Wall" "sh" "/opt/rustwide/target/debug/build/tikv-jemalloc-sys/b38849c5a908e24a/out/build/configure" "--with-version=5.3.0-1-ge13ca993e8ccb9ba9847cc330696e02839f328f7" "--disable-cxx" "--enable-doc=no" "--enable-shared=no" "--with-jemalloc-prefix=_rjem_" "--with-private-namespace=_rjem_" "--disable-stats" "--host=x86_64-unknown-linux-gnu" "--build=x86_64-unknown-linux-gnu" "--prefix=/opt/rustwide/target/debug/build/tikv-jemalloc-sys/b38849c5a908e24a/out"
[INFO] [stderr]   checking for xsltproc... false
[INFO] [stderr]   checking for x86_64-unknown-linux-gnu-gcc... cc
[INFO] [stderr]   checking whether the C compiler works... yes
[INFO] [stderr]   checking for C compiler default output file name... a.out
[INFO] [stderr]   checking for suffix of executables... 
[INFO] [stderr]   checking whether we are cross compiling... no
[INFO] [stderr]   checking for suffix of object files... o
[INFO] [stderr]   checking whether we are using the GNU C compiler... yes
[INFO] [stderr]   checking whether cc accepts -g... yes
[INFO] [stderr]   checking for cc option to accept ISO C89... none needed
[INFO] [stderr]   checking whether compiler is cray... no
[INFO] [stderr]   checking whether compiler supports -std=gnu11... yes
[INFO] [stderr]   checking whether compiler supports -Werror=unknown-warning-option... no
[INFO] [stderr]   checking whether compiler supports -Wall... yes
[INFO] [stderr]   checking whether compiler supports -Wextra... yes
[INFO] [stderr]   checking whether compiler supports -Wshorten-64-to-32... no
[INFO] [stderr]   checking whether compiler supports -Wsign-compare... yes
[INFO] [stderr]   checking whether compiler supports -Wundef... yes
[INFO] [stderr]   checking whether compiler supports -Wno-format-zero-length... yes
[INFO] [stderr]   checking whether compiler supports -Wpointer-arith... yes
[INFO] [stderr]   checking whether compiler supports -Wno-missing-braces... yes
[INFO] [stderr]   checking whether compiler supports -Wno-missing-field-initializers... yes
[INFO] [stderr]   checking whether compiler supports -Wno-missing-attributes... yes
[INFO] [stderr]   checking whether compiler supports -pipe... yes
[INFO] [stderr]   checking whether compiler supports -g3... yes
[INFO] [stderr]   checking how to run the C preprocessor... cc -E
[INFO] [stderr]   checking for grep that handles long lines and -e... /usr/bin/grep
[INFO] [stderr]   checking for egrep... /usr/bin/grep -E
[INFO] [stderr]   checking for ANSI C header files... yes
[INFO] [stderr]   checking for sys/types.h... yes
[INFO] [stderr]   checking for sys/stat.h... yes
[INFO] [stderr]   checking for stdlib.h... yes
[INFO] [stderr]   checking for string.h... yes
[INFO] [stderr]   checking for memory.h... yes
[INFO] [stderr]   checking for strings.h... yes
[INFO] [stderr]   checking for inttypes.h... yes
[INFO] [stderr]   checking for stdint.h... yes
[INFO] [stderr]   checking for unistd.h... yes
[INFO] [stderr]   checking whether byte ordering is bigendian... no
[INFO] [stderr]   checking size of void *... 8
[INFO] [stderr]   checking size of int... 4
[INFO] [stderr]   checking size of long... 8
[INFO] [stderr]   checking size of long long... 8
[INFO] [stderr]   checking size of intmax_t... 8
[INFO] [stderr]   checking build system type... x86_64-unknown-linux-gnu
[INFO] [stderr]   checking host system type... x86_64-unknown-linux-gnu
[INFO] [stderr]   checking whether pause instruction is compilable... yes
[INFO] [stderr]   checking number of significant virtual address bits... 48
[INFO] [stderr]   checking for x86_64-unknown-linux-gnu-ar... no
[INFO] [stderr]   checking for ar... ar
[INFO] [stderr]   checking for x86_64-unknown-linux-gnu-nm... no
[INFO] [stderr]   checking for nm... nm
[INFO] [stderr]   checking for gawk... no
[INFO] [stderr]   checking for mawk... mawk
[INFO] [stderr]   checking malloc.h usability... yes
[INFO] [stderr]   checking malloc.h presence... yes
[INFO] [stderr]   checking for malloc.h... yes
[INFO] [stderr]   checking whether malloc_usable_size definition can use const argument... no
[INFO] [stderr]   checking for library containing log... -lm
[INFO] [stderr]   checking whether __attribute__ syntax is compilable... yes
[INFO] [stderr]   checking whether compiler supports -fvisibility=hidden... yes
[INFO] [stderr]   checking whether compiler supports -fvisibility=hidden... no
[INFO] [stderr]   checking whether compiler supports -Werror... yes
[INFO] [stderr]   checking whether compiler supports -herror_on_warning... no
[INFO] [stderr]   checking whether tls_model attribute is compilable... yes
[INFO] [stderr]   checking whether compiler supports -Werror... yes
[INFO] [stderr]   checking whether compiler supports -herror_on_warning... no
[INFO] [stderr]   checking whether alloc_size attribute is compilable... yes
[INFO] [stderr]   checking whether compiler supports -Werror... yes
[INFO] [stderr]   checking whether compiler supports -herror_on_warning... no
[INFO] [stderr]   checking whether format(gnu_printf, ...) attribute is compilable... yes
[INFO] [stderr]   checking whether compiler supports -Werror... yes
[INFO] [stderr]   checking whether compiler supports -herror_on_warning... no
[INFO] [stderr]   checking whether format(printf, ...) attribute is compilable... yes
[INFO] [stderr]   checking whether compiler supports -Werror... yes
[INFO] [stderr]   checking whether compiler supports -herror_on_warning... no
[INFO] [stderr]   checking whether format(printf, ...) attribute is compilable... yes
[INFO] [stderr]   checking whether compiler supports -Wimplicit-fallthrough... yes
[INFO] [stderr]   checking whether fallthrough attribute is compilable... yes
[INFO] [stderr]   checking whether compiler supports -Wimplicit-fallthrough... yes
[INFO] [stderr]   checking whether compiler supports -Wimplicit-fallthrough... no
[INFO] [stderr]   checking whether compiler supports -Werror... yes
[INFO] [stderr]   checking whether compiler supports -herror_on_warning... no
[INFO] [stderr]   checking whether cold attribute is compilable... yes
[INFO] [stderr]   checking whether vm_make_tag is compilable... no
[INFO] [stderr]   checking for a BSD-compatible install... /usr/bin/install -c
[INFO] [stderr]   checking for x86_64-unknown-linux-gnu-ranlib... no
[INFO] [stderr]   checking for ranlib... ranlib
[INFO] [stderr]   checking for ld... /usr/bin/ld
[INFO] [stderr]   checking for autoconf... /usr/bin/autoconf
[INFO] [stderr]   checking for memalign... yes
[INFO] [stderr]   checking for valloc... yes
[INFO] [stderr]   checking for malloc_size... no
[INFO] [stderr]   checking whether compiler supports -O3... yes
[INFO] [stderr]   checking whether compiler supports -O3... no
[INFO] [stderr]   checking whether compiler supports -funroll-loops... yes
[INFO] [stderr]   checking configured backtracing method... N/A
[INFO] [stderr]   checking for sbrk... yes
[INFO] [stderr]   checking whether utrace(2) is compilable... no
[INFO] [stderr]   checking whether utrace(2) with label is compilable... no
[INFO] [stderr]   checking whether a program using __builtin_unreachable is compilable... yes
[INFO] [stderr]   checking whether a program using __builtin_ffsl is compilable... yes
[INFO] [stderr]   checking whether a program using __builtin_popcountl is compilable... yes
[INFO] [stderr]   checking LG_PAGE... 12
[INFO] [stderr]   checking pthread.h usability... yes
[INFO] [stderr]   checking pthread.h presence... yes
[INFO] [stderr]   checking for pthread.h... yes
[INFO] [stderr]   checking for pthread_create in -lpthread... yes
[INFO] [stderr]   checking dlfcn.h usability... yes
[INFO] [stderr]   checking dlfcn.h presence... yes
[INFO] [stderr]   checking for dlfcn.h... yes
[INFO] [stderr]   checking for dlsym... yes
[INFO] [stderr]   checking whether pthread_atfork(3) is compilable... yes
[INFO] [stderr]   checking whether pthread_setname_np(3) is compilable... yes
[INFO] [stderr]   checking whether pthread_getname_np(3) is compilable... yes
[INFO] [stderr]   checking whether pthread_get_name_np(3) is compilable... no
[INFO] [stderr]   checking for library containing clock_gettime... none required
[INFO] [stderr]   checking whether clock_gettime(CLOCK_MONOTONIC_COARSE, ...) is compilable... yes
[INFO] [stderr]   checking whether clock_gettime(CLOCK_MONOTONIC, ...) is compilable... yes
[INFO] [stderr]   checking whether mach_absolute_time() is compilable... no
[INFO] [stderr]   checking whether clock_gettime(CLOCK_REALTIME, ...) is compilable... yes
[INFO] [stderr]   checking whether compiler supports -Werror... yes
[INFO] [stderr]   checking whether syscall(2) is compilable... yes
[INFO] [stderr]   checking for secure_getenv... yes
[INFO] [stderr]   checking for sched_getcpu... yes
[INFO] [stderr]   checking for sched_setaffinity... yes
[INFO] [stderr]   checking for issetugid... no
[INFO] [stderr]   checking for _malloc_thread_cleanup... no
[INFO] [stderr]   checking for _pthread_mutex_init_calloc_cb... no
[INFO] [stderr]   checking for memcntl... no
[INFO] [stderr]   checking for TLS... yes
[INFO] [stderr]   checking whether C11 atomics is compilable... yes
[INFO] [stderr]   checking whether GCC __atomic atomics is compilable... yes
[INFO] [stderr]   checking whether GCC 8-bit __atomic atomics is compilable... yes
[INFO] [stderr]   checking whether GCC __sync atomics is compilable... yes
[INFO] [stderr]   checking whether GCC 8-bit __sync atomics is compilable... yes
[INFO] [stderr]   checking whether Darwin OSAtomic*() is compilable... no
[INFO] [stderr]   checking whether madvise(2) is compilable... yes
[INFO] [stderr]   checking whether madvise(..., MADV_FREE) is compilable... yes
[INFO] [stderr]   checking whether madvise(..., MADV_DONTNEED) is compilable... yes
[INFO] [stderr]   checking whether madvise(..., MADV_DO[NT]DUMP) is compilable... yes
[INFO] [stderr]   checking whether madvise(..., MADV_[NO]HUGEPAGE) is compilable... yes
[INFO] [stderr]   checking whether madvise(..., MADV_[NO]CORE) is compilable... no
[INFO] [stderr]   checking whether mprotect(2) is compilable... yes
[INFO] [stderr]   checking for __builtin_clz... yes
[INFO] [stderr]   checking whether Darwin os_unfair_lock_*() is compilable... no
[INFO] [stderr]   checking whether glibc malloc hook is compilable... no
[INFO] [stderr]   checking whether glibc memalign hook is compilable... no
[INFO] [stderr]   checking whether pthreads adaptive mutexes is compilable... yes
[INFO] [stderr]   checking whether compiler supports -D_GNU_SOURCE... yes
[INFO] [stderr]   checking whether compiler supports -Werror... yes
[INFO] [stderr]   checking whether compiler supports -herror_on_warning... no
[INFO] [stderr]   checking whether strerror_r returns char with gnu source is compilable... yes
[INFO] [stderr]   checking for stdbool.h that conforms to C99... yes
[INFO] [stderr]   checking for _Bool... yes
[INFO] [stderr]   configure: creating ./config.status
[INFO] [stderr]   config.status: creating Makefile
[INFO] [stderr]   config.status: creating jemalloc.pc
[INFO] [stderr]   config.status: creating doc/html.xsl
[INFO] [stderr]   config.status: creating doc/manpages.xsl
[INFO] [stderr]   config.status: creating doc/jemalloc.xml
[INFO] [stderr]   config.status: creating include/jemalloc/jemalloc_macros.h
[INFO] [stderr]   config.status: creating include/jemalloc/jemalloc_protos.h
[INFO] [stderr]   config.status: creating include/jemalloc/jemalloc_typedefs.h
[INFO] [stderr]   config.status: creating include/jemalloc/internal/jemalloc_preamble.h
[INFO] [stderr]   config.status: creating test/test.sh
[INFO] [stderr]   config.status: creating test/include/test/jemalloc_test.h
[INFO] [stderr]   config.status: creating config.stamp
[INFO] [stderr]   config.status: creating bin/jemalloc-config
[INFO] [stderr]   config.status: creating bin/jemalloc.sh
[INFO] [stderr]   config.status: creating bin/jeprof
[INFO] [stderr]   config.status: creating include/jemalloc/jemalloc_defs.h
[INFO] [stderr]   config.status: creating include/jemalloc/internal/jemalloc_internal_defs.h
[INFO] [stderr]   config.status: creating test/include/test/jemalloc_test_defs.h
[INFO] [stderr]   config.status: executing include/jemalloc/internal/public_symbols.txt commands
[INFO] [stderr]   config.status: executing include/jemalloc/internal/private_symbols.awk commands
[INFO] [stderr]   config.status: executing include/jemalloc/internal/private_symbols_jet.awk commands
[INFO] [stderr]   config.status: executing include/jemalloc/internal/public_namespace.h commands
[INFO] [stderr]   config.status: executing include/jemalloc/internal/public_unnamespace.h commands
[INFO] [stderr]   config.status: executing include/jemalloc/jemalloc_protos_jet.h commands
[INFO] [stderr]   config.status: executing include/jemalloc/jemalloc_rename.h commands
[INFO] [stderr]   config.status: executing include/jemalloc/jemalloc_mangle.h commands
[INFO] [stderr]   config.status: executing include/jemalloc/jemalloc_mangle_jet.h commands
[INFO] [stderr]   config.status: executing include/jemalloc/jemalloc.h commands
[INFO] [stderr]   ===============================================================================
[INFO] [stderr]   jemalloc version   : 5.3.0-1-ge13ca993e8ccb9ba9847cc330696e02839f328f7
[INFO] [stderr]   library revision   : 2
[INFO] [stderr] 
[INFO] [stderr]   CONFIG             : --with-version=5.3.0-1-ge13ca993e8ccb9ba9847cc330696e02839f328f7 --disable-cxx --enable-doc=no --enable-shared=no --with-jemalloc-prefix=_rjem_ --with-private-namespace=_rjem_ --disable-stats --host=x86_64-unknown-linux-gnu --build=x86_64-unknown-linux-gnu --prefix=/opt/rustwide/target/debug/build/tikv-jemalloc-sys/b38849c5a908e24a/out build_alias=x86_64-unknown-linux-gnu host_alias=x86_64-unknown-linux-gnu CC=cc 'CFLAGS=-O0 -ffunction-sections -fdata-sections -fPIC -g -gdwarf-4 -fno-omit-frame-pointer -m64 -Wall' 'LDFLAGS=-O0 -ffunction-sections -fdata-sections -fPIC -g -gdwarf-4 -fno-omit-frame-pointer -m64 -Wall' 'CPPFLAGS=-O0 -ffunction-sections -fdata-sections -fPIC -g -gdwarf-4 -fno-omit-frame-pointer -m64 -Wall'
[INFO] [stderr]   CC                 : cc
[INFO] [stderr]   CONFIGURE_CFLAGS   : -std=gnu11 -Wall -Wextra -Wsign-compare -Wundef -Wno-format-zero-length -Wpointer-arith -Wno-missing-braces -Wno-missing-field-initializers -Wno-missing-attributes -pipe -g3 -fvisibility=hidden -Wimplicit-fallthrough -O3 -funroll-loops
[INFO] [stderr]   SPECIFIED_CFLAGS   : -O0 -ffunction-sections -fdata-sections -fPIC -g -gdwarf-4 -fno-omit-frame-pointer -m64 -Wall
[INFO] [stderr]   EXTRA_CFLAGS       : 
[INFO] [stderr]   CPPFLAGS           : -O0 -ffunction-sections -fdata-sections -fPIC -g -gdwarf-4 -fno-omit-frame-pointer -m64 -Wall -D_GNU_SOURCE -D_REENTRANT
[INFO] [stderr]   CXX                : 
[INFO] [stderr]   CONFIGURE_CXXFLAGS : 
[INFO] [stderr]   SPECIFIED_CXXFLAGS : 
[INFO] [stderr]   EXTRA_CXXFLAGS     : 
[INFO] [stderr]   LDFLAGS            : -O0 -ffunction-sections -fdata-sections -fPIC -g -gdwarf-4 -fno-omit-frame-pointer -m64 -Wall
[INFO] [stderr]   EXTRA_LDFLAGS      : 
[INFO] [stderr]   DSO_LDFLAGS        : -shared -Wl,-soname,$(@F)
[INFO] [stderr]   LIBS               : -lm  -pthread
[INFO] [stderr]   RPATH_EXTRA        : 
[INFO] [stderr] 
[INFO] [stderr]   XSLTPROC           : false
[INFO] [stderr]   XSLROOT            : 
[INFO] [stderr] 
[INFO] [stderr]   PREFIX             : /opt/rustwide/target/debug/build/tikv-jemalloc-sys/b38849c5a908e24a/out
[INFO] [stderr]   BINDIR             : /opt/rustwide/target/debug/build/tikv-jemalloc-sys/b38849c5a908e24a/out/bin
[INFO] [stderr]   DATADIR            : /opt/rustwide/target/debug/build/tikv-jemalloc-sys/b38849c5a908e24a/out/share
[INFO] [stderr]   INCLUDEDIR         : /opt/rustwide/target/debug/build/tikv-jemalloc-sys/b38849c5a908e24a/out/include
[INFO] [stderr]   LIBDIR             : /opt/rustwide/target/debug/build/tikv-jemalloc-sys/b38849c5a908e24a/out/lib
[INFO] [stderr]   MANDIR             : /opt/rustwide/target/debug/build/tikv-jemalloc-sys/b38849c5a908e24a/out/share/man
[INFO] [stderr] 
[INFO] [stderr]   srcroot            : 
[INFO] [stderr]   abs_srcroot        : /opt/rustwide/target/debug/build/tikv-jemalloc-sys/b38849c5a908e24a/out/build/
[INFO] [stderr]   objroot            : 
[INFO] [stderr]   abs_objroot        : /opt/rustwide/target/debug/build/tikv-jemalloc-sys/b38849c5a908e24a/out/build/
[INFO] [stderr] 
[INFO] [stderr]   JEMALLOC_PREFIX    : _rjem_
[INFO] [stderr]   JEMALLOC_PRIVATE_NAMESPACE
[INFO] [stderr]                      : _rjem_je_
[INFO] [stderr]   install_suffix     : 
[INFO] [stderr]   malloc_conf        : 
[INFO] [stderr]   documentation      : 0
[INFO] [stderr]   shared libs        : 0
[INFO] [stderr]   static libs        : 1
[INFO] [stderr]   autogen            : 0
[INFO] [stderr]   debug              : 0
[INFO] [stderr]   stats              : 0
[INFO] [stderr]   experimental_smallocx : 0
[INFO] [stderr]   prof               : 0
[INFO] [stderr]   prof-libunwind     : 0
[INFO] [stderr]   prof-libgcc        : 0
[INFO] [stderr]   prof-gcc           : 0
[INFO] [stderr]   fill               : 1
[INFO] [stderr]   utrace             : 0
[INFO] [stderr]   xmalloc            : 0
[INFO] [stderr]   log                : 0
[INFO] [stderr]   lazy_lock          : 0
[INFO] [stderr]   cache-oblivious    : 1
[INFO] [stderr]   cxx                : 0
[INFO] [stderr]   ===============================================================================
[INFO] [stderr]   running: cd "/opt/rustwide/target/debug/build/tikv-jemalloc-sys/b38849c5a908e24a/out/build" && MAKEFLAGS="-j --jobserver-fds=4,5 --jobserver-auth=4,5" "make"
[INFO] [stderr]   cc -std=gnu11 -Wall -Wextra -Wsign-compare -Wundef -Wno-format-zero-length -Wpointer-arith -Wno-missing-braces -Wno-missing-field-initializers -Wno-missing-attributes -pipe -g3 -fvisibility=hidden -Wimplicit-fallthrough -O3 -funroll-loops -O0 -ffunction-sections -fdata-sections -fPIC -g -gdwarf-4 -fno-omit-frame-pointer -m64 -Wall -c -O0 -ffunction-sections -fdata-sections -fPIC -g -gdwarf-4 -fno-omit-frame-pointer -m64 -Wall -D_GNU_SOURCE -D_REENTRANT -Iinclude -Iinclude -DJEMALLOC_NO_PRIVATE_NAMESPACE -o src/jemalloc.sym.o src/jemalloc.c
[INFO] [stderr]   cc -std=gnu11 -Wall -Wextra -Wsign-compare -Wundef -Wno-format-zero-length -Wpointer-arith -Wno-missing-braces -Wno-missing-field-initializers -Wno-missing-attributes -pipe -g3 -fvisibility=hidden -Wimplicit-fallthrough -O3 -funroll-loops -O0 -ffunction-sections -fdata-sections -fPIC -g -gdwarf-4 -fno-omit-frame-pointer -m64 -Wall -c -O0 -ffunction-sections -fdata-sections -fPIC -g -gdwarf-4 -fno-omit-frame-pointer -m64 -Wall -D_GNU_SOURCE -D_REENTRANT -Iinclude -Iinclude -DJEMALLOC_NO_PRIVATE_NAMESPACE -o src/arena.sym.o src/arena.c
[INFO] [stderr]   cc -std=gnu11 -Wall -Wextra -Wsign-compare -Wundef -Wno-format-zero-length -Wpointer-arith -Wno-missing-braces -Wno-missing-field-initializers -Wno-missing-attributes -pipe -g3 -fvisibility=hidden -Wimplicit-fallthrough -O3 -funroll-loops -O0 -ffunction-sections -fdata-sections -fPIC -g -gdwarf-4 -fno-omit-frame-pointer -m64 -Wall -c -O0 -ffunction-sections -fdata-sections -fPIC -g -gdwarf-4 -fno-omit-frame-pointer -m64 -Wall -D_GNU_SOURCE -D_REENTRANT -Iinclude -Iinclude -DJEMALLOC_NO_PRIVATE_NAMESPACE -o src/background_thread.sym.o src/background_thread.c
[INFO] [stderr]   cc -std=gnu11 -Wall -Wextra -Wsign-compare -Wundef -Wno-format-zero-length -Wpointer-arith -Wno-missing-braces -Wno-missing-field-initializers -Wno-missing-attributes -pipe -g3 -fvisibility=hidden -Wimplicit-fallthrough -O3 -funroll-loops -O0 -ffunction-sections -fdata-sections -fPIC -g -gdwarf-4 -fno-omit-frame-pointer -m64 -Wall -c -O0 -ffunction-sections -fdata-sections -fPIC -g -gdwarf-4 -fno-omit-frame-pointer -m64 -Wall -D_GNU_SOURCE -D_REENTRANT -Iinclude -Iinclude -DJEMALLOC_NO_PRIVATE_NAMESPACE -o src/base.sym.o src/base.c
[INFO] [stderr]   cc -std=gnu11 -Wall -Wextra -Wsign-compare -Wundef -Wno-format-zero-length -Wpointer-arith -Wno-missing-braces -Wno-missing-field-initializers -Wno-missing-attributes -pipe -g3 -fvisibility=hidden -Wimplicit-fallthrough -O3 -funroll-loops -O0 -ffunction-sections -fdata-sections -fPIC -g -gdwarf-4 -fno-omit-frame-pointer -m64 -Wall -c -O0 -ffunction-sections -fdata-sections -fPIC -g -gdwarf-4 -fno-omit-frame-pointer -m64 -Wall -D_GNU_SOURCE -D_REENTRANT -Iinclude -Iinclude -DJEMALLOC_NO_PRIVATE_NAMESPACE -o src/bin.sym.o src/bin.c
[INFO] [stderr]   cc -std=gnu11 -Wall -Wextra -Wsign-compare -Wundef -Wno-format-zero-length -Wpointer-arith -Wno-missing-braces -Wno-missing-field-initializers -Wno-missing-attributes -pipe -g3 -fvisibility=hidden -Wimplicit-fallthrough -O3 -funroll-loops -O0 -ffunction-sections -fdata-sections -fPIC -g -gdwarf-4 -fno-omit-frame-pointer -m64 -Wall -c -O0 -ffunction-sections -fdata-sections -fPIC -g -gdwarf-4 -fno-omit-frame-pointer -m64 -Wall -D_GNU_SOURCE -D_REENTRANT -Iinclude -Iinclude -DJEMALLOC_NO_PRIVATE_NAMESPACE -o src/bin_info.sym.o src/bin_info.c
[INFO] [stderr]   cc -std=gnu11 -Wall -Wextra -Wsign-compare -Wundef -Wno-format-zero-length -Wpointer-arith -Wno-missing-braces -Wno-missing-field-initializers -Wno-missing-attributes -pipe -g3 -fvisibility=hidden -Wimplicit-fallthrough -O3 -funroll-loops -O0 -ffunction-sections -fdata-sections -fPIC -g -gdwarf-4 -fno-omit-frame-pointer -m64 -Wall -c -O0 -ffunction-sections -fdata-sections -fPIC -g -gdwarf-4 -fno-omit-frame-pointer -m64 -Wall -D_GNU_SOURCE -D_REENTRANT -Iinclude -Iinclude -DJEMALLOC_NO_PRIVATE_NAMESPACE -o src/bitmap.sym.o src/bitmap.c
[INFO] [stderr]   cc -std=gnu11 -Wall -Wextra -Wsign-compare -Wundef -Wno-format-zero-length -Wpointer-arith -Wno-missing-braces -Wno-missing-field-initializers -Wno-missing-attributes -pipe -g3 -fvisibility=hidden -Wimplicit-fallthrough -O3 -funroll-loops -O0 -ffunction-sections -fdata-sections -fPIC -g -gdwarf-4 -fno-omit-frame-pointer -m64 -Wall -c -O0 -ffunction-sections -fdata-sections -fPIC -g -gdwarf-4 -fno-omit-frame-pointer -m64 -Wall -D_GNU_SOURCE -D_REENTRANT -Iinclude -Iinclude -DJEMALLOC_NO_PRIVATE_NAMESPACE -o src/buf_writer.sym.o src/buf_writer.c
[INFO] [stderr]   cc -std=gnu11 -Wall -Wextra -Wsign-compare -Wundef -Wno-format-zero-length -Wpointer-arith -Wno-missing-braces -Wno-missing-field-initializers -Wno-missing-attributes -pipe -g3 -fvisibility=hidden -Wimplicit-fallthrough -O3 -funroll-loops -O0 -ffunction-sections -fdata-sections -fPIC -g -gdwarf-4 -fno-omit-frame-pointer -m64 -Wall -c -O0 -ffunction-sections -fdata-sections -fPIC -g -gdwarf-4 -fno-omit-frame-pointer -m64 -Wall -D_GNU_SOURCE -D_REENTRANT -Iinclude -Iinclude -DJEMALLOC_NO_PRIVATE_NAMESPACE -o src/cache_bin.sym.o src/cache_bin.c
[INFO] [stderr]   cc -std=gnu11 -Wall -Wextra -Wsign-compare -Wundef -Wno-format-zero-length -Wpointer-arith -Wno-missing-braces -Wno-missing-field-initializers -Wno-missing-attributes -pipe -g3 -fvisibility=hidden -Wimplicit-fallthrough -O3 -funroll-loops -O0 -ffunction-sections -fdata-sections -fPIC -g -gdwarf-4 -fno-omit-frame-pointer -m64 -Wall -c -O0 -ffunction-sections -fdata-sections -fPIC -g -gdwarf-4 -fno-omit-frame-pointer -m64 -Wall -D_GNU_SOURCE -D_REENTRANT -Iinclude -Iinclude -DJEMALLOC_NO_PRIVATE_NAMESPACE -o src/ckh.sym.o src/ckh.c
[INFO] [stderr]   cc -std=gnu11 -Wall -Wextra -Wsign-compare -Wundef -Wno-format-zero-length -Wpointer-arith -Wno-missing-braces -Wno-missing-field-initializers -Wno-missing-attributes -pipe -g3 -fvisibility=hidden -Wimplicit-fallthrough -O3 -funroll-loops -O0 -ffunction-sections -fdata-sections -fPIC -g -gdwarf-4 -fno-omit-frame-pointer -m64 -Wall -c -O0 -ffunction-sections -fdata-sections -fPIC -g -gdwarf-4 -fno-omit-frame-pointer -m64 -Wall -D_GNU_SOURCE -D_REENTRANT -Iinclude -Iinclude -DJEMALLOC_NO_PRIVATE_NAMESPACE -o src/counter.sym.o src/counter.c
[INFO] [stderr]   cc -std=gnu11 -Wall -Wextra -Wsign-compare -Wundef -Wno-format-zero-length -Wpointer-arith -Wno-missing-braces -Wno-missing-field-initializers -Wno-missing-attributes -pipe -g3 -fvisibility=hidden -Wimplicit-fallthrough -O3 -funroll-loops -O0 -ffunction-sections -fdata-sections -fPIC -g -gdwarf-4 -fno-omit-frame-pointer -m64 -Wall -c -O0 -ffunction-sections -fdata-sections -fPIC -g -gdwarf-4 -fno-omit-frame-pointer -m64 -Wall -D_GNU_SOURCE -D_REENTRANT -Iinclude -Iinclude -DJEMALLOC_NO_PRIVATE_NAMESPACE -o src/ctl.sym.o src/ctl.c
[INFO] [stderr]   cc -std=gnu11 -Wall -Wextra -Wsign-compare -Wundef -Wno-format-zero-length -Wpointer-arith -Wno-missing-braces -Wno-missing-field-initializers -Wno-missing-attributes -pipe -g3 -fvisibility=hidden -Wimplicit-fallthrough -O3 -funroll-loops -O0 -ffunction-sections -fdata-sections -fPIC -g -gdwarf-4 -fno-omit-frame-pointer -m64 -Wall -c -O0 -ffunction-sections -fdata-sections -fPIC -g -gdwarf-4 -fno-omit-frame-pointer -m64 -Wall -D_GNU_SOURCE -D_REENTRANT -Iinclude -Iinclude -DJEMALLOC_NO_PRIVATE_NAMESPACE -o src/decay.sym.o src/decay.c
[INFO] [stderr]   cc -std=gnu11 -Wall -Wextra -Wsign-compare -Wundef -Wno-format-zero-length -Wpointer-arith -Wno-missing-braces -Wno-missing-field-initializers -Wno-missing-attributes -pipe -g3 -fvisibility=hidden -Wimplicit-fallthrough -O3 -funroll-loops -O0 -ffunction-sections -fdata-sections -fPIC -g -gdwarf-4 -fno-omit-frame-pointer -m64 -Wall -c -O0 -ffunction-sections -fdata-sections -fPIC -g -gdwarf-4 -fno-omit-frame-pointer -m64 -Wall -D_GNU_SOURCE -D_REENTRANT -Iinclude -Iinclude -DJEMALLOC_NO_PRIVATE_NAMESPACE -o src/div.sym.o src/div.c
[INFO] [stderr]   cc -std=gnu11 -Wall -Wextra -Wsign-compare -Wundef -Wno-format-zero-length -Wpointer-arith -Wno-missing-braces -Wno-missing-field-initializers -Wno-missing-attributes -pipe -g3 -fvisibility=hidden -Wimplicit-fallthrough -O3 -funroll-loops -O0 -ffunction-sections -fdata-sections -fPIC -g -gdwarf-4 -fno-omit-frame-pointer -m64 -Wall -c -O0 -ffunction-sections -fdata-sections -fPIC -g -gdwarf-4 -fno-omit-frame-pointer -m64 -Wall -D_GNU_SOURCE -D_REENTRANT -Iinclude -Iinclude -DJEMALLOC_NO_PRIVATE_NAMESPACE -o src/ecache.sym.o src/ecache.c
[INFO] [stderr]   cc -std=gnu11 -Wall -Wextra -Wsign-compare -Wundef -Wno-format-zero-length -Wpointer-arith -Wno-missing-braces -Wno-missing-field-initializers -Wno-missing-attributes -pipe -g3 -fvisibility=hidden -Wimplicit-fallthrough -O3 -funroll-loops -O0 -ffunction-sections -fdata-sections -fPIC -g -gdwarf-4 -fno-omit-frame-pointer -m64 -Wall -c -O0 -ffunction-sections -fdata-sections -fPIC -g -gdwarf-4 -fno-omit-frame-pointer -m64 -Wall -D_GNU_SOURCE -D_REENTRANT -Iinclude -Iinclude -DJEMALLOC_NO_PRIVATE_NAMESPACE -o src/edata.sym.o src/edata.c
[INFO] [stderr]   cc -std=gnu11 -Wall -Wextra -Wsign-compare -Wundef -Wno-format-zero-length -Wpointer-arith -Wno-missing-braces -Wno-missing-field-initializers -Wno-missing-attributes -pipe -g3 -fvisibility=hidden -Wimplicit-fallthrough -O3 -funroll-loops -O0 -ffunction-sections -fdata-sections -fPIC -g -gdwarf-4 -fno-omit-frame-pointer -m64 -Wall -c -O0 -ffunction-sections -fdata-sections -fPIC -g -gdwarf-4 -fno-omit-frame-pointer -m64 -Wall -D_GNU_SOURCE -D_REENTRANT -Iinclude -Iinclude -DJEMALLOC_NO_PRIVATE_NAMESPACE -o src/edata_cache.sym.o src/edata_cache.c
[INFO] [stderr]   cc -std=gnu11 -Wall -Wextra -Wsign-compare -Wundef -Wno-format-zero-length -Wpointer-arith -Wno-missing-braces -Wno-missing-field-initializers -Wno-missing-attributes -pipe -g3 -fvisibility=hidden -Wimplicit-fallthrough -O3 -funroll-loops -O0 -ffunction-sections -fdata-sections -fPIC -g -gdwarf-4 -fno-omit-frame-pointer -m64 -Wall -c -O0 -ffunction-sections -fdata-sections -fPIC -g -gdwarf-4 -fno-omit-frame-pointer -m64 -Wall -D_GNU_SOURCE -D_REENTRANT -Iinclude -Iinclude -DJEMALLOC_NO_PRIVATE_NAMESPACE -o src/ehooks.sym.o src/ehooks.c
[INFO] [stderr]   cc -std=gnu11 -Wall -Wextra -Wsign-compare -Wundef -Wno-format-zero-length -Wpointer-arith -Wno-missing-braces -Wno-missing-field-initializers -Wno-missing-attributes -pipe -g3 -fvisibility=hidden -Wimplicit-fallthrough -O3 -funroll-loops -O0 -ffunction-sections -fdata-sections -fPIC -g -gdwarf-4 -fno-omit-frame-pointer -m64 -Wall -c -O0 -ffunction-sections -fdata-sections -fPIC -g -gdwarf-4 -fno-omit-frame-pointer -m64 -Wall -D_GNU_SOURCE -D_REENTRANT -Iinclude -Iinclude -DJEMALLOC_NO_PRIVATE_NAMESPACE -o src/emap.sym.o src/emap.c
[INFO] [stderr]   cc -std=gnu11 -Wall -Wextra -Wsign-compare -Wundef -Wno-format-zero-length -Wpointer-arith -Wno-missing-braces -Wno-missing-field-initializers -Wno-missing-attributes -pipe -g3 -fvisibility=hidden -Wimplicit-fallthrough -O3 -funroll-loops -O0 -ffunction-sections -fdata-sections -fPIC -g -gdwarf-4 -fno-omit-frame-pointer -m64 -Wall -c -O0 -ffunction-sections -fdata-sections -fPIC -g -gdwarf-4 -fno-omit-frame-pointer -m64 -Wall -D_GNU_SOURCE -D_REENTRANT -Iinclude -Iinclude -DJEMALLOC_NO_PRIVATE_NAMESPACE -o src/eset.sym.o src/eset.c
[INFO] [stderr]   cc -std=gnu11 -Wall -Wextra -Wsign-compare -Wundef -Wno-format-zero-length -Wpointer-arith -Wno-missing-braces -Wno-missing-field-initializers -Wno-missing-attributes -pipe -g3 -fvisibility=hidden -Wimplicit-fallthrough -O3 -funroll-loops -O0 -ffunction-sections -fdata-sections -fPIC -g -gdwarf-4 -fno-omit-frame-pointer -m64 -Wall -c -O0 -ffunction-sections -fdata-sections -fPIC -g -gdwarf-4 -fno-omit-frame-pointer -m64 -Wall -D_GNU_SOURCE -D_REENTRANT -Iinclude -Iinclude -DJEMALLOC_NO_PRIVATE_NAMESPACE -o src/exp_grow.sym.o src/exp_grow.c
[INFO] [stderr]   cc -std=gnu11 -Wall -Wextra -Wsign-compare -Wundef -Wno-format-zero-length -Wpointer-arith -Wno-missing-braces -Wno-missing-field-initializers -Wno-missing-attributes -pipe -g3 -fvisibility=hidden -Wimplicit-fallthrough -O3 -funroll-loops -O0 -ffunction-sections -fdata-sections -fPIC -g -gdwarf-4 -fno-omit-frame-pointer -m64 -Wall -c -O0 -ffunction-sections -fdata-sections -fPIC -g -gdwarf-4 -fno-omit-frame-pointer -m64 -Wall -D_GNU_SOURCE -D_REENTRANT -Iinclude -Iinclude -DJEMALLOC_NO_PRIVATE_NAMESPACE -o src/extent.sym.o src/extent.c
[INFO] [stderr]   cc -std=gnu11 -Wall -Wextra -Wsign-compare -Wundef -Wno-format-zero-length -Wpointer-arith -Wno-missing-braces -Wno-missing-field-initializers -Wno-missing-attributes -pipe -g3 -fvisibility=hidden -Wimplicit-fallthrough -O3 -funroll-loops -O0 -ffunction-sections -fdata-sections -fPIC -g -gdwarf-4 -fno-omit-frame-pointer -m64 -Wall -c -O0 -ffunction-sections -fdata-sections -fPIC -g -gdwarf-4 -fno-omit-frame-pointer -m64 -Wall -D_GNU_SOURCE -D_REENTRANT -Iinclude -Iinclude -DJEMALLOC_NO_PRIVATE_NAMESPACE -o src/extent_dss.sym.o src/extent_dss.c
[INFO] [stderr]   cc -std=gnu11 -Wall -Wextra -Wsign-compare -Wundef -Wno-format-zero-length -Wpointer-arith -Wno-missing-braces -Wno-missing-field-initializers -Wno-missing-attributes -pipe -g3 -fvisibility=hidden -Wimplicit-fallthrough -O3 -funroll-loops -O0 -ffunction-sections -fdata-sections -fPIC -g -gdwarf-4 -fno-omit-frame-pointer -m64 -Wall -c -O0 -ffunction-sections -fdata-sections -fPIC -g -gdwarf-4 -fno-omit-frame-pointer -m64 -Wall -D_GNU_SOURCE -D_REENTRANT -Iinclude -Iinclude -DJEMALLOC_NO_PRIVATE_NAMESPACE -o src/extent_mmap.sym.o src/extent_mmap.c
[INFO] [stderr]   cc -std=gnu11 -Wall -Wextra -Wsign-compare -Wundef -Wno-format-zero-length -Wpointer-arith -Wno-missing-braces -Wno-missing-field-initializers -Wno-missing-attributes -pipe -g3 -fvisibility=hidden -Wimplicit-fallthrough -O3 -funroll-loops -O0 -ffunction-sections -fdata-sections -fPIC -g -gdwarf-4 -fno-omit-frame-pointer -m64 -Wall -c -O0 -ffunction-sections -fdata-sections -fPIC -g -gdwarf-4 -fno-omit-frame-pointer -m64 -Wall -D_GNU_SOURCE -D_REENTRANT -Iinclude -Iinclude -DJEMALLOC_NO_PRIVATE_NAMESPACE -o src/fxp.sym.o src/fxp.c
[INFO] [stderr]   cc -std=gnu11 -Wall -Wextra -Wsign-compare -Wundef -Wno-format-zero-length -Wpointer-arith -Wno-missing-braces -Wno-missing-field-initializers -Wno-missing-attributes -pipe -g3 -fvisibility=hidden -Wimplicit-fallthrough -O3 -funroll-loops -O0 -ffunction-sections -fdata-sections -fPIC -g -gdwarf-4 -fno-omit-frame-pointer -m64 -Wall -c -O0 -ffunction-sections -fdata-sections -fPIC -g -gdwarf-4 -fno-omit-frame-pointer -m64 -Wall -D_GNU_SOURCE -D_REENTRANT -Iinclude -Iinclude -DJEMALLOC_NO_PRIVATE_NAMESPACE -o src/san.sym.o src/san.c
[INFO] [stderr]   cc -std=gnu11 -Wall -Wextra -Wsign-compare -Wundef -Wno-format-zero-length -Wpointer-arith -Wno-missing-braces -Wno-missing-field-initializers -Wno-missing-attributes -pipe -g3 -fvisibility=hidden -Wimplicit-fallthrough -O3 -funroll-loops -O0 -ffunction-sections -fdata-sections -fPIC -g -gdwarf-4 -fno-omit-frame-pointer -m64 -Wall -c -O0 -ffunction-sections -fdata-sections -fPIC -g -gdwarf-4 -fno-omit-frame-pointer -m64 -Wall -D_GNU_SOURCE -D_REENTRANT -Iinclude -Iinclude -DJEMALLOC_NO_PRIVATE_NAMESPACE -o src/san_bump.sym.o src/san_bump.c
[INFO] [stderr]   cc -std=gnu11 -Wall -Wextra -Wsign-compare -Wundef -Wno-format-zero-length -Wpointer-arith -Wno-missing-braces -Wno-missing-field-initializers -Wno-missing-attributes -pipe -g3 -fvisibility=hidden -Wimplicit-fallthrough -O3 -funroll-loops -O0 -ffunction-sections -fdata-sections -fPIC -g -gdwarf-4 -fno-omit-frame-pointer -m64 -Wall -c -O0 -ffunction-sections -fdata-sections -fPIC -g -gdwarf-4 -fno-omit-frame-pointer -m64 -Wall -D_GNU_SOURCE -D_REENTRANT -Iinclude -Iinclude -DJEMALLOC_NO_PRIVATE_NAMESPACE -o src/hook.sym.o src/hook.c
[INFO] [stderr]   cc -std=gnu11 -Wall -Wextra -Wsign-compare -Wundef -Wno-format-zero-length -Wpointer-arith -Wno-missing-braces -Wno-missing-field-initializers -Wno-missing-attributes -pipe -g3 -fvisibility=hidden -Wimplicit-fallthrough -O3 -funroll-loops -O0 -ffunction-sections -fdata-sections -fPIC -g -gdwarf-4 -fno-omit-frame-pointer -m64 -Wall -c -O0 -ffunction-sections -fdata-sections -fPIC -g -gdwarf-4 -fno-omit-frame-pointer -m64 -Wall -D_GNU_SOURCE -D_REENTRANT -Iinclude -Iinclude -DJEMALLOC_NO_PRIVATE_NAMESPACE -o src/hpa.sym.o src/hpa.c
[INFO] [stderr]   cc -std=gnu11 -Wall -Wextra -Wsign-compare -Wundef -Wno-format-zero-length -Wpointer-arith -Wno-missing-braces -Wno-missing-field-initializers -Wno-missing-attributes -pipe -g3 -fvisibility=hidden -Wimplicit-fallthrough -O3 -funroll-loops -O0 -ffunction-sections -fdata-sections -fPIC -g -gdwarf-4 -fno-omit-frame-pointer -m64 -Wall -c -O0 -ffunction-sections -fdata-sections -fPIC -g -gdwarf-4 -fno-omit-frame-pointer -m64 -Wall -D_GNU_SOURCE -D_REENTRANT -Iinclude -Iinclude -DJEMALLOC_NO_PRIVATE_NAMESPACE -o src/hpa_hooks.sym.o src/hpa_hooks.c
[INFO] [stderr]   cc -std=gnu11 -Wall -Wextra -Wsign-compare -Wundef -Wno-format-zero-length -Wpointer-arith -Wno-missing-braces -Wno-missing-field-initializers -Wno-missing-attributes -pipe -g3 -fvisibility=hidden -Wimplicit-fallthrough -O3 -funroll-loops -O0 -ffunction-sections -fdata-sections -fPIC -g -gdwarf-4 -fno-omit-frame-pointer -m64 -Wall -c -O0 -ffunction-sections -fdata-sections -fPIC -g -gdwarf-4 -fno-omit-frame-pointer -m64 -Wall -D_GNU_SOURCE -D_REENTRANT -Iinclude -Iinclude -DJEMALLOC_NO_PRIVATE_NAMESPACE -o src/hpdata.sym.o src/hpdata.c
[INFO] [stderr]   cc -std=gnu11 -Wall -Wextra -Wsign-compare -Wundef -Wno-format-zero-length -Wpointer-arith -Wno-missing-braces -Wno-missing-field-initializers -Wno-missing-attributes -pipe -g3 -fvisibility=hidden -Wimplicit-fallthrough -O3 -funroll-loops -O0 -ffunction-sections -fdata-sections -fPIC -g -gdwarf-4 -fno-omit-frame-pointer -m64 -Wall -c -O0 -ffunction-sections -fdata-sections -fPIC -g -gdwarf-4 -fno-omit-frame-pointer -m64 -Wall -D_GNU_SOURCE -D_REENTRANT -Iinclude -Iinclude -DJEMALLOC_NO_PRIVATE_NAMESPACE -o src/inspect.sym.o src/inspect.c
[INFO] [stderr]   cc -std=gnu11 -Wall -Wextra -Wsign-compare -Wundef -Wno-format-zero-length -Wpointer-arith -Wno-missing-braces -Wno-missing-field-initializers -Wno-missing-attributes -pipe -g3 -fvisibility=hidden -Wimplicit-fallthrough -O3 -funroll-loops -O0 -ffunction-sections -fdata-sections -fPIC -g -gdwarf-4 -fno-omit-frame-pointer -m64 -Wall -c -O0 -ffunction-sections -fdata-sections -fPIC -g -gdwarf-4 -fno-omit-frame-pointer -m64 -Wall -D_GNU_SOURCE -D_REENTRANT -Iinclude -Iinclude -DJEMALLOC_NO_PRIVATE_NAMESPACE -o src/large.sym.o src/large.c
[INFO] [stderr]   cc -std=gnu11 -Wall -Wextra -Wsign-compare -Wundef -Wno-format-zero-length -Wpointer-arith -Wno-missing-braces -Wno-missing-field-initializers -Wno-missing-attributes -pipe -g3 -fvisibility=hidden -Wimplicit-fallthrough -O3 -funroll-loops -O0 -ffunction-sections -fdata-sections -fPIC -g -gdwarf-4 -fno-omit-frame-pointer -m64 -Wall -c -O0 -ffunction-sections -fdata-sections -fPIC -g -gdwarf-4 -fno-omit-frame-pointer -m64 -Wall -D_GNU_SOURCE -D_REENTRANT -Iinclude -Iinclude -DJEMALLOC_NO_PRIVATE_NAMESPACE -o src/log.sym.o src/log.c
[INFO] [stderr]   cc -std=gnu11 -Wall -Wextra -Wsign-compare -Wundef -Wno-format-zero-length -Wpointer-arith -Wno-missing-braces -Wno-missing-field-initializers -Wno-missing-attributes -pipe -g3 -fvisibility=hidden -Wimplicit-fallthrough -O3 -funroll-loops -O0 -ffunction-sections -fdata-sections -fPIC -g -gdwarf-4 -fno-omit-frame-pointer -m64 -Wall -c -O0 -ffunction-sections -fdata-sections -fPIC -g -gdwarf-4 -fno-omit-frame-pointer -m64 -Wall -D_GNU_SOURCE -D_REENTRANT -Iinclude -Iinclude -DJEMALLOC_NO_PRIVATE_NAMESPACE -o src/malloc_io.sym.o src/malloc_io.c
[INFO] [stderr]   cc -std=gnu11 -Wall -Wextra -Wsign-compare -Wundef -Wno-format-zero-length -Wpointer-arith -Wno-missing-braces -Wno-missing-field-initializers -Wno-missing-attributes -pipe -g3 -fvisibility=hidden -Wimplicit-fallthrough -O3 -funroll-loops -O0 -ffunction-sections -fdata-sections -fPIC -g -gdwarf-4 -fno-omit-frame-pointer -m64 -Wall -c -O0 -ffunction-sections -fdata-sections -fPIC -g -gdwarf-4 -fno-omit-frame-pointer -m64 -Wall -D_GNU_SOURCE -D_REENTRANT -Iinclude -Iinclude -DJEMALLOC_NO_PRIVATE_NAMESPACE -o src/mutex.sym.o src/mutex.c
[INFO] [stderr]   cc -std=gnu11 -Wall -Wextra -Wsign-compare -Wundef -Wno-format-zero-length -Wpointer-arith -Wno-missing-braces -Wno-missing-field-initializers -Wno-missing-attributes -pipe -g3 -fvisibility=hidden -Wimplicit-fallthrough -O3 -funroll-loops -O0 -ffunction-sections -fdata-sections -fPIC -g -gdwarf-4 -fno-omit-frame-pointer -m64 -Wall -c -O0 -ffunction-sections -fdata-sections -fPIC -g -gdwarf-4 -fno-omit-frame-pointer -m64 -Wall -D_GNU_SOURCE -D_REENTRANT -Iinclude -Iinclude -DJEMALLOC_NO_PRIVATE_NAMESPACE -o src/nstime.sym.o src/nstime.c
[INFO] [stderr]   cc -std=gnu11 -Wall -Wextra -Wsign-compare -Wundef -Wno-format-zero-length -Wpointer-arith -Wno-missing-braces -Wno-missing-field-initializers -Wno-missing-attributes -pipe -g3 -fvisibility=hidden -Wimplicit-fallthrough -O3 -funroll-loops -O0 -ffunction-sections -fdata-sections -fPIC -g -gdwarf-4 -fno-omit-frame-pointer -m64 -Wall -c -O0 -ffunction-sections -fdata-sections -fPIC -g -gdwarf-4 -fno-omit-frame-pointer -m64 -Wall -D_GNU_SOURCE -D_REENTRANT -Iinclude -Iinclude -DJEMALLOC_NO_PRIVATE_NAMESPACE -o src/pa.sym.o src/pa.c
[INFO] [stderr]   cc -std=gnu11 -Wall -Wextra -Wsign-compare -Wundef -Wno-format-zero-length -Wpointer-arith -Wno-missing-braces -Wno-missing-field-initializers -Wno-missing-attributes -pipe -g3 -fvisibility=hidden -Wimplicit-fallthrough -O3 -funroll-loops -O0 -ffunction-sections -fdata-sections -fPIC -g -gdwarf-4 -fno-omit-frame-pointer -m64 -Wall -c -O0 -ffunction-sections -fdata-sections -fPIC -g -gdwarf-4 -fno-omit-frame-pointer -m64 -Wall -D_GNU_SOURCE -D_REENTRANT -Iinclude -Iinclude -DJEMALLOC_NO_PRIVATE_NAMESPACE -o src/pa_extra.sym.o src/pa_extra.c
[INFO] [stderr]   cc -std=gnu11 -Wall -Wextra -Wsign-compare -Wundef -Wno-format-zero-length -Wpointer-arith -Wno-missing-braces -Wno-missing-field-initializers -Wno-missing-attributes -pipe -g3 -fvisibility=hidden -Wimplicit-fallthrough -O3 -funroll-loops -O0 -ffunction-sections -fdata-sections -fPIC -g -gdwarf-4 -fno-omit-frame-pointer -m64 -Wall -c -O0 -ffunction-sections -fdata-sections -fPIC -g -gdwarf-4 -fno-omit-frame-pointer -m64 -Wall -D_GNU_SOURCE -D_REENTRANT -Iinclude -Iinclude -DJEMALLOC_NO_PRIVATE_NAMESPACE -o src/pai.sym.o src/pai.c
[INFO] [stderr] 
[INFO] [stderr]   --- stderr
[INFO] [stderr]   Assembler messages:
[INFO] [stderr]   {standard input}:120133: Warning: end of file not at end of a line; newline inserted
[INFO] [stderr]   {standard input}: Error: open CFI at the end of file; missing .cfi_endproc directive
[INFO] [stderr]   cc: fatal error: Killed signal terminated program cc1
[INFO] [stderr]   compilation terminated.
[INFO] [stderr]   make: *** [Makefile:479: src/jemalloc.sym.o] Error 1
[INFO] [stderr]   make: *** Waiting for unfinished jobs....
[INFO] [stderr] 
[INFO] [stderr]   thread 'main' (2558) panicked at /opt/rustwide/cargo-home/registry/src/index.crates.io-1949cf8c6b5b557f/tikv-jemalloc-sys-0.6.1+5.3.0-1-ge13ca993e8ccb9ba9847cc330696e02839f328f7/build.rs:411:9:
[INFO] [stderr]   command did not execute successfully: cd "/opt/rustwide/target/debug/build/tikv-jemalloc-sys/b38849c5a908e24a/out/build" && MAKEFLAGS="-j --jobserver-fds=4,5 --jobserver-auth=4,5" "make"
[INFO] [stderr]   expected success, got: exit status: 2
[INFO] [stderr]   stack backtrace:
[INFO] [stderr]      0:     0x62b75ff77341 - std[3164a59e47d3bde]::backtrace_rs::backtrace::libunwind::trace
[INFO] [stderr]                                  at /rustc/3154cc1a3e6424e44f438a95007d043ed5ceaaf6/library/std/src/../../backtrace/src/backtrace/libunwind.rs:117:9
[INFO] [stderr]      1:     0x62b75ff77341 - std[3164a59e47d3bde]::backtrace_rs::backtrace::trace_unsynchronized::<std[3164a59e47d3bde]::sys::backtrace::_print_fmt::{closure#1}>
[INFO] [stderr]                                  at /rustc/3154cc1a3e6424e44f438a95007d043ed5ceaaf6/library/std/src/../../backtrace/src/backtrace/mod.rs:66:14
[INFO] [stderr]      2:     0x62b75ff77341 - std[3164a59e47d3bde]::sys::backtrace::_print_fmt
[INFO] [stderr]                                  at /rustc/3154cc1a3e6424e44f438a95007d043ed5ceaaf6/library/std/src/sys/backtrace.rs:74:9
[INFO] [stderr]      3:     0x62b75ff77341 - <<std[3164a59e47d3bde]::sys::backtrace::BacktraceLock>::print::DisplayBacktrace as core[934024a1e6126fb4]::fmt::Display>::fmt
[INFO] [stderr]                                  at /rustc/3154cc1a3e6424e44f438a95007d043ed5ceaaf6/library/std/src/sys/backtrace.rs:44:26
[INFO] [stderr]      4:     0x62b75ff8cf7a - <core[934024a1e6126fb4]::fmt::rt::Argument>::fmt
[INFO] [stderr]                                  at /rustc/3154cc1a3e6424e44f438a95007d043ed5ceaaf6/library/core/src/fmt/rt.rs:152:76
[INFO] [stderr]      5:     0x62b75ff8cf7a - core[934024a1e6126fb4]::fmt::write
[INFO] [stderr]      6:     0x62b75ff7d9fc - core[934024a1e6126fb4]::io::write::default_write_fmt::<std[3164a59e47d3bde]::sys::stdio::unix::Stderr>
[INFO] [stderr]                                  at /rustc/3154cc1a3e6424e44f438a95007d043ed5ceaaf6/library/core/src/io/write.rs:402:11
[INFO] [stderr]      7:     0x62b75ff7d9fc - <std[3164a59e47d3bde]::sys::stdio::unix::Stderr as core[934024a1e6126fb4]::io::write::Write>::write_fmt
[INFO] [stderr]                                  at /rustc/3154cc1a3e6424e44f438a95007d043ed5ceaaf6/library/core/src/io/write.rs:335:13
[INFO] [stderr]      8:     0x62b75ff500d6 - <std[3164a59e47d3bde]::sys::backtrace::BacktraceLock>::print
[INFO] [stderr]                                  at /rustc/3154cc1a3e6424e44f438a95007d043ed5ceaaf6/library/std/src/sys/backtrace.rs:47:9
[INFO] [stderr]      9:     0x62b75ff500d6 - std[3164a59e47d3bde]::panicking::default_hook::{closure#0}
[INFO] [stderr]                                  at /rustc/3154cc1a3e6424e44f438a95007d043ed5ceaaf6/library/std/src/panicking.rs:289:27
[INFO] [stderr]     10:     0x62b75ff6e2b1 - std[3164a59e47d3bde]::panicking::default_hook
[INFO] [stderr]                                  at /rustc/3154cc1a3e6424e44f438a95007d043ed5ceaaf6/library/std/src/panicking.rs:316:9
[INFO] [stderr]     11:     0x62b75ff6e46b - std[3164a59e47d3bde]::panicking::panic_with_hook
[INFO] [stderr]                                  at /rustc/3154cc1a3e6424e44f438a95007d043ed5ceaaf6/library/std/src/panicking.rs:811:13
[INFO] [stderr]     12:     0x62b75ff50182 - std[3164a59e47d3bde]::panicking::panic_handler::{closure#0}
[INFO] [stderr]                                  at /rustc/3154cc1a3e6424e44f438a95007d043ed5ceaaf6/library/std/src/panicking.rs:685:13
[INFO] [stderr]     13:     0x62b75ff48c69 - std[3164a59e47d3bde]::sys::backtrace::__rust_end_short_backtrace::<std[3164a59e47d3bde]::panicking::panic_handler::{closure#0}, !>
[INFO] [stderr]                                  at /rustc/3154cc1a3e6424e44f438a95007d043ed5ceaaf6/library/std/src/sys/backtrace.rs:182:18
[INFO] [stderr]     14:     0x62b75ff50e6d - __rustc[2e7b49d4226056d3]::rust_begin_unwind
[INFO] [stderr]                                  at /rustc/3154cc1a3e6424e44f438a95007d043ed5ceaaf6/library/std/src/panicking.rs:676:5
[INFO] [stderr]     15:     0x62b75ff8d76c - core[934024a1e6126fb4]::panicking::panic_fmt
[INFO] [stderr]                                  at /rustc/3154cc1a3e6424e44f438a95007d043ed5ceaaf6/library/core/src/panicking.rs:80:14
[INFO] [stderr]     16:     0x62b75fea802f - build_script_build[4ce641b498f89dca]::execute::<build_script_build[4ce641b498f89dca]::run::{closure#0}>
[INFO] [stderr]     17:     0x62b75feabf0e - build_script_build[4ce641b498f89dca]::run
[INFO] [stderr]     18:     0x62b75feaf62f - build_script_build[4ce641b498f89dca]::main
[INFO] [stderr]     19:     0x62b75feb24c3 - <fn() as core[934024a1e6126fb4]::ops::function::FnOnce<()>>::call_once
[INFO] [stderr]     20:     0x62b75feaa47e - std[3164a59e47d3bde]::sys::backtrace::__rust_begin_short_backtrace::<fn(), ()>
[INFO] [stderr]     21:     0x62b75feaaa79 - std[3164a59e47d3bde]::rt::lang_start::<()>::{closure#0}
[INFO] [stderr]     22:     0x62b75ff6d5b8 - <&dyn core[934024a1e6126fb4]::ops::function::Fn<(), Output = i32> + core[934024a1e6126fb4]::marker::Sync + core[934024a1e6126fb4]::panic::unwind_safe::RefUnwindSafe as core[934024a1e6126fb4]::ops::function::FnOnce<()>>::call_once
[INFO] [stderr]                                  at /rustc/3154cc1a3e6424e44f438a95007d043ed5ceaaf6/library/core/src/ops/function.rs:287:21
[INFO] [stderr]     23:     0x62b75ff6d5b8 - std[3164a59e47d3bde]::panicking::catch_unwind::do_call::<&dyn core[934024a1e6126fb4]::ops::function::Fn<(), Output = i32> + core[934024a1e6126fb4]::marker::Sync + core[934024a1e6126fb4]::panic::unwind_safe::RefUnwindSafe, i32>
[INFO] [stderr]                                  at /rustc/3154cc1a3e6424e44f438a95007d043ed5ceaaf6/library/std/src/panicking.rs:573:43
[INFO] [stderr]     24:     0x62b75ff6d5b8 - std[3164a59e47d3bde]::panicking::catch_unwind::<i32, &dyn core[934024a1e6126fb4]::ops::function::Fn<(), Output = i32> + core[934024a1e6126fb4]::marker::Sync + core[934024a1e6126fb4]::panic::unwind_safe::RefUnwindSafe>
[INFO] [stderr]                                  at /rustc/3154cc1a3e6424e44f438a95007d043ed5ceaaf6/library/std/src/panicking.rs:541:19
[INFO] [stderr]     25:     0x62b75ff6d5b8 - std[3164a59e47d3bde]::panic::catch_unwind::<&dyn core[934024a1e6126fb4]::ops::function::Fn<(), Output = i32> + core[934024a1e6126fb4]::marker::Sync + core[934024a1e6126fb4]::panic::unwind_safe::RefUnwindSafe, i32>
[INFO] [stderr]                                  at /rustc/3154cc1a3e6424e44f438a95007d043ed5ceaaf6/library/std/src/panic.rs:359:14
[INFO] [stderr]     26:     0x62b75ff6d5b8 - std[3164a59e47d3bde]::rt::lang_start_internal::{closure#0}
[INFO] [stderr]                                  at /rustc/3154cc1a3e6424e44f438a95007d043ed5ceaaf6/library/std/src/rt.rs:175:24
[INFO] [stderr]     27:     0x62b75ff6d5b8 - std[3164a59e47d3bde]::panicking::catch_unwind::do_call::<std[3164a59e47d3bde]::rt::lang_start_internal::{closure#0}, isize>
[INFO] [stderr]                                  at /rustc/3154cc1a3e6424e44f438a95007d043ed5ceaaf6/library/std/src/panicking.rs:573:43
[INFO] [stderr]     28:     0x62b75ff6d5b8 - std[3164a59e47d3bde]::panicking::catch_unwind::<isize, std[3164a59e47d3bde]::rt::lang_start_internal::{closure#0}>
[INFO] [stderr]                                  at /rustc/3154cc1a3e6424e44f438a95007d043ed5ceaaf6/library/std/src/panicking.rs:541:19
[INFO] [stderr]     29:     0x62b75ff6d5b8 - std[3164a59e47d3bde]::panic::catch_unwind::<std[3164a59e47d3bde]::rt::lang_start_internal::{closure#0}, isize>
[INFO] [stderr]                                  at /rustc/3154cc1a3e6424e44f438a95007d043ed5ceaaf6/library/std/src/panic.rs:359:14
[INFO] [stderr]     30:     0x62b75ff6d5b8 - std[3164a59e47d3bde]::rt::lang_start_internal
[INFO] [stderr]                                  at /rustc/3154cc1a3e6424e44f438a95007d043ed5ceaaf6/library/std/src/rt.rs:171:5
[INFO] [stderr]     31:     0x62b75feaa471 - std[3164a59e47d3bde]::rt::lang_start::<()>
[INFO] [stderr]     32:     0x62b75feb2535 - main
[INFO] [stderr]     33:     0x7637c5fb6601 - <unknown>
[INFO] [stderr]     34:     0x7637c5fb6718 - __libc_start_main
[INFO] [stderr]     35:     0x62b75fea7135 - _start
[INFO] [stderr]     36:                0x0 - <unknown>
[INFO] running `Command { std: "docker" "inspect" "322849d60515e0776fae043ec52071f4fa045c5cb8922c2da0ece6fb23c5b624", kill_on_drop: false }`
[INFO] running `Command { std: "docker" "rm" "-f" "322849d60515e0776fae043ec52071f4fa045c5cb8922c2da0ece6fb23c5b624", kill_on_drop: false }`
[INFO] [stdout] 322849d60515e0776fae043ec52071f4fa045c5cb8922c2da0ece6fb23c5b624
