[INFO] cloning repository https://github.com/captain-rays/remoteAI
[INFO] running `Command { std: "git" "-c" "credential.helper=" "-c" "credential.helper=/workspace/cargo-home/bin/git-credential-null" "clone" "--bare" "https://github.com/captain-rays/remoteAI" "/workspace/cache/git-repos/https%3A%2F%2Fgithub.com%2Fcaptain-rays%2FremoteAI", kill_on_drop: false }`
[INFO] [stderr] Cloning into bare repository '/workspace/cache/git-repos/https%3A%2F%2Fgithub.com%2Fcaptain-rays%2FremoteAI'...
[INFO] running `Command { std: "git" "rev-parse" "HEAD", kill_on_drop: false }`
[INFO] [stdout] d3c9f5e4a874c8f4c4791b052167727bdd177d62
[INFO] checking captain-rays/remoteAI against 3154cc1a3e6424e44f438a95007d043ed5ceaaf6 for pr-133502-30
[INFO] running `Command { std: "git" "clone" "/workspace/cache/git-repos/https%3A%2F%2Fgithub.com%2Fcaptain-rays%2FremoteAI" "/workspace/builds/worker-6-tc2/source", kill_on_drop: false }`
[INFO] [stderr] Cloning into '/workspace/builds/worker-6-tc2/source'...
[INFO] [stderr] done.
[INFO] removed /workspace/builds/worker-6-tc2/source/rust-toolchain.toml
[INFO] started tweaking git repo https://github.com/captain-rays/remoteAI
[INFO] finished tweaking git repo https://github.com/captain-rays/remoteAI
[INFO] tweaked toml for git repo https://github.com/captain-rays/remoteAI written to /workspace/builds/worker-6-tc2/source/Cargo.toml
[INFO] validating manifest of git repo https://github.com/captain-rays/remoteAI on toolchain 3154cc1a3e6424e44f438a95007d043ed5ceaaf6
[INFO] running `Command { std: CARGO_HOME="/workspace/cargo-home" RUSTUP_HOME="/workspace/rustup-home" "/workspace/cargo-home/bin/cargo" "+3154cc1a3e6424e44f438a95007d043ed5ceaaf6" "metadata" "--manifest-path" "Cargo.toml" "--no-deps", kill_on_drop: false }`
[INFO] crate git repo https://github.com/captain-rays/remoteAI already has a lockfile, it will not be regenerated
[INFO] running `Command { std: CARGO_HOME="/workspace/cargo-home" RUSTUP_HOME="/workspace/rustup-home" "/workspace/cargo-home/bin/cargo" "+3154cc1a3e6424e44f438a95007d043ed5ceaaf6" "fetch" "--manifest-path" "Cargo.toml", kill_on_drop: false }`
[INFO] running `Command { std: "docker" "create" "-v" "/var/lib/crater-agent-workspace/builds/worker-6-tc2/source:/opt/rustwide/workdir:ro,Z" "-v" "/var/lib/crater-agent-workspace/builds/worker-6-tc2/target:/opt/rustwide/target:rw,Z" "-v" "/var/lib/crater-agent-workspace/cargo-home:/opt/rustwide/cargo-home:ro,Z" "-v" "/var/lib/crater-agent-workspace/rustup-home:/opt/rustwide/rustup-home:ro,Z" "-m" "1610612736" "--network" "none" "ghcr.io/rust-lang/crates-build-env/linux@sha256:77db811e55d90add9212f6832c23229e3de5f1c1f9905e8cb07319ea15df73ac" "sleep" "infinity", kill_on_drop: false }`
[INFO] [stdout] aff2a8143fd7833aa9ab77522ccc8528c8e3d26ae95daf7cdccda685e9b24f77
[INFO] running `Command { std: "docker" "start" "aff2a8143fd7833aa9ab77522ccc8528c8e3d26ae95daf7cdccda685e9b24f77", kill_on_drop: false }`
[INFO] running `Command { std: "docker" "inspect" "aff2a8143fd7833aa9ab77522ccc8528c8e3d26ae95daf7cdccda685e9b24f77", kill_on_drop: false }`
[INFO] running `Command { std: "docker" "exec" "-e" "SOURCE_DIR=/opt/rustwide/workdir" "-e" "CARGO_HOME=/opt/rustwide/cargo-home" "-e" "RUSTUP_HOME=/opt/rustwide/rustup-home" "-e" "CARGO_TARGET_DIR=/opt/rustwide/target" "-w" "/opt/rustwide/workdir" "--user" "0:0" "aff2a8143fd7833aa9ab77522ccc8528c8e3d26ae95daf7cdccda685e9b24f77" "/opt/rustwide/cargo-home/bin/cargo" "+3154cc1a3e6424e44f438a95007d043ed5ceaaf6" "metadata" "--no-deps" "--format-version=1", kill_on_drop: false }`
[INFO] running `Command { std: "docker" "inspect" "aff2a8143fd7833aa9ab77522ccc8528c8e3d26ae95daf7cdccda685e9b24f77", kill_on_drop: false }`
[INFO] running `Command { std: "docker" "exec" "-e" "SOURCE_DIR=/opt/rustwide/workdir" "-e" "CARGO_HOME=/opt/rustwide/cargo-home" "-e" "RUSTUP_HOME=/opt/rustwide/rustup-home" "-e" "CARGO_TARGET_DIR=/opt/rustwide/target" "-e" "CARGO_INCREMENTAL=0" "-e" "RUST_BACKTRACE=full" "-e" "RUSTFLAGS=--cap-lints=forbid" "-e" "RUSTDOCFLAGS=--cap-lints=forbid" "-w" "/opt/rustwide/workdir" "--user" "0:0" "aff2a8143fd7833aa9ab77522ccc8528c8e3d26ae95daf7cdccda685e9b24f77" "/opt/rustwide/cargo-home/bin/cargo" "+3154cc1a3e6424e44f438a95007d043ed5ceaaf6" "check" "--frozen" "--all" "--all-targets" "--message-format=json", kill_on_drop: false }`
[INFO] [stderr]    Compiling generic-array v0.14.9
[INFO] [stderr]     Checking smallvec v1.16.0
[INFO] [stderr]     Checking futures-sink v0.3.34
[INFO] [stderr]    Compiling synstructure v0.13.2
[INFO] [stderr]    Compiling zeroize_derive v1.5.0
[INFO] [stderr]    Compiling tracing-attributes v0.1.31
[INFO] [stderr]    Compiling thiserror-impl v2.0.20
[INFO] [stderr]    Compiling tokio-macros v2.7.2
[INFO] [stderr]     Checking socket2 v0.6.5
[INFO] [stderr]     Checking mio v1.2.3
[INFO] [stderr]    Compiling libsqlite3-sys v0.30.1
[INFO] [stderr]    Compiling futures-macro v0.3.34
[INFO] [stderr]    Compiling parking_lot_core v0.9.12
[INFO] [stderr]    Compiling serde v1.0.229
[INFO] [stderr]    Compiling parking_lot v0.12.5
[INFO] [stderr]    Compiling crossbeam-utils v0.8.22
[INFO] [stderr]     Checking futures-channel v0.3.34
[INFO] [stderr]     Checking ff v0.13.1
[INFO] [stderr]    Compiling tokio v1.53.1
[INFO] [stderr]     Checking zeroize v1.9.0
[INFO] [stderr]    Compiling uuid v1.26.0
[INFO] [stderr]    Compiling serde_json v1.0.151
[INFO] [stderr]    Compiling futures-intrusive v0.5.0
[INFO] [stderr]    Compiling crypto-common v0.1.6
[INFO] [stderr]    Compiling block-buffer v0.10.4
[INFO] [stderr]     Checking der v0.7.10
[INFO] [stderr]     Checking group v0.13.0
[INFO] [stderr]     Checking rand_chacha v0.9.0
[INFO] [stderr]     Checking futures-util v0.3.34
[INFO] [stderr]    Compiling digest v0.10.7
[INFO] [stderr]    Compiling either v1.18.0
[INFO] [stderr]    Compiling zerofrom-derive v0.1.7
[INFO] [stderr]    Compiling yoke-derive v0.8.2
[INFO] [stderr]    Compiling crossbeam-queue v0.3.13
[INFO] [stderr]    Compiling serde_urlencoded v0.7.1
[INFO] [stderr]    Compiling nix v0.28.0
[INFO] [stderr]    Compiling sha2 v0.10.9
[INFO] [stderr]     Checking chrono v0.4.45
[INFO] [stderr]     Checking rand v0.9.5
[INFO] [stderr]     Checking crypto-bigint v0.5.5
[INFO] [stderr]     Checking inout v0.1.4
[INFO] [stderr]     Checking tracing v0.1.44
[INFO] [stderr]     Checking thiserror v2.0.20
[INFO] [stderr]     Checking cipher v0.4.4
[INFO] [stderr]     Checking hmac v0.12.1
[INFO] [stderr]     Checking hkdf v0.12.4
[INFO] [stderr]     Checking sha1 v0.10.7
[INFO] [stderr]     Checking universal-hash v0.5.1
[INFO] [stderr]    Compiling thiserror-impl v1.0.69
[INFO] [stderr]     Checking core-foundation-sys v0.8.7
[INFO] [stderr]     Checking data-encoding v2.11.1
[INFO] [stderr]     Checking spki v0.7.3
[INFO] [stderr]     Checking tungstenite v0.29.0
[INFO] [stderr]     Checking polyval v0.6.2
[INFO] [stderr]     Checking flume v0.11.1
[INFO] [stderr]     Checking rfc6979 v0.4.0
[INFO] [stderr]     Checking pkcs8 v0.10.2
[INFO] [stderr]     Checking signature v2.2.0
[INFO] [stderr]     Checking axum-core v0.5.6
[INFO] [stderr]     Checking ghash v0.5.1
[INFO] [stderr]    Compiling zerofrom v0.1.8
[INFO] [stderr]     Checking sec1 v0.7.3
[INFO] [stderr]     Checking core-foundation v0.10.1
[INFO] [stderr]     Checking security-framework-sys v2.17.0
[INFO] [stderr]     Checking ctr v0.9.2
[INFO] [stderr]     Checking yoke v0.8.3
[INFO] [stderr]     Checking aes v0.8.4
[INFO] [stderr]     Checking aead v0.5.2
[INFO] [stderr]     Checking zerovec v0.11.8
[INFO] [stderr]     Checking zerotrie v0.2.5
[INFO] [stderr]     Checking serial2 v0.2.38
[INFO] [stderr]     Checking shell-words v1.1.1
[INFO] [stderr]     Checking security-framework v3.7.0
[INFO] [stderr]     Checking aes-gcm v0.10.3
[INFO] [stderr]    Compiling async-trait v0.1.92
[INFO] [stderr]     Checking tempfile v3.27.0
[INFO] [stderr]     Checking thiserror v1.0.69
[INFO] [stderr]     Checking filedescriptor v0.8.3
[INFO] [stderr]     Checking tinystr v0.8.4
[INFO] [stderr]     Checking potential_utf v0.1.6
[INFO] [stderr]     Checking elliptic-curve v0.13.8
[INFO] [stderr]     Checking icu_locale_core v2.3.0
[INFO] [stderr]     Checking icu_collections v2.3.0
[INFO] [stderr]     Checking portable-pty v0.9.0
[INFO] [stderr]     Checking primeorder v0.13.6
[INFO] [stderr]     Checking ecdsa v0.16.9
[INFO] [stderr]     Checking p256 v0.13.2
[INFO] [stderr]     Checking futures-executor v0.3.34
[INFO] [stderr]     Checking icu_provider v2.3.1
[INFO] [stderr]     Checking icu_normalizer v2.3.0
[INFO] [stderr]     Checking icu_properties v2.3.0
[INFO] [stderr]    Compiling tokio-stream v0.1.19
[INFO] [stderr]     Checking idna_adapter v1.2.2
[INFO] [stderr]     Checking hyper v1.11.1
[INFO] [stderr]     Checking tower v0.5.3
[INFO] [stderr]     Checking tokio-tungstenite v0.29.0
[INFO] [stderr]     Checking idna v1.1.0
[INFO] [stderr]     Checking url v2.5.8
[INFO] [stderr]     Checking hyper-util v0.1.20
[INFO] [stderr]     Checking axum v0.8.9
[INFO] [stderr]     Checking sqlx-core v0.8.6
[INFO] [stderr]     Checking sqlx-sqlite v0.8.6
[INFO] [stderr]    Compiling sqlx-macros-core v0.8.6
[INFO] [stderr]    Compiling sqlx-macros v0.8.6
[INFO] [stderr]     Checking sqlx v0.8.6
[INFO] [stderr]     Checking remote-ai-agent v0.1.0 (/opt/rustwide/workdir/agent)
[INFO] [stdout] error[E0433]: cannot find `passwords` in `security_framework`
[INFO] [stdout]    --> agent/src/credentials.rs:114:35
[INFO] [stdout]     |
[INFO] [stdout] 114 |         match security_framework::passwords::get_generic_password(service, account) {
[INFO] [stdout]     |                                   ^^^^^^^^^ could not find `passwords` in `security_framework`
[INFO] [stdout] 
[INFO] [stdout] 
[INFO] [stdout] error[E0433]: cannot find `passwords` in `security_framework`
[INFO] [stdout]    --> agent/src/credentials.rs:114:35
[INFO] [stdout]     |
[INFO] [stdout] 114 |         match security_framework::passwords::get_generic_password(service, account) {
[INFO] [stdout]     |                                   ^^^^^^^^^ could not find `passwords` in `security_framework`
[INFO] [stdout] 
[INFO] [stdout] 
[INFO] [stdout] error[E0433]: cannot find `passwords` in `security_framework`
[INFO] [stdout]    --> agent/src/credentials.rs:123:29
[INFO] [stdout]     |
[INFO] [stdout] 123 |         security_framework::passwords::set_generic_password(service, account, secret)?;
[INFO] [stdout]     |                             ^^^^^^^^^ could not find `passwords` in `security_framework`
[INFO] [stdout] 
[INFO] [stdout] 
[INFO] [stdout] error[E0433]: cannot find `passwords` in `security_framework`
[INFO] [stdout]    --> agent/src/credentials.rs:123:29
[INFO] [stdout]     |
[INFO] [stdout] 123 |         security_framework::passwords::set_generic_password(service, account, secret)?;
[INFO] [stdout]     |                             ^^^^^^^^^ could not find `passwords` in `security_framework`
[INFO] [stdout] 
[INFO] [stdout] 
[INFO] [stdout] error[E0433]: cannot find `passwords` in `security_framework`
[INFO] [stdout]    --> agent/src/credentials.rs:128:35
[INFO] [stdout]     |
[INFO] [stdout] 128 |         match security_framework::passwords::delete_generic_password(service, account) {
[INFO] [stdout]     |                                   ^^^^^^^^^ could not find `passwords` in `security_framework`
[INFO] [stdout] 
[INFO] [stdout] 
[INFO] [stdout] error[E0433]: cannot find `passwords` in `security_framework`
[INFO] [stdout]    --> agent/src/credentials.rs:128:35
[INFO] [stdout]     |
[INFO] [stdout] 128 |         match security_framework::passwords::delete_generic_password(service, account) {
[INFO] [stdout]     |                                   ^^^^^^^^^ could not find `passwords` in `security_framework`
[INFO] [stdout] 
[INFO] [stdout] 
[INFO] [stdout] For more information about this error, try `rustc --explain E0433`.
[INFO] [stdout] 
[INFO] [stderr] error: could not compile `remote-ai-agent` (lib test) due to 3 previous errors
[INFO] [stderr] warning: build failed, waiting for other jobs to finish...
[INFO] [stdout] For more information about this error, try `rustc --explain E0433`.
[INFO] [stdout] 
[INFO] [stderr] error: could not compile `remote-ai-agent` (lib) due to 3 previous errors
[INFO] running `Command { std: "docker" "inspect" "aff2a8143fd7833aa9ab77522ccc8528c8e3d26ae95daf7cdccda685e9b24f77", kill_on_drop: false }`
[INFO] running `Command { std: "docker" "rm" "-f" "aff2a8143fd7833aa9ab77522ccc8528c8e3d26ae95daf7cdccda685e9b24f77", kill_on_drop: false }`
[INFO] [stdout] aff2a8143fd7833aa9ab77522ccc8528c8e3d26ae95daf7cdccda685e9b24f77
