[INFO] cloning repository https://github.com/canszz/CornerPin
[INFO] running `Command { std: "git" "-c" "credential.helper=" "-c" "credential.helper=/workspace/cargo-home/bin/git-credential-null" "clone" "--bare" "https://github.com/canszz/CornerPin" "/workspace/cache/git-repos/https%3A%2F%2Fgithub.com%2Fcanszz%2FCornerPin", kill_on_drop: false }`
[INFO] [stderr] Cloning into bare repository '/workspace/cache/git-repos/https%3A%2F%2Fgithub.com%2Fcanszz%2FCornerPin'...
[INFO] running `Command { std: "git" "rev-parse" "HEAD", kill_on_drop: false }`
[INFO] [stdout] 1013db748ed92215505c13e8fadb01b07cfe198e
[INFO] checking canszz/CornerPin against 3154cc1a3e6424e44f438a95007d043ed5ceaaf6 for pr-133502-30
[INFO] running `Command { std: "git" "clone" "/workspace/cache/git-repos/https%3A%2F%2Fgithub.com%2Fcanszz%2FCornerPin" "/workspace/builds/worker-5-tc2/source", kill_on_drop: false }`
[INFO] [stderr] Cloning into '/workspace/builds/worker-5-tc2/source'...
[INFO] [stderr] done.
[INFO] removed /workspace/builds/worker-5-tc2/source/.cargo/config.toml
[INFO] started tweaking git repo https://github.com/canszz/CornerPin
[INFO] finished tweaking git repo https://github.com/canszz/CornerPin
[INFO] tweaked toml for git repo https://github.com/canszz/CornerPin written to /workspace/builds/worker-5-tc2/source/Cargo.toml
[INFO] validating manifest of git repo https://github.com/canszz/CornerPin on toolchain 3154cc1a3e6424e44f438a95007d043ed5ceaaf6
[INFO] running `Command { std: CARGO_HOME="/workspace/cargo-home" RUSTUP_HOME="/workspace/rustup-home" "/workspace/cargo-home/bin/cargo" "+3154cc1a3e6424e44f438a95007d043ed5ceaaf6" "metadata" "--manifest-path" "Cargo.toml" "--no-deps", kill_on_drop: false }`
[INFO] crate git repo https://github.com/canszz/CornerPin already has a lockfile, it will not be regenerated
[INFO] running `Command { std: CARGO_HOME="/workspace/cargo-home" RUSTUP_HOME="/workspace/rustup-home" "/workspace/cargo-home/bin/cargo" "+3154cc1a3e6424e44f438a95007d043ed5ceaaf6" "fetch" "--manifest-path" "Cargo.toml", kill_on_drop: false }`
[INFO] running `Command { std: "docker" "create" "-v" "/var/lib/crater-agent-workspace/builds/worker-5-tc2/source:/opt/rustwide/workdir:ro,Z" "-v" "/var/lib/crater-agent-workspace/builds/worker-5-tc2/target:/opt/rustwide/target:rw,Z" "-v" "/var/lib/crater-agent-workspace/cargo-home:/opt/rustwide/cargo-home:ro,Z" "-v" "/var/lib/crater-agent-workspace/rustup-home:/opt/rustwide/rustup-home:ro,Z" "-m" "1610612736" "--network" "none" "ghcr.io/rust-lang/crates-build-env/linux@sha256:77db811e55d90add9212f6832c23229e3de5f1c1f9905e8cb07319ea15df73ac" "sleep" "infinity", kill_on_drop: false }`
[INFO] [stdout] b07482cd1a4ac093af9b7165f1ee71cad2560e5142e1020a9f83801390a53fbb
[INFO] running `Command { std: "docker" "start" "b07482cd1a4ac093af9b7165f1ee71cad2560e5142e1020a9f83801390a53fbb", kill_on_drop: false }`
[INFO] running `Command { std: "docker" "inspect" "b07482cd1a4ac093af9b7165f1ee71cad2560e5142e1020a9f83801390a53fbb", kill_on_drop: false }`
[INFO] running `Command { std: "docker" "exec" "-e" "SOURCE_DIR=/opt/rustwide/workdir" "-e" "CARGO_HOME=/opt/rustwide/cargo-home" "-e" "RUSTUP_HOME=/opt/rustwide/rustup-home" "-e" "CARGO_TARGET_DIR=/opt/rustwide/target" "-w" "/opt/rustwide/workdir" "--user" "0:0" "b07482cd1a4ac093af9b7165f1ee71cad2560e5142e1020a9f83801390a53fbb" "/opt/rustwide/cargo-home/bin/cargo" "+3154cc1a3e6424e44f438a95007d043ed5ceaaf6" "metadata" "--no-deps" "--format-version=1", kill_on_drop: false }`
[INFO] running `Command { std: "docker" "inspect" "b07482cd1a4ac093af9b7165f1ee71cad2560e5142e1020a9f83801390a53fbb", kill_on_drop: false }`
[INFO] running `Command { std: "docker" "exec" "-e" "SOURCE_DIR=/opt/rustwide/workdir" "-e" "CARGO_HOME=/opt/rustwide/cargo-home" "-e" "RUSTUP_HOME=/opt/rustwide/rustup-home" "-e" "CARGO_TARGET_DIR=/opt/rustwide/target" "-e" "CARGO_INCREMENTAL=0" "-e" "RUST_BACKTRACE=full" "-e" "RUSTFLAGS=--cap-lints=forbid" "-e" "RUSTDOCFLAGS=--cap-lints=forbid" "-w" "/opt/rustwide/workdir" "--user" "0:0" "b07482cd1a4ac093af9b7165f1ee71cad2560e5142e1020a9f83801390a53fbb" "/opt/rustwide/cargo-home/bin/cargo" "+3154cc1a3e6424e44f438a95007d043ed5ceaaf6" "check" "--frozen" "--all" "--all-targets" "--message-format=json", kill_on_drop: false }`
[INFO] [stderr]    Compiling proc-macro2 v1.0.107
[INFO] [stderr]    Compiling quote v1.0.47
[INFO] [stderr]    Compiling winapi v0.3.9
[INFO] [stderr]     Checking memchr v2.8.3
[INFO] [stderr]     Checking serde_json v1.0.151
[INFO] [stderr]    Compiling syn v3.0.3
[INFO] [stderr]    Compiling serde_derive v1.0.229
[INFO] [stderr]     Checking serde v1.0.229
[INFO] [stderr]     Checking cornerpin v1.2.0 (/opt/rustwide/workdir)
[INFO] [stdout] error[E0433]: cannot find `shared` in `winapi`
[INFO] [stdout]   --> src/main.rs:12:13
[INFO] [stdout]    |
[INFO] [stdout] 12 | use winapi::shared::minwindef::{BOOL, DWORD, HKEY, LPARAM, LRESULT, TRUE, UINT, WPARAM};
[INFO] [stdout]    |             ^^^^^^ could not find `shared` in `winapi`
[INFO] [stdout] 
[INFO] [stdout] 
[INFO] [stdout] error[E0433]: cannot find `shared` in `winapi`
[INFO] [stdout]   --> src/main.rs:13:13
[INFO] [stdout]    |
[INFO] [stdout] 13 | use winapi::shared::windef::{HICON, HMONITOR, HWND, POINT, RECT};
[INFO] [stdout]    |             ^^^^^^ could not find `shared` in `winapi`
[INFO] [stdout] 
[INFO] [stdout] 
[INFO] [stdout] error[E0433]: cannot find `shared` in `winapi`
[INFO] [stdout]   --> src/main.rs:14:13
[INFO] [stdout]    |
[INFO] [stdout] 14 | use winapi::shared::winerror::ERROR_ALREADY_EXISTS;
[INFO] [stdout]    |             ^^^^^^ could not find `shared` in `winapi`
[INFO] [stdout] 
[INFO] [stdout] 
[INFO] [stdout] error[E0433]: cannot find `um` in `winapi`
[INFO] [stdout]   --> src/main.rs:15:13
[INFO] [stdout]    |
[INFO] [stdout] 15 | use winapi::um::errhandlingapi::GetLastError;
[INFO] [stdout]    |             ^^ could not find `um` in `winapi`
[INFO] [stdout] 
[INFO] [stdout] 
[INFO] [stdout] error[E0433]: cannot find `um` in `winapi`
[INFO] [stdout]   --> src/main.rs:16:13
[INFO] [stdout]    |
[INFO] [stdout] 16 | use winapi::um::handleapi::CloseHandle;
[INFO] [stdout]    |             ^^ could not find `um` in `winapi`
[INFO] [stdout] 
[INFO] [stdout] 
[INFO] [stdout] error[E0433]: cannot find `um` in `winapi`
[INFO] [stdout]   --> src/main.rs:17:13
[INFO] [stdout]    |
[INFO] [stdout] 17 | use winapi::um::libloaderapi::{GetModuleFileNameW, GetModuleHandleW};
[INFO] [stdout]    |             ^^ could not find `um` in `winapi`
[INFO] [stdout] 
[INFO] [stdout] 
[INFO] [stdout] error[E0433]: cannot find `um` in `winapi`
[INFO] [stdout]   --> src/main.rs:18:13
[INFO] [stdout]    |
[INFO] [stdout] 18 | use winapi::um::shellapi::{
[INFO] [stdout]    |             ^^ could not find `um` in `winapi`
[INFO] [stdout] 
[INFO] [stdout] 
[INFO] [stdout] error[E0433]: cannot find `um` in `winapi`
[INFO] [stdout]   --> src/main.rs:23:13
[INFO] [stdout]    |
[INFO] [stdout] 23 | use winapi::um::synchapi::CreateMutexW;
[INFO] [stdout]    |             ^^ could not find `um` in `winapi`
[INFO] [stdout] 
[INFO] [stdout] 
[INFO] [stdout] error[E0433]: cannot find `um` in `winapi`
[INFO] [stdout]   --> src/main.rs:24:13
[INFO] [stdout]    |
[INFO] [stdout] 24 | use winapi::um::winreg::{
[INFO] [stdout]    |             ^^ could not find `um` in `winapi`
[INFO] [stdout] 
[INFO] [stdout] 
[INFO] [stdout] error[E0433]: cannot find `um` in `winapi`
[INFO] [stdout]   --> src/main.rs:27:13
[INFO] [stdout]    |
[INFO] [stdout] 27 | use winapi::um::winnt::{KEY_SET_VALUE, REG_SZ};
[INFO] [stdout]    |             ^^ could not find `um` in `winapi`
[INFO] [stdout] 
[INFO] [stdout] 
[INFO] [stdout] error[E0433]: cannot find `um` in `winapi`
[INFO] [stdout]   --> src/main.rs:28:13
[INFO] [stdout]    |
[INFO] [stdout] 28 | use winapi::um::winuser::*;
[INFO] [stdout]    |             ^^ could not find `um` in `winapi`
[INFO] [stdout] 
[INFO] [stdout] 
[INFO] [stdout] error[E0433]: cannot find `shared` in `winapi`
[INFO] [stdout]   --> src/main.rs:12:13
[INFO] [stdout]    |
[INFO] [stdout] 12 | use winapi::shared::minwindef::{BOOL, DWORD, HKEY, LPARAM, LRESULT, TRUE, UINT, WPARAM};
[INFO] [stdout]    |             ^^^^^^ could not find `shared` in `winapi`
[INFO] [stdout] 
[INFO] [stdout] 
[INFO] [stdout] error[E0433]: cannot find `shared` in `winapi`
[INFO] [stdout]   --> src/main.rs:13:13
[INFO] [stdout]    |
[INFO] [stdout] 13 | use winapi::shared::windef::{HICON, HMONITOR, HWND, POINT, RECT};
[INFO] [stdout]    |             ^^^^^^ could not find `shared` in `winapi`
[INFO] [stdout] 
[INFO] [stdout] 
[INFO] [stdout] error[E0433]: cannot find `shared` in `winapi`
[INFO] [stdout]   --> src/main.rs:14:13
[INFO] [stdout]    |
[INFO] [stdout] 14 | use winapi::shared::winerror::ERROR_ALREADY_EXISTS;
[INFO] [stdout]    |             ^^^^^^ could not find `shared` in `winapi`
[INFO] [stdout] 
[INFO] [stdout] 
[INFO] [stdout] error[E0433]: cannot find `um` in `winapi`
[INFO] [stdout]   --> src/main.rs:15:13
[INFO] [stdout]    |
[INFO] [stdout] 15 | use winapi::um::errhandlingapi::GetLastError;
[INFO] [stdout]    |             ^^ could not find `um` in `winapi`
[INFO] [stdout] 
[INFO] [stdout] 
[INFO] [stdout] error[E0433]: cannot find `um` in `winapi`
[INFO] [stdout]   --> src/main.rs:16:13
[INFO] [stdout]    |
[INFO] [stdout] 16 | use winapi::um::handleapi::CloseHandle;
[INFO] [stdout]    |             ^^ could not find `um` in `winapi`
[INFO] [stdout] 
[INFO] [stdout] 
[INFO] [stdout] error[E0433]: cannot find `um` in `winapi`
[INFO] [stdout]   --> src/main.rs:17:13
[INFO] [stdout]    |
[INFO] [stdout] 17 | use winapi::um::libloaderapi::{GetModuleFileNameW, GetModuleHandleW};
[INFO] [stdout]    |             ^^ could not find `um` in `winapi`
[INFO] [stdout] 
[INFO] [stdout] 
[INFO] [stdout] error[E0433]: cannot find `um` in `winapi`
[INFO] [stdout]   --> src/main.rs:18:13
[INFO] [stdout]    |
[INFO] [stdout] 18 | use winapi::um::shellapi::{
[INFO] [stdout]    |             ^^ could not find `um` in `winapi`
[INFO] [stdout] 
[INFO] [stdout] 
[INFO] [stdout] error[E0433]: cannot find `um` in `winapi`
[INFO] [stdout]   --> src/main.rs:23:13
[INFO] [stdout]    |
[INFO] [stdout] 23 | use winapi::um::synchapi::CreateMutexW;
[INFO] [stdout]    |             ^^ could not find `um` in `winapi`
[INFO] [stdout] 
[INFO] [stdout] 
[INFO] [stdout] error[E0433]: cannot find `um` in `winapi`
[INFO] [stdout]   --> src/main.rs:24:13
[INFO] [stdout]    |
[INFO] [stdout] 24 | use winapi::um::winreg::{
[INFO] [stdout]    |             ^^ could not find `um` in `winapi`
[INFO] [stdout] 
[INFO] [stdout] 
[INFO] [stdout] error[E0433]: cannot find `um` in `winapi`
[INFO] [stdout]   --> src/main.rs:27:13
[INFO] [stdout]    |
[INFO] [stdout] 27 | use winapi::um::winnt::{KEY_SET_VALUE, REG_SZ};
[INFO] [stdout]    |             ^^ could not find `um` in `winapi`
[INFO] [stdout] 
[INFO] [stdout] 
[INFO] [stdout] error[E0433]: cannot find `um` in `winapi`
[INFO] [stdout]   --> src/main.rs:28:13
[INFO] [stdout]    |
[INFO] [stdout] 28 | use winapi::um::winuser::*;
[INFO] [stdout]    |             ^^ could not find `um` in `winapi`
[INFO] [stdout] 
[INFO] [stdout] 
[INFO] [stdout] error[E0425]: cannot find value `WM_APP` in this scope
[INFO] [stdout]   --> src/main.rs:30:23
[INFO] [stdout]    |
[INFO] [stdout] 30 | const WM_TRAY: UINT = WM_APP + 1;
[INFO] [stdout]    |                       ^^^^^^ not found in this scope
[INFO] [stdout] 
[INFO] [stdout] 
[INFO] [stdout] error[E0425]: cannot find value `WM_APP` in this scope
[INFO] [stdout]   --> src/main.rs:31:22
[INFO] [stdout]    |
[INFO] [stdout] 31 | const WM_BAR: UINT = WM_APP + 2;
[INFO] [stdout]    |                      ^^^^^^ not found in this scope
[INFO] [stdout] 
[INFO] [stdout] 
[INFO] [stdout] error[E0425]: cannot find value `MF_CHECKED` in this scope
[INFO] [stdout]    --> src/main.rs:105:9
[INFO] [stdout]     |
[INFO] [stdout] 105 |         MF_CHECKED
[INFO] [stdout]     |         ^^^^^^^^^^ not found in this scope
[INFO] [stdout] 
[INFO] [stdout] 
[INFO] [stdout] error[E0425]: cannot find value `GWL_EXSTYLE` in this scope
[INFO] [stdout]    --> src/main.rs:128:40
[INFO] [stdout]     |
[INFO] [stdout] 128 |             let ex = GetWindowLongW(h, GWL_EXSTYLE);
[INFO] [stdout]     |                                        ^^^^^^^^^^^ not found in this scope
[INFO] [stdout] 
[INFO] [stdout] 
[INFO] [stdout] error[E0425]: cannot find value `WS_EX_TOOLWINDOW` in this scope
[INFO] [stdout]    --> src/main.rs:129:22
[INFO] [stdout]     |
[INFO] [stdout] 129 |             if ex & (WS_EX_TOOLWINDOW as i32) == 0 {
[INFO] [stdout]     |                      ^^^^^^^^^^^^^^^^ not found in this scope
[INFO] [stdout] 
[INFO] [stdout] 
[INFO] [stdout] error[E0425]: cannot find type `MONITORINFO` in this scope
[INFO] [stdout]    --> src/main.rs:184:17
[INFO] [stdout]     |
[INFO] [stdout] 184 |     let mut mi: MONITORINFO = zeroed();
[INFO] [stdout]     |                 ^^^^^^^^^^^ not found in this scope
[INFO] [stdout] 
[INFO] [stdout] 
[INFO] [stdout] error[E0425]: cannot find type `MONITORINFO` in this scope
[INFO] [stdout]    --> src/main.rs:185:27
[INFO] [stdout]     |
[INFO] [stdout] 185 |     mi.cbSize = size_of::<MONITORINFO>() as DWORD;
[INFO] [stdout]     |                           ^^^^^^^^^^^ not found in this scope
[INFO] [stdout]     |
[INFO] [stdout] help: you might be missing a type parameter
[INFO] [stdout]     |
[INFO] [stdout] 183 | unsafe fn appbar_ensure<MONITORINFO>(st: &mut State, mon: HMONITOR, width: i32) -> RECT {
[INFO] [stdout]     |                        +++++++++++++
[INFO] [stdout] 
[INFO] [stdout] 
[INFO] [stdout] error[E0425]: cannot find value `HWND_TOPMOST` in this scope
[INFO] [stdout]    --> src/main.rs:226:9
[INFO] [stdout]     |
[INFO] [stdout] 226 |         HWND_TOPMOST,
[INFO] [stdout]     |         ^^^^^^^^^^^^ not found in this scope
[INFO] [stdout]     |
[INFO] [stdout] note: similarly named constant `ID_TOPMOST` defined here
[INFO] [stdout]    --> src/main.rs:38:1
[INFO] [stdout]     |
[INFO] [stdout]  38 | const ID_TOPMOST: usize = 1401;
[INFO] [stdout]     | ^^^^^^^^^^^^^^^^^^^^^^^^^^^^^^^
[INFO] [stdout] help: a constant with a similar name exists
[INFO] [stdout]     |
[INFO] [stdout] 226 -         HWND_TOPMOST,
[INFO] [stdout] 226 +         ID_TOPMOST,
[INFO] [stdout]     |
[INFO] [stdout] 
[INFO] [stdout] 
[INFO] [stdout] error[E0425]: cannot find value `SWP_NOACTIVATE` in this scope
[INFO] [stdout]    --> src/main.rs:231:9
[INFO] [stdout]     |
[INFO] [stdout] 231 |         SWP_NOACTIVATE | SWP_SHOWWINDOW,
[INFO] [stdout]     |         ^^^^^^^^^^^^^^ not found in this scope
[INFO] [stdout] 
[INFO] [stdout] 
[INFO] [stdout] error[E0425]: cannot find value `SWP_SHOWWINDOW` in this scope
[INFO] [stdout]    --> src/main.rs:231:26
[INFO] [stdout]     |
[INFO] [stdout] 231 |         SWP_NOACTIVATE | SWP_SHOWWINDOW,
[INFO] [stdout]     |                          ^^^^^^^^^^^^^^ not found in this scope
[INFO] [stdout] 
[INFO] [stdout] 
[INFO] [stdout] error[E0425]: cannot find value `SW_HIDE` in this scope
[INFO] [stdout]    --> src/main.rs:247:28
[INFO] [stdout]     |
[INFO] [stdout] 247 |         ShowWindow(st.bar, SW_HIDE);
[INFO] [stdout]     |                            ^^^^^^^ not found in this scope
[INFO] [stdout] 
[INFO] [stdout] 
[INFO] [stdout] error[E0425]: cannot find value `SW_RESTORE` in this scope
[INFO] [stdout]    --> src/main.rs:273:35
[INFO] [stdout]     |
[INFO] [stdout] 273 |             ShowWindow(st.target, SW_RESTORE);
[INFO] [stdout]     |                                   ^^^^^^^^^^ not found in this scope
[INFO] [stdout] 
[INFO] [stdout] 
[INFO] [stdout] error[E0425]: cannot find value `SW_RESTORE` in this scope
[INFO] [stdout]    --> src/main.rs:276:35
[INFO] [stdout]     |
[INFO] [stdout] 276 |             ShowWindow(st.target, SW_RESTORE);
[INFO] [stdout]     |                                   ^^^^^^^^^^ not found in this scope
[INFO] [stdout] 
[INFO] [stdout] 
[INFO] [stdout] error[E0425]: cannot find value `MONITOR_DEFAULTTONEAREST` in this scope
[INFO] [stdout]    --> src/main.rs:292:48
[INFO] [stdout]     |
[INFO] [stdout] 292 |         let mon = MonitorFromWindow(st.target, MONITOR_DEFAULTTONEAREST);
[INFO] [stdout]     |                                                ^^^^^^^^^^^^^^^^^^^^^^^^ not found in this scope
[INFO] [stdout] 
[INFO] [stdout] 
[INFO] [stdout] error[E0425]: cannot find value `GWL_EXSTYLE` in this scope
[INFO] [stdout]    --> src/main.rs:298:44
[INFO] [stdout]     |
[INFO] [stdout] 298 |         let ex = GetWindowLongW(st.target, GWL_EXSTYLE);
[INFO] [stdout]     |                                            ^^^^^^^^^^^ not found in this scope
[INFO] [stdout] 
[INFO] [stdout] 
[INFO] [stdout] error[E0425]: cannot find value `WS_EX_TOPMOST` in this scope
[INFO] [stdout]    --> src/main.rs:299:28
[INFO] [stdout]     |
[INFO] [stdout] 299 |         let is_top = ex & (WS_EX_TOPMOST as i32) != 0;
[INFO] [stdout]     |                            ^^^^^^^^^^^^^ not found in this scope
[INFO] [stdout] 
[INFO] [stdout] 
[INFO] [stdout] error[E0425]: cannot find value `HWND_TOPMOST` in this scope
[INFO] [stdout]    --> src/main.rs:309:31
[INFO] [stdout]     |
[INFO] [stdout] 309 |                 if want_top { HWND_TOPMOST } else { HWND_NOTOPMOST },
[INFO] [stdout]     |                               ^^^^^^^^^^^^ not found in this scope
[INFO] [stdout]     |
[INFO] [stdout] note: similarly named constant `ID_TOPMOST` defined here
[INFO] [stdout]    --> src/main.rs:38:1
[INFO] [stdout]     |
[INFO] [stdout]  38 | const ID_TOPMOST: usize = 1401;
[INFO] [stdout]     | ^^^^^^^^^^^^^^^^^^^^^^^^^^^^^^^
[INFO] [stdout] help: a constant with a similar name exists
[INFO] [stdout]     |
[INFO] [stdout] 309 -                 if want_top { HWND_TOPMOST } else { HWND_NOTOPMOST },
[INFO] [stdout] 309 +                 if want_top { ID_TOPMOST } else { HWND_NOTOPMOST },
[INFO] [stdout]     |
[INFO] [stdout] 
[INFO] [stdout] 
[INFO] [stdout] error[E0425]: cannot find value `HWND_NOTOPMOST` in this scope
[INFO] [stdout]    --> src/main.rs:309:53
[INFO] [stdout]     |
[INFO] [stdout] 309 |                 if want_top { HWND_TOPMOST } else { HWND_NOTOPMOST },
[INFO] [stdout]     |                                                     ^^^^^^^^^^^^^^ not found in this scope
[INFO] [stdout] 
[INFO] [stdout] 
[INFO] [stdout] error[E0425]: cannot find value `SWP_NOACTIVATE` in this scope
[INFO] [stdout]    --> src/main.rs:314:17
[INFO] [stdout]     |
[INFO] [stdout] 314 |                 SWP_NOACTIVATE | SWP_NOOWNERZORDER | SWP_SHOWWINDOW,
[INFO] [stdout]     |                 ^^^^^^^^^^^^^^ not found in this scope
[INFO] [stdout] 
[INFO] [stdout] 
[INFO] [stdout] error[E0425]: cannot find value `SWP_NOOWNERZORDER` in this scope
[INFO] [stdout]    --> src/main.rs:314:34
[INFO] [stdout]     |
[INFO] [stdout] 314 |                 SWP_NOACTIVATE | SWP_NOOWNERZORDER | SWP_SHOWWINDOW,
[INFO] [stdout]     |                                  ^^^^^^^^^^^^^^^^^ not found in this scope
[INFO] [stdout] 
[INFO] [stdout] 
[INFO] [stdout] error[E0425]: cannot find value `SWP_SHOWWINDOW` in this scope
[INFO] [stdout]    --> src/main.rs:314:54
[INFO] [stdout]     |
[INFO] [stdout] 314 |                 SWP_NOACTIVATE | SWP_NOOWNERZORDER | SWP_SHOWWINDOW,
[INFO] [stdout]     |                                                      ^^^^^^^^^^^^^^ not found in this scope
[INFO] [stdout] 
[INFO] [stdout] 
[INFO] [stdout] error[E0425]: cannot find value `MF_STRING` in this scope
[INFO] [stdout]    --> src/main.rs:345:13
[INFO] [stdout]     |
[INFO] [stdout] 345 |             MF_STRING | checked(auto_checked),
[INFO] [stdout]     |             ^^^^^^^^^ not found in this scope
[INFO] [stdout] 
[INFO] [stdout] 
[INFO] [stdout] error[E0425]: cannot find value `MF_SEPARATOR` in this scope
[INFO] [stdout]    --> src/main.rs:349:27
[INFO] [stdout]     |
[INFO] [stdout] 349 |         AppendMenuW(mwin, MF_SEPARATOR, 0, ptr::null());
[INFO] [stdout]     |                           ^^^^^^^^^^^^ not found in this scope
[INFO] [stdout] 
[INFO] [stdout] 
[INFO] [stdout] error[E0425]: cannot find value `MF_STRING` in this scope
[INFO] [stdout]    --> src/main.rs:360:17
[INFO] [stdout]     |
[INFO] [stdout] 360 |                 MF_STRING | checked(t.to_lowercase() == cur),
[INFO] [stdout]     |                 ^^^^^^^^^ not found in this scope
[INFO] [stdout] 
[INFO] [stdout] 
[INFO] [stdout] error[E0425]: cannot find value `MF_POPUP` in this scope
[INFO] [stdout]    --> src/main.rs:365:27
[INFO] [stdout]     |
[INFO] [stdout] 365 |         AppendMenuW(menu, MF_POPUP, mwin as usize, wide("Pencere").as_ptr());
[INFO] [stdout]     |                           ^^^^^^^^ not found in this scope
[INFO] [stdout] 
[INFO] [stdout] 
[INFO] [stdout] error[E0425]: cannot find value `MF_STRING` in this scope
[INFO] [stdout]    --> src/main.rs:371:17
[INFO] [stdout]     |
[INFO] [stdout] 371 |                 MF_STRING | checked(st.settings.edge == i),
[INFO] [stdout]     |                 ^^^^^^^^^ not found in this scope
[INFO] [stdout] 
[INFO] [stdout] 
[INFO] [stdout] error[E0425]: cannot find value `MF_POPUP` in this scope
[INFO] [stdout]    --> src/main.rs:376:27
[INFO] [stdout]     |
[INFO] [stdout] 376 |         AppendMenuW(menu, MF_POPUP, medge as usize, wide("Kenar").as_ptr());
[INFO] [stdout]     |                           ^^^^^^^^ not found in this scope
[INFO] [stdout] 
[INFO] [stdout] 
[INFO] [stdout] error[E0425]: cannot find value `MF_STRING` in this scope
[INFO] [stdout]    --> src/main.rs:382:17
[INFO] [stdout]     |
[INFO] [stdout] 382 |                 MF_STRING | checked(st.settings.width_mode == i),
[INFO] [stdout]     |                 ^^^^^^^^^ not found in this scope
[INFO] [stdout] 
[INFO] [stdout] 
[INFO] [stdout] error[E0425]: cannot find value `MF_POPUP` in this scope
[INFO] [stdout]    --> src/main.rs:387:27
[INFO] [stdout]     |
[INFO] [stdout] 387 |         AppendMenuW(menu, MF_POPUP, mwidth as usize, wide("Genişlik").as_ptr());
[INFO] [stdout]     |                           ^^^^^^^^ not found in this scope
[INFO] [stdout] 
[INFO] [stdout] 
[INFO] [stdout] error[E0425]: cannot find value `MF_SEPARATOR` in this scope
[INFO] [stdout]    --> src/main.rs:389:27
[INFO] [stdout]     |
[INFO] [stdout] 389 |         AppendMenuW(menu, MF_SEPARATOR, 0, ptr::null());
[INFO] [stdout]     |                           ^^^^^^^^^^^^ not found in this scope
[INFO] [stdout] 
[INFO] [stdout] 
[INFO] [stdout] error[E0425]: cannot find value `MF_STRING` in this scope
[INFO] [stdout]    --> src/main.rs:392:13
[INFO] [stdout]     |
[INFO] [stdout] 392 |             MF_STRING | checked(st.settings.top_most),
[INFO] [stdout]     |             ^^^^^^^^^ not found in this scope
[INFO] [stdout] 
[INFO] [stdout] 
[INFO] [stdout] error[E0425]: cannot find value `MF_STRING` in this scope
[INFO] [stdout]    --> src/main.rs:398:13
[INFO] [stdout]     |
[INFO] [stdout] 398 |             MF_STRING | checked(st.settings.run_at_startup),
[INFO] [stdout]     |             ^^^^^^^^^ not found in this scope
[INFO] [stdout] 
[INFO] [stdout] 
[INFO] [stdout] error[E0425]: cannot find value `MF_SEPARATOR` in this scope
[INFO] [stdout]    --> src/main.rs:402:27
[INFO] [stdout]     |
[INFO] [stdout] 402 |         AppendMenuW(menu, MF_SEPARATOR, 0, ptr::null());
[INFO] [stdout]     |                           ^^^^^^^^^^^^ not found in this scope
[INFO] [stdout] 
[INFO] [stdout] 
[INFO] [stdout] error[E0425]: cannot find value `MF_STRING` in this scope
[INFO] [stdout]    --> src/main.rs:403:27
[INFO] [stdout]     |
[INFO] [stdout] 403 |         AppendMenuW(menu, MF_STRING, ID_PINNOW, wide("Şimdi Sabitle").as_ptr());
[INFO] [stdout]     |                           ^^^^^^^^^ not found in this scope
[INFO] [stdout] 
[INFO] [stdout] 
[INFO] [stdout] error[E0425]: cannot find value `MF_STRING` in this scope
[INFO] [stdout]    --> src/main.rs:404:27
[INFO] [stdout]     |
[INFO] [stdout] 404 |         AppendMenuW(menu, MF_STRING, ID_EXIT, wide("Çıkış").as_ptr());
[INFO] [stdout]     |                           ^^^^^^^^^ not found in this scope
[INFO] [stdout] 
[INFO] [stdout] 
[INFO] [stdout] error[E0425]: cannot find value `TPM_RETURNCMD` in this scope
[INFO] [stdout]    --> src/main.rs:412:9
[INFO] [stdout]     |
[INFO] [stdout] 412 |         TPM_RETURNCMD | TPM_NONOTIFY | TPM_RIGHTBUTTON,
[INFO] [stdout]     |         ^^^^^^^^^^^^^ not found in this scope
[INFO] [stdout] 
[INFO] [stdout] 
[INFO] [stdout] error[E0425]: cannot find value `TPM_NONOTIFY` in this scope
[INFO] [stdout]    --> src/main.rs:412:25
[INFO] [stdout]     |
[INFO] [stdout] 412 |         TPM_RETURNCMD | TPM_NONOTIFY | TPM_RIGHTBUTTON,
[INFO] [stdout]     |                         ^^^^^^^^^^^^ not found in this scope
[INFO] [stdout] 
[INFO] [stdout] 
[INFO] [stdout] error[E0425]: cannot find value `TPM_RIGHTBUTTON` in this scope
[INFO] [stdout]    --> src/main.rs:412:40
[INFO] [stdout]     |
[INFO] [stdout] 412 |         TPM_RETURNCMD | TPM_NONOTIFY | TPM_RIGHTBUTTON,
[INFO] [stdout]     |                                        ^^^^^^^^^^^^^^^ not found in this scope
[INFO] [stdout] 
[INFO] [stdout] 
[INFO] [stdout] error[E0425]: cannot find value `WM_NULL` in this scope
[INFO] [stdout]    --> src/main.rs:419:24
[INFO] [stdout]     |
[INFO] [stdout] 419 |     PostMessageW(hwnd, WM_NULL, 0, 0);
[INFO] [stdout]     |                        ^^^^^^^ not found in this scope
[INFO] [stdout] 
[INFO] [stdout] 
[INFO] [stdout] error[E0425]: cannot find value `IDI_APPLICATION` in this scope
[INFO] [stdout]    --> src/main.rs:558:36
[INFO] [stdout]     |
[INFO] [stdout] 558 |         LoadIconW(ptr::null_mut(), IDI_APPLICATION)
[INFO] [stdout]     |                                    ^^^^^^^^^^^^^^^ not found in this scope
[INFO] [stdout] 
[INFO] [stdout] 
[INFO] [stdout] error[E0425]: cannot find value `HTTRANSPARENT` in this scope
[INFO] [stdout]    --> src/main.rs:568:25
[INFO] [stdout]     |
[INFO] [stdout] 568 |         WM_NCHITTEST => HTTRANSPARENT as LRESULT,
[INFO] [stdout]     |                         ^^^^^^^^^^^^^ not found in this scope
[INFO] [stdout] 
[INFO] [stdout] 
[INFO] [stdout] error[E0425]: cannot find type `PAINTSTRUCT` in this scope
[INFO] [stdout]    --> src/main.rs:571:25
[INFO] [stdout]     |
[INFO] [stdout] 571 |             let mut ps: PAINTSTRUCT = zeroed();
[INFO] [stdout]     |                         ^^^^^^^^^^^ not found in this scope
[INFO] [stdout] 
[INFO] [stdout] 
[INFO] [stdout] error[E0425]: cannot find value `WM_RBUTTONUP` in this scope
[INFO] [stdout]    --> src/main.rs:607:22
[INFO] [stdout]     |
[INFO] [stdout] 607 |             if ev == WM_RBUTTONUP {
[INFO] [stdout]     |                      ^^^^^^^^^^^^ not found in this scope
[INFO] [stdout] 
[INFO] [stdout] 
[INFO] [stdout] error[E0425]: cannot find value `WM_LBUTTONDBLCLK` in this scope
[INFO] [stdout]    --> src/main.rs:609:29
[INFO] [stdout]     |
[INFO] [stdout] 609 |             } else if ev == WM_LBUTTONDBLCLK {
[INFO] [stdout]     |                             ^^^^^^^^^^^^^^^^ not found in this scope
[INFO] [stdout] 
[INFO] [stdout] 
[INFO] [stdout] error[E0425]: cannot find value `MB_OK` in this scope
[INFO] [stdout]    --> src/main.rs:644:17
[INFO] [stdout]     |
[INFO] [stdout] 644 |                 MB_OK | MB_ICONINFORMATION,
[INFO] [stdout]     |                 ^^^^^ not found in this scope
[INFO] [stdout] 
[INFO] [stdout] 
[INFO] [stdout] error[E0425]: cannot find value `MB_ICONINFORMATION` in this scope
[INFO] [stdout]    --> src/main.rs:644:25
[INFO] [stdout]     |
[INFO] [stdout] 644 |                 MB_OK | MB_ICONINFORMATION,
[INFO] [stdout]     |                         ^^^^^^^^^^^^^^^^^^ not found in this scope
[INFO] [stdout] 
[INFO] [stdout] 
[INFO] [stdout] error[E0422]: cannot find struct, variant or union type `WNDCLASSW` in this scope
[INFO] [stdout]    --> src/main.rs:654:19
[INFO] [stdout]     |
[INFO] [stdout] 654 |         let wnd = WNDCLASSW {
[INFO] [stdout]     |                   ^^^^^^^^^ not found in this scope
[INFO] [stdout] 
[INFO] [stdout] 
[INFO] [stdout] error[E0422]: cannot find struct, variant or union type `WNDCLASSW` in this scope
[INFO] [stdout]    --> src/main.rs:681:20
[INFO] [stdout]     |
[INFO] [stdout] 681 |         let bwnd = WNDCLASSW {
[INFO] [stdout]     |                    ^^^^^^^^^ not found in this scope
[INFO] [stdout] 
[INFO] [stdout] 
[INFO] [stdout] error[E0425]: cannot find value `WS_EX_TOOLWINDOW` in this scope
[INFO] [stdout]    --> src/main.rs:689:13
[INFO] [stdout]     |
[INFO] [stdout] 689 |             WS_EX_TOOLWINDOW | WS_EX_NOACTIVATE,
[INFO] [stdout]     |             ^^^^^^^^^^^^^^^^ not found in this scope
[INFO] [stdout] 
[INFO] [stdout] 
[INFO] [stdout] error[E0425]: cannot find value `WS_EX_NOACTIVATE` in this scope
[INFO] [stdout]    --> src/main.rs:689:32
[INFO] [stdout]     |
[INFO] [stdout] 689 |             WS_EX_TOOLWINDOW | WS_EX_NOACTIVATE,
[INFO] [stdout]     |                                ^^^^^^^^^^^^^^^^ not found in this scope
[INFO] [stdout] 
[INFO] [stdout] 
[INFO] [stdout] error[E0425]: cannot find value `WS_POPUP` in this scope
[INFO] [stdout]    --> src/main.rs:692:13
[INFO] [stdout]     |
[INFO] [stdout] 692 |             WS_POPUP,
[INFO] [stdout]     |             ^^^^^^^^ not found in this scope
[INFO] [stdout] 
[INFO] [stdout] 
[INFO] [stdout] error[E0425]: cannot find type `MSG` in this scope
[INFO] [stdout]    --> src/main.rs:737:22
[INFO] [stdout]     |
[INFO] [stdout] 737 |         let mut msg: MSG = zeroed();
[INFO] [stdout]     |                      ^^^ not found in this scope
[INFO] [stdout] 
[INFO] [stdout] 
[INFO] [stdout] error[E0425]: cannot find function, tuple struct or tuple variant `GetWindowTextW` in this scope
[INFO] [stdout]    --> src/main.rs:117:13
[INFO] [stdout]     |
[INFO] [stdout] 117 |     let n = GetWindowTextW(h, buf.as_mut_ptr(), 256);
[INFO] [stdout]     |             ^^^^^^^^^^^^^^ not found in this scope
[INFO] [stdout] 
[INFO] [stdout] 
[INFO] [stdout] error[E0425]: cannot find function, tuple struct or tuple variant `EnumWindows` in this scope
[INFO] [stdout]    --> src/main.rs:139:5
[INFO] [stdout]     |
[INFO] [stdout] 139 |     EnumWindows(Some(cb), &mut v as *mut _ as LPARAM);
[INFO] [stdout]     |     ^^^^^^^^^^^ not found in this scope
[INFO] [stdout] 
[INFO] [stdout] 
[INFO] [stdout] error[E0425]: cannot find function, tuple struct or tuple variant `IsWindowVisible` in this scope
[INFO] [stdout]    --> src/main.rs:127:12
[INFO] [stdout]     |
[INFO] [stdout] 127 |         if IsWindowVisible(h) != 0 {
[INFO] [stdout]     |            ^^^^^^^^^^^^^^^ not found in this scope
[INFO] [stdout] 
[INFO] [stdout] 
[INFO] [stdout] error[E0425]: cannot find function, tuple struct or tuple variant `GetWindowLongW` in this scope
[INFO] [stdout]    --> src/main.rs:128:22
[INFO] [stdout]     |
[INFO] [stdout] 128 |             let ex = GetWindowLongW(h, GWL_EXSTYLE);
[INFO] [stdout]     |                      ^^^^^^^^^^^^^^ not found in this scope
[INFO] [stdout] 
[INFO] [stdout] 
[INFO] [stdout] error[E0425]: cannot find function, tuple struct or tuple variant `GetMonitorInfoW` in this scope
[INFO] [stdout]    --> src/main.rs:186:5
[INFO] [stdout]     |
[INFO] [stdout] 186 |     GetMonitorInfoW(mon, &mut mi);
[INFO] [stdout]     |     ^^^^^^^^^^^^^^^ not found in this scope
[INFO] [stdout] 
[INFO] [stdout] 
[INFO] [stdout] error[E0425]: cannot find function, tuple struct or tuple variant `SetWindowPos` in this scope
[INFO] [stdout]    --> src/main.rs:224:5
[INFO] [stdout]     |
[INFO] [stdout] 224 |     SetWindowPos(
[INFO] [stdout]     |     ^^^^^^^^^^^^ not found in this scope
[INFO] [stdout] 
[INFO] [stdout] 
[INFO] [stdout] error[E0425]: cannot find function, tuple struct or tuple variant `ShowWindow` in this scope
[INFO] [stdout]    --> src/main.rs:247:9
[INFO] [stdout]     |
[INFO] [stdout] 247 |         ShowWindow(st.bar, SW_HIDE);
[INFO] [stdout]     |         ^^^^^^^^^^ not found in this scope
[INFO] [stdout] 
[INFO] [stdout] 
[INFO] [stdout] error[E0425]: cannot find function, tuple struct or tuple variant `IsWindow` in this scope
[INFO] [stdout]    --> src/main.rs:260:35
[INFO] [stdout]     |
[INFO] [stdout] 260 |         if st.target.is_null() || IsWindow(st.target) == 0 {
[INFO] [stdout]     |                                   ^^^^^^^^ not found in this scope
[INFO] [stdout] 
[INFO] [stdout] 
[INFO] [stdout] error[E0425]: cannot find function, tuple struct or tuple variant `IsIconic` in this scope
[INFO] [stdout]    --> src/main.rs:272:12
[INFO] [stdout]     |
[INFO] [stdout] 272 |         if IsIconic(st.target) != 0 {
[INFO] [stdout]     |            ^^^^^^^^ not found in this scope
[INFO] [stdout] 
[INFO] [stdout] 
[INFO] [stdout] error[E0425]: cannot find function, tuple struct or tuple variant `ShowWindow` in this scope
[INFO] [stdout]    --> src/main.rs:273:13
[INFO] [stdout]     |
[INFO] [stdout] 273 |             ShowWindow(st.target, SW_RESTORE);
[INFO] [stdout]     |             ^^^^^^^^^^ not found in this scope
[INFO] [stdout] 
[INFO] [stdout] 
[INFO] [stdout] error[E0425]: cannot find function, tuple struct or tuple variant `IsZoomed` in this scope
[INFO] [stdout]    --> src/main.rs:275:12
[INFO] [stdout]     |
[INFO] [stdout] 275 |         if IsZoomed(st.target) != 0 {
[INFO] [stdout]     |            ^^^^^^^^ not found in this scope
[INFO] [stdout] 
[INFO] [stdout] 
[INFO] [stdout] error[E0425]: cannot find function, tuple struct or tuple variant `ShowWindow` in this scope
[INFO] [stdout]    --> src/main.rs:276:13
[INFO] [stdout]     |
[INFO] [stdout] 276 |             ShowWindow(st.target, SW_RESTORE);
[INFO] [stdout]     |             ^^^^^^^^^^ not found in this scope
[INFO] [stdout] 
[INFO] [stdout] 
[INFO] [stdout] error[E0425]: cannot find function, tuple struct or tuple variant `GetWindowRect` in this scope
[INFO] [stdout]    --> src/main.rs:285:21
[INFO] [stdout]     |
[INFO] [stdout] 285 |                     GetWindowRect(st.target, &mut r);
[INFO] [stdout]     |                     ^^^^^^^^^^^^^ not found in this scope
[INFO] [stdout] 
[INFO] [stdout] 
[INFO] [stdout] error[E0425]: cannot find function, tuple struct or tuple variant `MonitorFromWindow` in this scope
[INFO] [stdout]    --> src/main.rs:292:19
[INFO] [stdout]     |
[INFO] [stdout] 292 |         let mon = MonitorFromWindow(st.target, MONITOR_DEFAULTTONEAREST);
[INFO] [stdout]     |                   ^^^^^^^^^^^^^^^^^ not found in this scope
[INFO] [stdout] 
[INFO] [stdout] 
[INFO] [stdout] error[E0425]: cannot find function, tuple struct or tuple variant `GetWindowRect` in this scope
[INFO] [stdout]    --> src/main.rs:297:9
[INFO] [stdout]     |
[INFO] [stdout] 297 |         GetWindowRect(st.target, &mut r);
[INFO] [stdout]     |         ^^^^^^^^^^^^^ not found in this scope
[INFO] [stdout] 
[INFO] [stdout] 
[INFO] [stdout] error[E0425]: cannot find function, tuple struct or tuple variant `GetWindowLongW` in this scope
[INFO] [stdout]    --> src/main.rs:298:18
[INFO] [stdout]     |
[INFO] [stdout] 298 |         let ex = GetWindowLongW(st.target, GWL_EXSTYLE);
[INFO] [stdout]     |                  ^^^^^^^^^^^^^^ not found in this scope
[INFO] [stdout] 
[INFO] [stdout] 
[INFO] [stdout] error[E0425]: cannot find function, tuple struct or tuple variant `SetWindowPos` in this scope
[INFO] [stdout]    --> src/main.rs:307:13
[INFO] [stdout]     |
[INFO] [stdout] 307 |             SetWindowPos(
[INFO] [stdout]     |             ^^^^^^^^^^^^ not found in this scope
[INFO] [stdout] 
[INFO] [stdout] 
[INFO] [stdout] error[E0425]: cannot find function, tuple struct or tuple variant `CreatePopupMenu` in this scope
[INFO] [stdout]    --> src/main.rs:333:16
[INFO] [stdout]     |
[INFO] [stdout] 333 |     let menu = CreatePopupMenu();
[INFO] [stdout]     |                ^^^^^^^^^^^^^^^ not found in this scope
[INFO] [stdout] 
[INFO] [stdout] 
[INFO] [stdout] error[E0425]: cannot find function, tuple struct or tuple variant `CreatePopupMenu` in this scope
[INFO] [stdout]    --> src/main.rs:341:20
[INFO] [stdout]     |
[INFO] [stdout] 341 |         let mwin = CreatePopupMenu();
[INFO] [stdout]     |                    ^^^^^^^^^^^^^^^ not found in this scope
[INFO] [stdout] 
[INFO] [stdout] 
[INFO] [stdout] error[E0425]: cannot find function, tuple struct or tuple variant `AppendMenuW` in this scope
[INFO] [stdout]    --> src/main.rs:343:9
[INFO] [stdout]     |
[INFO] [stdout] 343 |         AppendMenuW(
[INFO] [stdout]     |         ^^^^^^^^^^^ not found in this scope
[INFO] [stdout] 
[INFO] [stdout] 
[INFO] [stdout] error[E0425]: cannot find function, tuple struct or tuple variant `AppendMenuW` in this scope
[INFO] [stdout]    --> src/main.rs:349:9
[INFO] [stdout]     |
[INFO] [stdout] 349 |         AppendMenuW(mwin, MF_SEPARATOR, 0, ptr::null());
[INFO] [stdout]     |         ^^^^^^^^^^^ not found in this scope
[INFO] [stdout] 
[INFO] [stdout] 
[INFO] [stdout] error[E0425]: cannot find function, tuple struct or tuple variant `AppendMenuW` in this scope
[INFO] [stdout]    --> src/main.rs:358:13
[INFO] [stdout]     |
[INFO] [stdout] 358 |             AppendMenuW(
[INFO] [stdout]     |             ^^^^^^^^^^^ not found in this scope
[INFO] [stdout] 
[INFO] [stdout] 
[INFO] [stdout] error[E0425]: cannot find function, tuple struct or tuple variant `AppendMenuW` in this scope
[INFO] [stdout]    --> src/main.rs:365:9
[INFO] [stdout]     |
[INFO] [stdout] 365 |         AppendMenuW(menu, MF_POPUP, mwin as usize, wide("Pencere").as_ptr());
[INFO] [stdout]     |         ^^^^^^^^^^^ not found in this scope
[INFO] [stdout] 
[INFO] [stdout] 
[INFO] [stdout] error[E0425]: cannot find function, tuple struct or tuple variant `CreatePopupMenu` in this scope
[INFO] [stdout]    --> src/main.rs:367:21
[INFO] [stdout]     |
[INFO] [stdout] 367 |         let medge = CreatePopupMenu();
[INFO] [stdout]     |                     ^^^^^^^^^^^^^^^ not found in this scope
[INFO] [stdout] 
[INFO] [stdout] 
[INFO] [stdout] error[E0425]: cannot find function, tuple struct or tuple variant `AppendMenuW` in this scope
[INFO] [stdout]    --> src/main.rs:369:13
[INFO] [stdout]     |
[INFO] [stdout] 369 |             AppendMenuW(
[INFO] [stdout]     |             ^^^^^^^^^^^ not found in this scope
[INFO] [stdout] 
[INFO] [stdout] 
[INFO] [stdout] error[E0425]: cannot find function, tuple struct or tuple variant `AppendMenuW` in this scope
[INFO] [stdout]    --> src/main.rs:376:9
[INFO] [stdout]     |
[INFO] [stdout] 376 |         AppendMenuW(menu, MF_POPUP, medge as usize, wide("Kenar").as_ptr());
[INFO] [stdout]     |         ^^^^^^^^^^^ not found in this scope
[INFO] [stdout] 
[INFO] [stdout] 
[INFO] [stdout] error[E0425]: cannot find function, tuple struct or tuple variant `CreatePopupMenu` in this scope
[INFO] [stdout]    --> src/main.rs:378:22
[INFO] [stdout]     |
[INFO] [stdout] 378 |         let mwidth = CreatePopupMenu();
[INFO] [stdout]     |                      ^^^^^^^^^^^^^^^ not found in this scope
[INFO] [stdout] 
[INFO] [stdout] 
[INFO] [stdout] error[E0425]: cannot find function, tuple struct or tuple variant `AppendMenuW` in this scope
[INFO] [stdout]    --> src/main.rs:380:13
[INFO] [stdout]     |
[INFO] [stdout] 380 |             AppendMenuW(
[INFO] [stdout]     |             ^^^^^^^^^^^ not found in this scope
[INFO] [stdout] 
[INFO] [stdout] 
[INFO] [stdout] error[E0425]: cannot find function, tuple struct or tuple variant `AppendMenuW` in this scope
[INFO] [stdout]    --> src/main.rs:387:9
[INFO] [stdout]     |
[INFO] [stdout] 387 |         AppendMenuW(menu, MF_POPUP, mwidth as usize, wide("Genişlik").as_ptr());
[INFO] [stdout]     |         ^^^^^^^^^^^ not found in this scope
[INFO] [stdout] 
[INFO] [stdout] 
[INFO] [stdout] error[E0425]: cannot find function, tuple struct or tuple variant `AppendMenuW` in this scope
[INFO] [stdout]    --> src/main.rs:389:9
[INFO] [stdout]     |
[INFO] [stdout] 389 |         AppendMenuW(menu, MF_SEPARATOR, 0, ptr::null());
[INFO] [stdout]     |         ^^^^^^^^^^^ not found in this scope
[INFO] [stdout] 
[INFO] [stdout] 
[INFO] [stdout] error[E0425]: cannot find function, tuple struct or tuple variant `AppendMenuW` in this scope
[INFO] [stdout]    --> src/main.rs:390:9
[INFO] [stdout]     |
[INFO] [stdout] 390 |         AppendMenuW(
[INFO] [stdout]     |         ^^^^^^^^^^^ not found in this scope
[INFO] [stdout] 
[INFO] [stdout] 
[INFO] [stdout] error[E0425]: cannot find function, tuple struct or tuple variant `AppendMenuW` in this scope
[INFO] [stdout]    --> src/main.rs:396:9
[INFO] [stdout]     |
[INFO] [stdout] 396 |         AppendMenuW(
[INFO] [stdout]     |         ^^^^^^^^^^^ not found in this scope
[INFO] [stdout] 
[INFO] [stdout] 
[INFO] [stdout] error[E0425]: cannot find function, tuple struct or tuple variant `AppendMenuW` in this scope
[INFO] [stdout]    --> src/main.rs:402:9
[INFO] [stdout]     |
[INFO] [stdout] 402 |         AppendMenuW(menu, MF_SEPARATOR, 0, ptr::null());
[INFO] [stdout]     |         ^^^^^^^^^^^ not found in this scope
[INFO] [stdout] 
[INFO] [stdout] 
[INFO] [stdout] error[E0425]: cannot find function, tuple struct or tuple variant `AppendMenuW` in this scope
[INFO] [stdout]    --> src/main.rs:403:9
[INFO] [stdout]     |
[INFO] [stdout] 403 |         AppendMenuW(menu, MF_STRING, ID_PINNOW, wide("Şimdi Sabitle").as_ptr());
[INFO] [stdout]     |         ^^^^^^^^^^^ not found in this scope
[INFO] [stdout] 
[INFO] [stdout] 
[INFO] [stdout] error[E0425]: cannot find function, tuple struct or tuple variant `AppendMenuW` in this scope
[INFO] [stdout]    --> src/main.rs:404:9
[INFO] [stdout]     |
[INFO] [stdout] 404 |         AppendMenuW(menu, MF_STRING, ID_EXIT, wide("Çıkış").as_ptr());
[INFO] [stdout]     |         ^^^^^^^^^^^ not found in this scope
[INFO] [stdout] 
[INFO] [stdout] 
[INFO] [stdout] error[E0425]: cannot find function, tuple struct or tuple variant `GetCursorPos` in this scope
[INFO] [stdout]    --> src/main.rs:408:5
[INFO] [stdout]     |
[INFO] [stdout] 408 |     GetCursorPos(&mut pt);
[INFO] [stdout]     |     ^^^^^^^^^^^^ not found in this scope
[INFO] [stdout] 
[INFO] [stdout] 
[INFO] [stdout] error[E0425]: cannot find function, tuple struct or tuple variant `SetForegroundWindow` in this scope
[INFO] [stdout]    --> src/main.rs:409:5
[INFO] [stdout]     |
[INFO] [stdout] 409 |     SetForegroundWindow(hwnd);
[INFO] [stdout]     |     ^^^^^^^^^^^^^^^^^^^ not found in this scope
[INFO] [stdout] 
[INFO] [stdout] 
[INFO] [stdout] error[E0425]: cannot find function, tuple struct or tuple variant `TrackPopupMenu` in this scope
[INFO] [stdout]    --> src/main.rs:410:15
[INFO] [stdout]     |
[INFO] [stdout] 410 |     let cmd = TrackPopupMenu(
[INFO] [stdout]     |               ^^^^^^^^^^^^^^ not found in this scope
[INFO] [stdout] 
[INFO] [stdout] 
[INFO] [stdout] error[E0425]: cannot find function, tuple struct or tuple variant `PostMessageW` in this scope
[INFO] [stdout]    --> src/main.rs:419:5
[INFO] [stdout]     |
[INFO] [stdout] 419 |     PostMessageW(hwnd, WM_NULL, 0, 0);
[INFO] [stdout]     |     ^^^^^^^^^^^^ not found in this scope
[INFO] [stdout] 
[INFO] [stdout] 
[INFO] [stdout] error[E0425]: cannot find function, tuple struct or tuple variant `DestroyMenu` in this scope
[INFO] [stdout]    --> src/main.rs:420:5
[INFO] [stdout]     |
[INFO] [stdout] 420 |     DestroyMenu(menu);
[INFO] [stdout]     |     ^^^^^^^^^^^ not found in this scope
[INFO] [stdout] 
[INFO] [stdout] 
[INFO] [stdout] error[E0425]: cannot find function, tuple struct or tuple variant `DestroyWindow` in this scope
[INFO] [stdout]    --> src/main.rs:434:9
[INFO] [stdout]     |
[INFO] [stdout] 434 |         DestroyWindow(hwnd);
[INFO] [stdout]     |         ^^^^^^^^^^^^^ not found in this scope
[INFO] [stdout] 
[INFO] [stdout] 
[INFO] [stdout] error[E0425]: cannot find function, tuple struct or tuple variant `CreateIcon` in this scope
[INFO] [stdout]    --> src/main.rs:548:16
[INFO] [stdout]     |
[INFO] [stdout] 548 |     let icon = CreateIcon(
[INFO] [stdout]     |                ^^^^^^^^^^ not found in this scope
[INFO] [stdout] 
[INFO] [stdout] 
[INFO] [stdout] error[E0425]: cannot find function, tuple struct or tuple variant `LoadIconW` in this scope
[INFO] [stdout]    --> src/main.rs:558:9
[INFO] [stdout]     |
[INFO] [stdout] 558 |         LoadIconW(ptr::null_mut(), IDI_APPLICATION)
[INFO] [stdout]     |         ^^^^^^^^^ not found in this scope
[INFO] [stdout] 
[INFO] [stdout] 
[INFO] [stdout] error[E0425]: cannot find function, tuple struct or tuple variant `BeginPaint` in this scope
[INFO] [stdout]    --> src/main.rs:572:13
[INFO] [stdout]     |
[INFO] [stdout] 572 |             BeginPaint(hwnd, &mut ps);
[INFO] [stdout]     |             ^^^^^^^^^^ not found in this scope
[INFO] [stdout] 
[INFO] [stdout] 
[INFO] [stdout] error[E0425]: cannot find function, tuple struct or tuple variant `EndPaint` in this scope
[INFO] [stdout]    --> src/main.rs:573:13
[INFO] [stdout]     |
[INFO] [stdout] 573 |             EndPaint(hwnd, &ps);
[INFO] [stdout]     |             ^^^^^^^^ not found in this scope
[INFO] [stdout] 
[INFO] [stdout] 
[INFO] [stdout] error[E0425]: cannot find function, tuple struct or tuple variant `DefWindowProcW` in this scope
[INFO] [stdout]    --> src/main.rs:586:14
[INFO] [stdout]     |
[INFO] [stdout] 586 |         _ => DefWindowProcW(hwnd, msg, w, l),
[INFO] [stdout]     |              ^^^^^^^^^^^^^^ not found in this scope
[INFO] [stdout] 
[INFO] [stdout] 
[INFO] [stdout] error[E0425]: cannot find function, tuple struct or tuple variant `KillTimer` in this scope
[INFO] [stdout]    --> src/main.rs:594:17
[INFO] [stdout]     |
[INFO] [stdout] 594 |                 KillTimer(hwnd, IDT_HELLO);
[INFO] [stdout]     |                 ^^^^^^^^^ not found in this scope
[INFO] [stdout] 
[INFO] [stdout] 
[INFO] [stdout] error[E0425]: cannot find function, tuple struct or tuple variant `PostQuitMessage` in this scope
[INFO] [stdout]    --> src/main.rs:625:13
[INFO] [stdout]     |
[INFO] [stdout] 625 |             PostQuitMessage(0);
[INFO] [stdout]     |             ^^^^^^^^^^^^^^^ not found in this scope
[INFO] [stdout] 
[INFO] [stdout] 
[INFO] [stdout] error[E0425]: cannot find function, tuple struct or tuple variant `DefWindowProcW` in this scope
[INFO] [stdout]    --> src/main.rs:628:14
[INFO] [stdout]     |
[INFO] [stdout] 628 |         _ => DefWindowProcW(hwnd, msg, w, l),
[INFO] [stdout]     |              ^^^^^^^^^^^^^^ not found in this scope
[INFO] [stdout] 
[INFO] [stdout] 
[INFO] [stdout] error[E0425]: cannot find function, tuple struct or tuple variant `MessageBoxW` in this scope
[INFO] [stdout]    --> src/main.rs:640:13
[INFO] [stdout]     |
[INFO] [stdout] 640 |             MessageBoxW(
[INFO] [stdout]     |             ^^^^^^^^^^^ not found in this scope
[INFO] [stdout] 
[INFO] [stdout] 
[INFO] [stdout] error[E0425]: cannot find function, tuple struct or tuple variant `RegisterClassW` in this scope
[INFO] [stdout]    --> src/main.rs:660:9
[INFO] [stdout]     |
[INFO] [stdout] 660 |         RegisterClassW(&wnd);
[INFO] [stdout]     |         ^^^^^^^^^^^^^^ not found in this scope
[INFO] [stdout] 
[INFO] [stdout] 
[INFO] [stdout] error[E0425]: cannot find function, tuple struct or tuple variant `CreateWindowExW` in this scope
[INFO] [stdout]    --> src/main.rs:661:20
[INFO] [stdout]     |
[INFO] [stdout] 661 |         let hwnd = CreateWindowExW(
[INFO] [stdout]     |                    ^^^^^^^^^^^^^^^ not found in this scope
[INFO] [stdout] 
[INFO] [stdout] 
[INFO] [stdout] error[E0425]: cannot find function, tuple struct or tuple variant `RegisterClassW` in this scope
[INFO] [stdout]    --> src/main.rs:687:9
[INFO] [stdout]     |
[INFO] [stdout] 687 |         RegisterClassW(&bwnd);
[INFO] [stdout]     |         ^^^^^^^^^^^^^^ not found in this scope
[INFO] [stdout] 
[INFO] [stdout] 
[INFO] [stdout] error[E0425]: cannot find function, tuple struct or tuple variant `CreateWindowExW` in this scope
[INFO] [stdout]    --> src/main.rs:688:19
[INFO] [stdout]     |
[INFO] [stdout] 688 |         let bar = CreateWindowExW(
[INFO] [stdout]     |                   ^^^^^^^^^^^^^^^ not found in this scope
[INFO] [stdout] 
[INFO] [stdout] 
[INFO] [stdout] error[E0425]: cannot find function, tuple struct or tuple variant `SetTimer` in this scope
[INFO] [stdout]    --> src/main.rs:734:9
[INFO] [stdout]     |
[INFO] [stdout] 734 |         SetTimer(hwnd, IDT_PIN, 400, None);
[INFO] [stdout]     |         ^^^^^^^^ not found in this scope
[INFO] [stdout] 
[INFO] [stdout] 
[INFO] [stdout] error[E0425]: cannot find function, tuple struct or tuple variant `SetTimer` in this scope
[INFO] [stdout]    --> src/main.rs:735:9
[INFO] [stdout]     |
[INFO] [stdout] 735 |         SetTimer(hwnd, IDT_HELLO, 700, None);
[INFO] [stdout]     |         ^^^^^^^^ not found in this scope
[INFO] [stdout] 
[INFO] [stdout] 
[INFO] [stdout] error[E0425]: cannot find function, tuple struct or tuple variant `GetMessageW` in this scope
[INFO] [stdout]    --> src/main.rs:738:15
[INFO] [stdout]     |
[INFO] [stdout] 738 |         while GetMessageW(&mut msg, ptr::null_mut(), 0, 0) > 0 {
[INFO] [stdout]     |               ^^^^^^^^^^^ not found in this scope
[INFO] [stdout] 
[INFO] [stdout] 
[INFO] [stdout] error[E0425]: cannot find function, tuple struct or tuple variant `TranslateMessage` in this scope
[INFO] [stdout]    --> src/main.rs:739:13
[INFO] [stdout]     |
[INFO] [stdout] 739 |             TranslateMessage(&msg);
[INFO] [stdout]     |             ^^^^^^^^^^^^^^^^ not found in this scope
[INFO] [stdout] 
[INFO] [stdout] 
[INFO] [stdout] error[E0425]: cannot find function, tuple struct or tuple variant `DispatchMessageW` in this scope
[INFO] [stdout]    --> src/main.rs:740:13
[INFO] [stdout]     |
[INFO] [stdout] 740 |             DispatchMessageW(&msg);
[INFO] [stdout]     |             ^^^^^^^^^^^^^^^^ not found in this scope
[INFO] [stdout] 
[INFO] [stdout] 
[INFO] [stdout] Some errors have detailed explanations: E0422, E0425, E0433.
[INFO] [stdout] 
[INFO] [stdout] For more information about an error, try `rustc --explain E0422`.
[INFO] [stdout] 
[INFO] [stderr] error: could not compile `cornerpin` (bin "cornerpin" test) due to 122 previous errors
[INFO] [stderr] warning: build failed, waiting for other jobs to finish...
[INFO] [stdout] error[E0425]: cannot find value `WM_APP` in this scope
[INFO] [stdout]   --> src/main.rs:30:23
[INFO] [stdout]    |
[INFO] [stdout] 30 | const WM_TRAY: UINT = WM_APP + 1;
[INFO] [stdout]    |                       ^^^^^^ not found in this scope
[INFO] [stdout] 
[INFO] [stdout] 
[INFO] [stdout] error[E0425]: cannot find value `WM_APP` in this scope
[INFO] [stdout]   --> src/main.rs:31:22
[INFO] [stdout]    |
[INFO] [stdout] 31 | const WM_BAR: UINT = WM_APP + 2;
[INFO] [stdout]    |                      ^^^^^^ not found in this scope
[INFO] [stdout] 
[INFO] [stdout] 
[INFO] [stdout] error[E0425]: cannot find value `MF_CHECKED` in this scope
[INFO] [stdout]    --> src/main.rs:105:9
[INFO] [stdout]     |
[INFO] [stdout] 105 |         MF_CHECKED
[INFO] [stdout]     |         ^^^^^^^^^^ not found in this scope
[INFO] [stdout] 
[INFO] [stdout] 
[INFO] [stdout] error[E0425]: cannot find value `GWL_EXSTYLE` in this scope
[INFO] [stdout]    --> src/main.rs:128:40
[INFO] [stdout]     |
[INFO] [stdout] 128 |             let ex = GetWindowLongW(h, GWL_EXSTYLE);
[INFO] [stdout]     |                                        ^^^^^^^^^^^ not found in this scope
[INFO] [stdout] 
[INFO] [stdout] 
[INFO] [stdout] error[E0425]: cannot find value `WS_EX_TOOLWINDOW` in this scope
[INFO] [stdout]    --> src/main.rs:129:22
[INFO] [stdout]     |
[INFO] [stdout] 129 |             if ex & (WS_EX_TOOLWINDOW as i32) == 0 {
[INFO] [stdout]     |                      ^^^^^^^^^^^^^^^^ not found in this scope
[INFO] [stdout] 
[INFO] [stdout] 
[INFO] [stdout] error[E0425]: cannot find type `MONITORINFO` in this scope
[INFO] [stdout]    --> src/main.rs:184:17
[INFO] [stdout]     |
[INFO] [stdout] 184 |     let mut mi: MONITORINFO = zeroed();
[INFO] [stdout]     |                 ^^^^^^^^^^^ not found in this scope
[INFO] [stdout] 
[INFO] [stdout] 
[INFO] [stdout] error[E0425]: cannot find type `MONITORINFO` in this scope
[INFO] [stdout]    --> src/main.rs:185:27
[INFO] [stdout]     |
[INFO] [stdout] 185 |     mi.cbSize = size_of::<MONITORINFO>() as DWORD;
[INFO] [stdout]     |                           ^^^^^^^^^^^ not found in this scope
[INFO] [stdout]     |
[INFO] [stdout] help: you might be missing a type parameter
[INFO] [stdout]     |
[INFO] [stdout] 183 | unsafe fn appbar_ensure<MONITORINFO>(st: &mut State, mon: HMONITOR, width: i32) -> RECT {
[INFO] [stdout]     |                        +++++++++++++
[INFO] [stdout] 
[INFO] [stdout] 
[INFO] [stdout] error[E0425]: cannot find value `HWND_TOPMOST` in this scope
[INFO] [stdout]    --> src/main.rs:226:9
[INFO] [stdout]     |
[INFO] [stdout] 226 |         HWND_TOPMOST,
[INFO] [stdout]     |         ^^^^^^^^^^^^ not found in this scope
[INFO] [stdout]     |
[INFO] [stdout] note: similarly named constant `ID_TOPMOST` defined here
[INFO] [stdout]    --> src/main.rs:38:1
[INFO] [stdout]     |
[INFO] [stdout]  38 | const ID_TOPMOST: usize = 1401;
[INFO] [stdout]     | ^^^^^^^^^^^^^^^^^^^^^^^^^^^^^^^
[INFO] [stdout] help: a constant with a similar name exists
[INFO] [stdout]     |
[INFO] [stdout] 226 -         HWND_TOPMOST,
[INFO] [stdout] 226 +         ID_TOPMOST,
[INFO] [stdout]     |
[INFO] [stdout] 
[INFO] [stdout] 
[INFO] [stdout] error[E0425]: cannot find value `SWP_NOACTIVATE` in this scope
[INFO] [stdout]    --> src/main.rs:231:9
[INFO] [stdout]     |
[INFO] [stdout] 231 |         SWP_NOACTIVATE | SWP_SHOWWINDOW,
[INFO] [stdout]     |         ^^^^^^^^^^^^^^ not found in this scope
[INFO] [stdout] 
[INFO] [stdout] 
[INFO] [stdout] error[E0425]: cannot find value `SWP_SHOWWINDOW` in this scope
[INFO] [stdout]    --> src/main.rs:231:26
[INFO] [stdout]     |
[INFO] [stdout] 231 |         SWP_NOACTIVATE | SWP_SHOWWINDOW,
[INFO] [stdout]     |                          ^^^^^^^^^^^^^^ not found in this scope
[INFO] [stdout] 
[INFO] [stdout] 
[INFO] [stdout] error[E0425]: cannot find value `SW_HIDE` in this scope
[INFO] [stdout]    --> src/main.rs:247:28
[INFO] [stdout]     |
[INFO] [stdout] 247 |         ShowWindow(st.bar, SW_HIDE);
[INFO] [stdout]     |                            ^^^^^^^ not found in this scope
[INFO] [stdout] 
[INFO] [stdout] 
[INFO] [stdout] error[E0425]: cannot find value `SW_RESTORE` in this scope
[INFO] [stdout]    --> src/main.rs:273:35
[INFO] [stdout]     |
[INFO] [stdout] 273 |             ShowWindow(st.target, SW_RESTORE);
[INFO] [stdout]     |                                   ^^^^^^^^^^ not found in this scope
[INFO] [stdout] 
[INFO] [stdout] 
[INFO] [stdout] error[E0425]: cannot find value `SW_RESTORE` in this scope
[INFO] [stdout]    --> src/main.rs:276:35
[INFO] [stdout]     |
[INFO] [stdout] 276 |             ShowWindow(st.target, SW_RESTORE);
[INFO] [stdout]     |                                   ^^^^^^^^^^ not found in this scope
[INFO] [stdout] 
[INFO] [stdout] 
[INFO] [stdout] error[E0425]: cannot find value `MONITOR_DEFAULTTONEAREST` in this scope
[INFO] [stdout]    --> src/main.rs:292:48
[INFO] [stdout]     |
[INFO] [stdout] 292 |         let mon = MonitorFromWindow(st.target, MONITOR_DEFAULTTONEAREST);
[INFO] [stdout]     |                                                ^^^^^^^^^^^^^^^^^^^^^^^^ not found in this scope
[INFO] [stdout] 
[INFO] [stdout] 
[INFO] [stdout] error[E0425]: cannot find value `GWL_EXSTYLE` in this scope
[INFO] [stdout]    --> src/main.rs:298:44
[INFO] [stdout]     |
[INFO] [stdout] 298 |         let ex = GetWindowLongW(st.target, GWL_EXSTYLE);
[INFO] [stdout]     |                                            ^^^^^^^^^^^ not found in this scope
[INFO] [stdout] 
[INFO] [stdout] 
[INFO] [stdout] error[E0425]: cannot find value `WS_EX_TOPMOST` in this scope
[INFO] [stdout]    --> src/main.rs:299:28
[INFO] [stdout]     |
[INFO] [stdout] 299 |         let is_top = ex & (WS_EX_TOPMOST as i32) != 0;
[INFO] [stdout]     |                            ^^^^^^^^^^^^^ not found in this scope
[INFO] [stdout] 
[INFO] [stdout] 
[INFO] [stdout] error[E0425]: cannot find value `HWND_TOPMOST` in this scope
[INFO] [stdout]    --> src/main.rs:309:31
[INFO] [stdout]     |
[INFO] [stdout] 309 |                 if want_top { HWND_TOPMOST } else { HWND_NOTOPMOST },
[INFO] [stdout]     |                               ^^^^^^^^^^^^ not found in this scope
[INFO] [stdout]     |
[INFO] [stdout] note: similarly named constant `ID_TOPMOST` defined here
[INFO] [stdout]    --> src/main.rs:38:1
[INFO] [stdout]     |
[INFO] [stdout]  38 | const ID_TOPMOST: usize = 1401;
[INFO] [stdout]     | ^^^^^^^^^^^^^^^^^^^^^^^^^^^^^^^
[INFO] [stdout] help: a constant with a similar name exists
[INFO] [stdout]     |
[INFO] [stdout] 309 -                 if want_top { HWND_TOPMOST } else { HWND_NOTOPMOST },
[INFO] [stdout] 309 +                 if want_top { ID_TOPMOST } else { HWND_NOTOPMOST },
[INFO] [stdout]     |
[INFO] [stdout] 
[INFO] [stdout] 
[INFO] [stdout] error[E0425]: cannot find value `HWND_NOTOPMOST` in this scope
[INFO] [stdout]    --> src/main.rs:309:53
[INFO] [stdout]     |
[INFO] [stdout] 309 |                 if want_top { HWND_TOPMOST } else { HWND_NOTOPMOST },
[INFO] [stdout]     |                                                     ^^^^^^^^^^^^^^ not found in this scope
[INFO] [stdout] 
[INFO] [stdout] 
[INFO] [stdout] error[E0425]: cannot find value `SWP_NOACTIVATE` in this scope
[INFO] [stdout]    --> src/main.rs:314:17
[INFO] [stdout]     |
[INFO] [stdout] 314 |                 SWP_NOACTIVATE | SWP_NOOWNERZORDER | SWP_SHOWWINDOW,
[INFO] [stdout]     |                 ^^^^^^^^^^^^^^ not found in this scope
[INFO] [stdout] 
[INFO] [stdout] 
[INFO] [stdout] error[E0425]: cannot find value `SWP_NOOWNERZORDER` in this scope
[INFO] [stdout]    --> src/main.rs:314:34
[INFO] [stdout]     |
[INFO] [stdout] 314 |                 SWP_NOACTIVATE | SWP_NOOWNERZORDER | SWP_SHOWWINDOW,
[INFO] [stdout]     |                                  ^^^^^^^^^^^^^^^^^ not found in this scope
[INFO] [stdout] 
[INFO] [stdout] 
[INFO] [stdout] error[E0425]: cannot find value `SWP_SHOWWINDOW` in this scope
[INFO] [stdout]    --> src/main.rs:314:54
[INFO] [stdout]     |
[INFO] [stdout] 314 |                 SWP_NOACTIVATE | SWP_NOOWNERZORDER | SWP_SHOWWINDOW,
[INFO] [stdout]     |                                                      ^^^^^^^^^^^^^^ not found in this scope
[INFO] [stdout] 
[INFO] [stdout] 
[INFO] [stdout] error[E0425]: cannot find value `MF_STRING` in this scope
[INFO] [stdout]    --> src/main.rs:345:13
[INFO] [stdout]     |
[INFO] [stdout] 345 |             MF_STRING | checked(auto_checked),
[INFO] [stdout]     |             ^^^^^^^^^ not found in this scope
[INFO] [stdout] 
[INFO] [stdout] 
[INFO] [stdout] error[E0425]: cannot find value `MF_SEPARATOR` in this scope
[INFO] [stdout]    --> src/main.rs:349:27
[INFO] [stdout]     |
[INFO] [stdout] 349 |         AppendMenuW(mwin, MF_SEPARATOR, 0, ptr::null());
[INFO] [stdout]     |                           ^^^^^^^^^^^^ not found in this scope
[INFO] [stdout] 
[INFO] [stdout] 
[INFO] [stdout] error[E0425]: cannot find value `MF_STRING` in this scope
[INFO] [stdout]    --> src/main.rs:360:17
[INFO] [stdout]     |
[INFO] [stdout] 360 |                 MF_STRING | checked(t.to_lowercase() == cur),
[INFO] [stdout]     |                 ^^^^^^^^^ not found in this scope
[INFO] [stdout] 
[INFO] [stdout] 
[INFO] [stdout] error[E0425]: cannot find value `MF_POPUP` in this scope
[INFO] [stdout]    --> src/main.rs:365:27
[INFO] [stdout]     |
[INFO] [stdout] 365 |         AppendMenuW(menu, MF_POPUP, mwin as usize, wide("Pencere").as_ptr());
[INFO] [stdout]     |                           ^^^^^^^^ not found in this scope
[INFO] [stdout] 
[INFO] [stdout] 
[INFO] [stdout] error[E0425]: cannot find value `MF_STRING` in this scope
[INFO] [stdout]    --> src/main.rs:371:17
[INFO] [stdout]     |
[INFO] [stdout] 371 |                 MF_STRING | checked(st.settings.edge == i),
[INFO] [stdout]     |                 ^^^^^^^^^ not found in this scope
[INFO] [stdout] 
[INFO] [stdout] 
[INFO] [stdout] error[E0425]: cannot find value `MF_POPUP` in this scope
[INFO] [stdout]    --> src/main.rs:376:27
[INFO] [stdout]     |
[INFO] [stdout] 376 |         AppendMenuW(menu, MF_POPUP, medge as usize, wide("Kenar").as_ptr());
[INFO] [stdout]     |                           ^^^^^^^^ not found in this scope
[INFO] [stdout] 
[INFO] [stdout] 
[INFO] [stdout] error[E0425]: cannot find value `MF_STRING` in this scope
[INFO] [stdout]    --> src/main.rs:382:17
[INFO] [stdout]     |
[INFO] [stdout] 382 |                 MF_STRING | checked(st.settings.width_mode == i),
[INFO] [stdout]     |                 ^^^^^^^^^ not found in this scope
[INFO] [stdout] 
[INFO] [stdout] 
[INFO] [stdout] error[E0425]: cannot find value `MF_POPUP` in this scope
[INFO] [stdout]    --> src/main.rs:387:27
[INFO] [stdout]     |
[INFO] [stdout] 387 |         AppendMenuW(menu, MF_POPUP, mwidth as usize, wide("Genişlik").as_ptr());
[INFO] [stdout]     |                           ^^^^^^^^ not found in this scope
[INFO] [stdout] 
[INFO] [stdout] 
[INFO] [stdout] error[E0425]: cannot find value `MF_SEPARATOR` in this scope
[INFO] [stdout]    --> src/main.rs:389:27
[INFO] [stdout]     |
[INFO] [stdout] 389 |         AppendMenuW(menu, MF_SEPARATOR, 0, ptr::null());
[INFO] [stdout]     |                           ^^^^^^^^^^^^ not found in this scope
[INFO] [stdout] 
[INFO] [stdout] 
[INFO] [stdout] error[E0425]: cannot find value `MF_STRING` in this scope
[INFO] [stdout]    --> src/main.rs:392:13
[INFO] [stdout]     |
[INFO] [stdout] 392 |             MF_STRING | checked(st.settings.top_most),
[INFO] [stdout]     |             ^^^^^^^^^ not found in this scope
[INFO] [stdout] 
[INFO] [stdout] 
[INFO] [stdout] error[E0425]: cannot find value `MF_STRING` in this scope
[INFO] [stdout]    --> src/main.rs:398:13
[INFO] [stdout]     |
[INFO] [stdout] 398 |             MF_STRING | checked(st.settings.run_at_startup),
[INFO] [stdout]     |             ^^^^^^^^^ not found in this scope
[INFO] [stdout] 
[INFO] [stdout] 
[INFO] [stdout] error[E0425]: cannot find value `MF_SEPARATOR` in this scope
[INFO] [stdout]    --> src/main.rs:402:27
[INFO] [stdout]     |
[INFO] [stdout] 402 |         AppendMenuW(menu, MF_SEPARATOR, 0, ptr::null());
[INFO] [stdout]     |                           ^^^^^^^^^^^^ not found in this scope
[INFO] [stdout] 
[INFO] [stdout] 
[INFO] [stdout] error[E0425]: cannot find value `MF_STRING` in this scope
[INFO] [stdout]    --> src/main.rs:403:27
[INFO] [stdout]     |
[INFO] [stdout] 403 |         AppendMenuW(menu, MF_STRING, ID_PINNOW, wide("Şimdi Sabitle").as_ptr());
[INFO] [stdout]     |                           ^^^^^^^^^ not found in this scope
[INFO] [stdout] 
[INFO] [stdout] 
[INFO] [stdout] error[E0425]: cannot find value `MF_STRING` in this scope
[INFO] [stdout]    --> src/main.rs:404:27
[INFO] [stdout]     |
[INFO] [stdout] 404 |         AppendMenuW(menu, MF_STRING, ID_EXIT, wide("Çıkış").as_ptr());
[INFO] [stdout]     |                           ^^^^^^^^^ not found in this scope
[INFO] [stdout] 
[INFO] [stdout] 
[INFO] [stdout] error[E0425]: cannot find value `TPM_RETURNCMD` in this scope
[INFO] [stdout]    --> src/main.rs:412:9
[INFO] [stdout]     |
[INFO] [stdout] 412 |         TPM_RETURNCMD | TPM_NONOTIFY | TPM_RIGHTBUTTON,
[INFO] [stdout]     |         ^^^^^^^^^^^^^ not found in this scope
[INFO] [stdout] 
[INFO] [stdout] 
[INFO] [stdout] error[E0425]: cannot find value `TPM_NONOTIFY` in this scope
[INFO] [stdout]    --> src/main.rs:412:25
[INFO] [stdout]     |
[INFO] [stdout] 412 |         TPM_RETURNCMD | TPM_NONOTIFY | TPM_RIGHTBUTTON,
[INFO] [stdout]     |                         ^^^^^^^^^^^^ not found in this scope
[INFO] [stdout] 
[INFO] [stdout] 
[INFO] [stdout] error[E0425]: cannot find value `TPM_RIGHTBUTTON` in this scope
[INFO] [stdout]    --> src/main.rs:412:40
[INFO] [stdout]     |
[INFO] [stdout] 412 |         TPM_RETURNCMD | TPM_NONOTIFY | TPM_RIGHTBUTTON,
[INFO] [stdout]     |                                        ^^^^^^^^^^^^^^^ not found in this scope
[INFO] [stdout] 
[INFO] [stdout] 
[INFO] [stdout] error[E0425]: cannot find value `WM_NULL` in this scope
[INFO] [stdout]    --> src/main.rs:419:24
[INFO] [stdout]     |
[INFO] [stdout] 419 |     PostMessageW(hwnd, WM_NULL, 0, 0);
[INFO] [stdout]     |                        ^^^^^^^ not found in this scope
[INFO] [stdout] 
[INFO] [stdout] 
[INFO] [stdout] error[E0425]: cannot find value `IDI_APPLICATION` in this scope
[INFO] [stdout]    --> src/main.rs:558:36
[INFO] [stdout]     |
[INFO] [stdout] 558 |         LoadIconW(ptr::null_mut(), IDI_APPLICATION)
[INFO] [stdout]     |                                    ^^^^^^^^^^^^^^^ not found in this scope
[INFO] [stdout] 
[INFO] [stdout] 
[INFO] [stdout] error[E0425]: cannot find value `HTTRANSPARENT` in this scope
[INFO] [stdout]    --> src/main.rs:568:25
[INFO] [stdout]     |
[INFO] [stdout] 568 |         WM_NCHITTEST => HTTRANSPARENT as LRESULT,
[INFO] [stdout]     |                         ^^^^^^^^^^^^^ not found in this scope
[INFO] [stdout] 
[INFO] [stdout] 
[INFO] [stdout] error[E0425]: cannot find type `PAINTSTRUCT` in this scope
[INFO] [stdout]    --> src/main.rs:571:25
[INFO] [stdout]     |
[INFO] [stdout] 571 |             let mut ps: PAINTSTRUCT = zeroed();
[INFO] [stdout]     |                         ^^^^^^^^^^^ not found in this scope
[INFO] [stdout] 
[INFO] [stdout] 
[INFO] [stdout] error[E0425]: cannot find value `WM_RBUTTONUP` in this scope
[INFO] [stdout]    --> src/main.rs:607:22
[INFO] [stdout]     |
[INFO] [stdout] 607 |             if ev == WM_RBUTTONUP {
[INFO] [stdout]     |                      ^^^^^^^^^^^^ not found in this scope
[INFO] [stdout] 
[INFO] [stdout] 
[INFO] [stdout] error[E0425]: cannot find value `WM_LBUTTONDBLCLK` in this scope
[INFO] [stdout]    --> src/main.rs:609:29
[INFO] [stdout]     |
[INFO] [stdout] 609 |             } else if ev == WM_LBUTTONDBLCLK {
[INFO] [stdout]     |                             ^^^^^^^^^^^^^^^^ not found in this scope
[INFO] [stdout] 
[INFO] [stdout] 
[INFO] [stdout] error[E0425]: cannot find value `MB_OK` in this scope
[INFO] [stdout]    --> src/main.rs:644:17
[INFO] [stdout]     |
[INFO] [stdout] 644 |                 MB_OK | MB_ICONINFORMATION,
[INFO] [stdout]     |                 ^^^^^ not found in this scope
[INFO] [stdout] 
[INFO] [stdout] 
[INFO] [stdout] error[E0425]: cannot find value `MB_ICONINFORMATION` in this scope
[INFO] [stdout]    --> src/main.rs:644:25
[INFO] [stdout]     |
[INFO] [stdout] 644 |                 MB_OK | MB_ICONINFORMATION,
[INFO] [stdout]     |                         ^^^^^^^^^^^^^^^^^^ not found in this scope
[INFO] [stdout] 
[INFO] [stdout] 
[INFO] [stdout] error[E0422]: cannot find struct, variant or union type `WNDCLASSW` in this scope
[INFO] [stdout]    --> src/main.rs:654:19
[INFO] [stdout]     |
[INFO] [stdout] 654 |         let wnd = WNDCLASSW {
[INFO] [stdout]     |                   ^^^^^^^^^ not found in this scope
[INFO] [stdout] 
[INFO] [stdout] 
[INFO] [stdout] error[E0422]: cannot find struct, variant or union type `WNDCLASSW` in this scope
[INFO] [stdout]    --> src/main.rs:681:20
[INFO] [stdout]     |
[INFO] [stdout] 681 |         let bwnd = WNDCLASSW {
[INFO] [stdout]     |                    ^^^^^^^^^ not found in this scope
[INFO] [stdout] 
[INFO] [stdout] 
[INFO] [stdout] error[E0425]: cannot find value `WS_EX_TOOLWINDOW` in this scope
[INFO] [stdout]    --> src/main.rs:689:13
[INFO] [stdout]     |
[INFO] [stdout] 689 |             WS_EX_TOOLWINDOW | WS_EX_NOACTIVATE,
[INFO] [stdout]     |             ^^^^^^^^^^^^^^^^ not found in this scope
[INFO] [stdout] 
[INFO] [stdout] 
[INFO] [stdout] error[E0425]: cannot find value `WS_EX_NOACTIVATE` in this scope
[INFO] [stdout]    --> src/main.rs:689:32
[INFO] [stdout]     |
[INFO] [stdout] 689 |             WS_EX_TOOLWINDOW | WS_EX_NOACTIVATE,
[INFO] [stdout]     |                                ^^^^^^^^^^^^^^^^ not found in this scope
[INFO] [stdout] 
[INFO] [stdout] 
[INFO] [stdout] error[E0425]: cannot find value `WS_POPUP` in this scope
[INFO] [stdout]    --> src/main.rs:692:13
[INFO] [stdout]     |
[INFO] [stdout] 692 |             WS_POPUP,
[INFO] [stdout]     |             ^^^^^^^^ not found in this scope
[INFO] [stdout] 
[INFO] [stdout] 
[INFO] [stdout] error[E0425]: cannot find type `MSG` in this scope
[INFO] [stdout]    --> src/main.rs:737:22
[INFO] [stdout]     |
[INFO] [stdout] 737 |         let mut msg: MSG = zeroed();
[INFO] [stdout]     |                      ^^^ not found in this scope
[INFO] [stdout] 
[INFO] [stdout] 
[INFO] [stdout] error[E0425]: cannot find function, tuple struct or tuple variant `GetWindowTextW` in this scope
[INFO] [stdout]    --> src/main.rs:117:13
[INFO] [stdout]     |
[INFO] [stdout] 117 |     let n = GetWindowTextW(h, buf.as_mut_ptr(), 256);
[INFO] [stdout]     |             ^^^^^^^^^^^^^^ not found in this scope
[INFO] [stdout] 
[INFO] [stdout] 
[INFO] [stdout] error[E0425]: cannot find function, tuple struct or tuple variant `EnumWindows` in this scope
[INFO] [stdout]    --> src/main.rs:139:5
[INFO] [stdout]     |
[INFO] [stdout] 139 |     EnumWindows(Some(cb), &mut v as *mut _ as LPARAM);
[INFO] [stdout]     |     ^^^^^^^^^^^ not found in this scope
[INFO] [stdout] 
[INFO] [stdout] 
[INFO] [stdout] error[E0425]: cannot find function, tuple struct or tuple variant `IsWindowVisible` in this scope
[INFO] [stdout]    --> src/main.rs:127:12
[INFO] [stdout]     |
[INFO] [stdout] 127 |         if IsWindowVisible(h) != 0 {
[INFO] [stdout]     |            ^^^^^^^^^^^^^^^ not found in this scope
[INFO] [stdout] 
[INFO] [stdout] 
[INFO] [stdout] error[E0425]: cannot find function, tuple struct or tuple variant `GetWindowLongW` in this scope
[INFO] [stdout]    --> src/main.rs:128:22
[INFO] [stdout]     |
[INFO] [stdout] 128 |             let ex = GetWindowLongW(h, GWL_EXSTYLE);
[INFO] [stdout]     |                      ^^^^^^^^^^^^^^ not found in this scope
[INFO] [stdout] 
[INFO] [stdout] 
[INFO] [stdout] error[E0425]: cannot find function, tuple struct or tuple variant `GetMonitorInfoW` in this scope
[INFO] [stdout]    --> src/main.rs:186:5
[INFO] [stdout]     |
[INFO] [stdout] 186 |     GetMonitorInfoW(mon, &mut mi);
[INFO] [stdout]     |     ^^^^^^^^^^^^^^^ not found in this scope
[INFO] [stdout] 
[INFO] [stdout] 
[INFO] [stdout] error[E0425]: cannot find function, tuple struct or tuple variant `SetWindowPos` in this scope
[INFO] [stdout]    --> src/main.rs:224:5
[INFO] [stdout]     |
[INFO] [stdout] 224 |     SetWindowPos(
[INFO] [stdout]     |     ^^^^^^^^^^^^ not found in this scope
[INFO] [stdout] 
[INFO] [stdout] 
[INFO] [stdout] error[E0425]: cannot find function, tuple struct or tuple variant `ShowWindow` in this scope
[INFO] [stdout]    --> src/main.rs:247:9
[INFO] [stdout]     |
[INFO] [stdout] 247 |         ShowWindow(st.bar, SW_HIDE);
[INFO] [stdout]     |         ^^^^^^^^^^ not found in this scope
[INFO] [stdout] 
[INFO] [stdout] 
[INFO] [stdout] error[E0425]: cannot find function, tuple struct or tuple variant `IsWindow` in this scope
[INFO] [stdout]    --> src/main.rs:260:35
[INFO] [stdout]     |
[INFO] [stdout] 260 |         if st.target.is_null() || IsWindow(st.target) == 0 {
[INFO] [stdout]     |                                   ^^^^^^^^ not found in this scope
[INFO] [stdout] 
[INFO] [stdout] 
[INFO] [stdout] error[E0425]: cannot find function, tuple struct or tuple variant `IsIconic` in this scope
[INFO] [stdout]    --> src/main.rs:272:12
[INFO] [stdout]     |
[INFO] [stdout] 272 |         if IsIconic(st.target) != 0 {
[INFO] [stdout]     |            ^^^^^^^^ not found in this scope
[INFO] [stdout] 
[INFO] [stdout] 
[INFO] [stdout] error[E0425]: cannot find function, tuple struct or tuple variant `ShowWindow` in this scope
[INFO] [stdout]    --> src/main.rs:273:13
[INFO] [stdout]     |
[INFO] [stdout] 273 |             ShowWindow(st.target, SW_RESTORE);
[INFO] [stdout]     |             ^^^^^^^^^^ not found in this scope
[INFO] [stdout] 
[INFO] [stdout] 
[INFO] [stdout] error[E0425]: cannot find function, tuple struct or tuple variant `IsZoomed` in this scope
[INFO] [stdout]    --> src/main.rs:275:12
[INFO] [stdout]     |
[INFO] [stdout] 275 |         if IsZoomed(st.target) != 0 {
[INFO] [stdout]     |            ^^^^^^^^ not found in this scope
[INFO] [stdout] 
[INFO] [stdout] 
[INFO] [stdout] error[E0425]: cannot find function, tuple struct or tuple variant `ShowWindow` in this scope
[INFO] [stdout]    --> src/main.rs:276:13
[INFO] [stdout]     |
[INFO] [stdout] 276 |             ShowWindow(st.target, SW_RESTORE);
[INFO] [stdout]     |             ^^^^^^^^^^ not found in this scope
[INFO] [stdout] 
[INFO] [stdout] 
[INFO] [stdout] error[E0425]: cannot find function, tuple struct or tuple variant `GetWindowRect` in this scope
[INFO] [stdout]    --> src/main.rs:285:21
[INFO] [stdout]     |
[INFO] [stdout] 285 |                     GetWindowRect(st.target, &mut r);
[INFO] [stdout]     |                     ^^^^^^^^^^^^^ not found in this scope
[INFO] [stdout] 
[INFO] [stdout] 
[INFO] [stdout] error[E0425]: cannot find function, tuple struct or tuple variant `MonitorFromWindow` in this scope
[INFO] [stdout]    --> src/main.rs:292:19
[INFO] [stdout]     |
[INFO] [stdout] 292 |         let mon = MonitorFromWindow(st.target, MONITOR_DEFAULTTONEAREST);
[INFO] [stdout]     |                   ^^^^^^^^^^^^^^^^^ not found in this scope
[INFO] [stdout] 
[INFO] [stdout] 
[INFO] [stdout] error[E0425]: cannot find function, tuple struct or tuple variant `GetWindowRect` in this scope
[INFO] [stdout]    --> src/main.rs:297:9
[INFO] [stdout]     |
[INFO] [stdout] 297 |         GetWindowRect(st.target, &mut r);
[INFO] [stdout]     |         ^^^^^^^^^^^^^ not found in this scope
[INFO] [stdout] 
[INFO] [stdout] 
[INFO] [stdout] error[E0425]: cannot find function, tuple struct or tuple variant `GetWindowLongW` in this scope
[INFO] [stdout]    --> src/main.rs:298:18
[INFO] [stdout]     |
[INFO] [stdout] 298 |         let ex = GetWindowLongW(st.target, GWL_EXSTYLE);
[INFO] [stdout]     |                  ^^^^^^^^^^^^^^ not found in this scope
[INFO] [stdout] 
[INFO] [stdout] 
[INFO] [stdout] error[E0425]: cannot find function, tuple struct or tuple variant `SetWindowPos` in this scope
[INFO] [stdout]    --> src/main.rs:307:13
[INFO] [stdout]     |
[INFO] [stdout] 307 |             SetWindowPos(
[INFO] [stdout]     |             ^^^^^^^^^^^^ not found in this scope
[INFO] [stdout] 
[INFO] [stdout] 
[INFO] [stdout] error[E0425]: cannot find function, tuple struct or tuple variant `CreatePopupMenu` in this scope
[INFO] [stdout]    --> src/main.rs:333:16
[INFO] [stdout]     |
[INFO] [stdout] 333 |     let menu = CreatePopupMenu();
[INFO] [stdout]     |                ^^^^^^^^^^^^^^^ not found in this scope
[INFO] [stdout] 
[INFO] [stdout] 
[INFO] [stdout] error[E0425]: cannot find function, tuple struct or tuple variant `CreatePopupMenu` in this scope
[INFO] [stdout]    --> src/main.rs:341:20
[INFO] [stdout]     |
[INFO] [stdout] 341 |         let mwin = CreatePopupMenu();
[INFO] [stdout]     |                    ^^^^^^^^^^^^^^^ not found in this scope
[INFO] [stdout] 
[INFO] [stdout] 
[INFO] [stdout] error[E0425]: cannot find function, tuple struct or tuple variant `AppendMenuW` in this scope
[INFO] [stdout]    --> src/main.rs:343:9
[INFO] [stdout]     |
[INFO] [stdout] 343 |         AppendMenuW(
[INFO] [stdout]     |         ^^^^^^^^^^^ not found in this scope
[INFO] [stdout] 
[INFO] [stdout] 
[INFO] [stdout] error[E0425]: cannot find function, tuple struct or tuple variant `AppendMenuW` in this scope
[INFO] [stdout]    --> src/main.rs:349:9
[INFO] [stdout]     |
[INFO] [stdout] 349 |         AppendMenuW(mwin, MF_SEPARATOR, 0, ptr::null());
[INFO] [stdout]     |         ^^^^^^^^^^^ not found in this scope
[INFO] [stdout] 
[INFO] [stdout] 
[INFO] [stdout] error[E0425]: cannot find function, tuple struct or tuple variant `AppendMenuW` in this scope
[INFO] [stdout]    --> src/main.rs:358:13
[INFO] [stdout]     |
[INFO] [stdout] 358 |             AppendMenuW(
[INFO] [stdout]     |             ^^^^^^^^^^^ not found in this scope
[INFO] [stdout] 
[INFO] [stdout] 
[INFO] [stdout] error[E0425]: cannot find function, tuple struct or tuple variant `AppendMenuW` in this scope
[INFO] [stdout]    --> src/main.rs:365:9
[INFO] [stdout]     |
[INFO] [stdout] 365 |         AppendMenuW(menu, MF_POPUP, mwin as usize, wide("Pencere").as_ptr());
[INFO] [stdout]     |         ^^^^^^^^^^^ not found in this scope
[INFO] [stdout] 
[INFO] [stdout] 
[INFO] [stdout] error[E0425]: cannot find function, tuple struct or tuple variant `CreatePopupMenu` in this scope
[INFO] [stdout]    --> src/main.rs:367:21
[INFO] [stdout]     |
[INFO] [stdout] 367 |         let medge = CreatePopupMenu();
[INFO] [stdout]     |                     ^^^^^^^^^^^^^^^ not found in this scope
[INFO] [stdout] 
[INFO] [stdout] 
[INFO] [stdout] error[E0425]: cannot find function, tuple struct or tuple variant `AppendMenuW` in this scope
[INFO] [stdout]    --> src/main.rs:369:13
[INFO] [stdout]     |
[INFO] [stdout] 369 |             AppendMenuW(
[INFO] [stdout]     |             ^^^^^^^^^^^ not found in this scope
[INFO] [stdout] 
[INFO] [stdout] 
[INFO] [stdout] error[E0425]: cannot find function, tuple struct or tuple variant `AppendMenuW` in this scope
[INFO] [stdout]    --> src/main.rs:376:9
[INFO] [stdout]     |
[INFO] [stdout] 376 |         AppendMenuW(menu, MF_POPUP, medge as usize, wide("Kenar").as_ptr());
[INFO] [stdout]     |         ^^^^^^^^^^^ not found in this scope
[INFO] [stdout] 
[INFO] [stdout] 
[INFO] [stdout] error[E0425]: cannot find function, tuple struct or tuple variant `CreatePopupMenu` in this scope
[INFO] [stdout]    --> src/main.rs:378:22
[INFO] [stdout]     |
[INFO] [stdout] 378 |         let mwidth = CreatePopupMenu();
[INFO] [stdout]     |                      ^^^^^^^^^^^^^^^ not found in this scope
[INFO] [stdout] 
[INFO] [stdout] 
[INFO] [stdout] error[E0425]: cannot find function, tuple struct or tuple variant `AppendMenuW` in this scope
[INFO] [stdout]    --> src/main.rs:380:13
[INFO] [stdout]     |
[INFO] [stdout] 380 |             AppendMenuW(
[INFO] [stdout]     |             ^^^^^^^^^^^ not found in this scope
[INFO] [stdout] 
[INFO] [stdout] 
[INFO] [stdout] error[E0425]: cannot find function, tuple struct or tuple variant `AppendMenuW` in this scope
[INFO] [stdout]    --> src/main.rs:387:9
[INFO] [stdout]     |
[INFO] [stdout] 387 |         AppendMenuW(menu, MF_POPUP, mwidth as usize, wide("Genişlik").as_ptr());
[INFO] [stdout]     |         ^^^^^^^^^^^ not found in this scope
[INFO] [stdout] 
[INFO] [stdout] 
[INFO] [stdout] error[E0425]: cannot find function, tuple struct or tuple variant `AppendMenuW` in this scope
[INFO] [stdout]    --> src/main.rs:389:9
[INFO] [stdout]     |
[INFO] [stdout] 389 |         AppendMenuW(menu, MF_SEPARATOR, 0, ptr::null());
[INFO] [stdout]     |         ^^^^^^^^^^^ not found in this scope
[INFO] [stdout] 
[INFO] [stdout] 
[INFO] [stdout] error[E0425]: cannot find function, tuple struct or tuple variant `AppendMenuW` in this scope
[INFO] [stdout]    --> src/main.rs:390:9
[INFO] [stdout]     |
[INFO] [stdout] 390 |         AppendMenuW(
[INFO] [stdout]     |         ^^^^^^^^^^^ not found in this scope
[INFO] [stdout] 
[INFO] [stdout] 
[INFO] [stdout] error[E0425]: cannot find function, tuple struct or tuple variant `AppendMenuW` in this scope
[INFO] [stdout]    --> src/main.rs:396:9
[INFO] [stdout]     |
[INFO] [stdout] 396 |         AppendMenuW(
[INFO] [stdout]     |         ^^^^^^^^^^^ not found in this scope
[INFO] [stdout] 
[INFO] [stdout] 
[INFO] [stdout] error[E0425]: cannot find function, tuple struct or tuple variant `AppendMenuW` in this scope
[INFO] [stdout]    --> src/main.rs:402:9
[INFO] [stdout]     |
[INFO] [stdout] 402 |         AppendMenuW(menu, MF_SEPARATOR, 0, ptr::null());
[INFO] [stdout]     |         ^^^^^^^^^^^ not found in this scope
[INFO] [stdout] 
[INFO] [stdout] 
[INFO] [stdout] error[E0425]: cannot find function, tuple struct or tuple variant `AppendMenuW` in this scope
[INFO] [stdout]    --> src/main.rs:403:9
[INFO] [stdout]     |
[INFO] [stdout] 403 |         AppendMenuW(menu, MF_STRING, ID_PINNOW, wide("Şimdi Sabitle").as_ptr());
[INFO] [stdout]     |         ^^^^^^^^^^^ not found in this scope
[INFO] [stdout] 
[INFO] [stdout] 
[INFO] [stdout] error[E0425]: cannot find function, tuple struct or tuple variant `AppendMenuW` in this scope
[INFO] [stdout]    --> src/main.rs:404:9
[INFO] [stdout]     |
[INFO] [stdout] 404 |         AppendMenuW(menu, MF_STRING, ID_EXIT, wide("Çıkış").as_ptr());
[INFO] [stdout]     |         ^^^^^^^^^^^ not found in this scope
[INFO] [stdout] 
[INFO] [stdout] 
[INFO] [stdout] error[E0425]: cannot find function, tuple struct or tuple variant `GetCursorPos` in this scope
[INFO] [stdout]    --> src/main.rs:408:5
[INFO] [stdout]     |
[INFO] [stdout] 408 |     GetCursorPos(&mut pt);
[INFO] [stdout]     |     ^^^^^^^^^^^^ not found in this scope
[INFO] [stdout] 
[INFO] [stdout] 
[INFO] [stdout] error[E0425]: cannot find function, tuple struct or tuple variant `SetForegroundWindow` in this scope
[INFO] [stdout]    --> src/main.rs:409:5
[INFO] [stdout]     |
[INFO] [stdout] 409 |     SetForegroundWindow(hwnd);
[INFO] [stdout]     |     ^^^^^^^^^^^^^^^^^^^ not found in this scope
[INFO] [stdout] 
[INFO] [stdout] 
[INFO] [stdout] error[E0425]: cannot find function, tuple struct or tuple variant `TrackPopupMenu` in this scope
[INFO] [stdout]    --> src/main.rs:410:15
[INFO] [stdout]     |
[INFO] [stdout] 410 |     let cmd = TrackPopupMenu(
[INFO] [stdout]     |               ^^^^^^^^^^^^^^ not found in this scope
[INFO] [stdout] 
[INFO] [stdout] 
[INFO] [stdout] error[E0425]: cannot find function, tuple struct or tuple variant `PostMessageW` in this scope
[INFO] [stdout]    --> src/main.rs:419:5
[INFO] [stdout]     |
[INFO] [stdout] 419 |     PostMessageW(hwnd, WM_NULL, 0, 0);
[INFO] [stdout]     |     ^^^^^^^^^^^^ not found in this scope
[INFO] [stdout] 
[INFO] [stdout] 
[INFO] [stdout] error[E0425]: cannot find function, tuple struct or tuple variant `DestroyMenu` in this scope
[INFO] [stdout]    --> src/main.rs:420:5
[INFO] [stdout]     |
[INFO] [stdout] 420 |     DestroyMenu(menu);
[INFO] [stdout]     |     ^^^^^^^^^^^ not found in this scope
[INFO] [stdout] 
[INFO] [stdout] 
[INFO] [stdout] error[E0425]: cannot find function, tuple struct or tuple variant `DestroyWindow` in this scope
[INFO] [stdout]    --> src/main.rs:434:9
[INFO] [stdout]     |
[INFO] [stdout] 434 |         DestroyWindow(hwnd);
[INFO] [stdout]     |         ^^^^^^^^^^^^^ not found in this scope
[INFO] [stdout] 
[INFO] [stdout] 
[INFO] [stdout] error[E0425]: cannot find function, tuple struct or tuple variant `CreateIcon` in this scope
[INFO] [stdout]    --> src/main.rs:548:16
[INFO] [stdout]     |
[INFO] [stdout] 548 |     let icon = CreateIcon(
[INFO] [stdout]     |                ^^^^^^^^^^ not found in this scope
[INFO] [stdout] 
[INFO] [stdout] 
[INFO] [stdout] error[E0425]: cannot find function, tuple struct or tuple variant `LoadIconW` in this scope
[INFO] [stdout]    --> src/main.rs:558:9
[INFO] [stdout]     |
[INFO] [stdout] 558 |         LoadIconW(ptr::null_mut(), IDI_APPLICATION)
[INFO] [stdout]     |         ^^^^^^^^^ not found in this scope
[INFO] [stdout] 
[INFO] [stdout] 
[INFO] [stdout] error[E0425]: cannot find function, tuple struct or tuple variant `BeginPaint` in this scope
[INFO] [stdout]    --> src/main.rs:572:13
[INFO] [stdout]     |
[INFO] [stdout] 572 |             BeginPaint(hwnd, &mut ps);
[INFO] [stdout]     |             ^^^^^^^^^^ not found in this scope
[INFO] [stdout] 
[INFO] [stdout] 
[INFO] [stdout] error[E0425]: cannot find function, tuple struct or tuple variant `EndPaint` in this scope
[INFO] [stdout]    --> src/main.rs:573:13
[INFO] [stdout]     |
[INFO] [stdout] 573 |             EndPaint(hwnd, &ps);
[INFO] [stdout]     |             ^^^^^^^^ not found in this scope
[INFO] [stdout] 
[INFO] [stdout] 
[INFO] [stdout] error[E0425]: cannot find function, tuple struct or tuple variant `DefWindowProcW` in this scope
[INFO] [stdout]    --> src/main.rs:586:14
[INFO] [stdout]     |
[INFO] [stdout] 586 |         _ => DefWindowProcW(hwnd, msg, w, l),
[INFO] [stdout]     |              ^^^^^^^^^^^^^^ not found in this scope
[INFO] [stdout] 
[INFO] [stdout] 
[INFO] [stdout] error[E0425]: cannot find function, tuple struct or tuple variant `KillTimer` in this scope
[INFO] [stdout]    --> src/main.rs:594:17
[INFO] [stdout]     |
[INFO] [stdout] 594 |                 KillTimer(hwnd, IDT_HELLO);
[INFO] [stdout]     |                 ^^^^^^^^^ not found in this scope
[INFO] [stdout] 
[INFO] [stdout] 
[INFO] [stdout] error[E0425]: cannot find function, tuple struct or tuple variant `PostQuitMessage` in this scope
[INFO] [stdout]    --> src/main.rs:625:13
[INFO] [stdout]     |
[INFO] [stdout] 625 |             PostQuitMessage(0);
[INFO] [stdout]     |             ^^^^^^^^^^^^^^^ not found in this scope
[INFO] [stdout] 
[INFO] [stdout] 
[INFO] [stdout] error[E0425]: cannot find function, tuple struct or tuple variant `DefWindowProcW` in this scope
[INFO] [stdout]    --> src/main.rs:628:14
[INFO] [stdout]     |
[INFO] [stdout] 628 |         _ => DefWindowProcW(hwnd, msg, w, l),
[INFO] [stdout]     |              ^^^^^^^^^^^^^^ not found in this scope
[INFO] [stdout] 
[INFO] [stdout] 
[INFO] [stdout] error[E0425]: cannot find function, tuple struct or tuple variant `MessageBoxW` in this scope
[INFO] [stdout]    --> src/main.rs:640:13
[INFO] [stdout]     |
[INFO] [stdout] 640 |             MessageBoxW(
[INFO] [stdout]     |             ^^^^^^^^^^^ not found in this scope
[INFO] [stdout] 
[INFO] [stdout] 
[INFO] [stdout] error[E0425]: cannot find function, tuple struct or tuple variant `RegisterClassW` in this scope
[INFO] [stdout]    --> src/main.rs:660:9
[INFO] [stdout]     |
[INFO] [stdout] 660 |         RegisterClassW(&wnd);
[INFO] [stdout]     |         ^^^^^^^^^^^^^^ not found in this scope
[INFO] [stdout] 
[INFO] [stdout] 
[INFO] [stdout] error[E0425]: cannot find function, tuple struct or tuple variant `CreateWindowExW` in this scope
[INFO] [stdout]    --> src/main.rs:661:20
[INFO] [stdout]     |
[INFO] [stdout] 661 |         let hwnd = CreateWindowExW(
[INFO] [stdout]     |                    ^^^^^^^^^^^^^^^ not found in this scope
[INFO] [stdout] 
[INFO] [stdout] 
[INFO] [stdout] error[E0425]: cannot find function, tuple struct or tuple variant `RegisterClassW` in this scope
[INFO] [stdout]    --> src/main.rs:687:9
[INFO] [stdout]     |
[INFO] [stdout] 687 |         RegisterClassW(&bwnd);
[INFO] [stdout]     |         ^^^^^^^^^^^^^^ not found in this scope
[INFO] [stdout] 
[INFO] [stdout] 
[INFO] [stdout] error[E0425]: cannot find function, tuple struct or tuple variant `CreateWindowExW` in this scope
[INFO] [stdout]    --> src/main.rs:688:19
[INFO] [stdout]     |
[INFO] [stdout] 688 |         let bar = CreateWindowExW(
[INFO] [stdout]     |                   ^^^^^^^^^^^^^^^ not found in this scope
[INFO] [stdout] 
[INFO] [stdout] 
[INFO] [stdout] error[E0425]: cannot find function, tuple struct or tuple variant `SetTimer` in this scope
[INFO] [stdout]    --> src/main.rs:734:9
[INFO] [stdout]     |
[INFO] [stdout] 734 |         SetTimer(hwnd, IDT_PIN, 400, None);
[INFO] [stdout]     |         ^^^^^^^^ not found in this scope
[INFO] [stdout] 
[INFO] [stdout] 
[INFO] [stdout] error[E0425]: cannot find function, tuple struct or tuple variant `SetTimer` in this scope
[INFO] [stdout]    --> src/main.rs:735:9
[INFO] [stdout]     |
[INFO] [stdout] 735 |         SetTimer(hwnd, IDT_HELLO, 700, None);
[INFO] [stdout]     |         ^^^^^^^^ not found in this scope
[INFO] [stdout] 
[INFO] [stdout] 
[INFO] [stdout] error[E0425]: cannot find function, tuple struct or tuple variant `GetMessageW` in this scope
[INFO] [stdout]    --> src/main.rs:738:15
[INFO] [stdout]     |
[INFO] [stdout] 738 |         while GetMessageW(&mut msg, ptr::null_mut(), 0, 0) > 0 {
[INFO] [stdout]     |               ^^^^^^^^^^^ not found in this scope
[INFO] [stdout] 
[INFO] [stdout] 
[INFO] [stdout] error[E0425]: cannot find function, tuple struct or tuple variant `TranslateMessage` in this scope
[INFO] [stdout]    --> src/main.rs:739:13
[INFO] [stdout]     |
[INFO] [stdout] 739 |             TranslateMessage(&msg);
[INFO] [stdout]     |             ^^^^^^^^^^^^^^^^ not found in this scope
[INFO] [stdout] 
[INFO] [stdout] 
[INFO] [stdout] error[E0425]: cannot find function, tuple struct or tuple variant `DispatchMessageW` in this scope
[INFO] [stdout]    --> src/main.rs:740:13
[INFO] [stdout]     |
[INFO] [stdout] 740 |             DispatchMessageW(&msg);
[INFO] [stdout]     |             ^^^^^^^^^^^^^^^^ not found in this scope
[INFO] [stdout] 
[INFO] [stdout] 
[INFO] [stdout] Some errors have detailed explanations: E0422, E0425, E0433.
[INFO] [stdout] 
[INFO] [stdout] For more information about an error, try `rustc --explain E0422`.
[INFO] [stdout] 
[INFO] [stderr] error: could not compile `cornerpin` (bin "cornerpin") due to 122 previous errors
[INFO] running `Command { std: "docker" "inspect" "b07482cd1a4ac093af9b7165f1ee71cad2560e5142e1020a9f83801390a53fbb", kill_on_drop: false }`
[INFO] running `Command { std: "docker" "rm" "-f" "b07482cd1a4ac093af9b7165f1ee71cad2560e5142e1020a9f83801390a53fbb", kill_on_drop: false }`
[INFO] [stdout] b07482cd1a4ac093af9b7165f1ee71cad2560e5142e1020a9f83801390a53fbb
