[INFO] cloning repository https://github.com/ca-x/localsendy
[INFO] running `Command { std: "git" "-c" "credential.helper=" "-c" "credential.helper=/workspace/cargo-home/bin/git-credential-null" "clone" "--bare" "https://github.com/ca-x/localsendy" "/workspace/cache/git-repos/https%3A%2F%2Fgithub.com%2Fca-x%2Flocalsendy", kill_on_drop: false }`
[INFO] [stderr] Cloning into bare repository '/workspace/cache/git-repos/https%3A%2F%2Fgithub.com%2Fca-x%2Flocalsendy'...
[INFO] running `Command { std: "git" "rev-parse" "HEAD", kill_on_drop: false }`
[INFO] [stdout] 11b4f3d970b4ce6e98ae9de8cdffc1430f8b8a40
[INFO] checking ca-x/localsendy against 3154cc1a3e6424e44f438a95007d043ed5ceaaf6+rustflags=-Znext-solver=coherence for pr-133502-30
[INFO] running `Command { std: "git" "clone" "/workspace/cache/git-repos/https%3A%2F%2Fgithub.com%2Fca-x%2Flocalsendy" "/workspace/builds/worker-6-tc1/source", kill_on_drop: false }`
[INFO] [stderr] Cloning into '/workspace/builds/worker-6-tc1/source'...
[INFO] [stderr] done.
[INFO] removed /workspace/builds/worker-6-tc1/source/rust-toolchain.toml
[INFO] started tweaking git repo https://github.com/ca-x/localsendy
[INFO] finished tweaking git repo https://github.com/ca-x/localsendy
[INFO] tweaked toml for git repo https://github.com/ca-x/localsendy written to /workspace/builds/worker-6-tc1/source/Cargo.toml
[INFO] validating manifest of git repo https://github.com/ca-x/localsendy on toolchain 3154cc1a3e6424e44f438a95007d043ed5ceaaf6
[INFO] running `Command { std: CARGO_HOME="/workspace/cargo-home" RUSTUP_HOME="/workspace/rustup-home" "/workspace/cargo-home/bin/cargo" "+3154cc1a3e6424e44f438a95007d043ed5ceaaf6" "metadata" "--manifest-path" "Cargo.toml" "--no-deps", kill_on_drop: false }`
[INFO] crate git repo https://github.com/ca-x/localsendy already has a lockfile, it will not be regenerated
[INFO] running `Command { std: CARGO_HOME="/workspace/cargo-home" RUSTUP_HOME="/workspace/rustup-home" "/workspace/cargo-home/bin/cargo" "+3154cc1a3e6424e44f438a95007d043ed5ceaaf6" "fetch" "--manifest-path" "Cargo.toml", kill_on_drop: false }`
[INFO] [stderr]  Downloading crates ...
[INFO] [stderr]   Downloaded rcgen v0.14.8
[INFO] [stderr]   Downloaded ed25519-dalek v3.0.0
[INFO] [stderr]   Downloaded rusqlite v0.40.1
[INFO] [stderr]   Downloaded webpki-root-certs v1.0.8
[INFO] [stderr]   Downloaded libsqlite3-sys v0.38.1
[INFO] running `Command { std: "docker" "create" "-v" "/var/lib/crater-agent-workspace/builds/worker-6-tc1/source:/opt/rustwide/workdir:ro,Z" "-v" "/var/lib/crater-agent-workspace/builds/worker-6-tc1/target:/opt/rustwide/target:rw,Z" "-v" "/var/lib/crater-agent-workspace/cargo-home:/opt/rustwide/cargo-home:ro,Z" "-v" "/var/lib/crater-agent-workspace/rustup-home:/opt/rustwide/rustup-home:ro,Z" "-m" "1610612736" "--network" "none" "ghcr.io/rust-lang/crates-build-env/linux@sha256:77db811e55d90add9212f6832c23229e3de5f1c1f9905e8cb07319ea15df73ac" "sleep" "infinity", kill_on_drop: false }`
[INFO] [stdout] 28633bac3a98ba1af544287162217e97a9e52d943b7922668746daebf03a56d6
[INFO] running `Command { std: "docker" "start" "28633bac3a98ba1af544287162217e97a9e52d943b7922668746daebf03a56d6", kill_on_drop: false }`
[INFO] running `Command { std: "docker" "inspect" "28633bac3a98ba1af544287162217e97a9e52d943b7922668746daebf03a56d6", kill_on_drop: false }`
[INFO] running `Command { std: "docker" "exec" "-e" "SOURCE_DIR=/opt/rustwide/workdir" "-e" "CARGO_HOME=/opt/rustwide/cargo-home" "-e" "RUSTUP_HOME=/opt/rustwide/rustup-home" "-e" "CARGO_TARGET_DIR=/opt/rustwide/target" "-w" "/opt/rustwide/workdir" "--user" "0:0" "28633bac3a98ba1af544287162217e97a9e52d943b7922668746daebf03a56d6" "/opt/rustwide/cargo-home/bin/cargo" "+3154cc1a3e6424e44f438a95007d043ed5ceaaf6" "metadata" "--no-deps" "--format-version=1", kill_on_drop: false }`
[INFO] running `Command { std: "docker" "inspect" "28633bac3a98ba1af544287162217e97a9e52d943b7922668746daebf03a56d6", kill_on_drop: false }`
[INFO] running `Command { std: "docker" "exec" "-e" "SOURCE_DIR=/opt/rustwide/workdir" "-e" "CARGO_HOME=/opt/rustwide/cargo-home" "-e" "RUSTUP_HOME=/opt/rustwide/rustup-home" "-e" "CARGO_TARGET_DIR=/opt/rustwide/target" "-e" "CARGO_INCREMENTAL=0" "-e" "RUST_BACKTRACE=full" "-e" "RUSTFLAGS=--cap-lints=forbid -Znext-solver=coherence" "-e" "RUSTDOCFLAGS=--cap-lints=forbid" "-w" "/opt/rustwide/workdir" "--user" "0:0" "28633bac3a98ba1af544287162217e97a9e52d943b7922668746daebf03a56d6" "/opt/rustwide/cargo-home/bin/cargo" "+3154cc1a3e6424e44f438a95007d043ed5ceaaf6" "check" "--frozen" "--all" "--all-targets" "--message-format=json", kill_on_drop: false }`
[INFO] [stderr]    Compiling unicode-ident v1.0.24
[INFO] [stderr]     Checking smallvec v1.15.2
[INFO] [stderr]    Compiling find-msvc-tools v0.1.9
[INFO] [stderr]    Compiling pkg-config v0.3.33
[INFO] [stderr]     Checking rand_core v0.10.1
[INFO] [stderr]     Checking futures-core v0.3.33
[INFO] [stderr]     Checking getrandom v0.2.17
[INFO] [stderr]     Checking memchr v2.8.3
[INFO] [stderr]    Compiling proc-macro2 v1.0.107
[INFO] [stderr]     Checking parking_lot_core v0.9.12
[INFO] [stderr]     Checking log v0.4.33
[INFO] [stderr]    Compiling cc v1.4.0
[INFO] [stderr]     Checking mio v1.2.2
[INFO] [stderr]    Compiling libm v0.2.16
[INFO] [stderr]    Compiling num-traits v0.2.19
[INFO] [stderr]     Checking parking_lot v0.12.5
[INFO] [stderr]     Checking tracing-core v0.1.36
[INFO] [stderr]    Compiling serde_core v1.0.229
[INFO] [stderr]     Checking base64ct v1.8.3
[INFO] [stderr]     Checking futures-task v0.3.33
[INFO] [stderr]    Compiling quote v1.0.47
[INFO] [stderr]     Checking futures-sink v0.3.33
[INFO] [stderr]     Checking hybrid-array v0.4.14
[INFO] [stderr]    Compiling aws-lc-rs v1.17.3
[INFO] [stderr]     Checking litemap v0.8.2
[INFO] [stderr]     Checking writeable v0.6.3
[INFO] [stderr]    Compiling syn v2.0.119
[INFO] [stderr]    Compiling syn v3.0.3
[INFO] [stderr]     Checking foldhash v0.2.0
[INFO] [stderr]     Checking cpufeatures v0.3.0
[INFO] [stderr]     Checking const-oid v0.9.6
[INFO] [stderr]     Checking hashbrown v0.17.1
[INFO] [stderr]    Compiling icu_normalizer_data v2.2.0
[INFO] [stderr]     Checking crypto-common v0.2.2
[INFO] [stderr]     Checking block-buffer v0.12.1
[INFO] [stderr]    Compiling time-core v0.1.9
[INFO] [stderr]    Compiling cmake v0.1.58
[INFO] [stderr]    Compiling serde v1.0.229
[INFO] [stderr]    Compiling icu_properties_data v2.2.0
[INFO] [stderr]     Checking spin v0.9.9
[INFO] [stderr]    Compiling num-conv v0.2.2
[INFO] [stderr]     Checking subtle v2.6.1
[INFO] [stderr]    Compiling time-macros v0.2.32
[INFO] [stderr]     Checking digest v0.11.3
[INFO] [stderr]    Compiling aws-lc-sys v0.43.0
[INFO] [stderr]    Compiling ring v0.17.14
[INFO] [stderr]    Compiling zerocopy v0.8.55
[INFO] [stderr]    Compiling zmij v1.0.23
[INFO] [stderr]     Checking bitflags v2.13.1
[INFO] [stderr]    Compiling getrandom v0.4.3
[INFO] [stderr]    Compiling thiserror v2.0.19
[INFO] [stderr]     Checking num-integer v0.1.46
[INFO] [stderr]     Checking indexmap v2.14.0
[INFO] [stderr]    Compiling serde_json v1.0.151
[INFO] [stderr]    Compiling rustls v0.23.43
[INFO] [stderr]     Checking simd-adler32 v0.3.10
[INFO] [stderr]     Checking nom v7.1.3
[INFO] [stderr]     Checking miniz_oxide v0.8.9
[INFO] [stderr]     Checking time v0.3.55
[INFO] [stderr]     Checking lazy_static v1.5.0
[INFO] [stderr]     Checking pem-rfc7468 v1.0.0
[INFO] [stderr]     Checking pem-rfc7468 v0.7.0
[INFO] [stderr]     Checking rand_core v0.6.4
[INFO] [stderr]     Checking sync_wrapper v1.0.2
[INFO] [stderr]     Checking futures-channel v0.3.33
[INFO] [stderr]    Compiling typenum v1.20.1
[INFO] [stderr]     Checking rusticata-macros v4.1.0
[INFO] [stderr]     Checking der v0.7.10
[INFO] [stderr]    Compiling synstructure v0.13.2
[INFO] [stderr]    Compiling displaydoc v0.2.7
[INFO] [stderr]    Compiling tokio-macros v2.7.2
[INFO] [stderr]    Compiling serde_derive v1.0.229
[INFO] [stderr]    Compiling thiserror-impl v2.0.19
[INFO] [stderr]     Checking der v0.8.1
[INFO] [stderr]     Checking tokio v1.53.1
[INFO] [stderr]    Compiling zerofrom-derive v0.1.7
[INFO] [stderr]    Compiling yoke-derive v0.8.2
[INFO] [stderr]    Compiling zerovec-derive v0.11.3
[INFO] [stderr]    Compiling futures-macro v0.3.33
[INFO] [stderr]    Compiling tracing-attributes v0.1.31
[INFO] [stderr]     Checking futures-util v0.3.33
[INFO] [stderr]     Checking ppv-lite86 v0.2.21
[INFO] [stderr]     Checking zerofrom v0.1.8
[INFO] [stderr]     Checking yoke v0.8.3
[INFO] [stderr]    Compiling asn1-rs-impl v0.2.0
[INFO] [stderr]     Checking zerovec v0.11.6
[INFO] [stderr]     Checking zerotrie v0.2.4
[INFO] [stderr]    Compiling asn1-rs-derive v0.6.0
[INFO] [stderr]     Checking flate2 v1.1.9
[INFO] [stderr]     Checking tracing v0.1.44
[INFO] [stderr]     Checking tinystr v0.8.3
[INFO] [stderr]     Checking potential_utf v0.1.5
[INFO] [stderr]     Checking icu_locale_core v2.2.0
[INFO] [stderr]     Checking icu_collections v2.2.0
[INFO] [stderr]     Checking http-body-util v0.1.4
[INFO] [stderr]     Checking compression-core v0.4.32
[INFO] [stderr]    Compiling anyhow v1.0.104
[INFO] [stderr]     Checking ipnet v2.12.1
[INFO] [stderr]     Checking compression-codecs v0.4.38
[INFO] [stderr]     Checking digest v0.10.7
[INFO] [stderr]     Checking asn1-rs v0.7.2
[INFO] [stderr]     Checking icu_provider v2.2.0
[INFO] [stderr]     Checking rand_chacha v0.3.1
[INFO] [stderr]     Checking spki v0.8.0
[INFO] [stderr]     Checking spki v0.7.3
[INFO] [stderr]    Compiling curve25519-dalek v5.0.0
[INFO] [stderr]     Checking sha2 v0.11.0
[INFO] [stderr]     Checking icu_normalizer v2.2.0
[INFO] [stderr]     Checking icu_properties v2.2.0
[INFO] [stderr]    Compiling unicase v2.9.0
[INFO] [stderr]    Compiling num-bigint-dig v0.8.6
[INFO] [stderr]    Compiling oid-registry v0.8.1
[INFO] [stderr]     Checking regex-automata v0.4.18
[INFO] [stderr]    Compiling mime_guess v2.0.5
[INFO] [stderr]    Compiling libsqlite3-sys v0.38.1
[INFO] [stderr]     Checking pkcs8 v0.10.2
[INFO] [stderr]     Checking tokio-util v0.7.19
[INFO] [stderr]     Checking tower v0.5.3
[INFO] [stderr]     Checking async-compression v0.4.43
[INFO] [stderr]     Checking pkcs8 v0.11.0
[INFO] [stderr]     Checking rand v0.8.7
[INFO] [stderr]    Compiling curve25519-dalek-derive v0.1.1
[INFO] [stderr]     Checking num-iter v0.1.46
[INFO] [stderr]     Checking idna_adapter v1.2.2
[INFO] [stderr]     Checking num-bigint v0.4.8
[INFO] [stderr]     Checking h2 v0.4.15
[INFO] [stderr]     Checking chacha20 v0.10.1
[INFO] [stderr]     Checking idna v1.1.0
[INFO] [stderr]     Checking signature v3.0.0
[INFO] [stderr]    Compiling const-oid v0.10.2
[INFO] [stderr]     Checking data-encoding v2.11.1
[INFO] [stderr]     Checking url v2.5.8
[INFO] [stderr]     Checking sha2 v0.10.9
[INFO] [stderr]     Checking rand v0.10.2
[INFO] [stderr]     Checking matchers v0.2.0
[INFO] [stderr]     Checking ed25519 v3.0.0
[INFO] [stderr]     Checking tower-http v0.6.11
[INFO] [stderr]     Checking pkcs1 v0.7.5
[INFO] [stderr]     Checking signature v2.2.0
[INFO] [stderr]     Checking der-parser v10.0.0
[INFO] [stderr]     Checking yasna v0.6.0
[INFO] [stderr]     Checking sharded-slab v0.1.7
[INFO] [stderr]     Checking sha1 v0.11.0
[INFO] [stderr]     Checking tracing-log v0.2.0
[INFO] [stderr]     Checking thread_local v1.1.10
[INFO] [stderr]    Compiling same-file v1.0.6
[INFO] [stderr]    Compiling rustix v1.1.4
[INFO] [stderr]    Compiling walkdir v2.5.0
[INFO] [stderr]     Checking pem v4.0.0
[INFO] [stderr]     Checking tungstenite v0.30.0
[INFO] [stderr]     Checking ed25519-dalek v3.0.0
[INFO] [stderr]     Checking rcgen v0.14.8
[INFO] [stderr]     Checking rsa v0.9.10
[INFO] [stderr]     Checking tracing-subscriber v0.3.23
[INFO] [stderr]     Checking x509-parser v0.18.1
[INFO] [stderr]     Checking tokio-stream v0.1.19
[INFO] [stderr]     Checking uuid v1.24.0
[INFO] [stderr]     Checking lru v0.18.2
[INFO] [stderr]    Compiling multer v3.1.0
[INFO] [stderr]     Checking if-addrs v0.15.0
[INFO] [stderr]    Compiling mime v0.3.17
[INFO] [stderr]     Checking chrono v0.4.45
[INFO] [stderr]    Compiling rust-embed-utils v8.12.0
[INFO] [stderr]     Checking serde_urlencoded v0.7.1
[INFO] [stderr]    Compiling rust-embed-impl v8.12.0
[INFO] [stderr]     Checking axum-core v0.5.6
[INFO] [stderr]    Compiling axum-macros v0.5.1
[INFO] [stderr]     Checking serde_path_to_error v0.1.20
[INFO] [stderr]     Checking matchit v0.8.4
[INFO] [stderr]     Checking rust-embed v8.12.0
[INFO] [stderr]     Checking hyper v1.11.0
[INFO] [stderr]     Checking tempfile v3.27.0
[INFO] [stderr]     Checking hyper-util v0.1.20
[INFO] [stderr]     Checking axum v0.8.9
[INFO] [stderr]     Checking rusqlite v0.40.1
[INFO] [stderr]     Checking localsendy-storage v0.3.2 (/opt/rustwide/workdir/crates/localsendy-storage)
[INFO] [stderr]     Checking rustls-webpki v0.103.13
[INFO] [stderr]     Checking tokio-rustls v0.26.4
[INFO] [stderr]     Checking rustls-platform-verifier v0.7.0
[INFO] [stderr]     Checking hyper-rustls v0.27.9
[INFO] [stderr]     Checking reqwest v0.13.4
[INFO] [stderr]     Checking localsend v0.1.0 (/opt/rustwide/workdir/third_party/localsend-core)
[INFO] [stdout] warning: unused import: `crate::util::base64`
[INFO] [stdout]  --> third_party/localsend-core/src/webrtc/signaling.rs:2:5
[INFO] [stdout]   |
[INFO] [stdout] 2 | use crate::util::base64;
[INFO] [stdout]   |     ^^^^^^^^^^^^^^^^^^^
[INFO] [stdout]   |
[INFO] [stdout]   = note: `#[warn(unused_imports)]` (part of `#[warn(unused)]`) on by default
[INFO] [stdout] 
[INFO] [stdout] 
[INFO] [stdout] warning: unused import: `tokio::time::Duration`
[INFO] [stdout]   --> third_party/localsend-core/src/webrtc/signaling.rs:11:5
[INFO] [stdout]    |
[INFO] [stdout] 11 | use tokio::time::Duration;
[INFO] [stdout]    |     ^^^^^^^^^^^^^^^^^^^^^
[INFO] [stdout] 
[INFO] [stdout] 
[INFO] [stdout] warning: unused import: `futures_util::stream::StreamExt`
[INFO] [stdout]  --> third_party/localsend-core/src/webrtc/signaling.rs:4:5
[INFO] [stdout]   |
[INFO] [stdout] 4 | use futures_util::stream::StreamExt;
[INFO] [stdout]   |     ^^^^^^^^^^^^^^^^^^^^^^^^^^^^^^^
[INFO] [stdout] 
[INFO] [stdout] 
[INFO] [stdout] warning: unused import: `futures_util::SinkExt`
[INFO] [stdout]  --> third_party/localsend-core/src/webrtc/signaling.rs:5:5
[INFO] [stdout]   |
[INFO] [stdout] 5 | use futures_util::SinkExt;
[INFO] [stdout]   |     ^^^^^^^^^^^^^^^^^^^^^
[INFO] [stdout] 
[INFO] [stdout] 
[INFO] [stdout] warning: fields `tx` and `on_answer` are never read
[INFO] [stdout]    --> third_party/localsend-core/src/webrtc/signaling.rs:339:5
[INFO] [stdout]     |
[INFO] [stdout] 336 | pub struct ManagedSignalingConnection {
[INFO] [stdout]     |            -------------------------- fields in this struct
[INFO] [stdout] ...
[INFO] [stdout] 339 |     tx: mpsc::Sender<WsClientMessage>,
[INFO] [stdout]     |     ^^
[INFO] [stdout] 340 |     on_answer: Arc<Mutex<HashMap<String, AnswerCallback>>>,
[INFO] [stdout]     |     ^^^^^^^^^
[INFO] [stdout]     |
[INFO] [stdout]     = note: `#[warn(dead_code)]` (part of `#[warn(unused)]`) on by default
[INFO] [stdout] 
[INFO] [stdout] 
[INFO] [stdout] warning: function `send_update` is never used
[INFO] [stdout]    --> third_party/localsend-core/src/webrtc/signaling.rs:373:10
[INFO] [stdout]     |
[INFO] [stdout] 373 | async fn send_update(tx: &mpsc::Sender<WsClientMessage>, info: ClientInfoWithoutId) -> Result<()> {
[INFO] [stdout]     |          ^^^^^^^^^^^
[INFO] [stdout] 
[INFO] [stdout] 
[INFO] [stdout] warning: function `send_offer` is never used
[INFO] [stdout]    --> third_party/localsend-core/src/webrtc/signaling.rs:381:10
[INFO] [stdout]     |
[INFO] [stdout] 381 | async fn send_offer(
[INFO] [stdout]     |          ^^^^^^^^^^
[INFO] [stdout] 
[INFO] [stdout] 
[INFO] [stdout] warning: function `send_answer` is never used
[INFO] [stdout]    --> third_party/localsend-core/src/webrtc/signaling.rs:399:10
[INFO] [stdout]     |
[INFO] [stdout] 399 | async fn send_answer(
[INFO] [stdout]     |          ^^^^^^^^^^^
[INFO] [stdout] 
[INFO] [stdout] 
[INFO] [stderr]     Checking localsendy-core v0.3.2 (/opt/rustwide/workdir/crates/localsendy-core)
[INFO] [stderr]     Checking localsendy v0.3.2 (/opt/rustwide/workdir)
[INFO] [stdout] error: #[derive(RustEmbed)] folder '/opt/rustwide/workdir/web/dist/' does not exist. cwd: '/opt/rustwide/workdir'
[INFO] [stdout]   --> src/web.rs:9:1
[INFO] [stdout]    |
[INFO] [stdout]  9 | / #[folder = "web/dist/"]
[INFO] [stdout] 10 | | struct WebAssets;
[INFO] [stdout]    | |_________________^
[INFO] [stdout] 
[INFO] [stdout] 
[INFO] [stdout] error: #[derive(RustEmbed)] folder '/opt/rustwide/workdir/web/dist/' does not exist. cwd: '/opt/rustwide/workdir'
[INFO] [stdout]   --> src/web.rs:9:1
[INFO] [stdout]    |
[INFO] [stdout]  9 | / #[folder = "web/dist/"]
[INFO] [stdout] 10 | | struct WebAssets;
[INFO] [stdout]    | |_________________^
[INFO] [stdout] 
[INFO] [stdout] 
[INFO] [stdout] error[E0599]: no associated function or constant named `get` found for struct `WebAssets` in the current scope
[INFO] [stdout]   --> src/web.rs:20:22
[INFO] [stdout]    |
[INFO] [stdout] 10 | struct WebAssets;
[INFO] [stdout]    | ---------------- associated function or constant `get` not found for this struct
[INFO] [stdout] ...
[INFO] [stdout] 20 |     match WebAssets::get(path).or_else(|| WebAssets::get("index.html")) {
[INFO] [stdout]    |                      ^^^ associated function or constant not found in `WebAssets`
[INFO] [stdout]    |
[INFO] [stdout]    = help: items from traits can only be used if the trait is implemented and in scope
[INFO] [stdout]    = note: the following traits define an item `get`, perhaps you need to implement one of them:
[INFO] [stdout]            candidate #1: `Embed`
[INFO] [stdout]            candidate #2: `SliceIndex`
[INFO] [stdout]            candidate #3: `StoresServerSessions`
[INFO] [stdout]            candidate #4: `fallible_streaming_iterator::FallibleStreamingIterator`
[INFO] [stdout]            candidate #5: `icu_collections::codepointtrie::cptrie::TypedCodePointTrie`
[INFO] [stdout]            candidate #6: `icu_properties::names::PropertyEnumToValueNameLookup`
[INFO] [stdout]            candidate #7: `icu_provider::baked::DataStore`
[INFO] [stdout] 
[INFO] [stdout] 
[INFO] [stdout] error[E0599]: no associated function or constant named `get` found for struct `WebAssets` in the current scope
[INFO] [stdout]   --> src/web.rs:20:54
[INFO] [stdout]    |
[INFO] [stdout] 10 | struct WebAssets;
[INFO] [stdout]    | ---------------- associated function or constant `get` not found for this struct
[INFO] [stdout] ...
[INFO] [stdout] 20 |     match WebAssets::get(path).or_else(|| WebAssets::get("index.html")) {
[INFO] [stdout]    |                                                      ^^^ associated function or constant not found in `WebAssets`
[INFO] [stdout]    |
[INFO] [stdout]    = help: items from traits can only be used if the trait is implemented and in scope
[INFO] [stdout]    = note: the following traits define an item `get`, perhaps you need to implement one of them:
[INFO] [stdout]            candidate #1: `Embed`
[INFO] [stdout]            candidate #2: `SliceIndex`
[INFO] [stdout]            candidate #3: `StoresServerSessions`
[INFO] [stdout]            candidate #4: `fallible_streaming_iterator::FallibleStreamingIterator`
[INFO] [stdout]            candidate #5: `icu_collections::codepointtrie::cptrie::TypedCodePointTrie`
[INFO] [stdout]            candidate #6: `icu_properties::names::PropertyEnumToValueNameLookup`
[INFO] [stdout]            candidate #7: `icu_provider::baked::DataStore`
[INFO] [stdout] 
[INFO] [stdout] 
[INFO] [stdout] error[E0599]: no associated function or constant named `get` found for struct `WebAssets` in the current scope
[INFO] [stdout]   --> src/web.rs:20:22
[INFO] [stdout]    |
[INFO] [stdout] 10 | struct WebAssets;
[INFO] [stdout]    | ---------------- associated function or constant `get` not found for this struct
[INFO] [stdout] ...
[INFO] [stdout] 20 |     match WebAssets::get(path).or_else(|| WebAssets::get("index.html")) {
[INFO] [stdout]    |                      ^^^ associated function or constant not found in `WebAssets`
[INFO] [stdout]    |
[INFO] [stdout]    = help: items from traits can only be used if the trait is implemented and in scope
[INFO] [stdout]    = note: the following traits define an item `get`, perhaps you need to implement one of them:
[INFO] [stdout]            candidate #1: `Embed`
[INFO] [stdout]            candidate #2: `SliceIndex`
[INFO] [stdout]            candidate #3: `StoresServerSessions`
[INFO] [stdout]            candidate #4: `fallible_streaming_iterator::FallibleStreamingIterator`
[INFO] [stdout]            candidate #5: `icu_collections::codepointtrie::cptrie::TypedCodePointTrie`
[INFO] [stdout]            candidate #6: `icu_properties::names::PropertyEnumToValueNameLookup`
[INFO] [stdout]            candidate #7: `icu_provider::baked::DataStore`
[INFO] [stdout] 
[INFO] [stdout] 
[INFO] [stdout] error[E0599]: no associated function or constant named `get` found for struct `WebAssets` in the current scope
[INFO] [stdout]   --> src/web.rs:20:54
[INFO] [stdout]    |
[INFO] [stdout] 10 | struct WebAssets;
[INFO] [stdout]    | ---------------- associated function or constant `get` not found for this struct
[INFO] [stdout] ...
[INFO] [stdout] 20 |     match WebAssets::get(path).or_else(|| WebAssets::get("index.html")) {
[INFO] [stdout]    |                                                      ^^^ associated function or constant not found in `WebAssets`
[INFO] [stdout]    |
[INFO] [stdout]    = help: items from traits can only be used if the trait is implemented and in scope
[INFO] [stdout]    = note: the following traits define an item `get`, perhaps you need to implement one of them:
[INFO] [stdout]            candidate #1: `Embed`
[INFO] [stdout]            candidate #2: `SliceIndex`
[INFO] [stdout]            candidate #3: `StoresServerSessions`
[INFO] [stdout]            candidate #4: `fallible_streaming_iterator::FallibleStreamingIterator`
[INFO] [stdout]            candidate #5: `icu_collections::codepointtrie::cptrie::TypedCodePointTrie`
[INFO] [stdout]            candidate #6: `icu_properties::names::PropertyEnumToValueNameLookup`
[INFO] [stdout]            candidate #7: `icu_provider::baked::DataStore`
[INFO] [stdout] 
[INFO] [stdout] 
[INFO] [stdout] For more information about this error, try `rustc --explain E0599`.
[INFO] [stdout] 
[INFO] [stderr] error: could not compile `localsendy` (bin "localsendy") due to 3 previous errors
[INFO] [stderr] warning: build failed, waiting for other jobs to finish...
[INFO] [stdout] For more information about this error, try `rustc --explain E0599`.
[INFO] [stdout] 
[INFO] [stderr] error: could not compile `localsendy` (bin "localsendy" test) due to 3 previous errors
[INFO] running `Command { std: "docker" "inspect" "28633bac3a98ba1af544287162217e97a9e52d943b7922668746daebf03a56d6", kill_on_drop: false }`
[INFO] running `Command { std: "docker" "rm" "-f" "28633bac3a98ba1af544287162217e97a9e52d943b7922668746daebf03a56d6", kill_on_drop: false }`
[INFO] [stdout] 28633bac3a98ba1af544287162217e97a9e52d943b7922668746daebf03a56d6
