[INFO] cloning repository https://github.com/cMajr/axum-auth-api
[INFO] running `Command { std: "git" "-c" "credential.helper=" "-c" "credential.helper=/workspace/cargo-home/bin/git-credential-null" "clone" "--bare" "https://github.com/cMajr/axum-auth-api" "/workspace/cache/git-repos/https%3A%2F%2Fgithub.com%2FcMajr%2Faxum-auth-api", kill_on_drop: false }`
[INFO] [stderr] Cloning into bare repository '/workspace/cache/git-repos/https%3A%2F%2Fgithub.com%2FcMajr%2Faxum-auth-api'...
[INFO] running `Command { std: "git" "rev-parse" "HEAD", kill_on_drop: false }`
[INFO] [stdout] 3a3e66efbdb20b8a54804f7cc763a05df79cbba3
[INFO] checking cMajr/axum-auth-api against 3154cc1a3e6424e44f438a95007d043ed5ceaaf6 for pr-133502-30
[INFO] running `Command { std: "git" "clone" "/workspace/cache/git-repos/https%3A%2F%2Fgithub.com%2FcMajr%2Faxum-auth-api" "/workspace/builds/worker-4-tc2/source", kill_on_drop: false }`
[INFO] [stderr] Cloning into '/workspace/builds/worker-4-tc2/source'...
[INFO] [stderr] done.
[INFO] started tweaking git repo https://github.com/cMajr/axum-auth-api
[INFO] finished tweaking git repo https://github.com/cMajr/axum-auth-api
[INFO] tweaked toml for git repo https://github.com/cMajr/axum-auth-api written to /workspace/builds/worker-4-tc2/source/Cargo.toml
[INFO] validating manifest of git repo https://github.com/cMajr/axum-auth-api on toolchain 3154cc1a3e6424e44f438a95007d043ed5ceaaf6
[INFO] running `Command { std: CARGO_HOME="/workspace/cargo-home" RUSTUP_HOME="/workspace/rustup-home" "/workspace/cargo-home/bin/cargo" "+3154cc1a3e6424e44f438a95007d043ed5ceaaf6" "metadata" "--manifest-path" "Cargo.toml" "--no-deps", kill_on_drop: false }`
[INFO] crate git repo https://github.com/cMajr/axum-auth-api already has a lockfile, it will not be regenerated
[INFO] running `Command { std: CARGO_HOME="/workspace/cargo-home" RUSTUP_HOME="/workspace/rustup-home" "/workspace/cargo-home/bin/cargo" "+3154cc1a3e6424e44f438a95007d043ed5ceaaf6" "fetch" "--manifest-path" "Cargo.toml", kill_on_drop: false }`
[INFO] running `Command { std: "docker" "create" "-v" "/var/lib/crater-agent-workspace/builds/worker-4-tc2/source:/opt/rustwide/workdir:ro,Z" "-v" "/var/lib/crater-agent-workspace/builds/worker-4-tc2/target:/opt/rustwide/target:rw,Z" "-v" "/var/lib/crater-agent-workspace/cargo-home:/opt/rustwide/cargo-home:ro,Z" "-v" "/var/lib/crater-agent-workspace/rustup-home:/opt/rustwide/rustup-home:ro,Z" "-m" "1610612736" "--network" "none" "ghcr.io/rust-lang/crates-build-env/linux@sha256:77db811e55d90add9212f6832c23229e3de5f1c1f9905e8cb07319ea15df73ac" "sleep" "infinity", kill_on_drop: false }`
[INFO] [stdout] 46205895be3e4334ddf7a9b249605de35dcc8383e1749849c350c5cfaf630f59
[INFO] running `Command { std: "docker" "start" "46205895be3e4334ddf7a9b249605de35dcc8383e1749849c350c5cfaf630f59", kill_on_drop: false }`
[INFO] running `Command { std: "docker" "inspect" "46205895be3e4334ddf7a9b249605de35dcc8383e1749849c350c5cfaf630f59", kill_on_drop: false }`
[INFO] running `Command { std: "docker" "exec" "-e" "SOURCE_DIR=/opt/rustwide/workdir" "-e" "CARGO_HOME=/opt/rustwide/cargo-home" "-e" "RUSTUP_HOME=/opt/rustwide/rustup-home" "-e" "CARGO_TARGET_DIR=/opt/rustwide/target" "-w" "/opt/rustwide/workdir" "--user" "0:0" "46205895be3e4334ddf7a9b249605de35dcc8383e1749849c350c5cfaf630f59" "/opt/rustwide/cargo-home/bin/cargo" "+3154cc1a3e6424e44f438a95007d043ed5ceaaf6" "metadata" "--no-deps" "--format-version=1", kill_on_drop: false }`
[INFO] running `Command { std: "docker" "inspect" "46205895be3e4334ddf7a9b249605de35dcc8383e1749849c350c5cfaf630f59", kill_on_drop: false }`
[INFO] running `Command { std: "docker" "exec" "-e" "SOURCE_DIR=/opt/rustwide/workdir" "-e" "CARGO_HOME=/opt/rustwide/cargo-home" "-e" "RUSTUP_HOME=/opt/rustwide/rustup-home" "-e" "CARGO_TARGET_DIR=/opt/rustwide/target" "-e" "CARGO_INCREMENTAL=0" "-e" "RUST_BACKTRACE=full" "-e" "RUSTFLAGS=--cap-lints=forbid" "-e" "RUSTDOCFLAGS=--cap-lints=forbid" "-w" "/opt/rustwide/workdir" "--user" "0:0" "46205895be3e4334ddf7a9b249605de35dcc8383e1749849c350c5cfaf630f59" "/opt/rustwide/cargo-home/bin/cargo" "+3154cc1a3e6424e44f438a95007d043ed5ceaaf6" "check" "--frozen" "--all" "--all-targets" "--message-format=json", kill_on_drop: false }`
[INFO] [stderr]    Compiling typenum v1.20.1
[INFO] [stderr]     Checking getrandom v0.2.17
[INFO] [stderr]    Compiling serde_json v1.0.150
[INFO] [stderr]    Compiling thiserror v2.0.18
[INFO] [stderr]    Compiling zeroize_derive v1.5.0
[INFO] [stderr]     Checking serde v1.0.228
[INFO] [stderr]     Checking log v0.4.32
[INFO] [stderr]    Compiling cmov v0.5.4
[INFO] [stderr]     Checking socket2 v0.6.4
[INFO] [stderr]     Checking mio v1.2.1
[INFO] [stderr]    Compiling yoke v0.8.3
[INFO] [stderr]     Checking hybrid-array v0.4.12
[INFO] [stderr]    Compiling zerocopy v0.8.52
[INFO] [stderr]     Checking ctutils v0.4.2
[INFO] [stderr]     Checking zerovec v0.11.6
[INFO] [stderr]     Checking zerotrie v0.2.4
[INFO] [stderr]     Checking rand_core v0.6.4
[INFO] [stderr]     Checking http v1.4.2
[INFO] [stderr]     Checking tracing v0.1.44
[INFO] [stderr]    Compiling rand_core v0.10.1
[INFO] [stderr]    Compiling cpufeatures v0.3.0
[INFO] [stderr]    Compiling smallvec v1.15.1
[INFO] [stderr]     Checking ff v0.13.1
[INFO] [stderr]    Compiling concurrent-queue v2.5.0
[INFO] [stderr]     Checking num-integer v0.1.46
[INFO] [stderr]    Compiling futures-io v0.3.32
[INFO] [stderr]     Checking group v0.13.0
[INFO] [stderr]    Compiling tokio v1.52.3
[INFO] [stderr]    Compiling futures-task v0.3.32
[INFO] [stderr]     Checking zeroize v1.9.0
[INFO] [stderr]     Checking spin v0.9.8
[INFO] [stderr]    Compiling parking_lot_core v0.9.12
[INFO] [stderr]     Checking generic-array v0.14.7
[INFO] [stderr]     Checking der v0.7.10
[INFO] [stderr]     Checking futures-util v0.3.32
[INFO] [stderr]     Checking lazy_static v1.5.0
[INFO] [stderr]     Checking crypto-common v0.2.2
[INFO] [stderr]     Checking block-buffer v0.12.1
[INFO] [stderr]     Checking tinystr v0.8.3
[INFO] [stderr]    Compiling potential_utf v0.1.5
[INFO] [stderr]     Checking icu_collections v2.2.0
[INFO] [stderr]     Checking icu_locale_core v2.2.0
[INFO] [stderr]     Checking parking_lot v0.12.5
[INFO] [stderr]     Checking http-body v1.0.1
[INFO] [stderr]     Checking crypto-common v0.1.7
[INFO] [stderr]     Checking block-buffer v0.10.4
[INFO] [stderr]     Checking crypto-bigint v0.5.5
[INFO] [stderr]    Compiling event-listener v5.4.1
[INFO] [stderr]     Checking digest v0.10.7
[INFO] [stderr]     Checking digest v0.11.3
[INFO] [stderr]    Compiling chrono v0.4.45
[INFO] [stderr]    Compiling either v1.16.0
[INFO] [stderr]     Checking icu_provider v2.2.0
[INFO] [stderr]    Compiling futures-intrusive v0.5.0
[INFO] [stderr]    Compiling chacha20 v0.10.0
[INFO] [stderr]     Checking icu_properties v2.2.0
[INFO] [stderr]     Checking hmac v0.12.1
[INFO] [stderr]     Checking spki v0.7.3
[INFO] [stderr]     Checking pkcs8 v0.10.2
[INFO] [stderr]     Checking signature v2.2.0
[INFO] [stderr]     Checking sha2 v0.10.9
[INFO] [stderr]     Checking icu_normalizer v2.2.0
[INFO] [stderr]     Checking sec1 v0.7.3
[INFO] [stderr]     Checking hkdf v0.12.4
[INFO] [stderr]    Compiling getrandom v0.4.2
[INFO] [stderr]    Compiling unicode-normalization v0.1.25
[INFO] [stderr]     Checking futures-channel v0.3.32
[INFO] [stderr]     Checking regex-automata v0.4.14
[INFO] [stderr]    Compiling rand v0.10.1
[INFO] [stderr]     Checking rfc6979 v0.4.0
[INFO] [stderr]    Compiling stringprep v0.1.5
[INFO] [stderr]     Checking idna_adapter v1.2.2
[INFO] [stderr]    Compiling whoami v2.1.2
[INFO] [stderr]     Checking idna v1.1.0
[INFO] [stderr]     Checking url v2.5.8
[INFO] [stderr]    Compiling time-macros v0.2.29
[INFO] [stderr]     Checking elliptic-curve v0.13.8
[INFO] [stderr]     Checking ecdsa v0.16.9
[INFO] [stderr]     Checking primeorder v0.13.6
[INFO] [stderr]     Checking hmac v0.13.0
[INFO] [stderr]     Checking num-iter v0.1.45
[INFO] [stderr]    Compiling curve25519-dalek-derive v0.1.1
[INFO] [stderr]    Compiling proc-macro-error-attr2 v2.0.0
[INFO] [stderr]     Checking bitflags v2.13.0
[INFO] [stderr]     Checking hkdf v0.13.0
[INFO] [stderr]     Checking sha2 v0.11.0
[INFO] [stderr]    Compiling proc-macro-error2 v2.0.1
[INFO] [stderr]     Checking ed25519 v2.2.3
[INFO] [stderr]     Checking pkcs1 v0.7.5
[INFO] [stderr]     Checking md-5 v0.11.0
[INFO] [stderr]     Checking curve25519-dalek v4.1.3
[INFO] [stderr]     Checking http-body-util v0.1.3
[INFO] [stderr]     Checking num-bigint v0.4.6
[INFO] [stderr]     Checking serde_urlencoded v0.7.1
[INFO] [stderr]    Compiling validator_derive v0.20.0
[INFO] [stderr]     Checking axum-core v0.5.6
[INFO] [stderr]     Checking ppv-lite86 v0.2.21
[INFO] [stderr]     Checking p384 v0.13.1
[INFO] [stderr]     Checking time v0.3.49
[INFO] [stderr]     Checking p256 v0.13.2
[INFO] [stderr]     Checking blake2 v0.10.6
[INFO] [stderr]     Checking matchers v0.2.0
[INFO] [stderr]     Checking regex v1.12.4
[INFO] [stderr]     Checking sharded-slab v0.1.7
[INFO] [stderr]     Checking password-hash v0.5.0
[INFO] [stderr]     Checking rand_chacha v0.3.1
[INFO] [stderr]     Checking tracing-log v0.2.0
[INFO] [stderr]    Compiling axum-macros v0.5.1
[INFO] [stderr]     Checking serde_path_to_error v0.1.20
[INFO] [stderr]     Checking argon2 v0.5.3
[INFO] [stderr]     Checking tower-http v0.6.11
[INFO] [stderr]     Checking uuid v1.23.3
[INFO] [stderr]     Checking rand v0.8.6
[INFO] [stderr]     Checking ed25519-dalek v2.2.0
[INFO] [stderr]     Checking tracing-subscriber v0.3.23
[INFO] [stderr]     Checking validator v0.20.0
[INFO] [stderr]     Checking num-bigint-dig v0.8.6
[INFO] [stderr]    Compiling tokio-stream v0.1.18
[INFO] [stderr]    Compiling sqlx-core v0.9.0
[INFO] [stderr]     Checking simple_asn1 v0.6.4
[INFO] [stderr]     Checking rsa v0.9.10
[INFO] [stderr]     Checking hyper v1.10.1
[INFO] [stderr]     Checking tower v0.5.3
[INFO] [stderr]     Checking jsonwebtoken v10.4.0
[INFO] [stderr]     Checking hyper-util v0.1.20
[INFO] [stderr]     Checking axum v0.8.9
[INFO] [stderr]    Compiling sqlx-postgres v0.9.0
[INFO] [stderr]    Compiling sqlx-macros-core v0.9.0
[INFO] [stderr]    Compiling sqlx-macros v0.9.0
[INFO] [stderr]     Checking sqlx v0.9.0
[INFO] [stderr]     Checking axum-api v0.1.0 (/opt/rustwide/workdir)
[INFO] [stdout] error: set `DATABASE_URL` to use query macros online, or run `cargo sqlx prepare` to update the query cache
[INFO] [stdout]   --> src/cleanup.rs:24:29
[INFO] [stdout]    |
[INFO] [stdout] 24 |             if let Err(e) = sqlx::query!("DELETE FROM refresh_tokens WHERE expires_at < NOW()").execute(&state.pool).await {
[INFO] [stdout]    |                             ^^^^^^^^^^^^^^^^^^^^^^^^^^^^^^^^^^^^^^^^^^^^^^^^^^^^^^^^^^^^^^^^^^^
[INFO] [stdout]    |
[INFO] [stdout]    = note: this error originates in the macro `$crate::sqlx_macros::expand_query` which comes from the expansion of the macro `sqlx::query` (in Nightly builds, run with -Z macro-backtrace for more info)
[INFO] [stdout] 
[INFO] [stdout] 
[INFO] [stdout] error: set `DATABASE_URL` to use query macros online, or run `cargo sqlx prepare` to update the query cache
[INFO] [stdout]   --> src/handlers/delete_user.rs:11:18
[INFO] [stdout]    |
[INFO] [stdout] 11 |     let result = sqlx::query!("DELETE FROM users WHERE id = $1", user_id)
[INFO] [stdout]    |                  ^^^^^^^^^^^^^^^^^^^^^^^^^^^^^^^^^^^^^^^^^^^^^^^^^^^^^^^^
[INFO] [stdout]    |
[INFO] [stdout]    = note: this error originates in the macro `$crate::sqlx_macros::expand_query` which comes from the expansion of the macro `sqlx::query` (in Nightly builds, run with -Z macro-backtrace for more info)
[INFO] [stdout] 
[INFO] [stdout] 
[INFO] [stdout] error: set `DATABASE_URL` to use query macros online, or run `cargo sqlx prepare` to update the query cache
[INFO] [stdout]   --> src/handlers/get_user.rs:8:16
[INFO] [stdout]    |
[INFO] [stdout]  8 |       let user = sqlx::query_as!(
[INFO] [stdout]    |  ________________^
[INFO] [stdout]  9 | |         PublicSearchUserResponse,
[INFO] [stdout] 10 | |         "SELECT id, username, bio FROM users WHERE id = $1",
[INFO] [stdout] 11 | |         id
[INFO] [stdout] 12 | |     )
[INFO] [stdout]    | |_____^
[INFO] [stdout]    |
[INFO] [stdout]    = note: this error originates in the macro `$crate::sqlx_macros::expand_query` which comes from the expansion of the macro `sqlx::query_as` (in Nightly builds, run with -Z macro-backtrace for more info)
[INFO] [stdout] 
[INFO] [stdout] 
[INFO] [stdout] error: set `DATABASE_URL` to use query macros online, or run `cargo sqlx prepare` to update the query cache
[INFO] [stdout]   --> src/handlers/login.rs:36:20
[INFO] [stdout]    |
[INFO] [stdout] 36 |       let user_req = sqlx::query_as!(
[INFO] [stdout]    |  ____________________^
[INFO] [stdout] 37 | |         UserCredentials,
[INFO] [stdout] 38 | |         "SELECT password, id, role as \"role: UserRole\" FROM users WHERE email = $1",
[INFO] [stdout] 39 | |         email
[INFO] [stdout] 40 | |     )
[INFO] [stdout]    | |_____^
[INFO] [stdout]    |
[INFO] [stdout]    = note: this error originates in the macro `$crate::sqlx_macros::expand_query` which comes from the expansion of the macro `sqlx::query_as` (in Nightly builds, run with -Z macro-backtrace for more info)
[INFO] [stdout] 
[INFO] [stdout] 
[INFO] [stdout] error: set `DATABASE_URL` to use query macros online, or run `cargo sqlx prepare` to update the query cache
[INFO] [stdout]   --> src/handlers/login.rs:52:13
[INFO] [stdout]    |
[INFO] [stdout] 52 | /             sqlx::query!(
[INFO] [stdout] 53 | |                 "INSERT INTO refresh_tokens (user_id, token, expires_at) VALUES ($1, $2, $3)",
[INFO] [stdout] 54 | |                 u.id,
[INFO] [stdout] 55 | |                 hash_token(&refresh_token),
[INFO] [stdout] 56 | |                 refresh_exp
[INFO] [stdout] 57 | |             )
[INFO] [stdout]    | |_____________^
[INFO] [stdout]    |
[INFO] [stdout]    = note: this error originates in the macro `$crate::sqlx_macros::expand_query` which comes from the expansion of the macro `sqlx::query` (in Nightly builds, run with -Z macro-backtrace for more info)
[INFO] [stdout] 
[INFO] [stdout] 
[INFO] [stdout] error: set `DATABASE_URL` to use query macros online, or run `cargo sqlx prepare` to update the query cache
[INFO] [stdout]   --> src/handlers/logout.rs:11:18
[INFO] [stdout]    |
[INFO] [stdout] 11 |       let result = sqlx::query!(
[INFO] [stdout]    |  __________________^
[INFO] [stdout] 12 | |         "DELETE FROM refresh_tokens WHERE token = $1 AND user_id = $2", hash_token(&payload.token), user.id
[INFO] [stdout] 13 | |     )
[INFO] [stdout]    | |_____^
[INFO] [stdout]    |
[INFO] [stdout]    = note: this error originates in the macro `$crate::sqlx_macros::expand_query` which comes from the expansion of the macro `sqlx::query` (in Nightly builds, run with -Z macro-backtrace for more info)
[INFO] [stdout] 
[INFO] [stdout] 
[INFO] [stdout] error: set `DATABASE_URL` to use query macros online, or run `cargo sqlx prepare` to update the query cache
[INFO] [stdout]   --> src/handlers/register.rs:22:27
[INFO] [stdout]    |
[INFO] [stdout] 22 |       let registered_user = sqlx::query_as!(
[INFO] [stdout]    |  ___________________________^
[INFO] [stdout] 23 | |         UserRegisterResponse,
[INFO] [stdout] 24 | |         "INSERT INTO users (username, email, password, date_of_birth) VALUES ($1, $2, $3, $4) RETURNING id, username, email, date_...
[INFO] [stdout] 25 | |         payload.username,
[INFO] [stdout] ...  |
[INFO] [stdout] 28 | |         payload.date_of_birth,
[INFO] [stdout] 29 | |     )
[INFO] [stdout]    | |_____^
[INFO] [stdout]    |
[INFO] [stdout]    = note: this error originates in the macro `$crate::sqlx_macros::expand_query` which comes from the expansion of the macro `sqlx::query_as` (in Nightly builds, run with -Z macro-backtrace for more info)
[INFO] [stdout] 
[INFO] [stdout] 
[INFO] [stdout] error: set `DATABASE_URL` to use query macros online, or run `cargo sqlx prepare` to update the query cache
[INFO] [stdout]   --> src/handlers/find_users_by_username.rs:16:17
[INFO] [stdout]    |
[INFO] [stdout] 16 |       let users = sqlx::query_as!(
[INFO] [stdout]    |  _________________^
[INFO] [stdout] 17 | |         PublicSearchUserResponse,
[INFO] [stdout] 18 | |         "SELECT id, username, bio FROM users WHERE username ILIKE $1 ESCAPE '\\' LIMIT 20",
[INFO] [stdout] 19 | |         pattern
[INFO] [stdout] 20 | |     )
[INFO] [stdout]    | |_____^
[INFO] [stdout]    |
[INFO] [stdout]    = note: this error originates in the macro `$crate::sqlx_macros::expand_query` which comes from the expansion of the macro `sqlx::query_as` (in Nightly builds, run with -Z macro-backtrace for more info)
[INFO] [stdout] 
[INFO] [stdout] 
[INFO] [stdout] error: set `DATABASE_URL` to use query macros online, or run `cargo sqlx prepare` to update the query cache
[INFO] [stdout]   --> src/handlers/refresh.rs:13:22
[INFO] [stdout]    |
[INFO] [stdout] 13 |       let update_row = sqlx::query!(
[INFO] [stdout]    |  ______________________^
[INFO] [stdout] 14 | |         "UPDATE refresh_tokens rt
[INFO] [stdout] 15 | |         SET used = true
[INFO] [stdout] 16 | |         FROM users u
[INFO] [stdout] ...  |
[INFO] [stdout] 22 | |         hash_token(&payload.token)
[INFO] [stdout] 23 | |     )
[INFO] [stdout]    | |_____^
[INFO] [stdout]    |
[INFO] [stdout]    = note: this error originates in the macro `$crate::sqlx_macros::expand_query` which comes from the expansion of the macro `sqlx::query` (in Nightly builds, run with -Z macro-backtrace for more info)
[INFO] [stdout] 
[INFO] [stdout] 
[INFO] [stdout] error: set `DATABASE_URL` to use query macros online, or run `cargo sqlx prepare` to update the query cache
[INFO] [stdout]   --> src/handlers/refresh.rs:32:13
[INFO] [stdout]    |
[INFO] [stdout] 32 | /             sqlx::query!(
[INFO] [stdout] 33 | |                 "INSERT INTO refresh_tokens (user_id, token, expires_at) VALUES ($1, $2, $3)",
[INFO] [stdout] 34 | |                 row.user_id,
[INFO] [stdout] 35 | |                 hash_token(&new_refresh_token),
[INFO] [stdout] 36 | |                 new_refresh_exp
[INFO] [stdout] 37 | |             )
[INFO] [stdout]    | |_____________^
[INFO] [stdout]    |
[INFO] [stdout]    = note: this error originates in the macro `$crate::sqlx_macros::expand_query` which comes from the expansion of the macro `sqlx::query` (in Nightly builds, run with -Z macro-backtrace for more info)
[INFO] [stdout] 
[INFO] [stdout] 
[INFO] [stdout] error: set `DATABASE_URL` to use query macros online, or run `cargo sqlx prepare` to update the query cache
[INFO] [stdout]   --> src/handlers/refresh.rs:52:28
[INFO] [stdout]    |
[INFO] [stdout] 52 |               let existing = sqlx::query!(
[INFO] [stdout]    |  ____________________________^
[INFO] [stdout] 53 | |                 "SELECT user_id, used FROM refresh_tokens WHERE token = $1",
[INFO] [stdout] 54 | |                 hash_token(&payload.token)
[INFO] [stdout] 55 | |             )
[INFO] [stdout]    | |_____________^
[INFO] [stdout]    |
[INFO] [stdout]    = note: this error originates in the macro `$crate::sqlx_macros::expand_query` which comes from the expansion of the macro `sqlx::query` (in Nightly builds, run with -Z macro-backtrace for more info)
[INFO] [stdout] 
[INFO] [stdout] 
[INFO] [stdout] error: set `DATABASE_URL` to use query macros online, or run `cargo sqlx prepare` to update the query cache
[INFO] [stdout]   --> src/handlers/refresh.rs:66:25
[INFO] [stdout]    |
[INFO] [stdout] 66 |                         sqlx::query!("DELETE FROM refresh_tokens WHERE user_id = $1", row.user_id)
[INFO] [stdout]    |                         ^^^^^^^^^^^^^^^^^^^^^^^^^^^^^^^^^^^^^^^^^^^^^^^^^^^^^^^^^^^^^^^^^^^^^^^^^^
[INFO] [stdout]    |
[INFO] [stdout]    = note: this error originates in the macro `$crate::sqlx_macros::expand_query` which comes from the expansion of the macro `sqlx::query` (in Nightly builds, run with -Z macro-backtrace for more info)
[INFO] [stdout] 
[INFO] [stdout] 
[INFO] [stdout] error: set `DATABASE_URL` to use query macros online, or run `cargo sqlx prepare` to update the query cache
[INFO] [stdout]   --> src/handlers/update_me.rs:19:29
[INFO] [stdout]    |
[INFO] [stdout] 19 |       let updated_user_data = sqlx::query_as!(
[INFO] [stdout]    |  _____________________________^
[INFO] [stdout] 20 | |         ProfileResponse,
[INFO] [stdout] 21 | |         "UPDATE users SET
[INFO] [stdout] 22 | |         username = COALESCE($1, username),
[INFO] [stdout] ...  |
[INFO] [stdout] 31 | |         user.id
[INFO] [stdout] 32 | |     )
[INFO] [stdout]    | |_____^
[INFO] [stdout]    |
[INFO] [stdout]    = note: this error originates in the macro `$crate::sqlx_macros::expand_query` which comes from the expansion of the macro `sqlx::query_as` (in Nightly builds, run with -Z macro-backtrace for more info)
[INFO] [stdout] 
[INFO] [stdout] 
[INFO] [stdout] warning: unused import: `hash_token`
[INFO] [stdout]  --> src/handlers/login.rs:6:73
[INFO] [stdout]   |
[INFO] [stdout] 6 | use crate::auth::{create_jwt, create_refresh_exp, create_refresh_token, hash_token};
[INFO] [stdout]   |                                                                         ^^^^^^^^^^
[INFO] [stdout]   |
[INFO] [stdout]   = note: `#[warn(unused_imports)]` (part of `#[warn(unused)]`) on by default
[INFO] [stdout] 
[INFO] [stdout] 
[INFO] [stdout] warning: unused imports: `UserCredentials` and `UserRole`
[INFO] [stdout]  --> src/handlers/login.rs:9:55
[INFO] [stdout]   |
[INFO] [stdout] 9 | use crate::models::{AppState, AuthTokensUserResponse, UserCredentials, UserLoginRequest, UserRole};
[INFO] [stdout]   |                                                       ^^^^^^^^^^^^^^^                    ^^^^^^^^
[INFO] [stdout] 
[INFO] [stdout] 
[INFO] [stdout] warning: unused import: `crate::auth::hash_token`
[INFO] [stdout]  --> src/handlers/logout.rs:4:5
[INFO] [stdout]   |
[INFO] [stdout] 4 | use crate::auth::hash_token;
[INFO] [stdout]   |     ^^^^^^^^^^^^^^^^^^^^^^^
[INFO] [stdout] 
[INFO] [stdout] 
[INFO] [stdout] warning: unused import: `UserRole`
[INFO] [stdout]  --> src/handlers/register.rs:6:74
[INFO] [stdout]   |
[INFO] [stdout] 6 | use crate::models::{AppState, UserRegisterRequest, UserRegisterResponse, UserRole};
[INFO] [stdout]   |                                                                          ^^^^^^^^
[INFO] [stdout] 
[INFO] [stdout] 
[INFO] [stdout] warning: unused import: `hash_token`
[INFO] [stdout]  --> src/handlers/refresh.rs:1:73
[INFO] [stdout]   |
[INFO] [stdout] 1 | use crate::auth::{create_jwt, create_refresh_exp, create_refresh_token, hash_token};
[INFO] [stdout]   |                                                                         ^^^^^^^^^^
[INFO] [stdout] 
[INFO] [stdout] 
[INFO] [stdout] warning: unused import: `UserRole`
[INFO] [stdout]  --> src/handlers/refresh.rs:4:75
[INFO] [stdout]   |
[INFO] [stdout] 4 | use crate::models::{AppState, RefreshTokenRequest, UpdatedTokensResponse, UserRole};
[INFO] [stdout]   |                                                                           ^^^^^^^^
[INFO] [stdout] 
[INFO] [stdout] 
[INFO] [stdout] error: set `DATABASE_URL` to use query macros online, or run `cargo sqlx prepare` to update the query cache
[INFO] [stdout]   --> src/cleanup.rs:24:29
[INFO] [stdout]    |
[INFO] [stdout] 24 |             if let Err(e) = sqlx::query!("DELETE FROM refresh_tokens WHERE expires_at < NOW()").execute(&state.pool).await {
[INFO] [stdout]    |                             ^^^^^^^^^^^^^^^^^^^^^^^^^^^^^^^^^^^^^^^^^^^^^^^^^^^^^^^^^^^^^^^^^^^
[INFO] [stdout]    |
[INFO] [stdout]    = note: this error originates in the macro `$crate::sqlx_macros::expand_query` which comes from the expansion of the macro `sqlx::query` (in Nightly builds, run with -Z macro-backtrace for more info)
[INFO] [stdout] 
[INFO] [stdout] 
[INFO] [stdout] error: set `DATABASE_URL` to use query macros online, or run `cargo sqlx prepare` to update the query cache
[INFO] [stdout]   --> src/handlers/delete_user.rs:11:18
[INFO] [stdout]    |
[INFO] [stdout] 11 |     let result = sqlx::query!("DELETE FROM users WHERE id = $1", user_id)
[INFO] [stdout]    |                  ^^^^^^^^^^^^^^^^^^^^^^^^^^^^^^^^^^^^^^^^^^^^^^^^^^^^^^^^
[INFO] [stdout]    |
[INFO] [stdout]    = note: this error originates in the macro `$crate::sqlx_macros::expand_query` which comes from the expansion of the macro `sqlx::query` (in Nightly builds, run with -Z macro-backtrace for more info)
[INFO] [stdout] 
[INFO] [stdout] 
[INFO] [stdout] error: set `DATABASE_URL` to use query macros online, or run `cargo sqlx prepare` to update the query cache
[INFO] [stdout]   --> src/handlers/get_user.rs:8:16
[INFO] [stdout]    |
[INFO] [stdout]  8 |       let user = sqlx::query_as!(
[INFO] [stdout]    |  ________________^
[INFO] [stdout]  9 | |         PublicSearchUserResponse,
[INFO] [stdout] 10 | |         "SELECT id, username, bio FROM users WHERE id = $1",
[INFO] [stdout] 11 | |         id
[INFO] [stdout] 12 | |     )
[INFO] [stdout]    | |_____^
[INFO] [stdout]    |
[INFO] [stdout]    = note: this error originates in the macro `$crate::sqlx_macros::expand_query` which comes from the expansion of the macro `sqlx::query_as` (in Nightly builds, run with -Z macro-backtrace for more info)
[INFO] [stdout] 
[INFO] [stdout] 
[INFO] [stdout] error: set `DATABASE_URL` to use query macros online, or run `cargo sqlx prepare` to update the query cache
[INFO] [stdout]   --> src/handlers/login.rs:36:20
[INFO] [stdout]    |
[INFO] [stdout] 36 |       let user_req = sqlx::query_as!(
[INFO] [stdout]    |  ____________________^
[INFO] [stdout] 37 | |         UserCredentials,
[INFO] [stdout] 38 | |         "SELECT password, id, role as \"role: UserRole\" FROM users WHERE email = $1",
[INFO] [stdout] 39 | |         email
[INFO] [stdout] 40 | |     )
[INFO] [stdout]    | |_____^
[INFO] [stdout]    |
[INFO] [stdout]    = note: this error originates in the macro `$crate::sqlx_macros::expand_query` which comes from the expansion of the macro `sqlx::query_as` (in Nightly builds, run with -Z macro-backtrace for more info)
[INFO] [stdout] 
[INFO] [stdout] 
[INFO] [stdout] error: set `DATABASE_URL` to use query macros online, or run `cargo sqlx prepare` to update the query cache
[INFO] [stdout]   --> src/handlers/login.rs:52:13
[INFO] [stdout]    |
[INFO] [stdout] 52 | /             sqlx::query!(
[INFO] [stdout] 53 | |                 "INSERT INTO refresh_tokens (user_id, token, expires_at) VALUES ($1, $2, $3)",
[INFO] [stdout] 54 | |                 u.id,
[INFO] [stdout] 55 | |                 hash_token(&refresh_token),
[INFO] [stdout] 56 | |                 refresh_exp
[INFO] [stdout] 57 | |             )
[INFO] [stdout]    | |_____________^
[INFO] [stdout]    |
[INFO] [stdout]    = note: this error originates in the macro `$crate::sqlx_macros::expand_query` which comes from the expansion of the macro `sqlx::query` (in Nightly builds, run with -Z macro-backtrace for more info)
[INFO] [stdout] 
[INFO] [stdout] 
[INFO] [stdout] error: set `DATABASE_URL` to use query macros online, or run `cargo sqlx prepare` to update the query cache
[INFO] [stdout]   --> src/handlers/logout.rs:11:18
[INFO] [stdout]    |
[INFO] [stdout] 11 |       let result = sqlx::query!(
[INFO] [stdout]    |  __________________^
[INFO] [stdout] 12 | |         "DELETE FROM refresh_tokens WHERE token = $1 AND user_id = $2", hash_token(&payload.token), user.id
[INFO] [stdout] 13 | |     )
[INFO] [stdout]    | |_____^
[INFO] [stdout]    |
[INFO] [stdout]    = note: this error originates in the macro `$crate::sqlx_macros::expand_query` which comes from the expansion of the macro `sqlx::query` (in Nightly builds, run with -Z macro-backtrace for more info)
[INFO] [stdout] 
[INFO] [stdout] 
[INFO] [stdout] error: set `DATABASE_URL` to use query macros online, or run `cargo sqlx prepare` to update the query cache
[INFO] [stdout]   --> src/handlers/register.rs:22:27
[INFO] [stdout]    |
[INFO] [stdout] 22 |       let registered_user = sqlx::query_as!(
[INFO] [stdout]    |  ___________________________^
[INFO] [stdout] 23 | |         UserRegisterResponse,
[INFO] [stdout] 24 | |         "INSERT INTO users (username, email, password, date_of_birth) VALUES ($1, $2, $3, $4) RETURNING id, username, email, date_...
[INFO] [stdout] 25 | |         payload.username,
[INFO] [stdout] ...  |
[INFO] [stdout] 28 | |         payload.date_of_birth,
[INFO] [stdout] 29 | |     )
[INFO] [stdout]    | |_____^
[INFO] [stdout]    |
[INFO] [stdout]    = note: this error originates in the macro `$crate::sqlx_macros::expand_query` which comes from the expansion of the macro `sqlx::query_as` (in Nightly builds, run with -Z macro-backtrace for more info)
[INFO] [stdout] 
[INFO] [stdout] 
[INFO] [stdout] error: set `DATABASE_URL` to use query macros online, or run `cargo sqlx prepare` to update the query cache
[INFO] [stdout]   --> src/handlers/find_users_by_username.rs:16:17
[INFO] [stdout]    |
[INFO] [stdout] 16 |       let users = sqlx::query_as!(
[INFO] [stdout]    |  _________________^
[INFO] [stdout] 17 | |         PublicSearchUserResponse,
[INFO] [stdout] 18 | |         "SELECT id, username, bio FROM users WHERE username ILIKE $1 ESCAPE '\\' LIMIT 20",
[INFO] [stdout] 19 | |         pattern
[INFO] [stdout] 20 | |     )
[INFO] [stdout]    | |_____^
[INFO] [stdout]    |
[INFO] [stdout]    = note: this error originates in the macro `$crate::sqlx_macros::expand_query` which comes from the expansion of the macro `sqlx::query_as` (in Nightly builds, run with -Z macro-backtrace for more info)
[INFO] [stdout] 
[INFO] [stdout] 
[INFO] [stdout] error: set `DATABASE_URL` to use query macros online, or run `cargo sqlx prepare` to update the query cache
[INFO] [stdout]   --> src/handlers/refresh.rs:13:22
[INFO] [stdout]    |
[INFO] [stdout] 13 |       let update_row = sqlx::query!(
[INFO] [stdout]    |  ______________________^
[INFO] [stdout] 14 | |         "UPDATE refresh_tokens rt
[INFO] [stdout] 15 | |         SET used = true
[INFO] [stdout] 16 | |         FROM users u
[INFO] [stdout] ...  |
[INFO] [stdout] 22 | |         hash_token(&payload.token)
[INFO] [stdout] 23 | |     )
[INFO] [stdout]    | |_____^
[INFO] [stdout]    |
[INFO] [stdout]    = note: this error originates in the macro `$crate::sqlx_macros::expand_query` which comes from the expansion of the macro `sqlx::query` (in Nightly builds, run with -Z macro-backtrace for more info)
[INFO] [stdout] 
[INFO] [stdout] 
[INFO] [stdout] error: set `DATABASE_URL` to use query macros online, or run `cargo sqlx prepare` to update the query cache
[INFO] [stdout]   --> src/handlers/refresh.rs:32:13
[INFO] [stdout]    |
[INFO] [stdout] 32 | /             sqlx::query!(
[INFO] [stdout] 33 | |                 "INSERT INTO refresh_tokens (user_id, token, expires_at) VALUES ($1, $2, $3)",
[INFO] [stdout] 34 | |                 row.user_id,
[INFO] [stdout] 35 | |                 hash_token(&new_refresh_token),
[INFO] [stdout] 36 | |                 new_refresh_exp
[INFO] [stdout] 37 | |             )
[INFO] [stdout]    | |_____________^
[INFO] [stdout]    |
[INFO] [stdout]    = note: this error originates in the macro `$crate::sqlx_macros::expand_query` which comes from the expansion of the macro `sqlx::query` (in Nightly builds, run with -Z macro-backtrace for more info)
[INFO] [stdout] 
[INFO] [stdout] 
[INFO] [stdout] error: set `DATABASE_URL` to use query macros online, or run `cargo sqlx prepare` to update the query cache
[INFO] [stdout]   --> src/handlers/refresh.rs:52:28
[INFO] [stdout]    |
[INFO] [stdout] 52 |               let existing = sqlx::query!(
[INFO] [stdout]    |  ____________________________^
[INFO] [stdout] 53 | |                 "SELECT user_id, used FROM refresh_tokens WHERE token = $1",
[INFO] [stdout] 54 | |                 hash_token(&payload.token)
[INFO] [stdout] 55 | |             )
[INFO] [stdout]    | |_____________^
[INFO] [stdout]    |
[INFO] [stdout]    = note: this error originates in the macro `$crate::sqlx_macros::expand_query` which comes from the expansion of the macro `sqlx::query` (in Nightly builds, run with -Z macro-backtrace for more info)
[INFO] [stdout] 
[INFO] [stdout] 
[INFO] [stdout] error: set `DATABASE_URL` to use query macros online, or run `cargo sqlx prepare` to update the query cache
[INFO] [stdout]   --> src/handlers/refresh.rs:66:25
[INFO] [stdout]    |
[INFO] [stdout] 66 |                         sqlx::query!("DELETE FROM refresh_tokens WHERE user_id = $1", row.user_id)
[INFO] [stdout]    |                         ^^^^^^^^^^^^^^^^^^^^^^^^^^^^^^^^^^^^^^^^^^^^^^^^^^^^^^^^^^^^^^^^^^^^^^^^^^
[INFO] [stdout]    |
[INFO] [stdout]    = note: this error originates in the macro `$crate::sqlx_macros::expand_query` which comes from the expansion of the macro `sqlx::query` (in Nightly builds, run with -Z macro-backtrace for more info)
[INFO] [stdout] 
[INFO] [stdout] 
[INFO] [stdout] error: set `DATABASE_URL` to use query macros online, or run `cargo sqlx prepare` to update the query cache
[INFO] [stdout]   --> src/handlers/update_me.rs:19:29
[INFO] [stdout]    |
[INFO] [stdout] 19 |       let updated_user_data = sqlx::query_as!(
[INFO] [stdout]    |  _____________________________^
[INFO] [stdout] 20 | |         ProfileResponse,
[INFO] [stdout] 21 | |         "UPDATE users SET
[INFO] [stdout] 22 | |         username = COALESCE($1, username),
[INFO] [stdout] ...  |
[INFO] [stdout] 31 | |         user.id
[INFO] [stdout] 32 | |     )
[INFO] [stdout]    | |_____^
[INFO] [stdout]    |
[INFO] [stdout]    = note: this error originates in the macro `$crate::sqlx_macros::expand_query` which comes from the expansion of the macro `sqlx::query_as` (in Nightly builds, run with -Z macro-backtrace for more info)
[INFO] [stdout] 
[INFO] [stdout] 
[INFO] [stdout] warning: method call on a diverging inference variable
[INFO] [stdout]   --> src/handlers/delete_user.rs:15:18
[INFO] [stdout]    |
[INFO] [stdout] 15 |     match result.rows_affected() {
[INFO] [stdout]    |                  ^^^^^^^^^^^^^
[INFO] [stdout]    |
[INFO] [stdout]    = help: consider providing a type annotation
[INFO] [stdout]    = warning: this was previously accepted by the compiler but is being phased out; it will become a hard error in a future release!
[INFO] [stdout]    = note: for more information, see issue #156047 <https://github.com/rust-lang/rust/issues/156047>
[INFO] [stdout]    = note: `#[warn(method_call_on_diverging_infer_var)]` (part of `#[warn(future_incompatible)]`) on by default
[INFO] [stdout] 
[INFO] [stdout] 
[INFO] [stdout] warning: unused import: `hash_token`
[INFO] [stdout]  --> src/handlers/login.rs:6:73
[INFO] [stdout]   |
[INFO] [stdout] 6 | use crate::auth::{create_jwt, create_refresh_exp, create_refresh_token, hash_token};
[INFO] [stdout]   |                                                                         ^^^^^^^^^^
[INFO] [stdout]   |
[INFO] [stdout]   = note: `#[warn(unused_imports)]` (part of `#[warn(unused)]`) on by default
[INFO] [stdout] 
[INFO] [stdout] 
[INFO] [stdout] warning: unused imports: `UserCredentials` and `UserRole`
[INFO] [stdout]  --> src/handlers/login.rs:9:55
[INFO] [stdout]   |
[INFO] [stdout] 9 | use crate::models::{AppState, AuthTokensUserResponse, UserCredentials, UserLoginRequest, UserRole};
[INFO] [stdout]   |                                                       ^^^^^^^^^^^^^^^                    ^^^^^^^^
[INFO] [stdout] 
[INFO] [stdout] 
[INFO] [stdout] warning: unused import: `crate::auth::hash_token`
[INFO] [stdout]  --> src/handlers/logout.rs:4:5
[INFO] [stdout]   |
[INFO] [stdout] 4 | use crate::auth::hash_token;
[INFO] [stdout]   |     ^^^^^^^^^^^^^^^^^^^^^^^
[INFO] [stdout] 
[INFO] [stdout] 
[INFO] [stdout] warning: unused import: `UserRole`
[INFO] [stdout]  --> src/handlers/register.rs:6:74
[INFO] [stdout]   |
[INFO] [stdout] 6 | use crate::models::{AppState, UserRegisterRequest, UserRegisterResponse, UserRole};
[INFO] [stdout]   |                                                                          ^^^^^^^^
[INFO] [stdout] 
[INFO] [stdout] 
[INFO] [stdout] warning: unused import: `hash_token`
[INFO] [stdout]  --> src/handlers/refresh.rs:1:73
[INFO] [stdout]   |
[INFO] [stdout] 1 | use crate::auth::{create_jwt, create_refresh_exp, create_refresh_token, hash_token};
[INFO] [stdout]   |                                                                         ^^^^^^^^^^
[INFO] [stdout] 
[INFO] [stdout] 
[INFO] [stdout] warning: unused import: `UserRole`
[INFO] [stdout]  --> src/handlers/refresh.rs:4:75
[INFO] [stdout]   |
[INFO] [stdout] 4 | use crate::models::{AppState, RefreshTokenRequest, UpdatedTokensResponse, UserRole};
[INFO] [stdout]   |                                                                           ^^^^^^^^
[INFO] [stdout] 
[INFO] [stdout] 
[INFO] [stdout] error[E0599]: no method named `rows_affected` found for type `!` in the current scope
[INFO] [stdout]   --> src/handlers/delete_user.rs:15:18
[INFO] [stdout]    |
[INFO] [stdout] 15 |     match result.rows_affected() {
[INFO] [stdout]    |                  ^^^^^^^^^^^^^ method not found in `!`
[INFO] [stdout] 
[INFO] [stdout] 
[INFO] [stdout] warning: method call on a diverging inference variable
[INFO] [stdout]   --> src/handlers/logout.rs:17:18
[INFO] [stdout]    |
[INFO] [stdout] 17 |     match result.rows_affected() {
[INFO] [stdout]    |                  ^^^^^^^^^^^^^
[INFO] [stdout]    |
[INFO] [stdout]    = help: consider providing a type annotation
[INFO] [stdout]    = warning: this was previously accepted by the compiler but is being phased out; it will become a hard error in a future release!
[INFO] [stdout]    = note: for more information, see issue #156047 <https://github.com/rust-lang/rust/issues/156047>
[INFO] [stdout] 
[INFO] [stdout] 
[INFO] [stdout] warning: method call on a diverging inference variable
[INFO] [stdout]   --> src/handlers/delete_user.rs:15:18
[INFO] [stdout]    |
[INFO] [stdout] 15 |     match result.rows_affected() {
[INFO] [stdout]    |                  ^^^^^^^^^^^^^
[INFO] [stdout]    |
[INFO] [stdout]    = help: consider providing a type annotation
[INFO] [stdout]    = warning: this was previously accepted by the compiler but is being phased out; it will become a hard error in a future release!
[INFO] [stdout]    = note: for more information, see issue #156047 <https://github.com/rust-lang/rust/issues/156047>
[INFO] [stdout]    = note: `#[warn(method_call_on_diverging_infer_var)]` (part of `#[warn(future_incompatible)]`) on by default
[INFO] [stdout] 
[INFO] [stdout] 
[INFO] [stdout] error[E0599]: no method named `rows_affected` found for type `!` in the current scope
[INFO] [stdout]   --> src/handlers/logout.rs:17:18
[INFO] [stdout]    |
[INFO] [stdout] 17 |     match result.rows_affected() {
[INFO] [stdout]    |                  ^^^^^^^^^^^^^ method not found in `!`
[INFO] [stdout] 
[INFO] [stdout] 
[INFO] [stdout] error[E0599]: no method named `rows_affected` found for type `!` in the current scope
[INFO] [stdout]   --> src/handlers/delete_user.rs:15:18
[INFO] [stdout]    |
[INFO] [stdout] 15 |     match result.rows_affected() {
[INFO] [stdout]    |                  ^^^^^^^^^^^^^ method not found in `!`
[INFO] [stdout] 
[INFO] [stdout] 
[INFO] [stdout] warning: method call on a diverging inference variable
[INFO] [stdout]   --> src/handlers/logout.rs:17:18
[INFO] [stdout]    |
[INFO] [stdout] 17 |     match result.rows_affected() {
[INFO] [stdout]    |                  ^^^^^^^^^^^^^
[INFO] [stdout]    |
[INFO] [stdout]    = help: consider providing a type annotation
[INFO] [stdout]    = warning: this was previously accepted by the compiler but is being phased out; it will become a hard error in a future release!
[INFO] [stdout]    = note: for more information, see issue #156047 <https://github.com/rust-lang/rust/issues/156047>
[INFO] [stdout] 
[INFO] [stdout] 
[INFO] [stdout] error[E0599]: no method named `rows_affected` found for type `!` in the current scope
[INFO] [stdout]   --> src/handlers/logout.rs:17:18
[INFO] [stdout]    |
[INFO] [stdout] 17 |     match result.rows_affected() {
[INFO] [stdout]    |                  ^^^^^^^^^^^^^ method not found in `!`
[INFO] [stdout] 
[INFO] [stdout] 
[INFO] [stdout] For more information about this error, try `rustc --explain E0599`.
[INFO] [stdout] 
[INFO] [stderr] error: could not compile `axum-api` (bin "axum-api" test) due to 15 previous errors; 10 warnings emitted
[INFO] [stderr] warning: build failed, waiting for other jobs to finish...
[INFO] [stdout] For more information about this error, try `rustc --explain E0599`.
[INFO] [stdout] 
[INFO] [stderr] error: could not compile `axum-api` (bin "axum-api") due to 15 previous errors; 10 warnings emitted
[INFO] running `Command { std: "docker" "inspect" "46205895be3e4334ddf7a9b249605de35dcc8383e1749849c350c5cfaf630f59", kill_on_drop: false }`
[INFO] running `Command { std: "docker" "rm" "-f" "46205895be3e4334ddf7a9b249605de35dcc8383e1749849c350c5cfaf630f59", kill_on_drop: false }`
[INFO] [stdout] 46205895be3e4334ddf7a9b249605de35dcc8383e1749849c350c5cfaf630f59
